{"id":14534,"date":"2025-11-22T10:01:36","date_gmt":"2025-11-22T13:01:36","guid":{"rendered":"https:\/\/deputadotaveirajr.com.br\/index.php\/reducao-de-tarifa-dos-eua-para-parte-dos-produtos-brasileiros-beneficia-caju-manga-e-castanha-do-rn\/"},"modified":"2025-11-22T10:01:36","modified_gmt":"2025-11-22T13:01:36","slug":"reducao-de-tarifa-dos-eua-para-parte-dos-produtos-brasileiros-beneficia-caju-manga-e-castanha-do-rn","status":"publish","type":"page","link":"https:\/\/deputadotaveirajr.com.br\/index.php\/reducao-de-tarifa-dos-eua-para-parte-dos-produtos-brasileiros-beneficia-caju-manga-e-castanha-do-rn\/","title":{"rendered":"Redu\u00e7\u00e3o de tarifa dos EUA para parte dos produtos brasileiros beneficia caju, manga e castanha do RN"},"content":{"rendered":"<p><img decoding=\"async\" src=\"https:\/\/s2-g1.glbimg.com\/DdVo7QjyZZBkFsc6hXHT9mzcVVM=\/i.s3.glbimg.com\/v1\/AUTH_59edd422c0c84a879bd37670ae4f538a\/internal_photos\/bs\/2025\/q\/M\/Jx6tzpQoOCCPxBODmG1Q\/frutas.jpg\" \/><br \/>     Estados Unidos reduzem tarifas de parte dos produtos brasileiros<br \/>\nO an\u00fancio da suspens\u00e3o da taxa de 40% imposta pelos Estados Unidos sobre cerca de 200 mercadorias brasileiras trouxe al\u00edvio para parte do agroneg\u00f3cio potiguar. Entre os produtos do Rio Grande do Norte beneficiados pela medida est\u00e3o o caju, a manga e a castanha.<br \/>\n&#8220;Ainda n\u00e3o \u00e9 t\u00e3o significativo para o setor agr\u00edcola potiguar, que tem como carro-chefe o mel\u00e3o e a melancia&#8221;, diz F\u00e1bio Queiroga, do Comit\u00ea Executivo de Fruticultura do Rio Grande do Norte.<br \/>\n\ud83d\udcf3 Clique aqui para seguir o canal do g1 RN no WhatsApp<br \/>\nDados do Observat\u00f3rio da Ind\u00fastria do Mais RN, da Federa\u00e7\u00e3o das Ind\u00fastrias do Rio Grande do Norte (Fiern), apontaram que, entre agosto e outubro de 2025 \u2014 per\u00edodo dos impactos do \u201ctarifa\u00e7o\u201d \u2014 o estado exportou US$ 9 milh\u00f5es para os EUA. O valor representa queda de 25%, o equivalente a US$ 3 milh\u00f5es, na compara\u00e7\u00e3o com o mesmo per\u00edodo do ano passado.<br \/>\nApesar da redu\u00e7\u00e3o anunciada pelos americanos, a decis\u00e3o n\u00e3o vale para todos os produtos. O setor do pescado continua enfrentando dificuldades porque a sobretaxa de 50% segue em vigor desde agosto.<br \/>\nVeja impactos da tarifa de 50% anunciada por Trump na economia do RN<br \/>\n&#8220;T\u00e1 bem complicado e a tend\u00eancia \u00e9 piorar. No Rio Grande do Norte, nossa pesca, nossa voca\u00e7\u00e3o foi feita para dois tipos de pescado: a lagosta, que hoje est\u00e1 sendo exportada congelada para o mercado asi\u00e1tico e o pescado fresco, principalmente os atuns e afins. Ent\u00e3o est\u00e1 complicado porque a gente n\u00e3o tem outro mercado para substituir e o mercado local n\u00e3o consegue absorver o produto&#8221;, diz Arima Fran\u00e7a Filho, presidente do Sindipesca-RN.<br \/>\nEUA retiraram tarifas sobre cerca de 200 produtos brasileiros<br \/>\nReprodu\u00e7\u00e3o\/Inter TV Cabugi<br \/>\nA crise no setor da pesca \u00e9 agravada pela impossibilidade de exportar para a Europa desde 2018, por quest\u00f5es sanit\u00e1rias.<br \/>\nDados do Mais RN mostram que, desde agosto, quando a tarifa de 50% come\u00e7ou a valer, as exporta\u00e7\u00f5es de atum para os EUA ca\u00edram 72%. O produto est\u00e1 congelado nas c\u00e2maras frias das empresas \u00e0 espera da exporta\u00e7\u00e3o.<br \/>\nNo caso do atum, o congelamento pode durar at\u00e9 dois anos, mas o pescado vendido fresco perde valor quando \u00e9 congelado.<br \/>\n&#8220;\u00c9 o mesmo produto, mas o nosso pescado busca a culin\u00e1ria japonesa, um produto com um valor que chega a ser 12 vezes superior ao que produto que vai para enlatar. Se a gente n\u00e3o conseguir atender esse mercado, a gente vai ter que enlatar esse atum especial e vender com valor de 10% do que a gente poderia ter vendido&#8221;, diz.<br \/>\nO governo do estado informou que est\u00e1 analisando alternativas para minimizar os impactos. Uma das possibilidades discutidas \u00e9 ampliar o escoamento da produ\u00e7\u00e3o para o mercado interno e para pa\u00edses asi\u00e1ticos.<br \/>\nVeja os v\u00eddeos mais assistidos no g1 RN<\/p>","protected":false},"excerpt":{"rendered":"<p>Estados Unidos reduzem tarifas de parte dos produtos brasileiros O an\u00fancio da suspens\u00e3o da taxa de 40% imposta pelos Estados Unidos sobre cerca de 200 mercadorias brasileiras trouxe al\u00edvio para &#8230;<\/p>\n","protected":false},"author":0,"featured_media":14535,"parent":0,"menu_order":0,"comment_status":"closed","ping_status":"closed","template":"","meta":{"footnotes":""},"class_list":["post-14534","page","type-page","status-publish","has-post-thumbnail","hentry"],"yoast_head":"<!-- This site is optimized with the Yoast SEO plugin v27.1.1 - https:\/\/yoast.com\/product\/yoast-seo-wordpress\/ -->\n<title>Redu\u00e7\u00e3o de tarifa dos EUA para parte dos produtos brasileiros beneficia caju, manga e castanha do RN - Taveira Jr<\/title>\n<meta name=\"robots\" content=\"index, follow, max-snippet:-1, max-image-preview:large, max-video-preview:-1\" \/>\n<link rel=\"canonical\" href=\"https:\/\/deputadotaveirajr.com.br\/index.php\/reducao-de-tarifa-dos-eua-para-parte-dos-produtos-brasileiros-beneficia-caju-manga-e-castanha-do-rn\/\" \/>\n<meta property=\"og:locale\" content=\"pt_BR\" \/>\n<meta property=\"og:type\" content=\"article\" \/>\n<meta property=\"og:title\" content=\"Redu\u00e7\u00e3o de tarifa dos EUA para parte dos produtos brasileiros beneficia caju, manga e castanha do RN - Taveira Jr\" \/>\n<meta property=\"og:description\" content=\"Estados Unidos reduzem tarifas de parte dos produtos brasileiros O an\u00fancio da suspens\u00e3o da taxa de 40% imposta pelos Estados Unidos sobre cerca de 200 mercadorias brasileiras trouxe al\u00edvio para ...\" \/>\n<meta property=\"og:url\" content=\"https:\/\/deputadotaveirajr.com.br\/index.php\/reducao-de-tarifa-dos-eua-para-parte-dos-produtos-brasileiros-beneficia-caju-manga-e-castanha-do-rn\/\" \/>\n<meta property=\"og:site_name\" content=\"Taveira Jr\" \/>\n<meta property=\"og:image\" content=\"https:\/\/s2-g1.glbimg.com\/DdVo7QjyZZBkFsc6hXHT9mzcVVM=\/i.s3.glbimg.com\/v1\/AUTH_59edd422c0c84a879bd37670ae4f538a\/internal_photos\/bs\/2025\/q\/M\/Jx6tzpQoOCCPxBODmG1Q\/frutas.jpg\" \/>\n<meta name=\"twitter:card\" content=\"summary_large_image\" \/>\n<meta name=\"twitter:label1\" content=\"Est. tempo de leitura\" \/>\n\t<meta name=\"twitter:data1\" content=\"2 minutos\" \/>\n<script type=\"application\/ld+json\" class=\"yoast-schema-graph\">{\"@context\":\"https:\/\/schema.org\",\"@graph\":[{\"@type\":\"WebPage\",\"@id\":\"https:\/\/deputadotaveirajr.com.br\/index.php\/reducao-de-tarifa-dos-eua-para-parte-dos-produtos-brasileiros-beneficia-caju-manga-e-castanha-do-rn\/\",\"url\":\"https:\/\/deputadotaveirajr.com.br\/index.php\/reducao-de-tarifa-dos-eua-para-parte-dos-produtos-brasileiros-beneficia-caju-manga-e-castanha-do-rn\/\",\"name\":\"Redu\u00e7\u00e3o de tarifa dos EUA para parte dos produtos brasileiros beneficia caju, manga e castanha do RN - Taveira Jr\",\"isPartOf\":{\"@id\":\"https:\/\/deputadotaveirajr.com.br\/#website\"},\"primaryImageOfPage\":{\"@id\":\"https:\/\/deputadotaveirajr.com.br\/index.php\/reducao-de-tarifa-dos-eua-para-parte-dos-produtos-brasileiros-beneficia-caju-manga-e-castanha-do-rn\/#primaryimage\"},\"image\":{\"@id\":\"https:\/\/deputadotaveirajr.com.br\/index.php\/reducao-de-tarifa-dos-eua-para-parte-dos-produtos-brasileiros-beneficia-caju-manga-e-castanha-do-rn\/#primaryimage\"},\"thumbnailUrl\":\"https:\/\/deputadotaveirajr.com.br\/wp-content\/uploads\/2025\/11\/frutas-2P6bv0.jpg\",\"datePublished\":\"2025-11-22T13:01:36+00:00\",\"breadcrumb\":{\"@id\":\"https:\/\/deputadotaveirajr.com.br\/index.php\/reducao-de-tarifa-dos-eua-para-parte-dos-produtos-brasileiros-beneficia-caju-manga-e-castanha-do-rn\/#breadcrumb\"},\"inLanguage\":\"pt-BR\",\"potentialAction\":[{\"@type\":\"ReadAction\",\"target\":[\"https:\/\/deputadotaveirajr.com.br\/index.php\/reducao-de-tarifa-dos-eua-para-parte-dos-produtos-brasileiros-beneficia-caju-manga-e-castanha-do-rn\/\"]}]},{\"@type\":\"ImageObject\",\"inLanguage\":\"pt-BR\",\"@id\":\"https:\/\/deputadotaveirajr.com.br\/index.php\/reducao-de-tarifa-dos-eua-para-parte-dos-produtos-brasileiros-beneficia-caju-manga-e-castanha-do-rn\/#primaryimage\",\"url\":\"https:\/\/deputadotaveirajr.com.br\/wp-content\/uploads\/2025\/11\/frutas-2P6bv0.jpg\",\"contentUrl\":\"https:\/\/deputadotaveirajr.com.br\/wp-content\/uploads\/2025\/11\/frutas-2P6bv0.jpg\",\"width\":1200,\"height\":651},{\"@type\":\"BreadcrumbList\",\"@id\":\"https:\/\/deputadotaveirajr.com.br\/index.php\/reducao-de-tarifa-dos-eua-para-parte-dos-produtos-brasileiros-beneficia-caju-manga-e-castanha-do-rn\/#breadcrumb\",\"itemListElement\":[{\"@type\":\"ListItem\",\"position\":1,\"name\":\"In\u00edcio\",\"item\":\"https:\/\/deputadotaveirajr.com.br\/\"},{\"@type\":\"ListItem\",\"position\":2,\"name\":\"Redu\u00e7\u00e3o de tarifa dos EUA para parte dos produtos brasileiros beneficia caju, manga e castanha do RN\"}]},{\"@type\":\"WebSite\",\"@id\":\"https:\/\/deputadotaveirajr.com.br\/#website\",\"url\":\"https:\/\/deputadotaveirajr.com.br\/\",\"name\":\"Taveira Jr\",\"description\":\"Deputado Estadual\",\"publisher\":{\"@id\":\"https:\/\/deputadotaveirajr.com.br\/#organization\"},\"potentialAction\":[{\"@type\":\"SearchAction\",\"target\":{\"@type\":\"EntryPoint\",\"urlTemplate\":\"https:\/\/deputadotaveirajr.com.br\/?s={search_term_string}\"},\"query-input\":{\"@type\":\"PropertyValueSpecification\",\"valueRequired\":true,\"valueName\":\"search_term_string\"}}],\"inLanguage\":\"pt-BR\"},{\"@type\":\"Organization\",\"@id\":\"https:\/\/deputadotaveirajr.com.br\/#organization\",\"name\":\"Taveira Jr\",\"url\":\"https:\/\/deputadotaveirajr.com.br\/\",\"logo\":{\"@type\":\"ImageObject\",\"inLanguage\":\"pt-BR\",\"@id\":\"https:\/\/deputadotaveirajr.com.br\/#\/schema\/logo\/image\/\",\"url\":\"https:\/\/deputadotaveirajr.com.br\/wp-content\/uploads\/2026\/01\/logolow2a.png\",\"contentUrl\":\"https:\/\/deputadotaveirajr.com.br\/wp-content\/uploads\/2026\/01\/logolow2a.png\",\"width\":290,\"height\":80,\"caption\":\"Taveira Jr\"},\"image\":{\"@id\":\"https:\/\/deputadotaveirajr.com.br\/#\/schema\/logo\/image\/\"}}]}<\/script>\n<!-- \/ Yoast SEO plugin. -->","yoast_head_json":{"title":"Redu\u00e7\u00e3o de tarifa dos EUA para parte dos produtos brasileiros beneficia caju, manga e castanha do RN - Taveira Jr","robots":{"index":"index","follow":"follow","max-snippet":"max-snippet:-1","max-image-preview":"max-image-preview:large","max-video-preview":"max-video-preview:-1"},"canonical":"https:\/\/deputadotaveirajr.com.br\/index.php\/reducao-de-tarifa-dos-eua-para-parte-dos-produtos-brasileiros-beneficia-caju-manga-e-castanha-do-rn\/","og_locale":"pt_BR","og_type":"article","og_title":"Redu\u00e7\u00e3o de tarifa dos EUA para parte dos produtos brasileiros beneficia caju, manga e castanha do RN - Taveira Jr","og_description":"Estados Unidos reduzem tarifas de parte dos produtos brasileiros O an\u00fancio da suspens\u00e3o da taxa de 40% imposta pelos Estados Unidos sobre cerca de 200 mercadorias brasileiras trouxe al\u00edvio para ...","og_url":"https:\/\/deputadotaveirajr.com.br\/index.php\/reducao-de-tarifa-dos-eua-para-parte-dos-produtos-brasileiros-beneficia-caju-manga-e-castanha-do-rn\/","og_site_name":"Taveira Jr","og_image":[{"url":"https:\/\/s2-g1.glbimg.com\/DdVo7QjyZZBkFsc6hXHT9mzcVVM=\/i.s3.glbimg.com\/v1\/AUTH_59edd422c0c84a879bd37670ae4f538a\/internal_photos\/bs\/2025\/q\/M\/Jx6tzpQoOCCPxBODmG1Q\/frutas.jpg","type":"","width":"","height":""}],"twitter_card":"summary_large_image","twitter_misc":{"Est. tempo de leitura":"2 minutos"},"schema":{"@context":"https:\/\/schema.org","@graph":[{"@type":"WebPage","@id":"https:\/\/deputadotaveirajr.com.br\/index.php\/reducao-de-tarifa-dos-eua-para-parte-dos-produtos-brasileiros-beneficia-caju-manga-e-castanha-do-rn\/","url":"https:\/\/deputadotaveirajr.com.br\/index.php\/reducao-de-tarifa-dos-eua-para-parte-dos-produtos-brasileiros-beneficia-caju-manga-e-castanha-do-rn\/","name":"Redu\u00e7\u00e3o de tarifa dos EUA para parte dos produtos brasileiros beneficia caju, manga e castanha do RN - Taveira Jr","isPartOf":{"@id":"https:\/\/deputadotaveirajr.com.br\/#website"},"primaryImageOfPage":{"@id":"https:\/\/deputadotaveirajr.com.br\/index.php\/reducao-de-tarifa-dos-eua-para-parte-dos-produtos-brasileiros-beneficia-caju-manga-e-castanha-do-rn\/#primaryimage"},"image":{"@id":"https:\/\/deputadotaveirajr.com.br\/index.php\/reducao-de-tarifa-dos-eua-para-parte-dos-produtos-brasileiros-beneficia-caju-manga-e-castanha-do-rn\/#primaryimage"},"thumbnailUrl":"https:\/\/deputadotaveirajr.com.br\/wp-content\/uploads\/2025\/11\/frutas-2P6bv0.jpg","datePublished":"2025-11-22T13:01:36+00:00","breadcrumb":{"@id":"https:\/\/deputadotaveirajr.com.br\/index.php\/reducao-de-tarifa-dos-eua-para-parte-dos-produtos-brasileiros-beneficia-caju-manga-e-castanha-do-rn\/#breadcrumb"},"inLanguage":"pt-BR","potentialAction":[{"@type":"ReadAction","target":["https:\/\/deputadotaveirajr.com.br\/index.php\/reducao-de-tarifa-dos-eua-para-parte-dos-produtos-brasileiros-beneficia-caju-manga-e-castanha-do-rn\/"]}]},{"@type":"ImageObject","inLanguage":"pt-BR","@id":"https:\/\/deputadotaveirajr.com.br\/index.php\/reducao-de-tarifa-dos-eua-para-parte-dos-produtos-brasileiros-beneficia-caju-manga-e-castanha-do-rn\/#primaryimage","url":"https:\/\/deputadotaveirajr.com.br\/wp-content\/uploads\/2025\/11\/frutas-2P6bv0.jpg","contentUrl":"https:\/\/deputadotaveirajr.com.br\/wp-content\/uploads\/2025\/11\/frutas-2P6bv0.jpg","width":1200,"height":651},{"@type":"BreadcrumbList","@id":"https:\/\/deputadotaveirajr.com.br\/index.php\/reducao-de-tarifa-dos-eua-para-parte-dos-produtos-brasileiros-beneficia-caju-manga-e-castanha-do-rn\/#breadcrumb","itemListElement":[{"@type":"ListItem","position":1,"name":"In\u00edcio","item":"https:\/\/deputadotaveirajr.com.br\/"},{"@type":"ListItem","position":2,"name":"Redu\u00e7\u00e3o de tarifa dos EUA para parte dos produtos brasileiros beneficia caju, manga e castanha do RN"}]},{"@type":"WebSite","@id":"https:\/\/deputadotaveirajr.com.br\/#website","url":"https:\/\/deputadotaveirajr.com.br\/","name":"Taveira Jr","description":"Deputado Estadual","publisher":{"@id":"https:\/\/deputadotaveirajr.com.br\/#organization"},"potentialAction":[{"@type":"SearchAction","target":{"@type":"EntryPoint","urlTemplate":"https:\/\/deputadotaveirajr.com.br\/?s={search_term_string}"},"query-input":{"@type":"PropertyValueSpecification","valueRequired":true,"valueName":"search_term_string"}}],"inLanguage":"pt-BR"},{"@type":"Organization","@id":"https:\/\/deputadotaveirajr.com.br\/#organization","name":"Taveira Jr","url":"https:\/\/deputadotaveirajr.com.br\/","logo":{"@type":"ImageObject","inLanguage":"pt-BR","@id":"https:\/\/deputadotaveirajr.com.br\/#\/schema\/logo\/image\/","url":"https:\/\/deputadotaveirajr.com.br\/wp-content\/uploads\/2026\/01\/logolow2a.png","contentUrl":"https:\/\/deputadotaveirajr.com.br\/wp-content\/uploads\/2026\/01\/logolow2a.png","width":290,"height":80,"caption":"Taveira Jr"},"image":{"@id":"https:\/\/deputadotaveirajr.com.br\/#\/schema\/logo\/image\/"}}]}},"_links":{"self":[{"href":"https:\/\/deputadotaveirajr.com.br\/index.php\/wp-json\/wp\/v2\/pages\/14534","targetHints":{"allow":["GET"]}}],"collection":[{"href":"https:\/\/deputadotaveirajr.com.br\/index.php\/wp-json\/wp\/v2\/pages"}],"about":[{"href":"https:\/\/deputadotaveirajr.com.br\/index.php\/wp-json\/wp\/v2\/types\/page"}],"replies":[{"embeddable":true,"href":"https:\/\/deputadotaveirajr.com.br\/index.php\/wp-json\/wp\/v2\/comments?post=14534"}],"version-history":[{"count":0,"href":"https:\/\/deputadotaveirajr.com.br\/index.php\/wp-json\/wp\/v2\/pages\/14534\/revisions"}],"wp:featuredmedia":[{"embeddable":true,"href":"https:\/\/deputadotaveirajr.com.br\/index.php\/wp-json\/wp\/v2\/media\/14535"}],"wp:attachment":[{"href":"https:\/\/deputadotaveirajr.com.br\/index.php\/wp-json\/wp\/v2\/media?parent=14534"}],"curies":[{"name":"wp","href":"https:\/\/api.w.org\/{rel}","templated":true}]}}