{"id":14565,"date":"2025-11-29T12:28:51","date_gmt":"2025-11-29T15:28:51","guid":{"rendered":"https:\/\/deputadotaveirajr.com.br\/index.php\/mossoro-sanciona-lei-do-passe-livre-para-estudantes-no-transporte-publico\/"},"modified":"2025-11-29T12:28:51","modified_gmt":"2025-11-29T15:28:51","slug":"mossoro-sanciona-lei-do-passe-livre-para-estudantes-no-transporte-publico","status":"publish","type":"page","link":"https:\/\/deputadotaveirajr.com.br\/index.php\/mossoro-sanciona-lei-do-passe-livre-para-estudantes-no-transporte-publico\/","title":{"rendered":"Mossor\u00f3 sanciona lei do passe livre para estudantes no transporte p\u00fablico"},"content":{"rendered":"<p><img decoding=\"async\" src=\"https:\/\/s2-g1.glbimg.com\/7j6OE9U2L2mnwi2UTcTZxZuyN4g=\/i.s3.glbimg.com\/v1\/AUTH_59edd422c0c84a879bd37670ae4f538a\/internal_photos\/bs\/2022\/J\/e\/b7NHL6SimyyYAegCeBkQ\/rjsqtlf2arvjl0nzjuh9rh95tndew5.jpeg\" \/><br \/>     \u00d4nibus na cidade de Mossor\u00f3, no Oeste potiguar (Arquivo)<br \/>\nPrefeitura de Mossor\u00f3\/Divulga\u00e7\u00e3o<br \/>\nA Prefeitura de Mossor\u00f3, no Oeste potiguar, sancionou uma lei que cria o Programa Passe Livre Estudantil. A medida visa garantir transporte p\u00fablico totalmente gratuito para estudantes do munic\u00edpio.<br \/>\nA Lei n\u00ba 4.246\/2025 assegura at\u00e9 quatro passagens por dia para alunos de institui\u00e7\u00f5es p\u00fablicas e privadas, nos n\u00edveis municipal, estadual e federal, al\u00e9m de estudantes de cursos t\u00e9cnicos e universit\u00e1rios.<br \/>\n\ud83d\udcf3 Clique aqui para seguir o canal do g1 RN no WhatsApp<br \/>\nO acesso ao benef\u00edcio ser\u00e1 feito por meio da Carteira de Identifica\u00e7\u00e3o Estudantil (CIE), emitida gratuitamente.<br \/>\nA carteirinha tamb\u00e9m poder\u00e1 ser usada nos fins de semana, feriados e per\u00edodos de f\u00e9rias, permitindo que os estudantes tenham acesso a atividades culturais, esportivas, de lazer e conviv\u00eancia pela cidade.<br \/>\nVeja os v\u00eddeos que est\u00e3o em alta no g1<br \/>\nSegundo a prefeitura, ao retirar o custo do transporte do dia a dia, o programa tamb\u00e9m amplia as condi\u00e7\u00f5es de perman\u00eancia dos alunos nos estudos, facilita o acesso a cursos profissionalizantes e forma\u00e7\u00e3o superior e ajuda a reduzir desigualdades entre estudantes de diferentes regi\u00f5es da cidade.<br \/>\nA nova lei tamb\u00e9m preserva direitos que j\u00e1 existiam, como a gratuidade e a meia passagem para os grupos contemplados em normas anteriores.<br \/>\nA lei prev\u00ea que a carteira estudantil \u00e9 de uso pessoal. De acordo com o texto, se forem constatadas fraudes, adultera\u00e7\u00f5es, viola\u00e7\u00f5es ou utiliza\u00e7\u00f5es indevidas, o titular poder\u00e1 ter por 12 meses ou at\u00e9 36 meses.<br \/>\nVeja os v\u00eddeos mais assistidos no g1 RN<\/p>","protected":false},"excerpt":{"rendered":"<p>\u00d4nibus na cidade de Mossor\u00f3, no Oeste potiguar (Arquivo) Prefeitura de Mossor\u00f3\/Divulga\u00e7\u00e3o A Prefeitura de Mossor\u00f3, no Oeste potiguar, sancionou uma lei que cria o Programa Passe Livre Estudantil. A &#8230;<\/p>\n","protected":false},"author":0,"featured_media":14566,"parent":0,"menu_order":0,"comment_status":"closed","ping_status":"closed","template":"","meta":{"footnotes":""},"class_list":["post-14565","page","type-page","status-publish","has-post-thumbnail","hentry"],"yoast_head":"<!-- This site is optimized with the Yoast SEO plugin v27.1.1 - https:\/\/yoast.com\/product\/yoast-seo-wordpress\/ -->\n<title>Mossor\u00f3 sanciona lei do passe livre para estudantes no transporte p\u00fablico - Taveira Jr<\/title>\n<meta name=\"robots\" content=\"index, follow, max-snippet:-1, max-image-preview:large, max-video-preview:-1\" \/>\n<link rel=\"canonical\" href=\"https:\/\/deputadotaveirajr.com.br\/index.php\/mossoro-sanciona-lei-do-passe-livre-para-estudantes-no-transporte-publico\/\" \/>\n<meta property=\"og:locale\" content=\"pt_BR\" \/>\n<meta property=\"og:type\" content=\"article\" \/>\n<meta property=\"og:title\" content=\"Mossor\u00f3 sanciona lei do passe livre para estudantes no transporte p\u00fablico - Taveira Jr\" \/>\n<meta property=\"og:description\" content=\"\u00d4nibus na cidade de Mossor\u00f3, no Oeste potiguar (Arquivo) Prefeitura de Mossor\u00f3\/Divulga\u00e7\u00e3o A Prefeitura de Mossor\u00f3, no Oeste potiguar, sancionou uma lei que cria o Programa Passe Livre Estudantil. A ...\" \/>\n<meta property=\"og:url\" content=\"https:\/\/deputadotaveirajr.com.br\/index.php\/mossoro-sanciona-lei-do-passe-livre-para-estudantes-no-transporte-publico\/\" \/>\n<meta property=\"og:site_name\" content=\"Taveira Jr\" \/>\n<meta property=\"og:image\" content=\"https:\/\/s2-g1.glbimg.com\/7j6OE9U2L2mnwi2UTcTZxZuyN4g=\/i.s3.glbimg.com\/v1\/AUTH_59edd422c0c84a879bd37670ae4f538a\/internal_photos\/bs\/2022\/J\/e\/b7NHL6SimyyYAegCeBkQ\/rjsqtlf2arvjl0nzjuh9rh95tndew5.jpeg\" \/>\n<meta name=\"twitter:card\" content=\"summary_large_image\" \/>\n<meta name=\"twitter:label1\" content=\"Est. tempo de leitura\" \/>\n\t<meta name=\"twitter:data1\" content=\"1 minuto\" \/>\n<script type=\"application\/ld+json\" class=\"yoast-schema-graph\">{\"@context\":\"https:\/\/schema.org\",\"@graph\":[{\"@type\":\"WebPage\",\"@id\":\"https:\/\/deputadotaveirajr.com.br\/index.php\/mossoro-sanciona-lei-do-passe-livre-para-estudantes-no-transporte-publico\/\",\"url\":\"https:\/\/deputadotaveirajr.com.br\/index.php\/mossoro-sanciona-lei-do-passe-livre-para-estudantes-no-transporte-publico\/\",\"name\":\"Mossor\u00f3 sanciona lei do passe livre para estudantes no transporte p\u00fablico - Taveira Jr\",\"isPartOf\":{\"@id\":\"https:\/\/deputadotaveirajr.com.br\/#website\"},\"primaryImageOfPage\":{\"@id\":\"https:\/\/deputadotaveirajr.com.br\/index.php\/mossoro-sanciona-lei-do-passe-livre-para-estudantes-no-transporte-publico\/#primaryimage\"},\"image\":{\"@id\":\"https:\/\/deputadotaveirajr.com.br\/index.php\/mossoro-sanciona-lei-do-passe-livre-para-estudantes-no-transporte-publico\/#primaryimage\"},\"thumbnailUrl\":\"https:\/\/deputadotaveirajr.com.br\/wp-content\/uploads\/2025\/11\/rjsqtlf2arvjl0nzjuh9rh95tndew5-dPYJOT.jpg\",\"datePublished\":\"2025-11-29T15:28:51+00:00\",\"breadcrumb\":{\"@id\":\"https:\/\/deputadotaveirajr.com.br\/index.php\/mossoro-sanciona-lei-do-passe-livre-para-estudantes-no-transporte-publico\/#breadcrumb\"},\"inLanguage\":\"pt-BR\",\"potentialAction\":[{\"@type\":\"ReadAction\",\"target\":[\"https:\/\/deputadotaveirajr.com.br\/index.php\/mossoro-sanciona-lei-do-passe-livre-para-estudantes-no-transporte-publico\/\"]}]},{\"@type\":\"ImageObject\",\"inLanguage\":\"pt-BR\",\"@id\":\"https:\/\/deputadotaveirajr.com.br\/index.php\/mossoro-sanciona-lei-do-passe-livre-para-estudantes-no-transporte-publico\/#primaryimage\",\"url\":\"https:\/\/deputadotaveirajr.com.br\/wp-content\/uploads\/2025\/11\/rjsqtlf2arvjl0nzjuh9rh95tndew5-dPYJOT.jpg\",\"contentUrl\":\"https:\/\/deputadotaveirajr.com.br\/wp-content\/uploads\/2025\/11\/rjsqtlf2arvjl0nzjuh9rh95tndew5-dPYJOT.jpg\",\"width\":2048,\"height\":1463},{\"@type\":\"BreadcrumbList\",\"@id\":\"https:\/\/deputadotaveirajr.com.br\/index.php\/mossoro-sanciona-lei-do-passe-livre-para-estudantes-no-transporte-publico\/#breadcrumb\",\"itemListElement\":[{\"@type\":\"ListItem\",\"position\":1,\"name\":\"In\u00edcio\",\"item\":\"https:\/\/deputadotaveirajr.com.br\/\"},{\"@type\":\"ListItem\",\"position\":2,\"name\":\"Mossor\u00f3 sanciona lei do passe livre para estudantes no transporte p\u00fablico\"}]},{\"@type\":\"WebSite\",\"@id\":\"https:\/\/deputadotaveirajr.com.br\/#website\",\"url\":\"https:\/\/deputadotaveirajr.com.br\/\",\"name\":\"Taveira Jr\",\"description\":\"Deputado Estadual\",\"publisher\":{\"@id\":\"https:\/\/deputadotaveirajr.com.br\/#organization\"},\"potentialAction\":[{\"@type\":\"SearchAction\",\"target\":{\"@type\":\"EntryPoint\",\"urlTemplate\":\"https:\/\/deputadotaveirajr.com.br\/?s={search_term_string}\"},\"query-input\":{\"@type\":\"PropertyValueSpecification\",\"valueRequired\":true,\"valueName\":\"search_term_string\"}}],\"inLanguage\":\"pt-BR\"},{\"@type\":\"Organization\",\"@id\":\"https:\/\/deputadotaveirajr.com.br\/#organization\",\"name\":\"Taveira Jr\",\"url\":\"https:\/\/deputadotaveirajr.com.br\/\",\"logo\":{\"@type\":\"ImageObject\",\"inLanguage\":\"pt-BR\",\"@id\":\"https:\/\/deputadotaveirajr.com.br\/#\/schema\/logo\/image\/\",\"url\":\"https:\/\/deputadotaveirajr.com.br\/wp-content\/uploads\/2026\/01\/logolow2a.png\",\"contentUrl\":\"https:\/\/deputadotaveirajr.com.br\/wp-content\/uploads\/2026\/01\/logolow2a.png\",\"width\":290,\"height\":80,\"caption\":\"Taveira Jr\"},\"image\":{\"@id\":\"https:\/\/deputadotaveirajr.com.br\/#\/schema\/logo\/image\/\"}}]}<\/script>\n<!-- \/ Yoast SEO plugin. -->","yoast_head_json":{"title":"Mossor\u00f3 sanciona lei do passe livre para estudantes no transporte p\u00fablico - Taveira Jr","robots":{"index":"index","follow":"follow","max-snippet":"max-snippet:-1","max-image-preview":"max-image-preview:large","max-video-preview":"max-video-preview:-1"},"canonical":"https:\/\/deputadotaveirajr.com.br\/index.php\/mossoro-sanciona-lei-do-passe-livre-para-estudantes-no-transporte-publico\/","og_locale":"pt_BR","og_type":"article","og_title":"Mossor\u00f3 sanciona lei do passe livre para estudantes no transporte p\u00fablico - Taveira Jr","og_description":"\u00d4nibus na cidade de Mossor\u00f3, no Oeste potiguar (Arquivo) Prefeitura de Mossor\u00f3\/Divulga\u00e7\u00e3o A Prefeitura de Mossor\u00f3, no Oeste potiguar, sancionou uma lei que cria o Programa Passe Livre Estudantil. A ...","og_url":"https:\/\/deputadotaveirajr.com.br\/index.php\/mossoro-sanciona-lei-do-passe-livre-para-estudantes-no-transporte-publico\/","og_site_name":"Taveira Jr","og_image":[{"url":"https:\/\/s2-g1.glbimg.com\/7j6OE9U2L2mnwi2UTcTZxZuyN4g=\/i.s3.glbimg.com\/v1\/AUTH_59edd422c0c84a879bd37670ae4f538a\/internal_photos\/bs\/2022\/J\/e\/b7NHL6SimyyYAegCeBkQ\/rjsqtlf2arvjl0nzjuh9rh95tndew5.jpeg","type":"","width":"","height":""}],"twitter_card":"summary_large_image","twitter_misc":{"Est. tempo de leitura":"1 minuto"},"schema":{"@context":"https:\/\/schema.org","@graph":[{"@type":"WebPage","@id":"https:\/\/deputadotaveirajr.com.br\/index.php\/mossoro-sanciona-lei-do-passe-livre-para-estudantes-no-transporte-publico\/","url":"https:\/\/deputadotaveirajr.com.br\/index.php\/mossoro-sanciona-lei-do-passe-livre-para-estudantes-no-transporte-publico\/","name":"Mossor\u00f3 sanciona lei do passe livre para estudantes no transporte p\u00fablico - Taveira Jr","isPartOf":{"@id":"https:\/\/deputadotaveirajr.com.br\/#website"},"primaryImageOfPage":{"@id":"https:\/\/deputadotaveirajr.com.br\/index.php\/mossoro-sanciona-lei-do-passe-livre-para-estudantes-no-transporte-publico\/#primaryimage"},"image":{"@id":"https:\/\/deputadotaveirajr.com.br\/index.php\/mossoro-sanciona-lei-do-passe-livre-para-estudantes-no-transporte-publico\/#primaryimage"},"thumbnailUrl":"https:\/\/deputadotaveirajr.com.br\/wp-content\/uploads\/2025\/11\/rjsqtlf2arvjl0nzjuh9rh95tndew5-dPYJOT.jpg","datePublished":"2025-11-29T15:28:51+00:00","breadcrumb":{"@id":"https:\/\/deputadotaveirajr.com.br\/index.php\/mossoro-sanciona-lei-do-passe-livre-para-estudantes-no-transporte-publico\/#breadcrumb"},"inLanguage":"pt-BR","potentialAction":[{"@type":"ReadAction","target":["https:\/\/deputadotaveirajr.com.br\/index.php\/mossoro-sanciona-lei-do-passe-livre-para-estudantes-no-transporte-publico\/"]}]},{"@type":"ImageObject","inLanguage":"pt-BR","@id":"https:\/\/deputadotaveirajr.com.br\/index.php\/mossoro-sanciona-lei-do-passe-livre-para-estudantes-no-transporte-publico\/#primaryimage","url":"https:\/\/deputadotaveirajr.com.br\/wp-content\/uploads\/2025\/11\/rjsqtlf2arvjl0nzjuh9rh95tndew5-dPYJOT.jpg","contentUrl":"https:\/\/deputadotaveirajr.com.br\/wp-content\/uploads\/2025\/11\/rjsqtlf2arvjl0nzjuh9rh95tndew5-dPYJOT.jpg","width":2048,"height":1463},{"@type":"BreadcrumbList","@id":"https:\/\/deputadotaveirajr.com.br\/index.php\/mossoro-sanciona-lei-do-passe-livre-para-estudantes-no-transporte-publico\/#breadcrumb","itemListElement":[{"@type":"ListItem","position":1,"name":"In\u00edcio","item":"https:\/\/deputadotaveirajr.com.br\/"},{"@type":"ListItem","position":2,"name":"Mossor\u00f3 sanciona lei do passe livre para estudantes no transporte p\u00fablico"}]},{"@type":"WebSite","@id":"https:\/\/deputadotaveirajr.com.br\/#website","url":"https:\/\/deputadotaveirajr.com.br\/","name":"Taveira Jr","description":"Deputado Estadual","publisher":{"@id":"https:\/\/deputadotaveirajr.com.br\/#organization"},"potentialAction":[{"@type":"SearchAction","target":{"@type":"EntryPoint","urlTemplate":"https:\/\/deputadotaveirajr.com.br\/?s={search_term_string}"},"query-input":{"@type":"PropertyValueSpecification","valueRequired":true,"valueName":"search_term_string"}}],"inLanguage":"pt-BR"},{"@type":"Organization","@id":"https:\/\/deputadotaveirajr.com.br\/#organization","name":"Taveira Jr","url":"https:\/\/deputadotaveirajr.com.br\/","logo":{"@type":"ImageObject","inLanguage":"pt-BR","@id":"https:\/\/deputadotaveirajr.com.br\/#\/schema\/logo\/image\/","url":"https:\/\/deputadotaveirajr.com.br\/wp-content\/uploads\/2026\/01\/logolow2a.png","contentUrl":"https:\/\/deputadotaveirajr.com.br\/wp-content\/uploads\/2026\/01\/logolow2a.png","width":290,"height":80,"caption":"Taveira Jr"},"image":{"@id":"https:\/\/deputadotaveirajr.com.br\/#\/schema\/logo\/image\/"}}]}},"_links":{"self":[{"href":"https:\/\/deputadotaveirajr.com.br\/index.php\/wp-json\/wp\/v2\/pages\/14565","targetHints":{"allow":["GET"]}}],"collection":[{"href":"https:\/\/deputadotaveirajr.com.br\/index.php\/wp-json\/wp\/v2\/pages"}],"about":[{"href":"https:\/\/deputadotaveirajr.com.br\/index.php\/wp-json\/wp\/v2\/types\/page"}],"replies":[{"embeddable":true,"href":"https:\/\/deputadotaveirajr.com.br\/index.php\/wp-json\/wp\/v2\/comments?post=14565"}],"version-history":[{"count":0,"href":"https:\/\/deputadotaveirajr.com.br\/index.php\/wp-json\/wp\/v2\/pages\/14565\/revisions"}],"wp:featuredmedia":[{"embeddable":true,"href":"https:\/\/deputadotaveirajr.com.br\/index.php\/wp-json\/wp\/v2\/media\/14566"}],"wp:attachment":[{"href":"https:\/\/deputadotaveirajr.com.br\/index.php\/wp-json\/wp\/v2\/media?parent=14565"}],"curies":[{"name":"wp","href":"https:\/\/api.w.org\/{rel}","templated":true}]}}