{"id":14604,"date":"2025-12-06T08:20:59","date_gmt":"2025-12-06T11:20:59","guid":{"rendered":"https:\/\/deputadotaveirajr.com.br\/index.php\/segundo-dia-de-carnatal-tem-leo-santana-claudia-leitte-e-xand-aviao-veja-como-assistir\/"},"modified":"2025-12-06T08:20:59","modified_gmt":"2025-12-06T11:20:59","slug":"segundo-dia-de-carnatal-tem-leo-santana-claudia-leitte-e-xand-aviao-veja-como-assistir","status":"publish","type":"page","link":"https:\/\/deputadotaveirajr.com.br\/index.php\/segundo-dia-de-carnatal-tem-leo-santana-claudia-leitte-e-xand-aviao-veja-como-assistir\/","title":{"rendered":"Segundo dia de Carnatal tem L\u00e9o Santana, Claudia Leitte e Xand Avi\u00e3o; veja como assistir"},"content":{"rendered":"<p><img decoding=\"async\" src=\"https:\/\/s2-g1.glbimg.com\/oQo-YRon-_Fnar3HGo3Ugx3bhKs=\/i.s3.glbimg.com\/v1\/AUTH_59edd422c0c84a879bd37670ae4f538a\/internal_photos\/bs\/2025\/x\/X\/hQAoFQTnKBGqkkCiJxPA\/whatsapp-image-2025-06-20-at-08.49.37.jpeg\" \/><br \/>     Cantor L\u00e9o Santana \u00e9 uma das principais atra\u00e7\u00f5es deste s\u00e1bado de Carnatal<br \/>\n585 Studios<br \/>\nO Carnatal chega ao seu segundo dia neste s\u00e1bado (6) com uma programa\u00e7\u00e3o intensa na Arena das Dunas. A festa re\u00fane alguns dos nomes mais tradicionais do evento, como L\u00e9o Santana, Bell Marques e Claudia Leitte, que comandam os trios el\u00e9tricos em mais uma noite de blocos esgotados.<br \/>\nO g1 e a Inter TV transmitem ao vivo mais uma noite de Carnatal &#8211; CLIQUE AQUI PARA ASSISTIR AO VIVO.<br \/>\n\ud83d\udcf3 Clique aqui para seguir o canal do g1 RN no WhatsApp<br \/>\nConhec\u0327a os apresentadores da transmissa\u0303o do Carnatal na Inter<br \/>\nOs port\u00f5es da Arena das Dunas ser\u00e3o abertos \u00e0s 17h (confira abaixo os hor\u00e1rios e ordem dos blocos).<br \/>\nA folia neste s\u00e1bado tamb\u00e9m conta com show de Ricardo Chaves no Largo dos Reis e uma programa\u00e7\u00e3o especial no camarote tem\u00e1tico, que recebe Eric Land, Xand Avi\u00e3o e Natanzinho Lima.<br \/>\nPaulinho T\u00e1 ON: Ricardo Chaves fala sobre import\u00e2ncia do Largo dos Reis no Carnatal<br \/>\nA transmiss\u00e3o da Inter TV leva a festa ao vivo para 28 emissoras da Globo em todo o pa\u00eds. O evento ser\u00e1 exibido para todas as emissoras do Nordeste, al\u00e9m das afiliadas Inter TV de Minas Gerais Rio de Janeiro. (Veja, mais abaixo, a programa\u00e7\u00e3o de cobertura no site e na TV aberta).<br \/>\nVeja os hor\u00e1rios das transmiss\u00f5es<br \/>\nGlobo Pernambuco e todas as afiliadas do Nordeste<br \/>\nS\u00e1bado: 0h15 ap\u00f3s o Altas Horas<br \/>\nDomingo: 0h20 ap\u00f3s o Irracional \u2013 A Ci\u00eancia do Crime (S\u00e9rie)<br \/>\ng1<br \/>\nS\u00e1bado: A partir das 17h30 \u00e0s 1h50<br \/>\nDomingo: A partir das 17h \u00e0s 1h40<br \/>\nVeja programa\u00e7\u00e3o do Carnatal<br \/>\nS\u00e1bado (6)<br \/>\n17h &#8211; Abertura dos port\u00f5es<br \/>\n17h30 &#8211; Vem com o Gigante &#8211;  Leo Santana (Port\u00e3o N)<br \/>\n18h &#8211; Vumbora &#8211; Bell Marques (Port\u00e3o O)<br \/>\n20h &#8211; Largadinho &#8211; Claudia Leitte (Port\u00e3o P)<br \/>\nDomingo (7)<br \/>\n16h &#8211; Abertura dos port\u00f5es<br \/>\n17h &#8211; Euforia &#8211; Ivete Sangalo (Port\u00e3o P)<br \/>\n17h30 &#8211; Vumbora &#8211; Bell Marques (Port\u00e3o O)<br \/>\n18h30 &#8211; 084 &#8211; Grafith (Port\u00e3o N)<br \/>\nLargo dos Reis<br \/>\nS\u00e1bado &#8211; Ricardo Chaves<br \/>\nDomingo &#8211; encerramento com acesso dos foli\u00f5es \u00e0 Arena das Dunas ap\u00f3s passagem dos blocos<br \/>\nCamarote tem\u00e1tico<br \/>\nS\u00e1bado &#8211; Eric Land, Xand Avi\u00e3o e Natanzinho Lima<br \/>\nDomingo &#8211; Durval Lelys, Simone Mendes e Rafa &amp; Pipo<br \/>\nV\u00eddeos mais assistidos do g1 RN<br \/>\na<\/p>","protected":false},"excerpt":{"rendered":"<p>Cantor L\u00e9o Santana \u00e9 uma das principais atra\u00e7\u00f5es deste s\u00e1bado de Carnatal 585 Studios O Carnatal chega ao seu segundo dia neste s\u00e1bado (6) com uma programa\u00e7\u00e3o intensa na Arena &#8230;<\/p>\n","protected":false},"author":0,"featured_media":14605,"parent":0,"menu_order":0,"comment_status":"closed","ping_status":"closed","template":"","meta":{"footnotes":""},"class_list":["post-14604","page","type-page","status-publish","has-post-thumbnail","hentry"],"yoast_head":"<!-- This site is optimized with the Yoast SEO plugin v27.1.1 - https:\/\/yoast.com\/product\/yoast-seo-wordpress\/ -->\n<title>Segundo dia de Carnatal tem L\u00e9o Santana, Claudia Leitte e Xand Avi\u00e3o; veja como assistir - Taveira Jr<\/title>\n<meta name=\"robots\" content=\"index, follow, max-snippet:-1, max-image-preview:large, max-video-preview:-1\" \/>\n<link rel=\"canonical\" href=\"https:\/\/deputadotaveirajr.com.br\/index.php\/segundo-dia-de-carnatal-tem-leo-santana-claudia-leitte-e-xand-aviao-veja-como-assistir\/\" \/>\n<meta property=\"og:locale\" content=\"pt_BR\" \/>\n<meta property=\"og:type\" content=\"article\" \/>\n<meta property=\"og:title\" content=\"Segundo dia de Carnatal tem L\u00e9o Santana, Claudia Leitte e Xand Avi\u00e3o; veja como assistir - Taveira Jr\" \/>\n<meta property=\"og:description\" content=\"Cantor L\u00e9o Santana \u00e9 uma das principais atra\u00e7\u00f5es deste s\u00e1bado de Carnatal 585 Studios O Carnatal chega ao seu segundo dia neste s\u00e1bado (6) com uma programa\u00e7\u00e3o intensa na Arena ...\" \/>\n<meta property=\"og:url\" content=\"https:\/\/deputadotaveirajr.com.br\/index.php\/segundo-dia-de-carnatal-tem-leo-santana-claudia-leitte-e-xand-aviao-veja-como-assistir\/\" \/>\n<meta property=\"og:site_name\" content=\"Taveira Jr\" \/>\n<meta property=\"og:image\" content=\"https:\/\/s2-g1.glbimg.com\/oQo-YRon-_Fnar3HGo3Ugx3bhKs=\/i.s3.glbimg.com\/v1\/AUTH_59edd422c0c84a879bd37670ae4f538a\/internal_photos\/bs\/2025\/x\/X\/hQAoFQTnKBGqkkCiJxPA\/whatsapp-image-2025-06-20-at-08.49.37.jpeg\" \/>\n<meta name=\"twitter:card\" content=\"summary_large_image\" \/>\n<meta name=\"twitter:label1\" content=\"Est. tempo de leitura\" \/>\n\t<meta name=\"twitter:data1\" content=\"2 minutos\" \/>\n<script type=\"application\/ld+json\" class=\"yoast-schema-graph\">{\"@context\":\"https:\/\/schema.org\",\"@graph\":[{\"@type\":\"WebPage\",\"@id\":\"https:\/\/deputadotaveirajr.com.br\/index.php\/segundo-dia-de-carnatal-tem-leo-santana-claudia-leitte-e-xand-aviao-veja-como-assistir\/\",\"url\":\"https:\/\/deputadotaveirajr.com.br\/index.php\/segundo-dia-de-carnatal-tem-leo-santana-claudia-leitte-e-xand-aviao-veja-como-assistir\/\",\"name\":\"Segundo dia de Carnatal tem L\u00e9o Santana, Claudia Leitte e Xand Avi\u00e3o; veja como assistir - Taveira Jr\",\"isPartOf\":{\"@id\":\"https:\/\/deputadotaveirajr.com.br\/#website\"},\"primaryImageOfPage\":{\"@id\":\"https:\/\/deputadotaveirajr.com.br\/index.php\/segundo-dia-de-carnatal-tem-leo-santana-claudia-leitte-e-xand-aviao-veja-como-assistir\/#primaryimage\"},\"image\":{\"@id\":\"https:\/\/deputadotaveirajr.com.br\/index.php\/segundo-dia-de-carnatal-tem-leo-santana-claudia-leitte-e-xand-aviao-veja-como-assistir\/#primaryimage\"},\"thumbnailUrl\":\"https:\/\/deputadotaveirajr.com.br\/wp-content\/uploads\/2025\/12\/whatsapp-image-2025-06-20-at-08.49.37-Q3hiix.jpg\",\"datePublished\":\"2025-12-06T11:20:59+00:00\",\"breadcrumb\":{\"@id\":\"https:\/\/deputadotaveirajr.com.br\/index.php\/segundo-dia-de-carnatal-tem-leo-santana-claudia-leitte-e-xand-aviao-veja-como-assistir\/#breadcrumb\"},\"inLanguage\":\"pt-BR\",\"potentialAction\":[{\"@type\":\"ReadAction\",\"target\":[\"https:\/\/deputadotaveirajr.com.br\/index.php\/segundo-dia-de-carnatal-tem-leo-santana-claudia-leitte-e-xand-aviao-veja-como-assistir\/\"]}]},{\"@type\":\"ImageObject\",\"inLanguage\":\"pt-BR\",\"@id\":\"https:\/\/deputadotaveirajr.com.br\/index.php\/segundo-dia-de-carnatal-tem-leo-santana-claudia-leitte-e-xand-aviao-veja-como-assistir\/#primaryimage\",\"url\":\"https:\/\/deputadotaveirajr.com.br\/wp-content\/uploads\/2025\/12\/whatsapp-image-2025-06-20-at-08.49.37-Q3hiix.jpg\",\"contentUrl\":\"https:\/\/deputadotaveirajr.com.br\/wp-content\/uploads\/2025\/12\/whatsapp-image-2025-06-20-at-08.49.37-Q3hiix.jpg\",\"width\":1600,\"height\":1066},{\"@type\":\"BreadcrumbList\",\"@id\":\"https:\/\/deputadotaveirajr.com.br\/index.php\/segundo-dia-de-carnatal-tem-leo-santana-claudia-leitte-e-xand-aviao-veja-como-assistir\/#breadcrumb\",\"itemListElement\":[{\"@type\":\"ListItem\",\"position\":1,\"name\":\"In\u00edcio\",\"item\":\"https:\/\/deputadotaveirajr.com.br\/\"},{\"@type\":\"ListItem\",\"position\":2,\"name\":\"Segundo dia de Carnatal tem L\u00e9o Santana, Claudia Leitte e Xand Avi\u00e3o; veja como assistir\"}]},{\"@type\":\"WebSite\",\"@id\":\"https:\/\/deputadotaveirajr.com.br\/#website\",\"url\":\"https:\/\/deputadotaveirajr.com.br\/\",\"name\":\"Taveira Jr\",\"description\":\"Deputado Estadual\",\"publisher\":{\"@id\":\"https:\/\/deputadotaveirajr.com.br\/#organization\"},\"potentialAction\":[{\"@type\":\"SearchAction\",\"target\":{\"@type\":\"EntryPoint\",\"urlTemplate\":\"https:\/\/deputadotaveirajr.com.br\/?s={search_term_string}\"},\"query-input\":{\"@type\":\"PropertyValueSpecification\",\"valueRequired\":true,\"valueName\":\"search_term_string\"}}],\"inLanguage\":\"pt-BR\"},{\"@type\":\"Organization\",\"@id\":\"https:\/\/deputadotaveirajr.com.br\/#organization\",\"name\":\"Taveira Jr\",\"url\":\"https:\/\/deputadotaveirajr.com.br\/\",\"logo\":{\"@type\":\"ImageObject\",\"inLanguage\":\"pt-BR\",\"@id\":\"https:\/\/deputadotaveirajr.com.br\/#\/schema\/logo\/image\/\",\"url\":\"https:\/\/deputadotaveirajr.com.br\/wp-content\/uploads\/2026\/01\/logolow2a.png\",\"contentUrl\":\"https:\/\/deputadotaveirajr.com.br\/wp-content\/uploads\/2026\/01\/logolow2a.png\",\"width\":290,\"height\":80,\"caption\":\"Taveira Jr\"},\"image\":{\"@id\":\"https:\/\/deputadotaveirajr.com.br\/#\/schema\/logo\/image\/\"}}]}<\/script>\n<!-- \/ Yoast SEO plugin. -->","yoast_head_json":{"title":"Segundo dia de Carnatal tem L\u00e9o Santana, Claudia Leitte e Xand Avi\u00e3o; veja como assistir - Taveira Jr","robots":{"index":"index","follow":"follow","max-snippet":"max-snippet:-1","max-image-preview":"max-image-preview:large","max-video-preview":"max-video-preview:-1"},"canonical":"https:\/\/deputadotaveirajr.com.br\/index.php\/segundo-dia-de-carnatal-tem-leo-santana-claudia-leitte-e-xand-aviao-veja-como-assistir\/","og_locale":"pt_BR","og_type":"article","og_title":"Segundo dia de Carnatal tem L\u00e9o Santana, Claudia Leitte e Xand Avi\u00e3o; veja como assistir - Taveira Jr","og_description":"Cantor L\u00e9o Santana \u00e9 uma das principais atra\u00e7\u00f5es deste s\u00e1bado de Carnatal 585 Studios O Carnatal chega ao seu segundo dia neste s\u00e1bado (6) com uma programa\u00e7\u00e3o intensa na Arena ...","og_url":"https:\/\/deputadotaveirajr.com.br\/index.php\/segundo-dia-de-carnatal-tem-leo-santana-claudia-leitte-e-xand-aviao-veja-como-assistir\/","og_site_name":"Taveira Jr","og_image":[{"url":"https:\/\/s2-g1.glbimg.com\/oQo-YRon-_Fnar3HGo3Ugx3bhKs=\/i.s3.glbimg.com\/v1\/AUTH_59edd422c0c84a879bd37670ae4f538a\/internal_photos\/bs\/2025\/x\/X\/hQAoFQTnKBGqkkCiJxPA\/whatsapp-image-2025-06-20-at-08.49.37.jpeg","type":"","width":"","height":""}],"twitter_card":"summary_large_image","twitter_misc":{"Est. tempo de leitura":"2 minutos"},"schema":{"@context":"https:\/\/schema.org","@graph":[{"@type":"WebPage","@id":"https:\/\/deputadotaveirajr.com.br\/index.php\/segundo-dia-de-carnatal-tem-leo-santana-claudia-leitte-e-xand-aviao-veja-como-assistir\/","url":"https:\/\/deputadotaveirajr.com.br\/index.php\/segundo-dia-de-carnatal-tem-leo-santana-claudia-leitte-e-xand-aviao-veja-como-assistir\/","name":"Segundo dia de Carnatal tem L\u00e9o Santana, Claudia Leitte e Xand Avi\u00e3o; veja como assistir - Taveira Jr","isPartOf":{"@id":"https:\/\/deputadotaveirajr.com.br\/#website"},"primaryImageOfPage":{"@id":"https:\/\/deputadotaveirajr.com.br\/index.php\/segundo-dia-de-carnatal-tem-leo-santana-claudia-leitte-e-xand-aviao-veja-como-assistir\/#primaryimage"},"image":{"@id":"https:\/\/deputadotaveirajr.com.br\/index.php\/segundo-dia-de-carnatal-tem-leo-santana-claudia-leitte-e-xand-aviao-veja-como-assistir\/#primaryimage"},"thumbnailUrl":"https:\/\/deputadotaveirajr.com.br\/wp-content\/uploads\/2025\/12\/whatsapp-image-2025-06-20-at-08.49.37-Q3hiix.jpg","datePublished":"2025-12-06T11:20:59+00:00","breadcrumb":{"@id":"https:\/\/deputadotaveirajr.com.br\/index.php\/segundo-dia-de-carnatal-tem-leo-santana-claudia-leitte-e-xand-aviao-veja-como-assistir\/#breadcrumb"},"inLanguage":"pt-BR","potentialAction":[{"@type":"ReadAction","target":["https:\/\/deputadotaveirajr.com.br\/index.php\/segundo-dia-de-carnatal-tem-leo-santana-claudia-leitte-e-xand-aviao-veja-como-assistir\/"]}]},{"@type":"ImageObject","inLanguage":"pt-BR","@id":"https:\/\/deputadotaveirajr.com.br\/index.php\/segundo-dia-de-carnatal-tem-leo-santana-claudia-leitte-e-xand-aviao-veja-como-assistir\/#primaryimage","url":"https:\/\/deputadotaveirajr.com.br\/wp-content\/uploads\/2025\/12\/whatsapp-image-2025-06-20-at-08.49.37-Q3hiix.jpg","contentUrl":"https:\/\/deputadotaveirajr.com.br\/wp-content\/uploads\/2025\/12\/whatsapp-image-2025-06-20-at-08.49.37-Q3hiix.jpg","width":1600,"height":1066},{"@type":"BreadcrumbList","@id":"https:\/\/deputadotaveirajr.com.br\/index.php\/segundo-dia-de-carnatal-tem-leo-santana-claudia-leitte-e-xand-aviao-veja-como-assistir\/#breadcrumb","itemListElement":[{"@type":"ListItem","position":1,"name":"In\u00edcio","item":"https:\/\/deputadotaveirajr.com.br\/"},{"@type":"ListItem","position":2,"name":"Segundo dia de Carnatal tem L\u00e9o Santana, Claudia Leitte e Xand Avi\u00e3o; veja como assistir"}]},{"@type":"WebSite","@id":"https:\/\/deputadotaveirajr.com.br\/#website","url":"https:\/\/deputadotaveirajr.com.br\/","name":"Taveira Jr","description":"Deputado Estadual","publisher":{"@id":"https:\/\/deputadotaveirajr.com.br\/#organization"},"potentialAction":[{"@type":"SearchAction","target":{"@type":"EntryPoint","urlTemplate":"https:\/\/deputadotaveirajr.com.br\/?s={search_term_string}"},"query-input":{"@type":"PropertyValueSpecification","valueRequired":true,"valueName":"search_term_string"}}],"inLanguage":"pt-BR"},{"@type":"Organization","@id":"https:\/\/deputadotaveirajr.com.br\/#organization","name":"Taveira Jr","url":"https:\/\/deputadotaveirajr.com.br\/","logo":{"@type":"ImageObject","inLanguage":"pt-BR","@id":"https:\/\/deputadotaveirajr.com.br\/#\/schema\/logo\/image\/","url":"https:\/\/deputadotaveirajr.com.br\/wp-content\/uploads\/2026\/01\/logolow2a.png","contentUrl":"https:\/\/deputadotaveirajr.com.br\/wp-content\/uploads\/2026\/01\/logolow2a.png","width":290,"height":80,"caption":"Taveira Jr"},"image":{"@id":"https:\/\/deputadotaveirajr.com.br\/#\/schema\/logo\/image\/"}}]}},"_links":{"self":[{"href":"https:\/\/deputadotaveirajr.com.br\/index.php\/wp-json\/wp\/v2\/pages\/14604","targetHints":{"allow":["GET"]}}],"collection":[{"href":"https:\/\/deputadotaveirajr.com.br\/index.php\/wp-json\/wp\/v2\/pages"}],"about":[{"href":"https:\/\/deputadotaveirajr.com.br\/index.php\/wp-json\/wp\/v2\/types\/page"}],"replies":[{"embeddable":true,"href":"https:\/\/deputadotaveirajr.com.br\/index.php\/wp-json\/wp\/v2\/comments?post=14604"}],"version-history":[{"count":0,"href":"https:\/\/deputadotaveirajr.com.br\/index.php\/wp-json\/wp\/v2\/pages\/14604\/revisions"}],"wp:featuredmedia":[{"embeddable":true,"href":"https:\/\/deputadotaveirajr.com.br\/index.php\/wp-json\/wp\/v2\/media\/14605"}],"wp:attachment":[{"href":"https:\/\/deputadotaveirajr.com.br\/index.php\/wp-json\/wp\/v2\/media?parent=14604"}],"curies":[{"name":"wp","href":"https:\/\/api.w.org\/{rel}","templated":true}]}}