{"id":3288,"date":"2024-03-04T13:53:32","date_gmt":"2024-03-04T16:53:32","guid":{"rendered":"https:\/\/deputadotaveirajr.com.br\/?page_id=3288"},"modified":"2024-03-04T13:53:32","modified_gmt":"2024-03-04T16:53:32","slug":"policial-penal-do-ceara-e-baleado-por-criminosos-na-grande-natal","status":"publish","type":"page","link":"https:\/\/deputadotaveirajr.com.br\/index.php\/policial-penal-do-ceara-e-baleado-por-criminosos-na-grande-natal\/","title":{"rendered":"Policial Penal do Cear\u00e1 \u00e9 baleado por criminosos na Grande Natal"},"content":{"rendered":"<p>     Crime aconteceu na noite de domingo (3) em S\u00e3o Gon\u00e7alo do Amarante. V\u00edtima foi socorrida e levada para Hospital na Zona Norte da capital.  V\u00eddeo mostra marcas de tiros em carro de policial penal baleado no RN<br \/>\nCriminosos realizam um atentado a tiros contra um policial penal do Cear\u00e1 na noite deste domingo (3) em S\u00e3o Gon\u00e7alo do Amarante, na Grande Natal. Ferido, o servidor p\u00fablico foi socorrido a um hospital da capital potiguar.<br \/>\nSegundo a Pol\u00edcia Militar, o crime aconteceu por volta das 18h no Conjunto Flores do Campo, no bairro Jardins. Embora trabalhe no Cear\u00e1, o servidor mora no Rio Grande do Norte, segundo os policiais.<br \/>\nA v\u00edtima informou \u00e0 pol\u00edcia que quatro homens armados e com colete a prova de balas teriam fechado o seu carro em frente a um condom\u00ednio do bairro e atirado contra ele.<br \/>\nO policial penal conseguiu tirar o carro do local, mas foi atingido por tiros no t\u00f3rax e em uma das coxas. Em seguida, ele parou o ve\u00edculo em um centro comercial do bairro para tentar se abrigar.<br \/>\nO homem foi levado pela pol\u00edcia para o Pronto-Socorro do Hospital Jos\u00e9 Pedro Bezerra, na Zona Norte de Natal. Conforme informaram os policiais que atenderam a ocorr\u00eancia, o agente passou por cirurgia e tinha estado de sa\u00fade est\u00e1vel at\u00e9 a manh\u00e3 desta segunda (4).<br \/>\nTestemunhas viram tiros<br \/>\nO relato da Pol\u00edcia Militar aponta que testemunhas viram o momento em que o homem parou o carro no centro comercial, j\u00e1 ferido, para tentar se abrigar.<br \/>\nAinda segundo a pol\u00edcia, as testemunhas viram os ocupantes de outro carro, modelo Siena de cor branca, passarem pelo local atirando na dire\u00e7\u00e3o da v\u00edtima e fugirem.<br \/>\nChegando ao local, os policiais encontraram um celular, provavelmente de um dos criminosos, al\u00e9m de quatro c\u00e1psulas de 9 mil\u00edmetros e um proj\u00e9til. O material foi apreendido e entregue na Delegacia de Plant\u00e3o da Zona Norte de Natal.<br \/>\nNenhum suspeito foi preso.<br \/>\nMarca de tiro no carro do policial penal baleado na Grande Natal<br \/>\nReprodu\u00e7\u00e3o<br \/>\nVeja os v\u00eddeos mais assistidos no g1 RN<\/p>","protected":false},"excerpt":{"rendered":"<p>Crime aconteceu na noite de domingo (3) em S\u00e3o Gon\u00e7alo do Amarante. V\u00edtima foi socorrida e levada para Hospital na Zona Norte da capital. V\u00eddeo mostra marcas de tiros em &#8230;<\/p>\n","protected":false},"author":0,"featured_media":0,"parent":0,"menu_order":0,"comment_status":"closed","ping_status":"closed","template":"","meta":{"footnotes":""},"class_list":["post-3288","page","type-page","status-publish","hentry"],"yoast_head":"<!-- This site is optimized with the Yoast SEO plugin v27.1.1 - https:\/\/yoast.com\/product\/yoast-seo-wordpress\/ -->\n<title>Policial Penal do Cear\u00e1 \u00e9 baleado por criminosos na Grande Natal - Taveira Jr<\/title>\n<meta name=\"robots\" content=\"index, follow, max-snippet:-1, max-image-preview:large, max-video-preview:-1\" \/>\n<link rel=\"canonical\" href=\"https:\/\/deputadotaveirajr.com.br\/index.php\/policial-penal-do-ceara-e-baleado-por-criminosos-na-grande-natal\/\" \/>\n<meta property=\"og:locale\" content=\"pt_BR\" \/>\n<meta property=\"og:type\" content=\"article\" \/>\n<meta property=\"og:title\" content=\"Policial Penal do Cear\u00e1 \u00e9 baleado por criminosos na Grande Natal - Taveira Jr\" \/>\n<meta property=\"og:description\" content=\"Crime aconteceu na noite de domingo (3) em S\u00e3o Gon\u00e7alo do Amarante. V\u00edtima foi socorrida e levada para Hospital na Zona Norte da capital. V\u00eddeo mostra marcas de tiros em ...\" \/>\n<meta property=\"og:url\" content=\"https:\/\/deputadotaveirajr.com.br\/index.php\/policial-penal-do-ceara-e-baleado-por-criminosos-na-grande-natal\/\" \/>\n<meta property=\"og:site_name\" content=\"Taveira Jr\" \/>\n<meta name=\"twitter:card\" content=\"summary_large_image\" \/>\n<meta name=\"twitter:label1\" content=\"Est. tempo de leitura\" \/>\n\t<meta name=\"twitter:data1\" content=\"2 minutos\" \/>\n<script type=\"application\/ld+json\" class=\"yoast-schema-graph\">{\"@context\":\"https:\/\/schema.org\",\"@graph\":[{\"@type\":\"WebPage\",\"@id\":\"https:\/\/deputadotaveirajr.com.br\/index.php\/policial-penal-do-ceara-e-baleado-por-criminosos-na-grande-natal\/\",\"url\":\"https:\/\/deputadotaveirajr.com.br\/index.php\/policial-penal-do-ceara-e-baleado-por-criminosos-na-grande-natal\/\",\"name\":\"Policial Penal do Cear\u00e1 \u00e9 baleado por criminosos na Grande Natal - Taveira Jr\",\"isPartOf\":{\"@id\":\"https:\/\/deputadotaveirajr.com.br\/#website\"},\"datePublished\":\"2024-03-04T16:53:32+00:00\",\"breadcrumb\":{\"@id\":\"https:\/\/deputadotaveirajr.com.br\/index.php\/policial-penal-do-ceara-e-baleado-por-criminosos-na-grande-natal\/#breadcrumb\"},\"inLanguage\":\"pt-BR\",\"potentialAction\":[{\"@type\":\"ReadAction\",\"target\":[\"https:\/\/deputadotaveirajr.com.br\/index.php\/policial-penal-do-ceara-e-baleado-por-criminosos-na-grande-natal\/\"]}]},{\"@type\":\"BreadcrumbList\",\"@id\":\"https:\/\/deputadotaveirajr.com.br\/index.php\/policial-penal-do-ceara-e-baleado-por-criminosos-na-grande-natal\/#breadcrumb\",\"itemListElement\":[{\"@type\":\"ListItem\",\"position\":1,\"name\":\"In\u00edcio\",\"item\":\"https:\/\/deputadotaveirajr.com.br\/\"},{\"@type\":\"ListItem\",\"position\":2,\"name\":\"Policial Penal do Cear\u00e1 \u00e9 baleado por criminosos na Grande Natal\"}]},{\"@type\":\"WebSite\",\"@id\":\"https:\/\/deputadotaveirajr.com.br\/#website\",\"url\":\"https:\/\/deputadotaveirajr.com.br\/\",\"name\":\"Taveira Jr\",\"description\":\"Deputado Estadual\",\"publisher\":{\"@id\":\"https:\/\/deputadotaveirajr.com.br\/#organization\"},\"potentialAction\":[{\"@type\":\"SearchAction\",\"target\":{\"@type\":\"EntryPoint\",\"urlTemplate\":\"https:\/\/deputadotaveirajr.com.br\/?s={search_term_string}\"},\"query-input\":{\"@type\":\"PropertyValueSpecification\",\"valueRequired\":true,\"valueName\":\"search_term_string\"}}],\"inLanguage\":\"pt-BR\"},{\"@type\":\"Organization\",\"@id\":\"https:\/\/deputadotaveirajr.com.br\/#organization\",\"name\":\"Taveira Jr\",\"url\":\"https:\/\/deputadotaveirajr.com.br\/\",\"logo\":{\"@type\":\"ImageObject\",\"inLanguage\":\"pt-BR\",\"@id\":\"https:\/\/deputadotaveirajr.com.br\/#\/schema\/logo\/image\/\",\"url\":\"https:\/\/deputadotaveirajr.com.br\/wp-content\/uploads\/2026\/01\/logolow2a.png\",\"contentUrl\":\"https:\/\/deputadotaveirajr.com.br\/wp-content\/uploads\/2026\/01\/logolow2a.png\",\"width\":290,\"height\":80,\"caption\":\"Taveira Jr\"},\"image\":{\"@id\":\"https:\/\/deputadotaveirajr.com.br\/#\/schema\/logo\/image\/\"}}]}<\/script>\n<!-- \/ Yoast SEO plugin. -->","yoast_head_json":{"title":"Policial Penal do Cear\u00e1 \u00e9 baleado por criminosos na Grande Natal - Taveira Jr","robots":{"index":"index","follow":"follow","max-snippet":"max-snippet:-1","max-image-preview":"max-image-preview:large","max-video-preview":"max-video-preview:-1"},"canonical":"https:\/\/deputadotaveirajr.com.br\/index.php\/policial-penal-do-ceara-e-baleado-por-criminosos-na-grande-natal\/","og_locale":"pt_BR","og_type":"article","og_title":"Policial Penal do Cear\u00e1 \u00e9 baleado por criminosos na Grande Natal - Taveira Jr","og_description":"Crime aconteceu na noite de domingo (3) em S\u00e3o Gon\u00e7alo do Amarante. V\u00edtima foi socorrida e levada para Hospital na Zona Norte da capital. V\u00eddeo mostra marcas de tiros em ...","og_url":"https:\/\/deputadotaveirajr.com.br\/index.php\/policial-penal-do-ceara-e-baleado-por-criminosos-na-grande-natal\/","og_site_name":"Taveira Jr","twitter_card":"summary_large_image","twitter_misc":{"Est. tempo de leitura":"2 minutos"},"schema":{"@context":"https:\/\/schema.org","@graph":[{"@type":"WebPage","@id":"https:\/\/deputadotaveirajr.com.br\/index.php\/policial-penal-do-ceara-e-baleado-por-criminosos-na-grande-natal\/","url":"https:\/\/deputadotaveirajr.com.br\/index.php\/policial-penal-do-ceara-e-baleado-por-criminosos-na-grande-natal\/","name":"Policial Penal do Cear\u00e1 \u00e9 baleado por criminosos na Grande Natal - Taveira Jr","isPartOf":{"@id":"https:\/\/deputadotaveirajr.com.br\/#website"},"datePublished":"2024-03-04T16:53:32+00:00","breadcrumb":{"@id":"https:\/\/deputadotaveirajr.com.br\/index.php\/policial-penal-do-ceara-e-baleado-por-criminosos-na-grande-natal\/#breadcrumb"},"inLanguage":"pt-BR","potentialAction":[{"@type":"ReadAction","target":["https:\/\/deputadotaveirajr.com.br\/index.php\/policial-penal-do-ceara-e-baleado-por-criminosos-na-grande-natal\/"]}]},{"@type":"BreadcrumbList","@id":"https:\/\/deputadotaveirajr.com.br\/index.php\/policial-penal-do-ceara-e-baleado-por-criminosos-na-grande-natal\/#breadcrumb","itemListElement":[{"@type":"ListItem","position":1,"name":"In\u00edcio","item":"https:\/\/deputadotaveirajr.com.br\/"},{"@type":"ListItem","position":2,"name":"Policial Penal do Cear\u00e1 \u00e9 baleado por criminosos na Grande Natal"}]},{"@type":"WebSite","@id":"https:\/\/deputadotaveirajr.com.br\/#website","url":"https:\/\/deputadotaveirajr.com.br\/","name":"Taveira Jr","description":"Deputado Estadual","publisher":{"@id":"https:\/\/deputadotaveirajr.com.br\/#organization"},"potentialAction":[{"@type":"SearchAction","target":{"@type":"EntryPoint","urlTemplate":"https:\/\/deputadotaveirajr.com.br\/?s={search_term_string}"},"query-input":{"@type":"PropertyValueSpecification","valueRequired":true,"valueName":"search_term_string"}}],"inLanguage":"pt-BR"},{"@type":"Organization","@id":"https:\/\/deputadotaveirajr.com.br\/#organization","name":"Taveira Jr","url":"https:\/\/deputadotaveirajr.com.br\/","logo":{"@type":"ImageObject","inLanguage":"pt-BR","@id":"https:\/\/deputadotaveirajr.com.br\/#\/schema\/logo\/image\/","url":"https:\/\/deputadotaveirajr.com.br\/wp-content\/uploads\/2026\/01\/logolow2a.png","contentUrl":"https:\/\/deputadotaveirajr.com.br\/wp-content\/uploads\/2026\/01\/logolow2a.png","width":290,"height":80,"caption":"Taveira Jr"},"image":{"@id":"https:\/\/deputadotaveirajr.com.br\/#\/schema\/logo\/image\/"}}]}},"_links":{"self":[{"href":"https:\/\/deputadotaveirajr.com.br\/index.php\/wp-json\/wp\/v2\/pages\/3288","targetHints":{"allow":["GET"]}}],"collection":[{"href":"https:\/\/deputadotaveirajr.com.br\/index.php\/wp-json\/wp\/v2\/pages"}],"about":[{"href":"https:\/\/deputadotaveirajr.com.br\/index.php\/wp-json\/wp\/v2\/types\/page"}],"replies":[{"embeddable":true,"href":"https:\/\/deputadotaveirajr.com.br\/index.php\/wp-json\/wp\/v2\/comments?post=3288"}],"version-history":[{"count":1,"href":"https:\/\/deputadotaveirajr.com.br\/index.php\/wp-json\/wp\/v2\/pages\/3288\/revisions"}],"predecessor-version":[{"id":3299,"href":"https:\/\/deputadotaveirajr.com.br\/index.php\/wp-json\/wp\/v2\/pages\/3288\/revisions\/3299"}],"wp:attachment":[{"href":"https:\/\/deputadotaveirajr.com.br\/index.php\/wp-json\/wp\/v2\/media?parent=3288"}],"curies":[{"name":"wp","href":"https:\/\/api.w.org\/{rel}","templated":true}]}}

Policial Penal do Ceará é baleado por criminosos na Grande Natal

<p>     Crime aconteceu na noite de domingo (3) em São Gonçalo do Amarante. Vítima foi socorrida e levada para Hospital na Zona Norte da capital.  Vídeo mostra marcas de tiros em carro de policial penal baleado no RN<br />
Criminosos realizam um atentado a tiros contra um policial penal do Ceará na noite deste domingo (3) em São Gonçalo do Amarante, na Grande Natal. Ferido, o servidor público foi socorrido a um hospital da capital potiguar.<br />
Segundo a Polícia Militar, o crime aconteceu por volta das 18h no Conjunto Flores do Campo, no bairro Jardins. Embora trabalhe no Ceará, o servidor mora no Rio Grande do Norte, segundo os policiais.<br />
A vítima informou à polícia que quatro homens armados e com colete a prova de balas teriam fechado o seu carro em frente a um condomínio do bairro e atirado contra ele.<br />
O policial penal conseguiu tirar o carro do local, mas foi atingido por tiros no tórax e em uma das coxas. Em seguida, ele parou o veículo em um centro comercial do bairro para tentar se abrigar.<br />
O homem foi levado pela polícia para o Pronto-Socorro do Hospital José Pedro Bezerra, na Zona Norte de Natal. Conforme informaram os policiais que atenderam a ocorrência, o agente passou por cirurgia e tinha estado de saúde estável até a manhã desta segunda (4).<br />
Testemunhas viram tiros<br />
O relato da Polícia Militar aponta que testemunhas viram o momento em que o homem parou o carro no centro comercial, já ferido, para tentar se abrigar.<br />
Ainda segundo a polícia, as testemunhas viram os ocupantes de outro carro, modelo Siena de cor branca, passarem pelo local atirando na direção da vítima e fugirem.<br />
Chegando ao local, os policiais encontraram um celular, provavelmente de um dos criminosos, além de quatro cápsulas de 9 milímetros e um projétil. O material foi apreendido e entregue na Delegacia de Plantão da Zona Norte de Natal.<br />
Nenhum suspeito foi preso.<br />
Marca de tiro no carro do policial penal baleado na Grande Natal<br />
Reprodução<br />
Veja os vídeos mais assistidos no g1 RN</p>

<p>Crime aconteceu na noite de domingo (3) em São Gonçalo do Amarante. Vítima foi socorrida e levada para Hospital na Zona Norte da capital. Vídeo mostra marcas de tiros em &#8230;</p>

<!-- This site is optimized with the Yoast SEO plugin v27.1.1 - https://yoast.com/product/yoast-seo-wordpress/ -->
<title>Policial Penal do Ceará é baleado por criminosos na Grande Natal - Taveira Jr</title>
<meta name="robots" content="index, follow, max-snippet:-1, max-image-preview:large, max-video-preview:-1" />
<link rel="canonical" href="https://deputadotaveirajr.com.br/index.php/policial-penal-do-ceara-e-baleado-por-criminosos-na-grande-natal/" />
<meta property="og:locale" content="pt_BR" />
<meta property="og:type" content="article" />
<meta property="og:title" content="Policial Penal do Ceará é baleado por criminosos na Grande Natal - Taveira Jr" />
<meta property="og:description" content="Crime aconteceu na noite de domingo (3) em São Gonçalo do Amarante. Vítima foi socorrida e levada para Hospital na Zona Norte da capital. Vídeo mostra marcas de tiros em ..." />
<meta property="og:url" content="https://deputadotaveirajr.com.br/index.php/policial-penal-do-ceara-e-baleado-por-criminosos-na-grande-natal/" />
<meta property="og:site_name" content="Taveira Jr" />
<meta name="twitter:card" content="summary_large_image" />
<meta name="twitter:label1" content="Est. tempo de leitura" />
	<meta name="twitter:data1" content="2 minutos" />
<script type="application/ld+json" class="yoast-schema-graph">{"@context":"https://schema.org","@graph":[{"@type":"WebPage","@id":"https://deputadotaveirajr.com.br/index.php/policial-penal-do-ceara-e-baleado-por-criminosos-na-grande-natal/","url":"https://deputadotaveirajr.com.br/index.php/policial-penal-do-ceara-e-baleado-por-criminosos-na-grande-natal/","name":"Policial Penal do Ceará é baleado por criminosos na Grande Natal - Taveira Jr","isPartOf":{"@id":"https://deputadotaveirajr.com.br/#website"},"datePublished":"2024-03-04T16:53:32+00:00","breadcrumb":{"@id":"https://deputadotaveirajr.com.br/index.php/policial-penal-do-ceara-e-baleado-por-criminosos-na-grande-natal/#breadcrumb"},"inLanguage":"pt-BR","potentialAction":[{"@type":"ReadAction","target":["https://deputadotaveirajr.com.br/index.php/policial-penal-do-ceara-e-baleado-por-criminosos-na-grande-natal/"]}]},{"@type":"BreadcrumbList","@id":"https://deputadotaveirajr.com.br/index.php/policial-penal-do-ceara-e-baleado-por-criminosos-na-grande-natal/#breadcrumb","itemListElement":[{"@type":"ListItem","position":1,"name":"Início","item":"https://deputadotaveirajr.com.br/"},{"@type":"ListItem","position":2,"name":"Policial Penal do Ceará é baleado por criminosos na Grande Natal"}]},{"@type":"WebSite","@id":"https://deputadotaveirajr.com.br/#website","url":"https://deputadotaveirajr.com.br/","name":"Taveira Jr","description":"Deputado Estadual","publisher":{"@id":"https://deputadotaveirajr.com.br/#organization"},"potentialAction":[{"@type":"SearchAction","target":{"@type":"EntryPoint","urlTemplate":"https://deputadotaveirajr.com.br/?s={search_term_string}"},"query-input":{"@type":"PropertyValueSpecification","valueRequired":true,"valueName":"search_term_string"}}],"inLanguage":"pt-BR"},{"@type":"Organization","@id":"https://deputadotaveirajr.com.br/#organization","name":"Taveira Jr","url":"https://deputadotaveirajr.com.br/","logo":{"@type":"ImageObject","inLanguage":"pt-BR","@id":"https://deputadotaveirajr.com.br/#/schema/logo/image/","url":"https://deputadotaveirajr.com.br/wp-content/uploads/2026/01/logolow2a.png","contentUrl":"https://deputadotaveirajr.com.br/wp-content/uploads/2026/01/logolow2a.png","width":290,"height":80,"caption":"Taveira Jr"},"image":{"@id":"https://deputadotaveirajr.com.br/#/schema/logo/image/"}}]}</script>
<!-- / Yoast SEO plugin. -->

Policial Penal do Ceará é baleado por criminosos na Grande Natal - Taveira Jr

Crime aconteceu na noite de domingo (3) em São Gonçalo do Amarante. Vítima foi socorrida e levada para Hospital na Zona Norte da capital. Vídeo mostra marcas de tiros em ...

Início
