{"id":3290,"date":"2024-03-04T13:22:20","date_gmt":"2024-03-04T16:22:20","guid":{"rendered":"https:\/\/deputadotaveirajr.com.br\/?page_id=3290"},"modified":"2024-03-04T13:22:20","modified_gmt":"2024-03-04T16:22:20","slug":"fernandinho-beira-mar-e-transferido-de-presidio-em-mossoro","status":"publish","type":"page","link":"https:\/\/deputadotaveirajr.com.br\/index.php\/fernandinho-beira-mar-e-transferido-de-presidio-em-mossoro\/","title":{"rendered":"Fernandinho Beira-Mar \u00e9 transferido de pres\u00eddio em Mossor\u00f3"},"content":{"rendered":"<p>Fernandinho Beira-Mar foi transferido da penitenci\u00e1ria federal de Mossor\u00f3. A informa\u00e7\u00e3o foi confirmada pelo advogado dele.<\/p>","protected":false},"excerpt":{"rendered":"<p>Fernandinho Beira-Mar foi transferido da penitenci\u00e1ria federal de Mossor\u00f3. A informa\u00e7\u00e3o foi confirmada pelo advogado dele.<\/p>\n","protected":false},"author":0,"featured_media":0,"parent":0,"menu_order":0,"comment_status":"closed","ping_status":"closed","template":"","meta":{"footnotes":""},"class_list":["post-3290","page","type-page","status-publish","hentry"],"yoast_head":"<!-- This site is optimized with the Yoast SEO plugin v27.1.1 - https:\/\/yoast.com\/product\/yoast-seo-wordpress\/ -->\n<title>Fernandinho Beira-Mar \u00e9 transferido de pres\u00eddio em Mossor\u00f3 - Taveira Jr<\/title>\n<meta name=\"robots\" content=\"index, follow, max-snippet:-1, max-image-preview:large, max-video-preview:-1\" \/>\n<link rel=\"canonical\" href=\"https:\/\/deputadotaveirajr.com.br\/index.php\/fernandinho-beira-mar-e-transferido-de-presidio-em-mossoro\/\" \/>\n<meta property=\"og:locale\" content=\"pt_BR\" \/>\n<meta property=\"og:type\" content=\"article\" \/>\n<meta property=\"og:title\" content=\"Fernandinho Beira-Mar \u00e9 transferido de pres\u00eddio em Mossor\u00f3 - Taveira Jr\" \/>\n<meta property=\"og:description\" content=\"Fernandinho Beira-Mar foi transferido da penitenci\u00e1ria federal de Mossor\u00f3. A informa\u00e7\u00e3o foi confirmada pelo advogado dele.\" \/>\n<meta property=\"og:url\" content=\"https:\/\/deputadotaveirajr.com.br\/index.php\/fernandinho-beira-mar-e-transferido-de-presidio-em-mossoro\/\" \/>\n<meta property=\"og:site_name\" content=\"Taveira Jr\" \/>\n<meta name=\"twitter:card\" content=\"summary_large_image\" \/>\n<script type=\"application\/ld+json\" class=\"yoast-schema-graph\">{\"@context\":\"https:\/\/schema.org\",\"@graph\":[{\"@type\":\"WebPage\",\"@id\":\"https:\/\/deputadotaveirajr.com.br\/index.php\/fernandinho-beira-mar-e-transferido-de-presidio-em-mossoro\/\",\"url\":\"https:\/\/deputadotaveirajr.com.br\/index.php\/fernandinho-beira-mar-e-transferido-de-presidio-em-mossoro\/\",\"name\":\"Fernandinho Beira-Mar \u00e9 transferido de pres\u00eddio em Mossor\u00f3 - Taveira Jr\",\"isPartOf\":{\"@id\":\"https:\/\/deputadotaveirajr.com.br\/#website\"},\"datePublished\":\"2024-03-04T16:22:20+00:00\",\"breadcrumb\":{\"@id\":\"https:\/\/deputadotaveirajr.com.br\/index.php\/fernandinho-beira-mar-e-transferido-de-presidio-em-mossoro\/#breadcrumb\"},\"inLanguage\":\"pt-BR\",\"potentialAction\":[{\"@type\":\"ReadAction\",\"target\":[\"https:\/\/deputadotaveirajr.com.br\/index.php\/fernandinho-beira-mar-e-transferido-de-presidio-em-mossoro\/\"]}]},{\"@type\":\"BreadcrumbList\",\"@id\":\"https:\/\/deputadotaveirajr.com.br\/index.php\/fernandinho-beira-mar-e-transferido-de-presidio-em-mossoro\/#breadcrumb\",\"itemListElement\":[{\"@type\":\"ListItem\",\"position\":1,\"name\":\"In\u00edcio\",\"item\":\"https:\/\/deputadotaveirajr.com.br\/\"},{\"@type\":\"ListItem\",\"position\":2,\"name\":\"Fernandinho Beira-Mar \u00e9 transferido de pres\u00eddio em Mossor\u00f3\"}]},{\"@type\":\"WebSite\",\"@id\":\"https:\/\/deputadotaveirajr.com.br\/#website\",\"url\":\"https:\/\/deputadotaveirajr.com.br\/\",\"name\":\"Taveira Jr\",\"description\":\"Deputado Estadual\",\"publisher\":{\"@id\":\"https:\/\/deputadotaveirajr.com.br\/#organization\"},\"potentialAction\":[{\"@type\":\"SearchAction\",\"target\":{\"@type\":\"EntryPoint\",\"urlTemplate\":\"https:\/\/deputadotaveirajr.com.br\/?s={search_term_string}\"},\"query-input\":{\"@type\":\"PropertyValueSpecification\",\"valueRequired\":true,\"valueName\":\"search_term_string\"}}],\"inLanguage\":\"pt-BR\"},{\"@type\":\"Organization\",\"@id\":\"https:\/\/deputadotaveirajr.com.br\/#organization\",\"name\":\"Taveira Jr\",\"url\":\"https:\/\/deputadotaveirajr.com.br\/\",\"logo\":{\"@type\":\"ImageObject\",\"inLanguage\":\"pt-BR\",\"@id\":\"https:\/\/deputadotaveirajr.com.br\/#\/schema\/logo\/image\/\",\"url\":\"https:\/\/deputadotaveirajr.com.br\/wp-content\/uploads\/2026\/01\/logolow2a.png\",\"contentUrl\":\"https:\/\/deputadotaveirajr.com.br\/wp-content\/uploads\/2026\/01\/logolow2a.png\",\"width\":290,\"height\":80,\"caption\":\"Taveira Jr\"},\"image\":{\"@id\":\"https:\/\/deputadotaveirajr.com.br\/#\/schema\/logo\/image\/\"}}]}<\/script>\n<!-- \/ Yoast SEO plugin. -->","yoast_head_json":{"title":"Fernandinho Beira-Mar \u00e9 transferido de pres\u00eddio em Mossor\u00f3 - Taveira Jr","robots":{"index":"index","follow":"follow","max-snippet":"max-snippet:-1","max-image-preview":"max-image-preview:large","max-video-preview":"max-video-preview:-1"},"canonical":"https:\/\/deputadotaveirajr.com.br\/index.php\/fernandinho-beira-mar-e-transferido-de-presidio-em-mossoro\/","og_locale":"pt_BR","og_type":"article","og_title":"Fernandinho Beira-Mar \u00e9 transferido de pres\u00eddio em Mossor\u00f3 - Taveira Jr","og_description":"Fernandinho Beira-Mar foi transferido da penitenci\u00e1ria federal de Mossor\u00f3. A informa\u00e7\u00e3o foi confirmada pelo advogado dele.","og_url":"https:\/\/deputadotaveirajr.com.br\/index.php\/fernandinho-beira-mar-e-transferido-de-presidio-em-mossoro\/","og_site_name":"Taveira Jr","twitter_card":"summary_large_image","schema":{"@context":"https:\/\/schema.org","@graph":[{"@type":"WebPage","@id":"https:\/\/deputadotaveirajr.com.br\/index.php\/fernandinho-beira-mar-e-transferido-de-presidio-em-mossoro\/","url":"https:\/\/deputadotaveirajr.com.br\/index.php\/fernandinho-beira-mar-e-transferido-de-presidio-em-mossoro\/","name":"Fernandinho Beira-Mar \u00e9 transferido de pres\u00eddio em Mossor\u00f3 - Taveira Jr","isPartOf":{"@id":"https:\/\/deputadotaveirajr.com.br\/#website"},"datePublished":"2024-03-04T16:22:20+00:00","breadcrumb":{"@id":"https:\/\/deputadotaveirajr.com.br\/index.php\/fernandinho-beira-mar-e-transferido-de-presidio-em-mossoro\/#breadcrumb"},"inLanguage":"pt-BR","potentialAction":[{"@type":"ReadAction","target":["https:\/\/deputadotaveirajr.com.br\/index.php\/fernandinho-beira-mar-e-transferido-de-presidio-em-mossoro\/"]}]},{"@type":"BreadcrumbList","@id":"https:\/\/deputadotaveirajr.com.br\/index.php\/fernandinho-beira-mar-e-transferido-de-presidio-em-mossoro\/#breadcrumb","itemListElement":[{"@type":"ListItem","position":1,"name":"In\u00edcio","item":"https:\/\/deputadotaveirajr.com.br\/"},{"@type":"ListItem","position":2,"name":"Fernandinho Beira-Mar \u00e9 transferido de pres\u00eddio em Mossor\u00f3"}]},{"@type":"WebSite","@id":"https:\/\/deputadotaveirajr.com.br\/#website","url":"https:\/\/deputadotaveirajr.com.br\/","name":"Taveira Jr","description":"Deputado Estadual","publisher":{"@id":"https:\/\/deputadotaveirajr.com.br\/#organization"},"potentialAction":[{"@type":"SearchAction","target":{"@type":"EntryPoint","urlTemplate":"https:\/\/deputadotaveirajr.com.br\/?s={search_term_string}"},"query-input":{"@type":"PropertyValueSpecification","valueRequired":true,"valueName":"search_term_string"}}],"inLanguage":"pt-BR"},{"@type":"Organization","@id":"https:\/\/deputadotaveirajr.com.br\/#organization","name":"Taveira Jr","url":"https:\/\/deputadotaveirajr.com.br\/","logo":{"@type":"ImageObject","inLanguage":"pt-BR","@id":"https:\/\/deputadotaveirajr.com.br\/#\/schema\/logo\/image\/","url":"https:\/\/deputadotaveirajr.com.br\/wp-content\/uploads\/2026\/01\/logolow2a.png","contentUrl":"https:\/\/deputadotaveirajr.com.br\/wp-content\/uploads\/2026\/01\/logolow2a.png","width":290,"height":80,"caption":"Taveira Jr"},"image":{"@id":"https:\/\/deputadotaveirajr.com.br\/#\/schema\/logo\/image\/"}}]}},"_links":{"self":[{"href":"https:\/\/deputadotaveirajr.com.br\/index.php\/wp-json\/wp\/v2\/pages\/3290","targetHints":{"allow":["GET"]}}],"collection":[{"href":"https:\/\/deputadotaveirajr.com.br\/index.php\/wp-json\/wp\/v2\/pages"}],"about":[{"href":"https:\/\/deputadotaveirajr.com.br\/index.php\/wp-json\/wp\/v2\/types\/page"}],"replies":[{"embeddable":true,"href":"https:\/\/deputadotaveirajr.com.br\/index.php\/wp-json\/wp\/v2\/comments?post=3290"}],"version-history":[{"count":1,"href":"https:\/\/deputadotaveirajr.com.br\/index.php\/wp-json\/wp\/v2\/pages\/3290\/revisions"}],"predecessor-version":[{"id":3294,"href":"https:\/\/deputadotaveirajr.com.br\/index.php\/wp-json\/wp\/v2\/pages\/3290\/revisions\/3294"}],"wp:attachment":[{"href":"https:\/\/deputadotaveirajr.com.br\/index.php\/wp-json\/wp\/v2\/media?parent=3290"}],"curies":[{"name":"wp","href":"https:\/\/api.w.org\/{rel}","templated":true}]}}

Fernandinho Beira-Mar é transferido de presídio em Mossoró

<p>Fernandinho Beira-Mar foi transferido da penitenciária federal de Mossoró. A informação foi confirmada pelo advogado dele.</p>

<!-- This site is optimized with the Yoast SEO plugin v27.1.1 - https://yoast.com/product/yoast-seo-wordpress/ -->
<title>Fernandinho Beira-Mar é transferido de presídio em Mossoró - Taveira Jr</title>
<meta name="robots" content="index, follow, max-snippet:-1, max-image-preview:large, max-video-preview:-1" />
<link rel="canonical" href="https://deputadotaveirajr.com.br/index.php/fernandinho-beira-mar-e-transferido-de-presidio-em-mossoro/" />
<meta property="og:locale" content="pt_BR" />
<meta property="og:type" content="article" />
<meta property="og:title" content="Fernandinho Beira-Mar é transferido de presídio em Mossoró - Taveira Jr" />
<meta property="og:description" content="Fernandinho Beira-Mar foi transferido da penitenciária federal de Mossoró. A informação foi confirmada pelo advogado dele." />
<meta property="og:url" content="https://deputadotaveirajr.com.br/index.php/fernandinho-beira-mar-e-transferido-de-presidio-em-mossoro/" />
<meta property="og:site_name" content="Taveira Jr" />
<meta name="twitter:card" content="summary_large_image" />
<script type="application/ld+json" class="yoast-schema-graph">{"@context":"https://schema.org","@graph":[{"@type":"WebPage","@id":"https://deputadotaveirajr.com.br/index.php/fernandinho-beira-mar-e-transferido-de-presidio-em-mossoro/","url":"https://deputadotaveirajr.com.br/index.php/fernandinho-beira-mar-e-transferido-de-presidio-em-mossoro/","name":"Fernandinho Beira-Mar é transferido de presídio em Mossoró - Taveira Jr","isPartOf":{"@id":"https://deputadotaveirajr.com.br/#website"},"datePublished":"2024-03-04T16:22:20+00:00","breadcrumb":{"@id":"https://deputadotaveirajr.com.br/index.php/fernandinho-beira-mar-e-transferido-de-presidio-em-mossoro/#breadcrumb"},"inLanguage":"pt-BR","potentialAction":[{"@type":"ReadAction","target":["https://deputadotaveirajr.com.br/index.php/fernandinho-beira-mar-e-transferido-de-presidio-em-mossoro/"]}]},{"@type":"BreadcrumbList","@id":"https://deputadotaveirajr.com.br/index.php/fernandinho-beira-mar-e-transferido-de-presidio-em-mossoro/#breadcrumb","itemListElement":[{"@type":"ListItem","position":1,"name":"Início","item":"https://deputadotaveirajr.com.br/"},{"@type":"ListItem","position":2,"name":"Fernandinho Beira-Mar é transferido de presídio em Mossoró"}]},{"@type":"WebSite","@id":"https://deputadotaveirajr.com.br/#website","url":"https://deputadotaveirajr.com.br/","name":"Taveira Jr","description":"Deputado Estadual","publisher":{"@id":"https://deputadotaveirajr.com.br/#organization"},"potentialAction":[{"@type":"SearchAction","target":{"@type":"EntryPoint","urlTemplate":"https://deputadotaveirajr.com.br/?s={search_term_string}"},"query-input":{"@type":"PropertyValueSpecification","valueRequired":true,"valueName":"search_term_string"}}],"inLanguage":"pt-BR"},{"@type":"Organization","@id":"https://deputadotaveirajr.com.br/#organization","name":"Taveira Jr","url":"https://deputadotaveirajr.com.br/","logo":{"@type":"ImageObject","inLanguage":"pt-BR","@id":"https://deputadotaveirajr.com.br/#/schema/logo/image/","url":"https://deputadotaveirajr.com.br/wp-content/uploads/2026/01/logolow2a.png","contentUrl":"https://deputadotaveirajr.com.br/wp-content/uploads/2026/01/logolow2a.png","width":290,"height":80,"caption":"Taveira Jr"},"image":{"@id":"https://deputadotaveirajr.com.br/#/schema/logo/image/"}}]}</script>
<!-- / Yoast SEO plugin. -->

Fernandinho Beira-Mar é transferido de presídio em Mossoró - Taveira Jr

Fernandinho Beira-Mar foi transferido da penitenciária federal de Mossoró. A informação foi confirmada pelo advogado dele.

Início
