{"id":3406,"date":"2024-03-08T22:32:03","date_gmt":"2024-03-09T01:32:03","guid":{"rendered":"https:\/\/deputadotaveirajr.com.br\/?page_id=3406"},"modified":"2024-03-08T22:32:03","modified_gmt":"2024-03-09T01:32:03","slug":"parque-eolico-e-operado-apenas-por-mulheres-no-rn-aqui-me-senti-acolhida-diz-funcionaria","status":"publish","type":"page","link":"https:\/\/deputadotaveirajr.com.br\/index.php\/parque-eolico-e-operado-apenas-por-mulheres-no-rn-aqui-me-senti-acolhida-diz-funcionaria\/","title":{"rendered":"Parque e\u00f3lico \u00e9 operado apenas por mulheres no RN; &#8216;Aqui me senti acolhida&#8217;, diz funcion\u00e1ria"},"content":{"rendered":"<p>     Parque localizado na cidade de Lajes tem mulheres como operadoras de manuten\u00e7\u00e3o na substa\u00e7\u00e3o e nos aerogeradores. Elas contam que foi preciso vencer ainda a desconfian\u00e7a masculina. Parque e\u00f3lico tem apenas mulheres funcion\u00e1rias<br \/>\nPedro Trindade\/Inter TV<br \/>\nUm parque e\u00f3lico localizado no Sert\u00e3o Central do Rio Grande do Norte \u00e9 operado completamente por mulheres. O empreendimento fica no munic\u00edpio de Lajes, distante cerca de 130 quil\u00f4metros de Natal, e leva o nome de Parque Caju\u00edna.<br \/>\nA equipe de trabalhadoras possui diferentes forma\u00e7\u00f5es, como nas \u00e1reas de eletrot\u00e9cnica, mec\u00e2nica e seguran\u00e7a do trabalho, por exemplo. Elas possuem tamb\u00e9m cargos de lideran\u00e7a.<br \/>\n&#8220;Nunca me imaginei fazendo isso. Era algo distante. Sempre achei a \u00e1rea interessante, mas n\u00e3o tinha refer\u00eancias. Nas salas de aula dos cursos de capacita\u00e7\u00e3o, vemos uma ou duas mulheres, enquanto tem mais de 20 homens&#8221;, contou operadora mantenedora Maria Eduarda, de 24 anos.<br \/>\n&#8220;Mas a oportunidade de se capacitar e estudar \u00e9 o que permite chegar onde desejarmos. Mostramos para outras meninas que eles tamb\u00e9m podem. Estamos aqui, e elas tamb\u00e9m podem&#8221;.<br \/>\n\ud83d\udcf3Participe do canal do g1 RN no WhatsApp e receba no seu celular as not\u00edcias do estado<br \/>\nSeis mulheres s\u00e3o as respons\u00e1veis por realizar a manuten\u00e7\u00e3o da estrutura do parque e\u00f3lico &#8211; analisar, identificar e corrigir falhas nos equipamentos. Juntas, elas foram o principal setor do complexo.<br \/>\nA estrutura do parque Caju\u00edna pode chegar a 1,6 gigawatts. Para isso, \u00e9 preciso que a energia passe pela substa\u00e7\u00e3o &#8211; onde elas atuam diretamente &#8211; antes de ser distribu\u00edda.<br \/>\nParque e\u00f3lico fica na regi\u00e3o central do RN<br \/>\nReprodu\u00e7\u00e3o\/Inter TV<br \/>\n&#8220;N\u00e3o foi f\u00e1cil, nunca foi. J\u00e1 trabalhei em outros lugares e sei do que estou falando. \u00c9 dif\u00edcil voc\u00ea chegar em um ambiente de trabalho que s\u00f3 tem homens praticamente. Para garantir meu espa\u00e7o em uma outra empresa, precisei trabalhar nos fins de semana. N\u00e3o queria deixar passar nada. Quis e consegui deixar claro que eu era capaz&#8221;, lembrou a tamb\u00e9m operadora mantenedora Paloma Souza, de 23 anos.<br \/>\nO fato de apenas mulheres trabalharem no parque e\u00f3lico Caju\u00edna foi fator importante, segundo Paloma, para se sentir bem no novo ambiente de trabalho.<br \/>\n&#8220;Quando vim trabalhar nesse parque e vi s\u00f3 mulheres, me senti acolhida. Nos ajudamos, pois queremos o mesmo resultado&#8221;, disse.<br \/>\nAl\u00e9m do trabalho feito na subesta\u00e7\u00e3o, tr\u00eas funcion\u00e1rias s\u00e3o as \u00fanicas respons\u00e1veis do parque por acompanhar o trabalho de manuten\u00e7\u00e3o nos pr\u00f3prios aerogeradores. A quantidade deve aumentar depois que a garantia de 5 anos da emprensa construtora chegar ao fim.<br \/>\nA tamb\u00e9m operadora mantenedora Maria de Nazar\u00e9, de 27 anos, lembrou que para se consolidar na profiss\u00e3o tamb\u00e9m foi preciso vencer a desconfian\u00e7a dos homens.<br \/>\n&#8220;J\u00e1 ouvi relato de meninos falando que eu n\u00e3o teria condi\u00e7\u00f5es de levantar um gal\u00e3o de \u00f3leo, que pesa 25 quilos, para manuten\u00e7\u00e3o. Consegui e mostrei pra eles e pra mim que eu posso&#8221;, lembrou.<br \/>\n&#8220;Muitos rapazes falam: &#8216;n\u00e3o te dou um m\u00eas pra voc\u00ea desistir&#8217;. N\u00e3o desisti. Estudei e estou aqui. Fa\u00e7o a diferen\u00e7a. Busco meu crescimento para que outras pessoas tamb\u00e9m possam chegar onde estou&#8221;.<br \/>\nV\u00eddeos mais assistidos do g1 RN<\/p>","protected":false},"excerpt":{"rendered":"<p>Parque localizado na cidade de Lajes tem mulheres como operadoras de manuten\u00e7\u00e3o na substa\u00e7\u00e3o e nos aerogeradores. Elas contam que foi preciso vencer ainda a desconfian\u00e7a masculina. Parque e\u00f3lico tem &#8230;<\/p>\n","protected":false},"author":0,"featured_media":0,"parent":0,"menu_order":0,"comment_status":"closed","ping_status":"closed","template":"","meta":{"footnotes":""},"class_list":["post-3406","page","type-page","status-publish","hentry"],"yoast_head":"<!-- This site is optimized with the Yoast SEO plugin v27.1.1 - https:\/\/yoast.com\/product\/yoast-seo-wordpress\/ -->\n<title>Parque e\u00f3lico \u00e9 operado apenas por mulheres no RN; &#039;Aqui me senti acolhida&#039;, diz funcion\u00e1ria - Taveira Jr<\/title>\n<meta name=\"robots\" content=\"index, follow, max-snippet:-1, max-image-preview:large, max-video-preview:-1\" \/>\n<link rel=\"canonical\" href=\"https:\/\/deputadotaveirajr.com.br\/index.php\/parque-eolico-e-operado-apenas-por-mulheres-no-rn-aqui-me-senti-acolhida-diz-funcionaria\/\" \/>\n<meta property=\"og:locale\" content=\"pt_BR\" \/>\n<meta property=\"og:type\" content=\"article\" \/>\n<meta property=\"og:title\" content=\"Parque e\u00f3lico \u00e9 operado apenas por mulheres no RN; &#039;Aqui me senti acolhida&#039;, diz funcion\u00e1ria - Taveira Jr\" \/>\n<meta property=\"og:description\" content=\"Parque localizado na cidade de Lajes tem mulheres como operadoras de manuten\u00e7\u00e3o na substa\u00e7\u00e3o e nos aerogeradores. Elas contam que foi preciso vencer ainda a desconfian\u00e7a masculina. Parque e\u00f3lico tem ...\" \/>\n<meta property=\"og:url\" content=\"https:\/\/deputadotaveirajr.com.br\/index.php\/parque-eolico-e-operado-apenas-por-mulheres-no-rn-aqui-me-senti-acolhida-diz-funcionaria\/\" \/>\n<meta property=\"og:site_name\" content=\"Taveira Jr\" \/>\n<meta name=\"twitter:card\" content=\"summary_large_image\" \/>\n<meta name=\"twitter:label1\" content=\"Est. tempo de leitura\" \/>\n\t<meta name=\"twitter:data1\" content=\"3 minutos\" \/>\n<script type=\"application\/ld+json\" class=\"yoast-schema-graph\">{\"@context\":\"https:\/\/schema.org\",\"@graph\":[{\"@type\":\"WebPage\",\"@id\":\"https:\/\/deputadotaveirajr.com.br\/index.php\/parque-eolico-e-operado-apenas-por-mulheres-no-rn-aqui-me-senti-acolhida-diz-funcionaria\/\",\"url\":\"https:\/\/deputadotaveirajr.com.br\/index.php\/parque-eolico-e-operado-apenas-por-mulheres-no-rn-aqui-me-senti-acolhida-diz-funcionaria\/\",\"name\":\"Parque e\u00f3lico \u00e9 operado apenas por mulheres no RN; 'Aqui me senti acolhida', diz funcion\u00e1ria - Taveira Jr\",\"isPartOf\":{\"@id\":\"https:\/\/deputadotaveirajr.com.br\/#website\"},\"datePublished\":\"2024-03-09T01:32:03+00:00\",\"breadcrumb\":{\"@id\":\"https:\/\/deputadotaveirajr.com.br\/index.php\/parque-eolico-e-operado-apenas-por-mulheres-no-rn-aqui-me-senti-acolhida-diz-funcionaria\/#breadcrumb\"},\"inLanguage\":\"pt-BR\",\"potentialAction\":[{\"@type\":\"ReadAction\",\"target\":[\"https:\/\/deputadotaveirajr.com.br\/index.php\/parque-eolico-e-operado-apenas-por-mulheres-no-rn-aqui-me-senti-acolhida-diz-funcionaria\/\"]}]},{\"@type\":\"BreadcrumbList\",\"@id\":\"https:\/\/deputadotaveirajr.com.br\/index.php\/parque-eolico-e-operado-apenas-por-mulheres-no-rn-aqui-me-senti-acolhida-diz-funcionaria\/#breadcrumb\",\"itemListElement\":[{\"@type\":\"ListItem\",\"position\":1,\"name\":\"In\u00edcio\",\"item\":\"https:\/\/deputadotaveirajr.com.br\/\"},{\"@type\":\"ListItem\",\"position\":2,\"name\":\"Parque e\u00f3lico \u00e9 operado apenas por mulheres no RN; &#8216;Aqui me senti acolhida&#8217;, diz funcion\u00e1ria\"}]},{\"@type\":\"WebSite\",\"@id\":\"https:\/\/deputadotaveirajr.com.br\/#website\",\"url\":\"https:\/\/deputadotaveirajr.com.br\/\",\"name\":\"Taveira Jr\",\"description\":\"Deputado Estadual\",\"publisher\":{\"@id\":\"https:\/\/deputadotaveirajr.com.br\/#organization\"},\"potentialAction\":[{\"@type\":\"SearchAction\",\"target\":{\"@type\":\"EntryPoint\",\"urlTemplate\":\"https:\/\/deputadotaveirajr.com.br\/?s={search_term_string}\"},\"query-input\":{\"@type\":\"PropertyValueSpecification\",\"valueRequired\":true,\"valueName\":\"search_term_string\"}}],\"inLanguage\":\"pt-BR\"},{\"@type\":\"Organization\",\"@id\":\"https:\/\/deputadotaveirajr.com.br\/#organization\",\"name\":\"Taveira Jr\",\"url\":\"https:\/\/deputadotaveirajr.com.br\/\",\"logo\":{\"@type\":\"ImageObject\",\"inLanguage\":\"pt-BR\",\"@id\":\"https:\/\/deputadotaveirajr.com.br\/#\/schema\/logo\/image\/\",\"url\":\"https:\/\/deputadotaveirajr.com.br\/wp-content\/uploads\/2026\/01\/logolow2a.png\",\"contentUrl\":\"https:\/\/deputadotaveirajr.com.br\/wp-content\/uploads\/2026\/01\/logolow2a.png\",\"width\":290,\"height\":80,\"caption\":\"Taveira Jr\"},\"image\":{\"@id\":\"https:\/\/deputadotaveirajr.com.br\/#\/schema\/logo\/image\/\"}}]}<\/script>\n<!-- \/ Yoast SEO plugin. -->","yoast_head_json":{"title":"Parque e\u00f3lico \u00e9 operado apenas por mulheres no RN; 'Aqui me senti acolhida', diz funcion\u00e1ria - Taveira Jr","robots":{"index":"index","follow":"follow","max-snippet":"max-snippet:-1","max-image-preview":"max-image-preview:large","max-video-preview":"max-video-preview:-1"},"canonical":"https:\/\/deputadotaveirajr.com.br\/index.php\/parque-eolico-e-operado-apenas-por-mulheres-no-rn-aqui-me-senti-acolhida-diz-funcionaria\/","og_locale":"pt_BR","og_type":"article","og_title":"Parque e\u00f3lico \u00e9 operado apenas por mulheres no RN; 'Aqui me senti acolhida', diz funcion\u00e1ria - Taveira Jr","og_description":"Parque localizado na cidade de Lajes tem mulheres como operadoras de manuten\u00e7\u00e3o na substa\u00e7\u00e3o e nos aerogeradores. Elas contam que foi preciso vencer ainda a desconfian\u00e7a masculina. Parque e\u00f3lico tem ...","og_url":"https:\/\/deputadotaveirajr.com.br\/index.php\/parque-eolico-e-operado-apenas-por-mulheres-no-rn-aqui-me-senti-acolhida-diz-funcionaria\/","og_site_name":"Taveira Jr","twitter_card":"summary_large_image","twitter_misc":{"Est. tempo de leitura":"3 minutos"},"schema":{"@context":"https:\/\/schema.org","@graph":[{"@type":"WebPage","@id":"https:\/\/deputadotaveirajr.com.br\/index.php\/parque-eolico-e-operado-apenas-por-mulheres-no-rn-aqui-me-senti-acolhida-diz-funcionaria\/","url":"https:\/\/deputadotaveirajr.com.br\/index.php\/parque-eolico-e-operado-apenas-por-mulheres-no-rn-aqui-me-senti-acolhida-diz-funcionaria\/","name":"Parque e\u00f3lico \u00e9 operado apenas por mulheres no RN; 'Aqui me senti acolhida', diz funcion\u00e1ria - Taveira Jr","isPartOf":{"@id":"https:\/\/deputadotaveirajr.com.br\/#website"},"datePublished":"2024-03-09T01:32:03+00:00","breadcrumb":{"@id":"https:\/\/deputadotaveirajr.com.br\/index.php\/parque-eolico-e-operado-apenas-por-mulheres-no-rn-aqui-me-senti-acolhida-diz-funcionaria\/#breadcrumb"},"inLanguage":"pt-BR","potentialAction":[{"@type":"ReadAction","target":["https:\/\/deputadotaveirajr.com.br\/index.php\/parque-eolico-e-operado-apenas-por-mulheres-no-rn-aqui-me-senti-acolhida-diz-funcionaria\/"]}]},{"@type":"BreadcrumbList","@id":"https:\/\/deputadotaveirajr.com.br\/index.php\/parque-eolico-e-operado-apenas-por-mulheres-no-rn-aqui-me-senti-acolhida-diz-funcionaria\/#breadcrumb","itemListElement":[{"@type":"ListItem","position":1,"name":"In\u00edcio","item":"https:\/\/deputadotaveirajr.com.br\/"},{"@type":"ListItem","position":2,"name":"Parque e\u00f3lico \u00e9 operado apenas por mulheres no RN; &#8216;Aqui me senti acolhida&#8217;, diz funcion\u00e1ria"}]},{"@type":"WebSite","@id":"https:\/\/deputadotaveirajr.com.br\/#website","url":"https:\/\/deputadotaveirajr.com.br\/","name":"Taveira Jr","description":"Deputado Estadual","publisher":{"@id":"https:\/\/deputadotaveirajr.com.br\/#organization"},"potentialAction":[{"@type":"SearchAction","target":{"@type":"EntryPoint","urlTemplate":"https:\/\/deputadotaveirajr.com.br\/?s={search_term_string}"},"query-input":{"@type":"PropertyValueSpecification","valueRequired":true,"valueName":"search_term_string"}}],"inLanguage":"pt-BR"},{"@type":"Organization","@id":"https:\/\/deputadotaveirajr.com.br\/#organization","name":"Taveira Jr","url":"https:\/\/deputadotaveirajr.com.br\/","logo":{"@type":"ImageObject","inLanguage":"pt-BR","@id":"https:\/\/deputadotaveirajr.com.br\/#\/schema\/logo\/image\/","url":"https:\/\/deputadotaveirajr.com.br\/wp-content\/uploads\/2026\/01\/logolow2a.png","contentUrl":"https:\/\/deputadotaveirajr.com.br\/wp-content\/uploads\/2026\/01\/logolow2a.png","width":290,"height":80,"caption":"Taveira Jr"},"image":{"@id":"https:\/\/deputadotaveirajr.com.br\/#\/schema\/logo\/image\/"}}]}},"_links":{"self":[{"href":"https:\/\/deputadotaveirajr.com.br\/index.php\/wp-json\/wp\/v2\/pages\/3406","targetHints":{"allow":["GET"]}}],"collection":[{"href":"https:\/\/deputadotaveirajr.com.br\/index.php\/wp-json\/wp\/v2\/pages"}],"about":[{"href":"https:\/\/deputadotaveirajr.com.br\/index.php\/wp-json\/wp\/v2\/types\/page"}],"replies":[{"embeddable":true,"href":"https:\/\/deputadotaveirajr.com.br\/index.php\/wp-json\/wp\/v2\/comments?post=3406"}],"version-history":[{"count":1,"href":"https:\/\/deputadotaveirajr.com.br\/index.php\/wp-json\/wp\/v2\/pages\/3406\/revisions"}],"predecessor-version":[{"id":3411,"href":"https:\/\/deputadotaveirajr.com.br\/index.php\/wp-json\/wp\/v2\/pages\/3406\/revisions\/3411"}],"wp:attachment":[{"href":"https:\/\/deputadotaveirajr.com.br\/index.php\/wp-json\/wp\/v2\/media?parent=3406"}],"curies":[{"name":"wp","href":"https:\/\/api.w.org\/{rel}","templated":true}]}}