{"id":3408,"date":"2024-03-08T22:26:18","date_gmt":"2024-03-09T01:26:18","guid":{"rendered":"https:\/\/deputadotaveirajr.com.br\/index.php\/policia-resgata-adolescente-prende-casal-e-fecha-bar-usado-como-ponto-de-prostituicao-no-interior-do-rn\/"},"modified":"2024-03-08T22:26:18","modified_gmt":"2024-03-09T01:26:18","slug":"policia-resgata-adolescente-prende-casal-e-fecha-bar-usado-como-ponto-de-prostituicao-no-interior-do-rn","status":"publish","type":"page","link":"https:\/\/deputadotaveirajr.com.br\/index.php\/policia-resgata-adolescente-prende-casal-e-fecha-bar-usado-como-ponto-de-prostituicao-no-interior-do-rn\/","title":{"rendered":"Pol\u00edcia resgata adolescente, prende casal e fecha bar usado como ponto de prostitui\u00e7\u00e3o no interior do RN"},"content":{"rendered":"<p>     Homem e mulher detidos v\u00e3o responder pelos crimes de favorecimento da prostitui\u00e7\u00e3o e explora\u00e7\u00e3o sexual de crian\u00e7a ou adolescente. Opera\u00e7\u00e3o aconteceu em S\u00e3o Miguel. Pol\u00edcia fez opera\u00e7\u00e3o no interior de S\u00e3o Miguel (RN)<br \/>\nDivulga\u00e7\u00e3o<br \/>\nA Pol\u00edcia Civil resgatou na manh\u00e3 desta sexta-feira (8) uma adolescente, prendeu um casal e fechou um bar que era usado como ponto de prostitui\u00e7\u00e3o na cidade de S\u00e3o Miguel, no Alto Oeste do Rio Grande do Norte. O homem e a mulher presos eram donos do estabelecimento.<br \/>\nDe acordo com a pol\u00edcia, opera\u00e7\u00e3o foi feita ap\u00f3s den\u00fancia de favorecimento de prostitui\u00e7\u00e3o e frequ\u00eancia de menores no local. A investiga\u00e7\u00e3o apontou que o bar empregava adolescentes.<br \/>\nSegundo a Pol\u00edcia Civil, o pr\u00e9dio possu\u00eda v\u00e1rios quartos usados para os programas sexuais, e as pr\u00f3prias trabalhadoras do bar atendiam os clientes diariamente.<br \/>\n\ud83d\udcf3Participe do canal do g1 RN no WhatsApp e receba no seu celular as not\u00edcias do estado<br \/>\nO casal preso vai responder pelos crimes de favorecimento da prostitui\u00e7\u00e3o e explora\u00e7\u00e3o sexual de crian\u00e7a ou adolescente. Os dois ficaram \u00e0 disposi\u00e7\u00e3o da Justi\u00e7a.<br \/>\nForam cumpridos tr\u00eas mandados de busca e apreens\u00e3o contra o casal propriet\u00e1rio do estabelecimento. Foram apreendidos cadernos com anota\u00e7\u00f5es referentes a movimenta\u00e7\u00e3o do bar e aparelhos celulares que servir\u00e3o como elementos para as investiga\u00e7\u00f5es.<br \/>\nA adolescente resgatada \u00e9 natural da cidade de Fortaleza (CE). De acordo com a Civil, a fam\u00edlia dela ser\u00e1 contatada e ela retornar\u00e1 para casa.  A idade dela n\u00e3o foi divulgada pela Pol\u00edcia Civil.<br \/>\nA opera\u00e7\u00e3o foi conduzida por policiais civis da Delegacia Especializada em Atendimento \u00e0 Mulher de Pau dos Ferros (DEAM Pau dos Ferros) e da 55\u00aa Delegacia de Pol\u00edcia de S\u00e3o Miguel (55\u00aa DP) e faz parte da Opera\u00e7\u00e3o \u00c1tria, do Minist\u00e9rio da Justi\u00e7a, para combate a viol\u00eancia contra a mulher.<br \/>\nV\u00eddeos mais assistidos do g1 RN<\/p>","protected":false},"excerpt":{"rendered":"<p>Homem e mulher detidos v\u00e3o responder pelos crimes de favorecimento da prostitui\u00e7\u00e3o e explora\u00e7\u00e3o sexual de crian\u00e7a ou adolescente. Opera\u00e7\u00e3o aconteceu em S\u00e3o Miguel. Pol\u00edcia fez opera\u00e7\u00e3o no interior de &#8230;<\/p>\n","protected":false},"author":0,"featured_media":0,"parent":0,"menu_order":0,"comment_status":"closed","ping_status":"closed","template":"","meta":{"footnotes":""},"class_list":["post-3408","page","type-page","status-publish","hentry"],"yoast_head":"<!-- This site is optimized with the Yoast SEO plugin v27.1.1 - https:\/\/yoast.com\/product\/yoast-seo-wordpress\/ -->\n<title>Pol\u00edcia resgata adolescente, prende casal e fecha bar usado como ponto de prostitui\u00e7\u00e3o no interior do RN - Taveira Jr<\/title>\n<meta name=\"robots\" content=\"index, follow, max-snippet:-1, max-image-preview:large, max-video-preview:-1\" \/>\n<link rel=\"canonical\" href=\"https:\/\/deputadotaveirajr.com.br\/index.php\/policia-resgata-adolescente-prende-casal-e-fecha-bar-usado-como-ponto-de-prostituicao-no-interior-do-rn\/\" \/>\n<meta property=\"og:locale\" content=\"pt_BR\" \/>\n<meta property=\"og:type\" content=\"article\" \/>\n<meta property=\"og:title\" content=\"Pol\u00edcia resgata adolescente, prende casal e fecha bar usado como ponto de prostitui\u00e7\u00e3o no interior do RN - Taveira Jr\" \/>\n<meta property=\"og:description\" content=\"Homem e mulher detidos v\u00e3o responder pelos crimes de favorecimento da prostitui\u00e7\u00e3o e explora\u00e7\u00e3o sexual de crian\u00e7a ou adolescente. Opera\u00e7\u00e3o aconteceu em S\u00e3o Miguel. Pol\u00edcia fez opera\u00e7\u00e3o no interior de ...\" \/>\n<meta property=\"og:url\" content=\"https:\/\/deputadotaveirajr.com.br\/index.php\/policia-resgata-adolescente-prende-casal-e-fecha-bar-usado-como-ponto-de-prostituicao-no-interior-do-rn\/\" \/>\n<meta property=\"og:site_name\" content=\"Taveira Jr\" \/>\n<meta name=\"twitter:card\" content=\"summary_large_image\" \/>\n<meta name=\"twitter:label1\" content=\"Est. tempo de leitura\" \/>\n\t<meta name=\"twitter:data1\" content=\"2 minutos\" \/>\n<script type=\"application\/ld+json\" class=\"yoast-schema-graph\">{\"@context\":\"https:\/\/schema.org\",\"@graph\":[{\"@type\":\"WebPage\",\"@id\":\"https:\/\/deputadotaveirajr.com.br\/index.php\/policia-resgata-adolescente-prende-casal-e-fecha-bar-usado-como-ponto-de-prostituicao-no-interior-do-rn\/\",\"url\":\"https:\/\/deputadotaveirajr.com.br\/index.php\/policia-resgata-adolescente-prende-casal-e-fecha-bar-usado-como-ponto-de-prostituicao-no-interior-do-rn\/\",\"name\":\"Pol\u00edcia resgata adolescente, prende casal e fecha bar usado como ponto de prostitui\u00e7\u00e3o no interior do RN - Taveira Jr\",\"isPartOf\":{\"@id\":\"https:\/\/deputadotaveirajr.com.br\/#website\"},\"datePublished\":\"2024-03-09T01:26:18+00:00\",\"breadcrumb\":{\"@id\":\"https:\/\/deputadotaveirajr.com.br\/index.php\/policia-resgata-adolescente-prende-casal-e-fecha-bar-usado-como-ponto-de-prostituicao-no-interior-do-rn\/#breadcrumb\"},\"inLanguage\":\"pt-BR\",\"potentialAction\":[{\"@type\":\"ReadAction\",\"target\":[\"https:\/\/deputadotaveirajr.com.br\/index.php\/policia-resgata-adolescente-prende-casal-e-fecha-bar-usado-como-ponto-de-prostituicao-no-interior-do-rn\/\"]}]},{\"@type\":\"BreadcrumbList\",\"@id\":\"https:\/\/deputadotaveirajr.com.br\/index.php\/policia-resgata-adolescente-prende-casal-e-fecha-bar-usado-como-ponto-de-prostituicao-no-interior-do-rn\/#breadcrumb\",\"itemListElement\":[{\"@type\":\"ListItem\",\"position\":1,\"name\":\"In\u00edcio\",\"item\":\"https:\/\/deputadotaveirajr.com.br\/\"},{\"@type\":\"ListItem\",\"position\":2,\"name\":\"Pol\u00edcia resgata adolescente, prende casal e fecha bar usado como ponto de prostitui\u00e7\u00e3o no interior do RN\"}]},{\"@type\":\"WebSite\",\"@id\":\"https:\/\/deputadotaveirajr.com.br\/#website\",\"url\":\"https:\/\/deputadotaveirajr.com.br\/\",\"name\":\"Taveira Jr\",\"description\":\"Deputado Estadual\",\"publisher\":{\"@id\":\"https:\/\/deputadotaveirajr.com.br\/#organization\"},\"potentialAction\":[{\"@type\":\"SearchAction\",\"target\":{\"@type\":\"EntryPoint\",\"urlTemplate\":\"https:\/\/deputadotaveirajr.com.br\/?s={search_term_string}\"},\"query-input\":{\"@type\":\"PropertyValueSpecification\",\"valueRequired\":true,\"valueName\":\"search_term_string\"}}],\"inLanguage\":\"pt-BR\"},{\"@type\":\"Organization\",\"@id\":\"https:\/\/deputadotaveirajr.com.br\/#organization\",\"name\":\"Taveira Jr\",\"url\":\"https:\/\/deputadotaveirajr.com.br\/\",\"logo\":{\"@type\":\"ImageObject\",\"inLanguage\":\"pt-BR\",\"@id\":\"https:\/\/deputadotaveirajr.com.br\/#\/schema\/logo\/image\/\",\"url\":\"https:\/\/deputadotaveirajr.com.br\/wp-content\/uploads\/2026\/01\/logolow2a.png\",\"contentUrl\":\"https:\/\/deputadotaveirajr.com.br\/wp-content\/uploads\/2026\/01\/logolow2a.png\",\"width\":290,\"height\":80,\"caption\":\"Taveira Jr\"},\"image\":{\"@id\":\"https:\/\/deputadotaveirajr.com.br\/#\/schema\/logo\/image\/\"}}]}<\/script>\n<!-- \/ Yoast SEO plugin. -->","yoast_head_json":{"title":"Pol\u00edcia resgata adolescente, prende casal e fecha bar usado como ponto de prostitui\u00e7\u00e3o no interior do RN - Taveira Jr","robots":{"index":"index","follow":"follow","max-snippet":"max-snippet:-1","max-image-preview":"max-image-preview:large","max-video-preview":"max-video-preview:-1"},"canonical":"https:\/\/deputadotaveirajr.com.br\/index.php\/policia-resgata-adolescente-prende-casal-e-fecha-bar-usado-como-ponto-de-prostituicao-no-interior-do-rn\/","og_locale":"pt_BR","og_type":"article","og_title":"Pol\u00edcia resgata adolescente, prende casal e fecha bar usado como ponto de prostitui\u00e7\u00e3o no interior do RN - Taveira Jr","og_description":"Homem e mulher detidos v\u00e3o responder pelos crimes de favorecimento da prostitui\u00e7\u00e3o e explora\u00e7\u00e3o sexual de crian\u00e7a ou adolescente. Opera\u00e7\u00e3o aconteceu em S\u00e3o Miguel. Pol\u00edcia fez opera\u00e7\u00e3o no interior de ...","og_url":"https:\/\/deputadotaveirajr.com.br\/index.php\/policia-resgata-adolescente-prende-casal-e-fecha-bar-usado-como-ponto-de-prostituicao-no-interior-do-rn\/","og_site_name":"Taveira Jr","twitter_card":"summary_large_image","twitter_misc":{"Est. tempo de leitura":"2 minutos"},"schema":{"@context":"https:\/\/schema.org","@graph":[{"@type":"WebPage","@id":"https:\/\/deputadotaveirajr.com.br\/index.php\/policia-resgata-adolescente-prende-casal-e-fecha-bar-usado-como-ponto-de-prostituicao-no-interior-do-rn\/","url":"https:\/\/deputadotaveirajr.com.br\/index.php\/policia-resgata-adolescente-prende-casal-e-fecha-bar-usado-como-ponto-de-prostituicao-no-interior-do-rn\/","name":"Pol\u00edcia resgata adolescente, prende casal e fecha bar usado como ponto de prostitui\u00e7\u00e3o no interior do RN - Taveira Jr","isPartOf":{"@id":"https:\/\/deputadotaveirajr.com.br\/#website"},"datePublished":"2024-03-09T01:26:18+00:00","breadcrumb":{"@id":"https:\/\/deputadotaveirajr.com.br\/index.php\/policia-resgata-adolescente-prende-casal-e-fecha-bar-usado-como-ponto-de-prostituicao-no-interior-do-rn\/#breadcrumb"},"inLanguage":"pt-BR","potentialAction":[{"@type":"ReadAction","target":["https:\/\/deputadotaveirajr.com.br\/index.php\/policia-resgata-adolescente-prende-casal-e-fecha-bar-usado-como-ponto-de-prostituicao-no-interior-do-rn\/"]}]},{"@type":"BreadcrumbList","@id":"https:\/\/deputadotaveirajr.com.br\/index.php\/policia-resgata-adolescente-prende-casal-e-fecha-bar-usado-como-ponto-de-prostituicao-no-interior-do-rn\/#breadcrumb","itemListElement":[{"@type":"ListItem","position":1,"name":"In\u00edcio","item":"https:\/\/deputadotaveirajr.com.br\/"},{"@type":"ListItem","position":2,"name":"Pol\u00edcia resgata adolescente, prende casal e fecha bar usado como ponto de prostitui\u00e7\u00e3o no interior do RN"}]},{"@type":"WebSite","@id":"https:\/\/deputadotaveirajr.com.br\/#website","url":"https:\/\/deputadotaveirajr.com.br\/","name":"Taveira Jr","description":"Deputado Estadual","publisher":{"@id":"https:\/\/deputadotaveirajr.com.br\/#organization"},"potentialAction":[{"@type":"SearchAction","target":{"@type":"EntryPoint","urlTemplate":"https:\/\/deputadotaveirajr.com.br\/?s={search_term_string}"},"query-input":{"@type":"PropertyValueSpecification","valueRequired":true,"valueName":"search_term_string"}}],"inLanguage":"pt-BR"},{"@type":"Organization","@id":"https:\/\/deputadotaveirajr.com.br\/#organization","name":"Taveira Jr","url":"https:\/\/deputadotaveirajr.com.br\/","logo":{"@type":"ImageObject","inLanguage":"pt-BR","@id":"https:\/\/deputadotaveirajr.com.br\/#\/schema\/logo\/image\/","url":"https:\/\/deputadotaveirajr.com.br\/wp-content\/uploads\/2026\/01\/logolow2a.png","contentUrl":"https:\/\/deputadotaveirajr.com.br\/wp-content\/uploads\/2026\/01\/logolow2a.png","width":290,"height":80,"caption":"Taveira Jr"},"image":{"@id":"https:\/\/deputadotaveirajr.com.br\/#\/schema\/logo\/image\/"}}]}},"_links":{"self":[{"href":"https:\/\/deputadotaveirajr.com.br\/index.php\/wp-json\/wp\/v2\/pages\/3408","targetHints":{"allow":["GET"]}}],"collection":[{"href":"https:\/\/deputadotaveirajr.com.br\/index.php\/wp-json\/wp\/v2\/pages"}],"about":[{"href":"https:\/\/deputadotaveirajr.com.br\/index.php\/wp-json\/wp\/v2\/types\/page"}],"replies":[{"embeddable":true,"href":"https:\/\/deputadotaveirajr.com.br\/index.php\/wp-json\/wp\/v2\/comments?post=3408"}],"version-history":[{"count":0,"href":"https:\/\/deputadotaveirajr.com.br\/index.php\/wp-json\/wp\/v2\/pages\/3408\/revisions"}],"wp:attachment":[{"href":"https:\/\/deputadotaveirajr.com.br\/index.php\/wp-json\/wp\/v2\/media?parent=3408"}],"curies":[{"name":"wp","href":"https:\/\/api.w.org\/{rel}","templated":true}]}}