{"id":3412,"date":"2024-03-09T11:37:39","date_gmt":"2024-03-09T14:37:39","guid":{"rendered":"https:\/\/deputadotaveirajr.com.br\/?page_id=3412"},"modified":"2024-03-09T11:37:39","modified_gmt":"2024-03-09T14:37:39","slug":"seis-produtos-da-cesta-basica-registram-aumento-em-natal-em-fevereiro","status":"publish","type":"page","link":"https:\/\/deputadotaveirajr.com.br\/index.php\/seis-produtos-da-cesta-basica-registram-aumento-em-natal-em-fevereiro\/","title":{"rendered":"Seis produtos da cesta b\u00e1sica registram aumento em Natal em fevereiro"},"content":{"rendered":"<p>     Custo da cesta b\u00e1sica teve aumento de 0,63% em rela\u00e7\u00e3o a janeiro, segundo o Dieese.  Banana est\u00e1 entre os seis produtos  que tiveram aumento nos pre\u00e7os m\u00e9dios<br \/>\nJ\u00falio C\u00e9sar Costa\/g1<br \/>\nEntre janeiro e fevereiro de 2024, seis produtos que comp\u00f5em a cesta b\u00e1sica tiveram aumento nos pre\u00e7os m\u00e9dios em Natal, de acordo com levantamento do Departamento Intersindical de Estat\u00edstica e Estudos Socioecon\u00f4micos (Dieese). S\u00e3o eles: arroz agulhinha (9,44%), tomate (6,02%), banana (5,49%), feij\u00e3o carioca (2,87%), manteiga (2,41%) e a\u00e7\u00facar refinado (0,22%).<br \/>\nOs outros seis produtos da cesta b\u00e1sica sofreram redu\u00e7\u00e3o: farinha de mandioca (-3,69%), carne bovina de primeira (-3,24%), leite integral UHT (-1,19%), p\u00e3o franc\u00eas (-0,99%), \u00f3leo de soja (-0,66%) e caf\u00e9 em p\u00f3 (-0,10%).<br \/>\nSegundo o Dieese, o custo da cesta b\u00e1sica em Natal foi o quarto menor entre as 17 capitais pesquisadas em fevereiro de 2024. O valor apontado na Pesquisa Nacional da Cesta B\u00e1sica de Alimentos foi de R$ 579,31, representando aumento de 0,63% em rela\u00e7\u00e3o a janeiro.<br \/>\nNa compara\u00e7\u00e3o com fevereiro de 2023, a cesta teve redu\u00e7\u00e3o de 7,48%.<\/p>","protected":false},"excerpt":{"rendered":"<p>Custo da cesta b\u00e1sica teve aumento de 0,63% em rela\u00e7\u00e3o a janeiro, segundo o Dieese. Banana est\u00e1 entre os seis produtos que tiveram aumento nos pre\u00e7os m\u00e9dios J\u00falio C\u00e9sar Costa\/g1 &#8230;<\/p>\n","protected":false},"author":0,"featured_media":0,"parent":0,"menu_order":0,"comment_status":"closed","ping_status":"closed","template":"","meta":{"footnotes":""},"class_list":["post-3412","page","type-page","status-publish","hentry"],"yoast_head":"<!-- This site is optimized with the Yoast SEO plugin v27.1.1 - https:\/\/yoast.com\/product\/yoast-seo-wordpress\/ -->\n<title>Seis produtos da cesta b\u00e1sica registram aumento em Natal em fevereiro - Taveira Jr<\/title>\n<meta name=\"robots\" content=\"index, follow, max-snippet:-1, max-image-preview:large, max-video-preview:-1\" \/>\n<link rel=\"canonical\" href=\"https:\/\/deputadotaveirajr.com.br\/index.php\/seis-produtos-da-cesta-basica-registram-aumento-em-natal-em-fevereiro\/\" \/>\n<meta property=\"og:locale\" content=\"pt_BR\" \/>\n<meta property=\"og:type\" content=\"article\" \/>\n<meta property=\"og:title\" content=\"Seis produtos da cesta b\u00e1sica registram aumento em Natal em fevereiro - Taveira Jr\" \/>\n<meta property=\"og:description\" content=\"Custo da cesta b\u00e1sica teve aumento de 0,63% em rela\u00e7\u00e3o a janeiro, segundo o Dieese. Banana est\u00e1 entre os seis produtos que tiveram aumento nos pre\u00e7os m\u00e9dios J\u00falio C\u00e9sar Costa\/g1 ...\" \/>\n<meta property=\"og:url\" content=\"https:\/\/deputadotaveirajr.com.br\/index.php\/seis-produtos-da-cesta-basica-registram-aumento-em-natal-em-fevereiro\/\" \/>\n<meta property=\"og:site_name\" content=\"Taveira Jr\" \/>\n<meta name=\"twitter:card\" content=\"summary_large_image\" \/>\n<meta name=\"twitter:label1\" content=\"Est. tempo de leitura\" \/>\n\t<meta name=\"twitter:data1\" content=\"1 minuto\" \/>\n<script type=\"application\/ld+json\" class=\"yoast-schema-graph\">{\"@context\":\"https:\/\/schema.org\",\"@graph\":[{\"@type\":\"WebPage\",\"@id\":\"https:\/\/deputadotaveirajr.com.br\/index.php\/seis-produtos-da-cesta-basica-registram-aumento-em-natal-em-fevereiro\/\",\"url\":\"https:\/\/deputadotaveirajr.com.br\/index.php\/seis-produtos-da-cesta-basica-registram-aumento-em-natal-em-fevereiro\/\",\"name\":\"Seis produtos da cesta b\u00e1sica registram aumento em Natal em fevereiro - Taveira Jr\",\"isPartOf\":{\"@id\":\"https:\/\/deputadotaveirajr.com.br\/#website\"},\"datePublished\":\"2024-03-09T14:37:39+00:00\",\"breadcrumb\":{\"@id\":\"https:\/\/deputadotaveirajr.com.br\/index.php\/seis-produtos-da-cesta-basica-registram-aumento-em-natal-em-fevereiro\/#breadcrumb\"},\"inLanguage\":\"pt-BR\",\"potentialAction\":[{\"@type\":\"ReadAction\",\"target\":[\"https:\/\/deputadotaveirajr.com.br\/index.php\/seis-produtos-da-cesta-basica-registram-aumento-em-natal-em-fevereiro\/\"]}]},{\"@type\":\"BreadcrumbList\",\"@id\":\"https:\/\/deputadotaveirajr.com.br\/index.php\/seis-produtos-da-cesta-basica-registram-aumento-em-natal-em-fevereiro\/#breadcrumb\",\"itemListElement\":[{\"@type\":\"ListItem\",\"position\":1,\"name\":\"In\u00edcio\",\"item\":\"https:\/\/deputadotaveirajr.com.br\/\"},{\"@type\":\"ListItem\",\"position\":2,\"name\":\"Seis produtos da cesta b\u00e1sica registram aumento em Natal em fevereiro\"}]},{\"@type\":\"WebSite\",\"@id\":\"https:\/\/deputadotaveirajr.com.br\/#website\",\"url\":\"https:\/\/deputadotaveirajr.com.br\/\",\"name\":\"Taveira Jr\",\"description\":\"Deputado Estadual\",\"publisher\":{\"@id\":\"https:\/\/deputadotaveirajr.com.br\/#organization\"},\"potentialAction\":[{\"@type\":\"SearchAction\",\"target\":{\"@type\":\"EntryPoint\",\"urlTemplate\":\"https:\/\/deputadotaveirajr.com.br\/?s={search_term_string}\"},\"query-input\":{\"@type\":\"PropertyValueSpecification\",\"valueRequired\":true,\"valueName\":\"search_term_string\"}}],\"inLanguage\":\"pt-BR\"},{\"@type\":\"Organization\",\"@id\":\"https:\/\/deputadotaveirajr.com.br\/#organization\",\"name\":\"Taveira Jr\",\"url\":\"https:\/\/deputadotaveirajr.com.br\/\",\"logo\":{\"@type\":\"ImageObject\",\"inLanguage\":\"pt-BR\",\"@id\":\"https:\/\/deputadotaveirajr.com.br\/#\/schema\/logo\/image\/\",\"url\":\"https:\/\/deputadotaveirajr.com.br\/wp-content\/uploads\/2026\/01\/logolow2a.png\",\"contentUrl\":\"https:\/\/deputadotaveirajr.com.br\/wp-content\/uploads\/2026\/01\/logolow2a.png\",\"width\":290,\"height\":80,\"caption\":\"Taveira Jr\"},\"image\":{\"@id\":\"https:\/\/deputadotaveirajr.com.br\/#\/schema\/logo\/image\/\"}}]}<\/script>\n<!-- \/ Yoast SEO plugin. -->","yoast_head_json":{"title":"Seis produtos da cesta b\u00e1sica registram aumento em Natal em fevereiro - Taveira Jr","robots":{"index":"index","follow":"follow","max-snippet":"max-snippet:-1","max-image-preview":"max-image-preview:large","max-video-preview":"max-video-preview:-1"},"canonical":"https:\/\/deputadotaveirajr.com.br\/index.php\/seis-produtos-da-cesta-basica-registram-aumento-em-natal-em-fevereiro\/","og_locale":"pt_BR","og_type":"article","og_title":"Seis produtos da cesta b\u00e1sica registram aumento em Natal em fevereiro - Taveira Jr","og_description":"Custo da cesta b\u00e1sica teve aumento de 0,63% em rela\u00e7\u00e3o a janeiro, segundo o Dieese. Banana est\u00e1 entre os seis produtos que tiveram aumento nos pre\u00e7os m\u00e9dios J\u00falio C\u00e9sar Costa\/g1 ...","og_url":"https:\/\/deputadotaveirajr.com.br\/index.php\/seis-produtos-da-cesta-basica-registram-aumento-em-natal-em-fevereiro\/","og_site_name":"Taveira Jr","twitter_card":"summary_large_image","twitter_misc":{"Est. tempo de leitura":"1 minuto"},"schema":{"@context":"https:\/\/schema.org","@graph":[{"@type":"WebPage","@id":"https:\/\/deputadotaveirajr.com.br\/index.php\/seis-produtos-da-cesta-basica-registram-aumento-em-natal-em-fevereiro\/","url":"https:\/\/deputadotaveirajr.com.br\/index.php\/seis-produtos-da-cesta-basica-registram-aumento-em-natal-em-fevereiro\/","name":"Seis produtos da cesta b\u00e1sica registram aumento em Natal em fevereiro - Taveira Jr","isPartOf":{"@id":"https:\/\/deputadotaveirajr.com.br\/#website"},"datePublished":"2024-03-09T14:37:39+00:00","breadcrumb":{"@id":"https:\/\/deputadotaveirajr.com.br\/index.php\/seis-produtos-da-cesta-basica-registram-aumento-em-natal-em-fevereiro\/#breadcrumb"},"inLanguage":"pt-BR","potentialAction":[{"@type":"ReadAction","target":["https:\/\/deputadotaveirajr.com.br\/index.php\/seis-produtos-da-cesta-basica-registram-aumento-em-natal-em-fevereiro\/"]}]},{"@type":"BreadcrumbList","@id":"https:\/\/deputadotaveirajr.com.br\/index.php\/seis-produtos-da-cesta-basica-registram-aumento-em-natal-em-fevereiro\/#breadcrumb","itemListElement":[{"@type":"ListItem","position":1,"name":"In\u00edcio","item":"https:\/\/deputadotaveirajr.com.br\/"},{"@type":"ListItem","position":2,"name":"Seis produtos da cesta b\u00e1sica registram aumento em Natal em fevereiro"}]},{"@type":"WebSite","@id":"https:\/\/deputadotaveirajr.com.br\/#website","url":"https:\/\/deputadotaveirajr.com.br\/","name":"Taveira Jr","description":"Deputado Estadual","publisher":{"@id":"https:\/\/deputadotaveirajr.com.br\/#organization"},"potentialAction":[{"@type":"SearchAction","target":{"@type":"EntryPoint","urlTemplate":"https:\/\/deputadotaveirajr.com.br\/?s={search_term_string}"},"query-input":{"@type":"PropertyValueSpecification","valueRequired":true,"valueName":"search_term_string"}}],"inLanguage":"pt-BR"},{"@type":"Organization","@id":"https:\/\/deputadotaveirajr.com.br\/#organization","name":"Taveira Jr","url":"https:\/\/deputadotaveirajr.com.br\/","logo":{"@type":"ImageObject","inLanguage":"pt-BR","@id":"https:\/\/deputadotaveirajr.com.br\/#\/schema\/logo\/image\/","url":"https:\/\/deputadotaveirajr.com.br\/wp-content\/uploads\/2026\/01\/logolow2a.png","contentUrl":"https:\/\/deputadotaveirajr.com.br\/wp-content\/uploads\/2026\/01\/logolow2a.png","width":290,"height":80,"caption":"Taveira Jr"},"image":{"@id":"https:\/\/deputadotaveirajr.com.br\/#\/schema\/logo\/image\/"}}]}},"_links":{"self":[{"href":"https:\/\/deputadotaveirajr.com.br\/index.php\/wp-json\/wp\/v2\/pages\/3412","targetHints":{"allow":["GET"]}}],"collection":[{"href":"https:\/\/deputadotaveirajr.com.br\/index.php\/wp-json\/wp\/v2\/pages"}],"about":[{"href":"https:\/\/deputadotaveirajr.com.br\/index.php\/wp-json\/wp\/v2\/types\/page"}],"replies":[{"embeddable":true,"href":"https:\/\/deputadotaveirajr.com.br\/index.php\/wp-json\/wp\/v2\/comments?post=3412"}],"version-history":[{"count":1,"href":"https:\/\/deputadotaveirajr.com.br\/index.php\/wp-json\/wp\/v2\/pages\/3412\/revisions"}],"predecessor-version":[{"id":3416,"href":"https:\/\/deputadotaveirajr.com.br\/index.php\/wp-json\/wp\/v2\/pages\/3412\/revisions\/3416"}],"wp:attachment":[{"href":"https:\/\/deputadotaveirajr.com.br\/index.php\/wp-json\/wp\/v2\/media?parent=3412"}],"curies":[{"name":"wp","href":"https:\/\/api.w.org\/{rel}","templated":true}]}}

Seis produtos da cesta básica registram aumento em Natal em fevereiro

<p>     Custo da cesta básica teve aumento de 0,63% em relação a janeiro, segundo o Dieese.  Banana está entre os seis produtos  que tiveram aumento nos preços médios<br />
Júlio César Costa/g1<br />
Entre janeiro e fevereiro de 2024, seis produtos que compõem a cesta básica tiveram aumento nos preços médios em Natal, de acordo com levantamento do Departamento Intersindical de Estatística e Estudos Socioeconômicos (Dieese). São eles: arroz agulhinha (9,44%), tomate (6,02%), banana (5,49%), feijão carioca (2,87%), manteiga (2,41%) e açúcar refinado (0,22%).<br />
Os outros seis produtos da cesta básica sofreram redução: farinha de mandioca (-3,69%), carne bovina de primeira (-3,24%), leite integral UHT (-1,19%), pão francês (-0,99%), óleo de soja (-0,66%) e café em pó (-0,10%).<br />
Segundo o Dieese, o custo da cesta básica em Natal foi o quarto menor entre as 17 capitais pesquisadas em fevereiro de 2024. O valor apontado na Pesquisa Nacional da Cesta Básica de Alimentos foi de R$ 579,31, representando aumento de 0,63% em relação a janeiro.<br />
Na comparação com fevereiro de 2023, a cesta teve redução de 7,48%.</p>

<p>Custo da cesta básica teve aumento de 0,63% em relação a janeiro, segundo o Dieese. Banana está entre os seis produtos que tiveram aumento nos preços médios Júlio César Costa/g1 &#8230;</p>

<!-- This site is optimized with the Yoast SEO plugin v27.1.1 - https://yoast.com/product/yoast-seo-wordpress/ -->
<title>Seis produtos da cesta básica registram aumento em Natal em fevereiro - Taveira Jr</title>
<meta name="robots" content="index, follow, max-snippet:-1, max-image-preview:large, max-video-preview:-1" />
<link rel="canonical" href="https://deputadotaveirajr.com.br/index.php/seis-produtos-da-cesta-basica-registram-aumento-em-natal-em-fevereiro/" />
<meta property="og:locale" content="pt_BR" />
<meta property="og:type" content="article" />
<meta property="og:title" content="Seis produtos da cesta básica registram aumento em Natal em fevereiro - Taveira Jr" />
<meta property="og:description" content="Custo da cesta básica teve aumento de 0,63% em relação a janeiro, segundo o Dieese. Banana está entre os seis produtos que tiveram aumento nos preços médios Júlio César Costa/g1 ..." />
<meta property="og:url" content="https://deputadotaveirajr.com.br/index.php/seis-produtos-da-cesta-basica-registram-aumento-em-natal-em-fevereiro/" />
<meta property="og:site_name" content="Taveira Jr" />
<meta name="twitter:card" content="summary_large_image" />
<meta name="twitter:label1" content="Est. tempo de leitura" />
	<meta name="twitter:data1" content="1 minuto" />
<script type="application/ld+json" class="yoast-schema-graph">{"@context":"https://schema.org","@graph":[{"@type":"WebPage","@id":"https://deputadotaveirajr.com.br/index.php/seis-produtos-da-cesta-basica-registram-aumento-em-natal-em-fevereiro/","url":"https://deputadotaveirajr.com.br/index.php/seis-produtos-da-cesta-basica-registram-aumento-em-natal-em-fevereiro/","name":"Seis produtos da cesta básica registram aumento em Natal em fevereiro - Taveira Jr","isPartOf":{"@id":"https://deputadotaveirajr.com.br/#website"},"datePublished":"2024-03-09T14:37:39+00:00","breadcrumb":{"@id":"https://deputadotaveirajr.com.br/index.php/seis-produtos-da-cesta-basica-registram-aumento-em-natal-em-fevereiro/#breadcrumb"},"inLanguage":"pt-BR","potentialAction":[{"@type":"ReadAction","target":["https://deputadotaveirajr.com.br/index.php/seis-produtos-da-cesta-basica-registram-aumento-em-natal-em-fevereiro/"]}]},{"@type":"BreadcrumbList","@id":"https://deputadotaveirajr.com.br/index.php/seis-produtos-da-cesta-basica-registram-aumento-em-natal-em-fevereiro/#breadcrumb","itemListElement":[{"@type":"ListItem","position":1,"name":"Início","item":"https://deputadotaveirajr.com.br/"},{"@type":"ListItem","position":2,"name":"Seis produtos da cesta básica registram aumento em Natal em fevereiro"}]},{"@type":"WebSite","@id":"https://deputadotaveirajr.com.br/#website","url":"https://deputadotaveirajr.com.br/","name":"Taveira Jr","description":"Deputado Estadual","publisher":{"@id":"https://deputadotaveirajr.com.br/#organization"},"potentialAction":[{"@type":"SearchAction","target":{"@type":"EntryPoint","urlTemplate":"https://deputadotaveirajr.com.br/?s={search_term_string}"},"query-input":{"@type":"PropertyValueSpecification","valueRequired":true,"valueName":"search_term_string"}}],"inLanguage":"pt-BR"},{"@type":"Organization","@id":"https://deputadotaveirajr.com.br/#organization","name":"Taveira Jr","url":"https://deputadotaveirajr.com.br/","logo":{"@type":"ImageObject","inLanguage":"pt-BR","@id":"https://deputadotaveirajr.com.br/#/schema/logo/image/","url":"https://deputadotaveirajr.com.br/wp-content/uploads/2026/01/logolow2a.png","contentUrl":"https://deputadotaveirajr.com.br/wp-content/uploads/2026/01/logolow2a.png","width":290,"height":80,"caption":"Taveira Jr"},"image":{"@id":"https://deputadotaveirajr.com.br/#/schema/logo/image/"}}]}</script>
<!-- / Yoast SEO plugin. -->

Seis produtos da cesta básica registram aumento em Natal em fevereiro - Taveira Jr

Custo da cesta básica teve aumento de 0,63% em relação a janeiro, segundo o Dieese. Banana está entre os seis produtos que tiveram aumento nos preços médios Júlio César Costa/g1 ...

Início
