{"id":3417,"date":"2024-03-09T14:42:22","date_gmt":"2024-03-09T17:42:22","guid":{"rendered":"https:\/\/deputadotaveirajr.com.br\/?page_id=3417"},"modified":"2024-03-09T14:42:22","modified_gmt":"2024-03-09T17:42:22","slug":"dez-bairros-de-natal-terao-parada-no-abastecimento-de-agua-na-segunda-feira-11","status":"publish","type":"page","link":"https:\/\/deputadotaveirajr.com.br\/index.php\/dez-bairros-de-natal-terao-parada-no-abastecimento-de-agua-na-segunda-feira-11\/","title":{"rendered":"Dez bairros de Natal ter\u00e3o parada no abastecimento de \u00e1gua na segunda-feira (11)"},"content":{"rendered":"<p>     Tirol, Petr\u00f3polis, Barro Vermelho, Alecrim, Areia Preta, Cidade Alta, Praia do Meio, Rocas, Santos Reis e M\u00e3e Luiza s\u00e3o os bairros atingidos. Dez bairros de Natal ter\u00e3o parada no abastecimento de \u00e1gua na segunda-feira (11)<br \/>\nIgor J\u00e1come\/g1<br \/>\no<br \/>\nDez bairros de Natal ter\u00e3o uma parada no abastecimento de \u00e1gua na pr\u00f3ximasegunda-feira (11), das 8h \u00e0s 14h. Os bairros s\u00e3o: Tirol, Petr\u00f3polis, Barro Vermelho, Alecrim, Areia Preta, Cidade Alta, Praia do Meio, Rocas, Santos Reis e M\u00e3e Luiza.<br \/>\nSegundo a Caern, a parada ser\u00e1 necess\u00e1ria para a realiza\u00e7\u00e3o de um trabalho de manuten\u00e7\u00e3o na rede alta tens\u00e3o dos po\u00e7os tubulares do Parque das Dunas, que tamb\u00e9m ser\u00e1 acompanhado pela concession\u00e1ria de energia el\u00e9trica.<br \/>\nO sistema ser\u00e1 religado assim que o servi\u00e7o for conclu\u00eddo, com a imediata retomada do abastecimento. A Caern informa ainda que, para que todas as \u00e1reas afetadas estejam com o fornecimento completamente normalizado, ser\u00e1 necess\u00e1rio aguardar um prazo de at\u00e9 72 horas.<br \/>\nPitimbu e Planalto<br \/>\n Na ter\u00e7a-feira (12), a parada no abastecimento ser\u00e1 no bairro Pitimbu e parte do Planalto, no per\u00edodo das 8h \u00e0s 18h, para a realiza\u00e7\u00e3o de um trabalho de manuten\u00e7\u00e3o nos po\u00e7os P6 e P7. O sistema ser\u00e1 religado assim que o servi\u00e7o for conclu\u00eddo, de acordo com a Caern.<br \/>\n\ud83d\udcf3Participe do canal do g1 RN no WhatsApp e receba no seu celular as not\u00edcias do estado<br \/>\nV\u00eddeos mais assistidos do g1 RN<br \/>\nV\u00cdDEOS: Mais assistidos do Rio Grande do Norte nos \u00faltimos 7 dias| em G1 \/ RN \/ Rio Grande do Norte<\/p>","protected":false},"excerpt":{"rendered":"<p>Tirol, Petr\u00f3polis, Barro Vermelho, Alecrim, Areia Preta, Cidade Alta, Praia do Meio, Rocas, Santos Reis e M\u00e3e Luiza s\u00e3o os bairros atingidos. Dez bairros de Natal ter\u00e3o parada no abastecimento &#8230;<\/p>\n","protected":false},"author":0,"featured_media":0,"parent":0,"menu_order":0,"comment_status":"closed","ping_status":"closed","template":"","meta":{"footnotes":""},"class_list":["post-3417","page","type-page","status-publish","hentry"],"yoast_head":"<!-- This site is optimized with the Yoast SEO plugin v27.1.1 - https:\/\/yoast.com\/product\/yoast-seo-wordpress\/ -->\n<title>Dez bairros de Natal ter\u00e3o parada no abastecimento de \u00e1gua na segunda-feira (11) - Taveira Jr<\/title>\n<meta name=\"robots\" content=\"index, follow, max-snippet:-1, max-image-preview:large, max-video-preview:-1\" \/>\n<link rel=\"canonical\" href=\"https:\/\/deputadotaveirajr.com.br\/index.php\/dez-bairros-de-natal-terao-parada-no-abastecimento-de-agua-na-segunda-feira-11\/\" \/>\n<meta property=\"og:locale\" content=\"pt_BR\" \/>\n<meta property=\"og:type\" content=\"article\" \/>\n<meta property=\"og:title\" content=\"Dez bairros de Natal ter\u00e3o parada no abastecimento de \u00e1gua na segunda-feira (11) - Taveira Jr\" \/>\n<meta property=\"og:description\" content=\"Tirol, Petr\u00f3polis, Barro Vermelho, Alecrim, Areia Preta, Cidade Alta, Praia do Meio, Rocas, Santos Reis e M\u00e3e Luiza s\u00e3o os bairros atingidos. Dez bairros de Natal ter\u00e3o parada no abastecimento ...\" \/>\n<meta property=\"og:url\" content=\"https:\/\/deputadotaveirajr.com.br\/index.php\/dez-bairros-de-natal-terao-parada-no-abastecimento-de-agua-na-segunda-feira-11\/\" \/>\n<meta property=\"og:site_name\" content=\"Taveira Jr\" \/>\n<meta name=\"twitter:card\" content=\"summary_large_image\" \/>\n<meta name=\"twitter:label1\" content=\"Est. tempo de leitura\" \/>\n\t<meta name=\"twitter:data1\" content=\"1 minuto\" \/>\n<script type=\"application\/ld+json\" class=\"yoast-schema-graph\">{\"@context\":\"https:\/\/schema.org\",\"@graph\":[{\"@type\":\"WebPage\",\"@id\":\"https:\/\/deputadotaveirajr.com.br\/index.php\/dez-bairros-de-natal-terao-parada-no-abastecimento-de-agua-na-segunda-feira-11\/\",\"url\":\"https:\/\/deputadotaveirajr.com.br\/index.php\/dez-bairros-de-natal-terao-parada-no-abastecimento-de-agua-na-segunda-feira-11\/\",\"name\":\"Dez bairros de Natal ter\u00e3o parada no abastecimento de \u00e1gua na segunda-feira (11) - Taveira Jr\",\"isPartOf\":{\"@id\":\"https:\/\/deputadotaveirajr.com.br\/#website\"},\"datePublished\":\"2024-03-09T17:42:22+00:00\",\"breadcrumb\":{\"@id\":\"https:\/\/deputadotaveirajr.com.br\/index.php\/dez-bairros-de-natal-terao-parada-no-abastecimento-de-agua-na-segunda-feira-11\/#breadcrumb\"},\"inLanguage\":\"pt-BR\",\"potentialAction\":[{\"@type\":\"ReadAction\",\"target\":[\"https:\/\/deputadotaveirajr.com.br\/index.php\/dez-bairros-de-natal-terao-parada-no-abastecimento-de-agua-na-segunda-feira-11\/\"]}]},{\"@type\":\"BreadcrumbList\",\"@id\":\"https:\/\/deputadotaveirajr.com.br\/index.php\/dez-bairros-de-natal-terao-parada-no-abastecimento-de-agua-na-segunda-feira-11\/#breadcrumb\",\"itemListElement\":[{\"@type\":\"ListItem\",\"position\":1,\"name\":\"In\u00edcio\",\"item\":\"https:\/\/deputadotaveirajr.com.br\/\"},{\"@type\":\"ListItem\",\"position\":2,\"name\":\"Dez bairros de Natal ter\u00e3o parada no abastecimento de \u00e1gua na segunda-feira (11)\"}]},{\"@type\":\"WebSite\",\"@id\":\"https:\/\/deputadotaveirajr.com.br\/#website\",\"url\":\"https:\/\/deputadotaveirajr.com.br\/\",\"name\":\"Taveira Jr\",\"description\":\"Deputado Estadual\",\"publisher\":{\"@id\":\"https:\/\/deputadotaveirajr.com.br\/#organization\"},\"potentialAction\":[{\"@type\":\"SearchAction\",\"target\":{\"@type\":\"EntryPoint\",\"urlTemplate\":\"https:\/\/deputadotaveirajr.com.br\/?s={search_term_string}\"},\"query-input\":{\"@type\":\"PropertyValueSpecification\",\"valueRequired\":true,\"valueName\":\"search_term_string\"}}],\"inLanguage\":\"pt-BR\"},{\"@type\":\"Organization\",\"@id\":\"https:\/\/deputadotaveirajr.com.br\/#organization\",\"name\":\"Taveira Jr\",\"url\":\"https:\/\/deputadotaveirajr.com.br\/\",\"logo\":{\"@type\":\"ImageObject\",\"inLanguage\":\"pt-BR\",\"@id\":\"https:\/\/deputadotaveirajr.com.br\/#\/schema\/logo\/image\/\",\"url\":\"https:\/\/deputadotaveirajr.com.br\/wp-content\/uploads\/2026\/01\/logolow2a.png\",\"contentUrl\":\"https:\/\/deputadotaveirajr.com.br\/wp-content\/uploads\/2026\/01\/logolow2a.png\",\"width\":290,\"height\":80,\"caption\":\"Taveira Jr\"},\"image\":{\"@id\":\"https:\/\/deputadotaveirajr.com.br\/#\/schema\/logo\/image\/\"}}]}<\/script>\n<!-- \/ Yoast SEO plugin. -->","yoast_head_json":{"title":"Dez bairros de Natal ter\u00e3o parada no abastecimento de \u00e1gua na segunda-feira (11) - Taveira Jr","robots":{"index":"index","follow":"follow","max-snippet":"max-snippet:-1","max-image-preview":"max-image-preview:large","max-video-preview":"max-video-preview:-1"},"canonical":"https:\/\/deputadotaveirajr.com.br\/index.php\/dez-bairros-de-natal-terao-parada-no-abastecimento-de-agua-na-segunda-feira-11\/","og_locale":"pt_BR","og_type":"article","og_title":"Dez bairros de Natal ter\u00e3o parada no abastecimento de \u00e1gua na segunda-feira (11) - Taveira Jr","og_description":"Tirol, Petr\u00f3polis, Barro Vermelho, Alecrim, Areia Preta, Cidade Alta, Praia do Meio, Rocas, Santos Reis e M\u00e3e Luiza s\u00e3o os bairros atingidos. Dez bairros de Natal ter\u00e3o parada no abastecimento ...","og_url":"https:\/\/deputadotaveirajr.com.br\/index.php\/dez-bairros-de-natal-terao-parada-no-abastecimento-de-agua-na-segunda-feira-11\/","og_site_name":"Taveira Jr","twitter_card":"summary_large_image","twitter_misc":{"Est. tempo de leitura":"1 minuto"},"schema":{"@context":"https:\/\/schema.org","@graph":[{"@type":"WebPage","@id":"https:\/\/deputadotaveirajr.com.br\/index.php\/dez-bairros-de-natal-terao-parada-no-abastecimento-de-agua-na-segunda-feira-11\/","url":"https:\/\/deputadotaveirajr.com.br\/index.php\/dez-bairros-de-natal-terao-parada-no-abastecimento-de-agua-na-segunda-feira-11\/","name":"Dez bairros de Natal ter\u00e3o parada no abastecimento de \u00e1gua na segunda-feira (11) - Taveira Jr","isPartOf":{"@id":"https:\/\/deputadotaveirajr.com.br\/#website"},"datePublished":"2024-03-09T17:42:22+00:00","breadcrumb":{"@id":"https:\/\/deputadotaveirajr.com.br\/index.php\/dez-bairros-de-natal-terao-parada-no-abastecimento-de-agua-na-segunda-feira-11\/#breadcrumb"},"inLanguage":"pt-BR","potentialAction":[{"@type":"ReadAction","target":["https:\/\/deputadotaveirajr.com.br\/index.php\/dez-bairros-de-natal-terao-parada-no-abastecimento-de-agua-na-segunda-feira-11\/"]}]},{"@type":"BreadcrumbList","@id":"https:\/\/deputadotaveirajr.com.br\/index.php\/dez-bairros-de-natal-terao-parada-no-abastecimento-de-agua-na-segunda-feira-11\/#breadcrumb","itemListElement":[{"@type":"ListItem","position":1,"name":"In\u00edcio","item":"https:\/\/deputadotaveirajr.com.br\/"},{"@type":"ListItem","position":2,"name":"Dez bairros de Natal ter\u00e3o parada no abastecimento de \u00e1gua na segunda-feira (11)"}]},{"@type":"WebSite","@id":"https:\/\/deputadotaveirajr.com.br\/#website","url":"https:\/\/deputadotaveirajr.com.br\/","name":"Taveira Jr","description":"Deputado Estadual","publisher":{"@id":"https:\/\/deputadotaveirajr.com.br\/#organization"},"potentialAction":[{"@type":"SearchAction","target":{"@type":"EntryPoint","urlTemplate":"https:\/\/deputadotaveirajr.com.br\/?s={search_term_string}"},"query-input":{"@type":"PropertyValueSpecification","valueRequired":true,"valueName":"search_term_string"}}],"inLanguage":"pt-BR"},{"@type":"Organization","@id":"https:\/\/deputadotaveirajr.com.br\/#organization","name":"Taveira Jr","url":"https:\/\/deputadotaveirajr.com.br\/","logo":{"@type":"ImageObject","inLanguage":"pt-BR","@id":"https:\/\/deputadotaveirajr.com.br\/#\/schema\/logo\/image\/","url":"https:\/\/deputadotaveirajr.com.br\/wp-content\/uploads\/2026\/01\/logolow2a.png","contentUrl":"https:\/\/deputadotaveirajr.com.br\/wp-content\/uploads\/2026\/01\/logolow2a.png","width":290,"height":80,"caption":"Taveira Jr"},"image":{"@id":"https:\/\/deputadotaveirajr.com.br\/#\/schema\/logo\/image\/"}}]}},"_links":{"self":[{"href":"https:\/\/deputadotaveirajr.com.br\/index.php\/wp-json\/wp\/v2\/pages\/3417","targetHints":{"allow":["GET"]}}],"collection":[{"href":"https:\/\/deputadotaveirajr.com.br\/index.php\/wp-json\/wp\/v2\/pages"}],"about":[{"href":"https:\/\/deputadotaveirajr.com.br\/index.php\/wp-json\/wp\/v2\/types\/page"}],"replies":[{"embeddable":true,"href":"https:\/\/deputadotaveirajr.com.br\/index.php\/wp-json\/wp\/v2\/comments?post=3417"}],"version-history":[{"count":1,"href":"https:\/\/deputadotaveirajr.com.br\/index.php\/wp-json\/wp\/v2\/pages\/3417\/revisions"}],"predecessor-version":[{"id":3420,"href":"https:\/\/deputadotaveirajr.com.br\/index.php\/wp-json\/wp\/v2\/pages\/3417\/revisions\/3420"}],"wp:attachment":[{"href":"https:\/\/deputadotaveirajr.com.br\/index.php\/wp-json\/wp\/v2\/media?parent=3417"}],"curies":[{"name":"wp","href":"https:\/\/api.w.org\/{rel}","templated":true}]}}

Dez bairros de Natal terão parada no abastecimento de água na segunda-feira (11)

<p>     Tirol, Petrópolis, Barro Vermelho, Alecrim, Areia Preta, Cidade Alta, Praia do Meio, Rocas, Santos Reis e Mãe Luiza são os bairros atingidos. Dez bairros de Natal terão parada no abastecimento de água na segunda-feira (11)<br />
Igor Jácome/g1<br />
o<br />
Dez bairros de Natal terão uma parada no abastecimento de água na próximasegunda-feira (11), das 8h às 14h. Os bairros são: Tirol, Petrópolis, Barro Vermelho, Alecrim, Areia Preta, Cidade Alta, Praia do Meio, Rocas, Santos Reis e Mãe Luiza.<br />
Segundo a Caern, a parada será necessária para a realização de um trabalho de manutenção na rede alta tensão dos poços tubulares do Parque das Dunas, que também será acompanhado pela concessionária de energia elétrica.<br />
O sistema será religado assim que o serviço for concluído, com a imediata retomada do abastecimento. A Caern informa ainda que, para que todas as áreas afetadas estejam com o fornecimento completamente normalizado, será necessário aguardar um prazo de até 72 horas.<br />
Pitimbu e Planalto<br />
 Na terça-feira (12), a parada no abastecimento será no bairro Pitimbu e parte do Planalto, no período das 8h às 18h, para a realização de um trabalho de manutenção nos poços P6 e P7. O sistema será religado assim que o serviço for concluído, de acordo com a Caern.<br />
📳Participe do canal do g1 RN no WhatsApp e receba no seu celular as notícias do estado<br />
Vídeos mais assistidos do g1 RN<br />
VÍDEOS: Mais assistidos do Rio Grande do Norte nos últimos 7 dias| em G1 / RN / Rio Grande do Norte</p>

<p>Tirol, Petrópolis, Barro Vermelho, Alecrim, Areia Preta, Cidade Alta, Praia do Meio, Rocas, Santos Reis e Mãe Luiza são os bairros atingidos. Dez bairros de Natal terão parada no abastecimento &#8230;</p>

<!-- This site is optimized with the Yoast SEO plugin v27.1.1 - https://yoast.com/product/yoast-seo-wordpress/ -->
<title>Dez bairros de Natal terão parada no abastecimento de água na segunda-feira (11) - Taveira Jr</title>
<meta name="robots" content="index, follow, max-snippet:-1, max-image-preview:large, max-video-preview:-1" />
<link rel="canonical" href="https://deputadotaveirajr.com.br/index.php/dez-bairros-de-natal-terao-parada-no-abastecimento-de-agua-na-segunda-feira-11/" />
<meta property="og:locale" content="pt_BR" />
<meta property="og:type" content="article" />
<meta property="og:title" content="Dez bairros de Natal terão parada no abastecimento de água na segunda-feira (11) - Taveira Jr" />
<meta property="og:description" content="Tirol, Petrópolis, Barro Vermelho, Alecrim, Areia Preta, Cidade Alta, Praia do Meio, Rocas, Santos Reis e Mãe Luiza são os bairros atingidos. Dez bairros de Natal terão parada no abastecimento ..." />
<meta property="og:url" content="https://deputadotaveirajr.com.br/index.php/dez-bairros-de-natal-terao-parada-no-abastecimento-de-agua-na-segunda-feira-11/" />
<meta property="og:site_name" content="Taveira Jr" />
<meta name="twitter:card" content="summary_large_image" />
<meta name="twitter:label1" content="Est. tempo de leitura" />
	<meta name="twitter:data1" content="1 minuto" />
<script type="application/ld+json" class="yoast-schema-graph">{"@context":"https://schema.org","@graph":[{"@type":"WebPage","@id":"https://deputadotaveirajr.com.br/index.php/dez-bairros-de-natal-terao-parada-no-abastecimento-de-agua-na-segunda-feira-11/","url":"https://deputadotaveirajr.com.br/index.php/dez-bairros-de-natal-terao-parada-no-abastecimento-de-agua-na-segunda-feira-11/","name":"Dez bairros de Natal terão parada no abastecimento de água na segunda-feira (11) - Taveira Jr","isPartOf":{"@id":"https://deputadotaveirajr.com.br/#website"},"datePublished":"2024-03-09T17:42:22+00:00","breadcrumb":{"@id":"https://deputadotaveirajr.com.br/index.php/dez-bairros-de-natal-terao-parada-no-abastecimento-de-agua-na-segunda-feira-11/#breadcrumb"},"inLanguage":"pt-BR","potentialAction":[{"@type":"ReadAction","target":["https://deputadotaveirajr.com.br/index.php/dez-bairros-de-natal-terao-parada-no-abastecimento-de-agua-na-segunda-feira-11/"]}]},{"@type":"BreadcrumbList","@id":"https://deputadotaveirajr.com.br/index.php/dez-bairros-de-natal-terao-parada-no-abastecimento-de-agua-na-segunda-feira-11/#breadcrumb","itemListElement":[{"@type":"ListItem","position":1,"name":"Início","item":"https://deputadotaveirajr.com.br/"},{"@type":"ListItem","position":2,"name":"Dez bairros de Natal terão parada no abastecimento de água na segunda-feira (11)"}]},{"@type":"WebSite","@id":"https://deputadotaveirajr.com.br/#website","url":"https://deputadotaveirajr.com.br/","name":"Taveira Jr","description":"Deputado Estadual","publisher":{"@id":"https://deputadotaveirajr.com.br/#organization"},"potentialAction":[{"@type":"SearchAction","target":{"@type":"EntryPoint","urlTemplate":"https://deputadotaveirajr.com.br/?s={search_term_string}"},"query-input":{"@type":"PropertyValueSpecification","valueRequired":true,"valueName":"search_term_string"}}],"inLanguage":"pt-BR"},{"@type":"Organization","@id":"https://deputadotaveirajr.com.br/#organization","name":"Taveira Jr","url":"https://deputadotaveirajr.com.br/","logo":{"@type":"ImageObject","inLanguage":"pt-BR","@id":"https://deputadotaveirajr.com.br/#/schema/logo/image/","url":"https://deputadotaveirajr.com.br/wp-content/uploads/2026/01/logolow2a.png","contentUrl":"https://deputadotaveirajr.com.br/wp-content/uploads/2026/01/logolow2a.png","width":290,"height":80,"caption":"Taveira Jr"},"image":{"@id":"https://deputadotaveirajr.com.br/#/schema/logo/image/"}}]}</script>
<!-- / Yoast SEO plugin. -->

Dez bairros de Natal terão parada no abastecimento de água na segunda-feira (11) - Taveira Jr

Tirol, Petrópolis, Barro Vermelho, Alecrim, Areia Preta, Cidade Alta, Praia do Meio, Rocas, Santos Reis e Mãe Luiza são os bairros atingidos. Dez bairros de Natal terão parada no abastecimento ...

Início
