{"id":3421,"date":"2024-03-10T12:44:16","date_gmt":"2024-03-10T15:44:16","guid":{"rendered":"https:\/\/deputadotaveirajr.com.br\/?page_id=3421"},"modified":"2024-03-10T12:44:16","modified_gmt":"2024-03-10T15:44:16","slug":"familia-protesta-e-cobra-respostas-sobre-morte-de-professor-na-praia-de-ponta-negra-em-natal","status":"publish","type":"page","link":"https:\/\/deputadotaveirajr.com.br\/index.php\/familia-protesta-e-cobra-respostas-sobre-morte-de-professor-na-praia-de-ponta-negra-em-natal\/","title":{"rendered":"Fam\u00edlia protesta e cobra respostas sobre morte de professor na praia de Ponta Negra em Natal"},"content":{"rendered":"<p>     Homem foi encontrado morto na noite do dia 24 de fevereiro no cal\u00e7ad\u00e3o da praia. Morte \u00e9 investigada pela Pol\u00edcia Civil.  Corpo do professor Arisson Brito foi encontrado no cal\u00e7ad\u00e3o de Ponta Negra na noite de s\u00e1bado (24)<br \/>\nArquivo da fam\u00edlia<br \/>\nFamiliares e amigos fizeram um protesto neste s\u00e1bado (9) cobrando justi\u00e7a pelo professor Arisson Brito, encontrado morto no cal\u00e7ad\u00e3o da Praia de Ponta Negra, Zona Sul de Natal no dia 24 de fevereiro.<br \/>\nA manifesta\u00e7\u00e3o ocorreu \u00e0 tarde na Cidade Alta. Os participantes cobraram respostas sobre a morte de professor de 38 anos.<br \/>\nSegundo a fam\u00edlia, o corpo tinha marcas de espancamento. 15 dias depois, os irm\u00e3os disseram que n\u00e3o acreditam em morte natural. A pol\u00edcia ainda n\u00e3o concluiu a investiga\u00e7\u00e3o sobre o caso.<br \/>\n&#8220;Nosso irm\u00e3o era uma pessoa maravilhosa, um filho, um irm\u00e3o sem compara\u00e7\u00e3o, um professor que a gente n\u00e3o consegue descrever, de t\u00e3o boa pessoa que ele era. &#8220;, afirmou a irm\u00e3 Ingrid Hignelia Brito.<br \/>\n&#8220;At\u00e9 o momento a gente sabe que est\u00e1 sendo investigado e n\u00e3o podem falar nada para a gente, mas que tem muitas suspeitas&#8221;, complementou a irm\u00e3.<br \/>\nHudjudyson Brito disse que o irm\u00e3o chegou a avisa a m\u00e3e, por volta das 21h30 que estava na praia e que iria solicitar uma viagem por aplicativo para voltar para casa. Em outra mensagem, ele dizia que j\u00e1 estava dentro do carro e bem. Mas o professor nunca chegou em casa. Por volta da meia-noite do dia 25 de fevereiro, o irm\u00e3o foi o primeiro da fam\u00edlia a receber a not\u00edcia.<br \/>\nFamiliares de Arisson Brito cobram respostas sobre morte do professor<br \/>\n&#8220;Eu estava longe, morando em Minas. Uma conhecida me ligou. Ainda n\u00e3o caiu a ficha. N\u00e3o consegui ver meu irm\u00e3o, n\u00e3o consegui chegar a tempo&#8221;, afirmou.<br \/>\n&#8220;Ele era um cara brincalh\u00e3o, estudioso, um professor que amava os alunos, amava o que fazia. Estava se formando para ser advogado. Futuramente queria ser juiz&#8221;, diz a amiga Valqu\u00edria Gomes.<br \/>\nEm um v\u00eddeo registrado pelas c\u00e2meras de seguran\u00e7a de um estabelecimento comercial na praia de Ponta Negra, na noite em que foi encontrado morto, Arisson aparece colocando a bolsa nas costas e saindo do local. As imagens foram as \u00faltimas do professor com vida.<br \/>\nFamiliares e amigos protestam e pede justi\u00e7a por Arisson Brito, encontrado morto em Natal<br \/>\nFrancielly Medeiros\/Inter TV Cabugi<br \/>\nNeusimar Cortez \u00e9 professora de matem\u00e1tica e dividia o ambiente de trabalho com Arisson.  &#8220;Muita gente chorou. A gente quer Justi\u00e7a, porque ele n\u00e3o vai ser s\u00f3 mais um. Ele era uma pessoa de bem&#8221;.<br \/>\nO laudo do Instituto T\u00e9cnico-Cient\u00edfico de Per\u00edcia (Itep) sobe a causa da morte foi entregue \u00e0 Pol\u00edcia Civil na \u00faltima segunda-feira (4), mas n\u00e3o foi divulgado, porque o caso segue em investiga\u00e7\u00e3o da corpora\u00e7\u00e3o.<br \/>\nO inqu\u00e9rito que investiga o caso tem prazo de 30 dias, mas pode ser prorrogado. Segundo a Pol\u00edcia Civil, os investigadores j\u00e1 colheram seis depoimentos.<br \/>\nVeja os v\u00eddeos mais assistidos no g1 RN<\/p>","protected":false},"excerpt":{"rendered":"<p>Homem foi encontrado morto na noite do dia 24 de fevereiro no cal\u00e7ad\u00e3o da praia. Morte \u00e9 investigada pela Pol\u00edcia Civil. Corpo do professor Arisson Brito foi encontrado no cal\u00e7ad\u00e3o &#8230;<\/p>\n","protected":false},"author":0,"featured_media":0,"parent":0,"menu_order":0,"comment_status":"closed","ping_status":"closed","template":"","meta":{"footnotes":""},"class_list":["post-3421","page","type-page","status-publish","hentry"],"yoast_head":"<!-- This site is optimized with the Yoast SEO plugin v27.1.1 - https:\/\/yoast.com\/product\/yoast-seo-wordpress\/ -->\n<title>Fam\u00edlia protesta e cobra respostas sobre morte de professor na praia de Ponta Negra em Natal - Taveira Jr<\/title>\n<meta name=\"robots\" content=\"index, follow, max-snippet:-1, max-image-preview:large, max-video-preview:-1\" \/>\n<link rel=\"canonical\" href=\"https:\/\/deputadotaveirajr.com.br\/index.php\/familia-protesta-e-cobra-respostas-sobre-morte-de-professor-na-praia-de-ponta-negra-em-natal\/\" \/>\n<meta property=\"og:locale\" content=\"pt_BR\" \/>\n<meta property=\"og:type\" content=\"article\" \/>\n<meta property=\"og:title\" content=\"Fam\u00edlia protesta e cobra respostas sobre morte de professor na praia de Ponta Negra em Natal - Taveira Jr\" \/>\n<meta property=\"og:description\" content=\"Homem foi encontrado morto na noite do dia 24 de fevereiro no cal\u00e7ad\u00e3o da praia. Morte \u00e9 investigada pela Pol\u00edcia Civil. Corpo do professor Arisson Brito foi encontrado no cal\u00e7ad\u00e3o ...\" \/>\n<meta property=\"og:url\" content=\"https:\/\/deputadotaveirajr.com.br\/index.php\/familia-protesta-e-cobra-respostas-sobre-morte-de-professor-na-praia-de-ponta-negra-em-natal\/\" \/>\n<meta property=\"og:site_name\" content=\"Taveira Jr\" \/>\n<meta name=\"twitter:card\" content=\"summary_large_image\" \/>\n<meta name=\"twitter:label1\" content=\"Est. tempo de leitura\" \/>\n\t<meta name=\"twitter:data1\" content=\"3 minutos\" \/>\n<script type=\"application\/ld+json\" class=\"yoast-schema-graph\">{\"@context\":\"https:\/\/schema.org\",\"@graph\":[{\"@type\":\"WebPage\",\"@id\":\"https:\/\/deputadotaveirajr.com.br\/index.php\/familia-protesta-e-cobra-respostas-sobre-morte-de-professor-na-praia-de-ponta-negra-em-natal\/\",\"url\":\"https:\/\/deputadotaveirajr.com.br\/index.php\/familia-protesta-e-cobra-respostas-sobre-morte-de-professor-na-praia-de-ponta-negra-em-natal\/\",\"name\":\"Fam\u00edlia protesta e cobra respostas sobre morte de professor na praia de Ponta Negra em Natal - Taveira Jr\",\"isPartOf\":{\"@id\":\"https:\/\/deputadotaveirajr.com.br\/#website\"},\"datePublished\":\"2024-03-10T15:44:16+00:00\",\"breadcrumb\":{\"@id\":\"https:\/\/deputadotaveirajr.com.br\/index.php\/familia-protesta-e-cobra-respostas-sobre-morte-de-professor-na-praia-de-ponta-negra-em-natal\/#breadcrumb\"},\"inLanguage\":\"pt-BR\",\"potentialAction\":[{\"@type\":\"ReadAction\",\"target\":[\"https:\/\/deputadotaveirajr.com.br\/index.php\/familia-protesta-e-cobra-respostas-sobre-morte-de-professor-na-praia-de-ponta-negra-em-natal\/\"]}]},{\"@type\":\"BreadcrumbList\",\"@id\":\"https:\/\/deputadotaveirajr.com.br\/index.php\/familia-protesta-e-cobra-respostas-sobre-morte-de-professor-na-praia-de-ponta-negra-em-natal\/#breadcrumb\",\"itemListElement\":[{\"@type\":\"ListItem\",\"position\":1,\"name\":\"In\u00edcio\",\"item\":\"https:\/\/deputadotaveirajr.com.br\/\"},{\"@type\":\"ListItem\",\"position\":2,\"name\":\"Fam\u00edlia protesta e cobra respostas sobre morte de professor na praia de Ponta Negra em Natal\"}]},{\"@type\":\"WebSite\",\"@id\":\"https:\/\/deputadotaveirajr.com.br\/#website\",\"url\":\"https:\/\/deputadotaveirajr.com.br\/\",\"name\":\"Taveira Jr\",\"description\":\"Deputado Estadual\",\"publisher\":{\"@id\":\"https:\/\/deputadotaveirajr.com.br\/#organization\"},\"potentialAction\":[{\"@type\":\"SearchAction\",\"target\":{\"@type\":\"EntryPoint\",\"urlTemplate\":\"https:\/\/deputadotaveirajr.com.br\/?s={search_term_string}\"},\"query-input\":{\"@type\":\"PropertyValueSpecification\",\"valueRequired\":true,\"valueName\":\"search_term_string\"}}],\"inLanguage\":\"pt-BR\"},{\"@type\":\"Organization\",\"@id\":\"https:\/\/deputadotaveirajr.com.br\/#organization\",\"name\":\"Taveira Jr\",\"url\":\"https:\/\/deputadotaveirajr.com.br\/\",\"logo\":{\"@type\":\"ImageObject\",\"inLanguage\":\"pt-BR\",\"@id\":\"https:\/\/deputadotaveirajr.com.br\/#\/schema\/logo\/image\/\",\"url\":\"https:\/\/deputadotaveirajr.com.br\/wp-content\/uploads\/2026\/01\/logolow2a.png\",\"contentUrl\":\"https:\/\/deputadotaveirajr.com.br\/wp-content\/uploads\/2026\/01\/logolow2a.png\",\"width\":290,\"height\":80,\"caption\":\"Taveira Jr\"},\"image\":{\"@id\":\"https:\/\/deputadotaveirajr.com.br\/#\/schema\/logo\/image\/\"}}]}<\/script>\n<!-- \/ Yoast SEO plugin. -->","yoast_head_json":{"title":"Fam\u00edlia protesta e cobra respostas sobre morte de professor na praia de Ponta Negra em Natal - Taveira Jr","robots":{"index":"index","follow":"follow","max-snippet":"max-snippet:-1","max-image-preview":"max-image-preview:large","max-video-preview":"max-video-preview:-1"},"canonical":"https:\/\/deputadotaveirajr.com.br\/index.php\/familia-protesta-e-cobra-respostas-sobre-morte-de-professor-na-praia-de-ponta-negra-em-natal\/","og_locale":"pt_BR","og_type":"article","og_title":"Fam\u00edlia protesta e cobra respostas sobre morte de professor na praia de Ponta Negra em Natal - Taveira Jr","og_description":"Homem foi encontrado morto na noite do dia 24 de fevereiro no cal\u00e7ad\u00e3o da praia. Morte \u00e9 investigada pela Pol\u00edcia Civil. Corpo do professor Arisson Brito foi encontrado no cal\u00e7ad\u00e3o ...","og_url":"https:\/\/deputadotaveirajr.com.br\/index.php\/familia-protesta-e-cobra-respostas-sobre-morte-de-professor-na-praia-de-ponta-negra-em-natal\/","og_site_name":"Taveira Jr","twitter_card":"summary_large_image","twitter_misc":{"Est. tempo de leitura":"3 minutos"},"schema":{"@context":"https:\/\/schema.org","@graph":[{"@type":"WebPage","@id":"https:\/\/deputadotaveirajr.com.br\/index.php\/familia-protesta-e-cobra-respostas-sobre-morte-de-professor-na-praia-de-ponta-negra-em-natal\/","url":"https:\/\/deputadotaveirajr.com.br\/index.php\/familia-protesta-e-cobra-respostas-sobre-morte-de-professor-na-praia-de-ponta-negra-em-natal\/","name":"Fam\u00edlia protesta e cobra respostas sobre morte de professor na praia de Ponta Negra em Natal - Taveira Jr","isPartOf":{"@id":"https:\/\/deputadotaveirajr.com.br\/#website"},"datePublished":"2024-03-10T15:44:16+00:00","breadcrumb":{"@id":"https:\/\/deputadotaveirajr.com.br\/index.php\/familia-protesta-e-cobra-respostas-sobre-morte-de-professor-na-praia-de-ponta-negra-em-natal\/#breadcrumb"},"inLanguage":"pt-BR","potentialAction":[{"@type":"ReadAction","target":["https:\/\/deputadotaveirajr.com.br\/index.php\/familia-protesta-e-cobra-respostas-sobre-morte-de-professor-na-praia-de-ponta-negra-em-natal\/"]}]},{"@type":"BreadcrumbList","@id":"https:\/\/deputadotaveirajr.com.br\/index.php\/familia-protesta-e-cobra-respostas-sobre-morte-de-professor-na-praia-de-ponta-negra-em-natal\/#breadcrumb","itemListElement":[{"@type":"ListItem","position":1,"name":"In\u00edcio","item":"https:\/\/deputadotaveirajr.com.br\/"},{"@type":"ListItem","position":2,"name":"Fam\u00edlia protesta e cobra respostas sobre morte de professor na praia de Ponta Negra em Natal"}]},{"@type":"WebSite","@id":"https:\/\/deputadotaveirajr.com.br\/#website","url":"https:\/\/deputadotaveirajr.com.br\/","name":"Taveira Jr","description":"Deputado Estadual","publisher":{"@id":"https:\/\/deputadotaveirajr.com.br\/#organization"},"potentialAction":[{"@type":"SearchAction","target":{"@type":"EntryPoint","urlTemplate":"https:\/\/deputadotaveirajr.com.br\/?s={search_term_string}"},"query-input":{"@type":"PropertyValueSpecification","valueRequired":true,"valueName":"search_term_string"}}],"inLanguage":"pt-BR"},{"@type":"Organization","@id":"https:\/\/deputadotaveirajr.com.br\/#organization","name":"Taveira Jr","url":"https:\/\/deputadotaveirajr.com.br\/","logo":{"@type":"ImageObject","inLanguage":"pt-BR","@id":"https:\/\/deputadotaveirajr.com.br\/#\/schema\/logo\/image\/","url":"https:\/\/deputadotaveirajr.com.br\/wp-content\/uploads\/2026\/01\/logolow2a.png","contentUrl":"https:\/\/deputadotaveirajr.com.br\/wp-content\/uploads\/2026\/01\/logolow2a.png","width":290,"height":80,"caption":"Taveira Jr"},"image":{"@id":"https:\/\/deputadotaveirajr.com.br\/#\/schema\/logo\/image\/"}}]}},"_links":{"self":[{"href":"https:\/\/deputadotaveirajr.com.br\/index.php\/wp-json\/wp\/v2\/pages\/3421","targetHints":{"allow":["GET"]}}],"collection":[{"href":"https:\/\/deputadotaveirajr.com.br\/index.php\/wp-json\/wp\/v2\/pages"}],"about":[{"href":"https:\/\/deputadotaveirajr.com.br\/index.php\/wp-json\/wp\/v2\/types\/page"}],"replies":[{"embeddable":true,"href":"https:\/\/deputadotaveirajr.com.br\/index.php\/wp-json\/wp\/v2\/comments?post=3421"}],"version-history":[{"count":1,"href":"https:\/\/deputadotaveirajr.com.br\/index.php\/wp-json\/wp\/v2\/pages\/3421\/revisions"}],"predecessor-version":[{"id":3428,"href":"https:\/\/deputadotaveirajr.com.br\/index.php\/wp-json\/wp\/v2\/pages\/3421\/revisions\/3428"}],"wp:attachment":[{"href":"https:\/\/deputadotaveirajr.com.br\/index.php\/wp-json\/wp\/v2\/media?parent=3421"}],"curies":[{"name":"wp","href":"https:\/\/api.w.org\/{rel}","templated":true}]}}

Família protesta e cobra respostas sobre morte de professor na praia de Ponta Negra em Natal

<p>     Homem foi encontrado morto na noite do dia 24 de fevereiro no calçadão da praia. Morte é investigada pela Polícia Civil.  Corpo do professor Arisson Brito foi encontrado no calçadão de Ponta Negra na noite de sábado (24)<br />
Arquivo da família<br />
Familiares e amigos fizeram um protesto neste sábado (9) cobrando justiça pelo professor Arisson Brito, encontrado morto no calçadão da Praia de Ponta Negra, Zona Sul de Natal no dia 24 de fevereiro.<br />
A manifestação ocorreu à tarde na Cidade Alta. Os participantes cobraram respostas sobre a morte de professor de 38 anos.<br />
Segundo a família, o corpo tinha marcas de espancamento. 15 dias depois, os irmãos disseram que não acreditam em morte natural. A polícia ainda não concluiu a investigação sobre o caso.<br />
&#8220;Nosso irmão era uma pessoa maravilhosa, um filho, um irmão sem comparação, um professor que a gente não consegue descrever, de tão boa pessoa que ele era. &#8220;, afirmou a irmã Ingrid Hignelia Brito.<br />
&#8220;Até o momento a gente sabe que está sendo investigado e não podem falar nada para a gente, mas que tem muitas suspeitas&#8221;, complementou a irmã.<br />
Hudjudyson Brito disse que o irmão chegou a avisa a mãe, por volta das 21h30 que estava na praia e que iria solicitar uma viagem por aplicativo para voltar para casa. Em outra mensagem, ele dizia que já estava dentro do carro e bem. Mas o professor nunca chegou em casa. Por volta da meia-noite do dia 25 de fevereiro, o irmão foi o primeiro da família a receber a notícia.<br />
Familiares de Arisson Brito cobram respostas sobre morte do professor<br />
&#8220;Eu estava longe, morando em Minas. Uma conhecida me ligou. Ainda não caiu a ficha. Não consegui ver meu irmão, não consegui chegar a tempo&#8221;, afirmou.<br />
&#8220;Ele era um cara brincalhão, estudioso, um professor que amava os alunos, amava o que fazia. Estava se formando para ser advogado. Futuramente queria ser juiz&#8221;, diz a amiga Valquíria Gomes.<br />
Em um vídeo registrado pelas câmeras de segurança de um estabelecimento comercial na praia de Ponta Negra, na noite em que foi encontrado morto, Arisson aparece colocando a bolsa nas costas e saindo do local. As imagens foram as últimas do professor com vida.<br />
Familiares e amigos protestam e pede justiça por Arisson Brito, encontrado morto em Natal<br />
Francielly Medeiros/Inter TV Cabugi<br />
Neusimar Cortez é professora de matemática e dividia o ambiente de trabalho com Arisson.  &#8220;Muita gente chorou. A gente quer Justiça, porque ele não vai ser só mais um. Ele era uma pessoa de bem&#8221;.<br />
O laudo do Instituto Técnico-Científico de Perícia (Itep) sobe a causa da morte foi entregue à Polícia Civil na última segunda-feira (4), mas não foi divulgado, porque o caso segue em investigação da corporação.<br />
O inquérito que investiga o caso tem prazo de 30 dias, mas pode ser prorrogado. Segundo a Polícia Civil, os investigadores já colheram seis depoimentos.<br />
Veja os vídeos mais assistidos no g1 RN</p>

<p>Homem foi encontrado morto na noite do dia 24 de fevereiro no calçadão da praia. Morte é investigada pela Polícia Civil. Corpo do professor Arisson Brito foi encontrado no calçadão &#8230;</p>

<!-- This site is optimized with the Yoast SEO plugin v27.1.1 - https://yoast.com/product/yoast-seo-wordpress/ -->
<title>Família protesta e cobra respostas sobre morte de professor na praia de Ponta Negra em Natal - Taveira Jr</title>
<meta name="robots" content="index, follow, max-snippet:-1, max-image-preview:large, max-video-preview:-1" />
<link rel="canonical" href="https://deputadotaveirajr.com.br/index.php/familia-protesta-e-cobra-respostas-sobre-morte-de-professor-na-praia-de-ponta-negra-em-natal/" />
<meta property="og:locale" content="pt_BR" />
<meta property="og:type" content="article" />
<meta property="og:title" content="Família protesta e cobra respostas sobre morte de professor na praia de Ponta Negra em Natal - Taveira Jr" />
<meta property="og:description" content="Homem foi encontrado morto na noite do dia 24 de fevereiro no calçadão da praia. Morte é investigada pela Polícia Civil. Corpo do professor Arisson Brito foi encontrado no calçadão ..." />
<meta property="og:url" content="https://deputadotaveirajr.com.br/index.php/familia-protesta-e-cobra-respostas-sobre-morte-de-professor-na-praia-de-ponta-negra-em-natal/" />
<meta property="og:site_name" content="Taveira Jr" />
<meta name="twitter:card" content="summary_large_image" />
<meta name="twitter:label1" content="Est. tempo de leitura" />
	<meta name="twitter:data1" content="3 minutos" />
<script type="application/ld+json" class="yoast-schema-graph">{"@context":"https://schema.org","@graph":[{"@type":"WebPage","@id":"https://deputadotaveirajr.com.br/index.php/familia-protesta-e-cobra-respostas-sobre-morte-de-professor-na-praia-de-ponta-negra-em-natal/","url":"https://deputadotaveirajr.com.br/index.php/familia-protesta-e-cobra-respostas-sobre-morte-de-professor-na-praia-de-ponta-negra-em-natal/","name":"Família protesta e cobra respostas sobre morte de professor na praia de Ponta Negra em Natal - Taveira Jr","isPartOf":{"@id":"https://deputadotaveirajr.com.br/#website"},"datePublished":"2024-03-10T15:44:16+00:00","breadcrumb":{"@id":"https://deputadotaveirajr.com.br/index.php/familia-protesta-e-cobra-respostas-sobre-morte-de-professor-na-praia-de-ponta-negra-em-natal/#breadcrumb"},"inLanguage":"pt-BR","potentialAction":[{"@type":"ReadAction","target":["https://deputadotaveirajr.com.br/index.php/familia-protesta-e-cobra-respostas-sobre-morte-de-professor-na-praia-de-ponta-negra-em-natal/"]}]},{"@type":"BreadcrumbList","@id":"https://deputadotaveirajr.com.br/index.php/familia-protesta-e-cobra-respostas-sobre-morte-de-professor-na-praia-de-ponta-negra-em-natal/#breadcrumb","itemListElement":[{"@type":"ListItem","position":1,"name":"Início","item":"https://deputadotaveirajr.com.br/"},{"@type":"ListItem","position":2,"name":"Família protesta e cobra respostas sobre morte de professor na praia de Ponta Negra em Natal"}]},{"@type":"WebSite","@id":"https://deputadotaveirajr.com.br/#website","url":"https://deputadotaveirajr.com.br/","name":"Taveira Jr","description":"Deputado Estadual","publisher":{"@id":"https://deputadotaveirajr.com.br/#organization"},"potentialAction":[{"@type":"SearchAction","target":{"@type":"EntryPoint","urlTemplate":"https://deputadotaveirajr.com.br/?s={search_term_string}"},"query-input":{"@type":"PropertyValueSpecification","valueRequired":true,"valueName":"search_term_string"}}],"inLanguage":"pt-BR"},{"@type":"Organization","@id":"https://deputadotaveirajr.com.br/#organization","name":"Taveira Jr","url":"https://deputadotaveirajr.com.br/","logo":{"@type":"ImageObject","inLanguage":"pt-BR","@id":"https://deputadotaveirajr.com.br/#/schema/logo/image/","url":"https://deputadotaveirajr.com.br/wp-content/uploads/2026/01/logolow2a.png","contentUrl":"https://deputadotaveirajr.com.br/wp-content/uploads/2026/01/logolow2a.png","width":290,"height":80,"caption":"Taveira Jr"},"image":{"@id":"https://deputadotaveirajr.com.br/#/schema/logo/image/"}}]}</script>
<!-- / Yoast SEO plugin. -->

Família protesta e cobra respostas sobre morte de professor na praia de Ponta Negra em Natal - Taveira Jr

Homem foi encontrado morto na noite do dia 24 de fevereiro no calçadão da praia. Morte é investigada pela Polícia Civil. Corpo do professor Arisson Brito foi encontrado no calçadão ...

Início
