{"id":3433,"date":"2024-03-11T10:45:28","date_gmt":"2024-03-11T13:45:28","guid":{"rendered":"https:\/\/deputadotaveirajr.com.br\/?page_id=3433"},"modified":"2024-03-11T10:45:28","modified_gmt":"2024-03-11T13:45:28","slug":"simulacoes-mostram-possiveis-aparencias-e-disfarces-dos-fugitivos-da-penitenciaria-de-mossoro","status":"publish","type":"page","link":"https:\/\/deputadotaveirajr.com.br\/index.php\/simulacoes-mostram-possiveis-aparencias-e-disfarces-dos-fugitivos-da-penitenciaria-de-mossoro\/","title":{"rendered":"Simula\u00e7\u00f5es mostram poss\u00edveis apar\u00eancias e disfarces dos fugitivos da penitenci\u00e1ria de Mossor\u00f3"},"content":{"rendered":"<p>     Buscas por Deibson Nascimento e Rog\u00e9rio Mendon\u00e7a chegam ao 27\u00ba dia nesta segunda-feira (11). Simula\u00e7\u00f5es da PF mostram poss\u00edveis disfarces dos fugitivos de Mossor\u00f3<br \/>\nReprodu\u00e7\u00e3o<br \/>\nSimula\u00e7\u00f5es divulgadas pela Pol\u00edcia Federal mostram poss\u00edveis apar\u00eancias e disfarces dos fugitivos da Penitenci\u00e1ria Federal de Mossor\u00f3 , no Rio Grande do Norte.<br \/>\nNesta segunda-feira (11), a for\u00e7a-tarefa entrou no 27\u00ba dia de buscas por Deibson Nascimento e Rog\u00e9rio Mendon\u00e7a. Os dois escaparam da cadeia no dia 14 de fevereiro, na primeira fuga da hist\u00f3ria do sistema prisional federal, criado em 2006.<br \/>\nVeja o que se sabe e o que falta esclarecer sobre a fuga<br \/>\nSegundo a Pol\u00edcia Federal, as equipes trabalham com as novas possibilidades visuais. Ainda de acordo com a corpora\u00e7\u00e3o, as proje\u00e7\u00f5es de crescimento de cabelo, barba e uso de disfarces foram elaboradas por papiloscopistas do setor de Representa\u00e7\u00e3o Facial Humana do Instituto Nacional de Criminal\u00edstica (INI) da PF, em Bras\u00edlia.<br \/>\nSimula\u00e7\u00f5es mostram poss\u00edveis apar\u00eancias e disfarces de foragidos da penitenci\u00e1ria federal de Mossor\u00f3<br \/>\nReprodu\u00e7\u00e3o<br \/>\nA opera\u00e7\u00e3o para recaptura envolve mais de 600 agentes de seguran\u00e7a, que atuam de forma integrada. S\u00e3o policiais federais, rodovi\u00e1rios federais, militares e civis, al\u00e9m da For\u00e7a Nacional.<br \/>\nNa \u00faltima quinta (7), as buscas receberam o refor\u00e7o de dois policiais penais especializados em opera\u00e7\u00f5es especiais e um c\u00e3o farejador da ra\u00e7a pastor-belga-malinois do Mato Grosso.<br \/>\nFuga da Penitenci\u00e1ria Federal de Mossor\u00f3, no Rio Grande do Norte<br \/>\nArte\/g1<br \/>\nFant\u00e1stico entra nas celas de pres\u00eddio de seguran\u00e7a m\u00e1xima em Mossor\u00f3 e mostra falhas de seguran\u00e7a que levaram \u00e0 fuga de presos<br \/>\nVeja os v\u00eddeos mais assistidos no g1 RN<\/p>","protected":false},"excerpt":{"rendered":"<p>Buscas por Deibson Nascimento e Rog\u00e9rio Mendon\u00e7a chegam ao 27\u00ba dia nesta segunda-feira (11). Simula\u00e7\u00f5es da PF mostram poss\u00edveis disfarces dos fugitivos de Mossor\u00f3 Reprodu\u00e7\u00e3o Simula\u00e7\u00f5es divulgadas pela Pol\u00edcia Federal &#8230;<\/p>\n","protected":false},"author":0,"featured_media":0,"parent":0,"menu_order":0,"comment_status":"closed","ping_status":"closed","template":"","meta":{"footnotes":""},"class_list":["post-3433","page","type-page","status-publish","hentry"],"yoast_head":"<!-- This site is optimized with the Yoast SEO plugin v27.1.1 - https:\/\/yoast.com\/product\/yoast-seo-wordpress\/ -->\n<title>Simula\u00e7\u00f5es mostram poss\u00edveis apar\u00eancias e disfarces dos fugitivos da penitenci\u00e1ria de Mossor\u00f3 - Taveira Jr<\/title>\n<meta name=\"robots\" content=\"index, follow, max-snippet:-1, max-image-preview:large, max-video-preview:-1\" \/>\n<link rel=\"canonical\" href=\"https:\/\/deputadotaveirajr.com.br\/index.php\/simulacoes-mostram-possiveis-aparencias-e-disfarces-dos-fugitivos-da-penitenciaria-de-mossoro\/\" \/>\n<meta property=\"og:locale\" content=\"pt_BR\" \/>\n<meta property=\"og:type\" content=\"article\" \/>\n<meta property=\"og:title\" content=\"Simula\u00e7\u00f5es mostram poss\u00edveis apar\u00eancias e disfarces dos fugitivos da penitenci\u00e1ria de Mossor\u00f3 - Taveira Jr\" \/>\n<meta property=\"og:description\" content=\"Buscas por Deibson Nascimento e Rog\u00e9rio Mendon\u00e7a chegam ao 27\u00ba dia nesta segunda-feira (11). Simula\u00e7\u00f5es da PF mostram poss\u00edveis disfarces dos fugitivos de Mossor\u00f3 Reprodu\u00e7\u00e3o Simula\u00e7\u00f5es divulgadas pela Pol\u00edcia Federal ...\" \/>\n<meta property=\"og:url\" content=\"https:\/\/deputadotaveirajr.com.br\/index.php\/simulacoes-mostram-possiveis-aparencias-e-disfarces-dos-fugitivos-da-penitenciaria-de-mossoro\/\" \/>\n<meta property=\"og:site_name\" content=\"Taveira Jr\" \/>\n<meta name=\"twitter:card\" content=\"summary_large_image\" \/>\n<meta name=\"twitter:label1\" content=\"Est. tempo de leitura\" \/>\n\t<meta name=\"twitter:data1\" content=\"1 minuto\" \/>\n<script type=\"application\/ld+json\" class=\"yoast-schema-graph\">{\"@context\":\"https:\/\/schema.org\",\"@graph\":[{\"@type\":\"WebPage\",\"@id\":\"https:\/\/deputadotaveirajr.com.br\/index.php\/simulacoes-mostram-possiveis-aparencias-e-disfarces-dos-fugitivos-da-penitenciaria-de-mossoro\/\",\"url\":\"https:\/\/deputadotaveirajr.com.br\/index.php\/simulacoes-mostram-possiveis-aparencias-e-disfarces-dos-fugitivos-da-penitenciaria-de-mossoro\/\",\"name\":\"Simula\u00e7\u00f5es mostram poss\u00edveis apar\u00eancias e disfarces dos fugitivos da penitenci\u00e1ria de Mossor\u00f3 - Taveira Jr\",\"isPartOf\":{\"@id\":\"https:\/\/deputadotaveirajr.com.br\/#website\"},\"datePublished\":\"2024-03-11T13:45:28+00:00\",\"breadcrumb\":{\"@id\":\"https:\/\/deputadotaveirajr.com.br\/index.php\/simulacoes-mostram-possiveis-aparencias-e-disfarces-dos-fugitivos-da-penitenciaria-de-mossoro\/#breadcrumb\"},\"inLanguage\":\"pt-BR\",\"potentialAction\":[{\"@type\":\"ReadAction\",\"target\":[\"https:\/\/deputadotaveirajr.com.br\/index.php\/simulacoes-mostram-possiveis-aparencias-e-disfarces-dos-fugitivos-da-penitenciaria-de-mossoro\/\"]}]},{\"@type\":\"BreadcrumbList\",\"@id\":\"https:\/\/deputadotaveirajr.com.br\/index.php\/simulacoes-mostram-possiveis-aparencias-e-disfarces-dos-fugitivos-da-penitenciaria-de-mossoro\/#breadcrumb\",\"itemListElement\":[{\"@type\":\"ListItem\",\"position\":1,\"name\":\"In\u00edcio\",\"item\":\"https:\/\/deputadotaveirajr.com.br\/\"},{\"@type\":\"ListItem\",\"position\":2,\"name\":\"Simula\u00e7\u00f5es mostram poss\u00edveis apar\u00eancias e disfarces dos fugitivos da penitenci\u00e1ria de Mossor\u00f3\"}]},{\"@type\":\"WebSite\",\"@id\":\"https:\/\/deputadotaveirajr.com.br\/#website\",\"url\":\"https:\/\/deputadotaveirajr.com.br\/\",\"name\":\"Taveira Jr\",\"description\":\"Deputado Estadual\",\"publisher\":{\"@id\":\"https:\/\/deputadotaveirajr.com.br\/#organization\"},\"potentialAction\":[{\"@type\":\"SearchAction\",\"target\":{\"@type\":\"EntryPoint\",\"urlTemplate\":\"https:\/\/deputadotaveirajr.com.br\/?s={search_term_string}\"},\"query-input\":{\"@type\":\"PropertyValueSpecification\",\"valueRequired\":true,\"valueName\":\"search_term_string\"}}],\"inLanguage\":\"pt-BR\"},{\"@type\":\"Organization\",\"@id\":\"https:\/\/deputadotaveirajr.com.br\/#organization\",\"name\":\"Taveira Jr\",\"url\":\"https:\/\/deputadotaveirajr.com.br\/\",\"logo\":{\"@type\":\"ImageObject\",\"inLanguage\":\"pt-BR\",\"@id\":\"https:\/\/deputadotaveirajr.com.br\/#\/schema\/logo\/image\/\",\"url\":\"https:\/\/deputadotaveirajr.com.br\/wp-content\/uploads\/2026\/01\/logolow2a.png\",\"contentUrl\":\"https:\/\/deputadotaveirajr.com.br\/wp-content\/uploads\/2026\/01\/logolow2a.png\",\"width\":290,\"height\":80,\"caption\":\"Taveira Jr\"},\"image\":{\"@id\":\"https:\/\/deputadotaveirajr.com.br\/#\/schema\/logo\/image\/\"}}]}<\/script>\n<!-- \/ Yoast SEO plugin. -->","yoast_head_json":{"title":"Simula\u00e7\u00f5es mostram poss\u00edveis apar\u00eancias e disfarces dos fugitivos da penitenci\u00e1ria de Mossor\u00f3 - Taveira Jr","robots":{"index":"index","follow":"follow","max-snippet":"max-snippet:-1","max-image-preview":"max-image-preview:large","max-video-preview":"max-video-preview:-1"},"canonical":"https:\/\/deputadotaveirajr.com.br\/index.php\/simulacoes-mostram-possiveis-aparencias-e-disfarces-dos-fugitivos-da-penitenciaria-de-mossoro\/","og_locale":"pt_BR","og_type":"article","og_title":"Simula\u00e7\u00f5es mostram poss\u00edveis apar\u00eancias e disfarces dos fugitivos da penitenci\u00e1ria de Mossor\u00f3 - Taveira Jr","og_description":"Buscas por Deibson Nascimento e Rog\u00e9rio Mendon\u00e7a chegam ao 27\u00ba dia nesta segunda-feira (11). Simula\u00e7\u00f5es da PF mostram poss\u00edveis disfarces dos fugitivos de Mossor\u00f3 Reprodu\u00e7\u00e3o Simula\u00e7\u00f5es divulgadas pela Pol\u00edcia Federal ...","og_url":"https:\/\/deputadotaveirajr.com.br\/index.php\/simulacoes-mostram-possiveis-aparencias-e-disfarces-dos-fugitivos-da-penitenciaria-de-mossoro\/","og_site_name":"Taveira Jr","twitter_card":"summary_large_image","twitter_misc":{"Est. tempo de leitura":"1 minuto"},"schema":{"@context":"https:\/\/schema.org","@graph":[{"@type":"WebPage","@id":"https:\/\/deputadotaveirajr.com.br\/index.php\/simulacoes-mostram-possiveis-aparencias-e-disfarces-dos-fugitivos-da-penitenciaria-de-mossoro\/","url":"https:\/\/deputadotaveirajr.com.br\/index.php\/simulacoes-mostram-possiveis-aparencias-e-disfarces-dos-fugitivos-da-penitenciaria-de-mossoro\/","name":"Simula\u00e7\u00f5es mostram poss\u00edveis apar\u00eancias e disfarces dos fugitivos da penitenci\u00e1ria de Mossor\u00f3 - Taveira Jr","isPartOf":{"@id":"https:\/\/deputadotaveirajr.com.br\/#website"},"datePublished":"2024-03-11T13:45:28+00:00","breadcrumb":{"@id":"https:\/\/deputadotaveirajr.com.br\/index.php\/simulacoes-mostram-possiveis-aparencias-e-disfarces-dos-fugitivos-da-penitenciaria-de-mossoro\/#breadcrumb"},"inLanguage":"pt-BR","potentialAction":[{"@type":"ReadAction","target":["https:\/\/deputadotaveirajr.com.br\/index.php\/simulacoes-mostram-possiveis-aparencias-e-disfarces-dos-fugitivos-da-penitenciaria-de-mossoro\/"]}]},{"@type":"BreadcrumbList","@id":"https:\/\/deputadotaveirajr.com.br\/index.php\/simulacoes-mostram-possiveis-aparencias-e-disfarces-dos-fugitivos-da-penitenciaria-de-mossoro\/#breadcrumb","itemListElement":[{"@type":"ListItem","position":1,"name":"In\u00edcio","item":"https:\/\/deputadotaveirajr.com.br\/"},{"@type":"ListItem","position":2,"name":"Simula\u00e7\u00f5es mostram poss\u00edveis apar\u00eancias e disfarces dos fugitivos da penitenci\u00e1ria de Mossor\u00f3"}]},{"@type":"WebSite","@id":"https:\/\/deputadotaveirajr.com.br\/#website","url":"https:\/\/deputadotaveirajr.com.br\/","name":"Taveira Jr","description":"Deputado Estadual","publisher":{"@id":"https:\/\/deputadotaveirajr.com.br\/#organization"},"potentialAction":[{"@type":"SearchAction","target":{"@type":"EntryPoint","urlTemplate":"https:\/\/deputadotaveirajr.com.br\/?s={search_term_string}"},"query-input":{"@type":"PropertyValueSpecification","valueRequired":true,"valueName":"search_term_string"}}],"inLanguage":"pt-BR"},{"@type":"Organization","@id":"https:\/\/deputadotaveirajr.com.br\/#organization","name":"Taveira Jr","url":"https:\/\/deputadotaveirajr.com.br\/","logo":{"@type":"ImageObject","inLanguage":"pt-BR","@id":"https:\/\/deputadotaveirajr.com.br\/#\/schema\/logo\/image\/","url":"https:\/\/deputadotaveirajr.com.br\/wp-content\/uploads\/2026\/01\/logolow2a.png","contentUrl":"https:\/\/deputadotaveirajr.com.br\/wp-content\/uploads\/2026\/01\/logolow2a.png","width":290,"height":80,"caption":"Taveira Jr"},"image":{"@id":"https:\/\/deputadotaveirajr.com.br\/#\/schema\/logo\/image\/"}}]}},"_links":{"self":[{"href":"https:\/\/deputadotaveirajr.com.br\/index.php\/wp-json\/wp\/v2\/pages\/3433","targetHints":{"allow":["GET"]}}],"collection":[{"href":"https:\/\/deputadotaveirajr.com.br\/index.php\/wp-json\/wp\/v2\/pages"}],"about":[{"href":"https:\/\/deputadotaveirajr.com.br\/index.php\/wp-json\/wp\/v2\/types\/page"}],"replies":[{"embeddable":true,"href":"https:\/\/deputadotaveirajr.com.br\/index.php\/wp-json\/wp\/v2\/comments?post=3433"}],"version-history":[{"count":1,"href":"https:\/\/deputadotaveirajr.com.br\/index.php\/wp-json\/wp\/v2\/pages\/3433\/revisions"}],"predecessor-version":[{"id":3441,"href":"https:\/\/deputadotaveirajr.com.br\/index.php\/wp-json\/wp\/v2\/pages\/3433\/revisions\/3441"}],"wp:attachment":[{"href":"https:\/\/deputadotaveirajr.com.br\/index.php\/wp-json\/wp\/v2\/media?parent=3433"}],"curies":[{"name":"wp","href":"https:\/\/api.w.org\/{rel}","templated":true}]}}