{"id":3477,"date":"2024-03-13T13:51:42","date_gmt":"2024-03-13T16:51:42","guid":{"rendered":"https:\/\/deputadotaveirajr.com.br\/?page_id=3477"},"modified":"2024-03-13T13:51:42","modified_gmt":"2024-03-13T16:51:42","slug":"entrevista-coletiva-sobre-as-buscas-pelos-dois-fugitivos-da-penitenciaria-federal-de-mossoro","status":"publish","type":"page","link":"https:\/\/deputadotaveirajr.com.br\/index.php\/entrevista-coletiva-sobre-as-buscas-pelos-dois-fugitivos-da-penitenciaria-federal-de-mossoro\/","title":{"rendered":"Entrevista coletiva sobre as buscas pelos dois fugitivos da Penitenci\u00e1ria Federal de Mossor\u00f3"},"content":{"rendered":"<p>O ministro da Justi\u00e7a Ricardo Lewandowski concede entrevista nesta quarta (13) sobre o trabalho da for\u00e7a-tarefa pela recaptura dos fugitivos da Penitenci\u00e1ria Federal em Mossor\u00f3.  Entrevista coletiva sobre as buscas pelos dois fugitivos da Penitenci\u00e1ria Federal de Mossor\u00f3 O ministro da Justi\u00e7a Ricardo Lewandowski concede entrevista nesta quarta (13) sobre o trabalho da for\u00e7a-tarefa pela recaptura dos fugitivos da Penitenci\u00e1ria Federal em Mossor\u00f3.  Primeira fuga na hist\u00f3ria do sistema penitenci\u00e1rio federal aconteceu no dia 14 de fevereiro em Mossor\u00f3.. Os dois detentos que fugiram participaram de rebeli\u00e3o que terminou com 5 mortos no Acre, em julho de 2023.. As buscas pelos fugitivos est\u00e1 no 29\u00ba dia.. Pres\u00eddio federal de Mossor\u00f3 \u00e9 um dos cinco administrados pelo Minist\u00e9rio da Justi\u00e7a.<\/p>","protected":false},"excerpt":{"rendered":"<p>O ministro da Justi\u00e7a Ricardo Lewandowski concede entrevista nesta quarta (13) sobre o trabalho da for\u00e7a-tarefa pela recaptura dos fugitivos da Penitenci\u00e1ria Federal em Mossor\u00f3. Entrevista coletiva sobre as buscas &#8230;<\/p>\n","protected":false},"author":0,"featured_media":0,"parent":0,"menu_order":0,"comment_status":"closed","ping_status":"closed","template":"","meta":{"footnotes":""},"class_list":["post-3477","page","type-page","status-publish","hentry"],"yoast_head":"<!-- This site is optimized with the Yoast SEO plugin v27.1.1 - https:\/\/yoast.com\/product\/yoast-seo-wordpress\/ -->\n<title>Entrevista coletiva sobre as buscas pelos dois fugitivos da Penitenci\u00e1ria Federal de Mossor\u00f3 - Taveira Jr<\/title>\n<meta name=\"robots\" content=\"index, follow, max-snippet:-1, max-image-preview:large, max-video-preview:-1\" \/>\n<link rel=\"canonical\" href=\"https:\/\/deputadotaveirajr.com.br\/index.php\/entrevista-coletiva-sobre-as-buscas-pelos-dois-fugitivos-da-penitenciaria-federal-de-mossoro\/\" \/>\n<meta property=\"og:locale\" content=\"pt_BR\" \/>\n<meta property=\"og:type\" content=\"article\" \/>\n<meta property=\"og:title\" content=\"Entrevista coletiva sobre as buscas pelos dois fugitivos da Penitenci\u00e1ria Federal de Mossor\u00f3 - Taveira Jr\" \/>\n<meta property=\"og:description\" content=\"O ministro da Justi\u00e7a Ricardo Lewandowski concede entrevista nesta quarta (13) sobre o trabalho da for\u00e7a-tarefa pela recaptura dos fugitivos da Penitenci\u00e1ria Federal em Mossor\u00f3. Entrevista coletiva sobre as buscas ...\" \/>\n<meta property=\"og:url\" content=\"https:\/\/deputadotaveirajr.com.br\/index.php\/entrevista-coletiva-sobre-as-buscas-pelos-dois-fugitivos-da-penitenciaria-federal-de-mossoro\/\" \/>\n<meta property=\"og:site_name\" content=\"Taveira Jr\" \/>\n<meta name=\"twitter:card\" content=\"summary_large_image\" \/>\n<meta name=\"twitter:label1\" content=\"Est. tempo de leitura\" \/>\n\t<meta name=\"twitter:data1\" content=\"1 minuto\" \/>\n<script type=\"application\/ld+json\" class=\"yoast-schema-graph\">{\"@context\":\"https:\/\/schema.org\",\"@graph\":[{\"@type\":\"WebPage\",\"@id\":\"https:\/\/deputadotaveirajr.com.br\/index.php\/entrevista-coletiva-sobre-as-buscas-pelos-dois-fugitivos-da-penitenciaria-federal-de-mossoro\/\",\"url\":\"https:\/\/deputadotaveirajr.com.br\/index.php\/entrevista-coletiva-sobre-as-buscas-pelos-dois-fugitivos-da-penitenciaria-federal-de-mossoro\/\",\"name\":\"Entrevista coletiva sobre as buscas pelos dois fugitivos da Penitenci\u00e1ria Federal de Mossor\u00f3 - Taveira Jr\",\"isPartOf\":{\"@id\":\"https:\/\/deputadotaveirajr.com.br\/#website\"},\"datePublished\":\"2024-03-13T16:51:42+00:00\",\"breadcrumb\":{\"@id\":\"https:\/\/deputadotaveirajr.com.br\/index.php\/entrevista-coletiva-sobre-as-buscas-pelos-dois-fugitivos-da-penitenciaria-federal-de-mossoro\/#breadcrumb\"},\"inLanguage\":\"pt-BR\",\"potentialAction\":[{\"@type\":\"ReadAction\",\"target\":[\"https:\/\/deputadotaveirajr.com.br\/index.php\/entrevista-coletiva-sobre-as-buscas-pelos-dois-fugitivos-da-penitenciaria-federal-de-mossoro\/\"]}]},{\"@type\":\"BreadcrumbList\",\"@id\":\"https:\/\/deputadotaveirajr.com.br\/index.php\/entrevista-coletiva-sobre-as-buscas-pelos-dois-fugitivos-da-penitenciaria-federal-de-mossoro\/#breadcrumb\",\"itemListElement\":[{\"@type\":\"ListItem\",\"position\":1,\"name\":\"In\u00edcio\",\"item\":\"https:\/\/deputadotaveirajr.com.br\/\"},{\"@type\":\"ListItem\",\"position\":2,\"name\":\"Entrevista coletiva sobre as buscas pelos dois fugitivos da Penitenci\u00e1ria Federal de Mossor\u00f3\"}]},{\"@type\":\"WebSite\",\"@id\":\"https:\/\/deputadotaveirajr.com.br\/#website\",\"url\":\"https:\/\/deputadotaveirajr.com.br\/\",\"name\":\"Taveira Jr\",\"description\":\"Deputado Estadual\",\"publisher\":{\"@id\":\"https:\/\/deputadotaveirajr.com.br\/#organization\"},\"potentialAction\":[{\"@type\":\"SearchAction\",\"target\":{\"@type\":\"EntryPoint\",\"urlTemplate\":\"https:\/\/deputadotaveirajr.com.br\/?s={search_term_string}\"},\"query-input\":{\"@type\":\"PropertyValueSpecification\",\"valueRequired\":true,\"valueName\":\"search_term_string\"}}],\"inLanguage\":\"pt-BR\"},{\"@type\":\"Organization\",\"@id\":\"https:\/\/deputadotaveirajr.com.br\/#organization\",\"name\":\"Taveira Jr\",\"url\":\"https:\/\/deputadotaveirajr.com.br\/\",\"logo\":{\"@type\":\"ImageObject\",\"inLanguage\":\"pt-BR\",\"@id\":\"https:\/\/deputadotaveirajr.com.br\/#\/schema\/logo\/image\/\",\"url\":\"https:\/\/deputadotaveirajr.com.br\/wp-content\/uploads\/2026\/01\/logolow2a.png\",\"contentUrl\":\"https:\/\/deputadotaveirajr.com.br\/wp-content\/uploads\/2026\/01\/logolow2a.png\",\"width\":290,\"height\":80,\"caption\":\"Taveira Jr\"},\"image\":{\"@id\":\"https:\/\/deputadotaveirajr.com.br\/#\/schema\/logo\/image\/\"}}]}<\/script>\n<!-- \/ Yoast SEO plugin. -->","yoast_head_json":{"title":"Entrevista coletiva sobre as buscas pelos dois fugitivos da Penitenci\u00e1ria Federal de Mossor\u00f3 - Taveira Jr","robots":{"index":"index","follow":"follow","max-snippet":"max-snippet:-1","max-image-preview":"max-image-preview:large","max-video-preview":"max-video-preview:-1"},"canonical":"https:\/\/deputadotaveirajr.com.br\/index.php\/entrevista-coletiva-sobre-as-buscas-pelos-dois-fugitivos-da-penitenciaria-federal-de-mossoro\/","og_locale":"pt_BR","og_type":"article","og_title":"Entrevista coletiva sobre as buscas pelos dois fugitivos da Penitenci\u00e1ria Federal de Mossor\u00f3 - Taveira Jr","og_description":"O ministro da Justi\u00e7a Ricardo Lewandowski concede entrevista nesta quarta (13) sobre o trabalho da for\u00e7a-tarefa pela recaptura dos fugitivos da Penitenci\u00e1ria Federal em Mossor\u00f3. Entrevista coletiva sobre as buscas ...","og_url":"https:\/\/deputadotaveirajr.com.br\/index.php\/entrevista-coletiva-sobre-as-buscas-pelos-dois-fugitivos-da-penitenciaria-federal-de-mossoro\/","og_site_name":"Taveira Jr","twitter_card":"summary_large_image","twitter_misc":{"Est. tempo de leitura":"1 minuto"},"schema":{"@context":"https:\/\/schema.org","@graph":[{"@type":"WebPage","@id":"https:\/\/deputadotaveirajr.com.br\/index.php\/entrevista-coletiva-sobre-as-buscas-pelos-dois-fugitivos-da-penitenciaria-federal-de-mossoro\/","url":"https:\/\/deputadotaveirajr.com.br\/index.php\/entrevista-coletiva-sobre-as-buscas-pelos-dois-fugitivos-da-penitenciaria-federal-de-mossoro\/","name":"Entrevista coletiva sobre as buscas pelos dois fugitivos da Penitenci\u00e1ria Federal de Mossor\u00f3 - Taveira Jr","isPartOf":{"@id":"https:\/\/deputadotaveirajr.com.br\/#website"},"datePublished":"2024-03-13T16:51:42+00:00","breadcrumb":{"@id":"https:\/\/deputadotaveirajr.com.br\/index.php\/entrevista-coletiva-sobre-as-buscas-pelos-dois-fugitivos-da-penitenciaria-federal-de-mossoro\/#breadcrumb"},"inLanguage":"pt-BR","potentialAction":[{"@type":"ReadAction","target":["https:\/\/deputadotaveirajr.com.br\/index.php\/entrevista-coletiva-sobre-as-buscas-pelos-dois-fugitivos-da-penitenciaria-federal-de-mossoro\/"]}]},{"@type":"BreadcrumbList","@id":"https:\/\/deputadotaveirajr.com.br\/index.php\/entrevista-coletiva-sobre-as-buscas-pelos-dois-fugitivos-da-penitenciaria-federal-de-mossoro\/#breadcrumb","itemListElement":[{"@type":"ListItem","position":1,"name":"In\u00edcio","item":"https:\/\/deputadotaveirajr.com.br\/"},{"@type":"ListItem","position":2,"name":"Entrevista coletiva sobre as buscas pelos dois fugitivos da Penitenci\u00e1ria Federal de Mossor\u00f3"}]},{"@type":"WebSite","@id":"https:\/\/deputadotaveirajr.com.br\/#website","url":"https:\/\/deputadotaveirajr.com.br\/","name":"Taveira Jr","description":"Deputado Estadual","publisher":{"@id":"https:\/\/deputadotaveirajr.com.br\/#organization"},"potentialAction":[{"@type":"SearchAction","target":{"@type":"EntryPoint","urlTemplate":"https:\/\/deputadotaveirajr.com.br\/?s={search_term_string}"},"query-input":{"@type":"PropertyValueSpecification","valueRequired":true,"valueName":"search_term_string"}}],"inLanguage":"pt-BR"},{"@type":"Organization","@id":"https:\/\/deputadotaveirajr.com.br\/#organization","name":"Taveira Jr","url":"https:\/\/deputadotaveirajr.com.br\/","logo":{"@type":"ImageObject","inLanguage":"pt-BR","@id":"https:\/\/deputadotaveirajr.com.br\/#\/schema\/logo\/image\/","url":"https:\/\/deputadotaveirajr.com.br\/wp-content\/uploads\/2026\/01\/logolow2a.png","contentUrl":"https:\/\/deputadotaveirajr.com.br\/wp-content\/uploads\/2026\/01\/logolow2a.png","width":290,"height":80,"caption":"Taveira Jr"},"image":{"@id":"https:\/\/deputadotaveirajr.com.br\/#\/schema\/logo\/image\/"}}]}},"_links":{"self":[{"href":"https:\/\/deputadotaveirajr.com.br\/index.php\/wp-json\/wp\/v2\/pages\/3477","targetHints":{"allow":["GET"]}}],"collection":[{"href":"https:\/\/deputadotaveirajr.com.br\/index.php\/wp-json\/wp\/v2\/pages"}],"about":[{"href":"https:\/\/deputadotaveirajr.com.br\/index.php\/wp-json\/wp\/v2\/types\/page"}],"replies":[{"embeddable":true,"href":"https:\/\/deputadotaveirajr.com.br\/index.php\/wp-json\/wp\/v2\/comments?post=3477"}],"version-history":[{"count":1,"href":"https:\/\/deputadotaveirajr.com.br\/index.php\/wp-json\/wp\/v2\/pages\/3477\/revisions"}],"predecessor-version":[{"id":3486,"href":"https:\/\/deputadotaveirajr.com.br\/index.php\/wp-json\/wp\/v2\/pages\/3477\/revisions\/3486"}],"wp:attachment":[{"href":"https:\/\/deputadotaveirajr.com.br\/index.php\/wp-json\/wp\/v2\/media?parent=3477"}],"curies":[{"name":"wp","href":"https:\/\/api.w.org\/{rel}","templated":true}]}}

Entrevista coletiva sobre as buscas pelos dois fugitivos da Penitenciária Federal de Mossoró

<p>O ministro da Justiça Ricardo Lewandowski concede entrevista nesta quarta (13) sobre o trabalho da força-tarefa pela recaptura dos fugitivos da Penitenciária Federal em Mossoró.  Entrevista coletiva sobre as buscas pelos dois fugitivos da Penitenciária Federal de Mossoró O ministro da Justiça Ricardo Lewandowski concede entrevista nesta quarta (13) sobre o trabalho da força-tarefa pela recaptura dos fugitivos da Penitenciária Federal em Mossoró.  Primeira fuga na história do sistema penitenciário federal aconteceu no dia 14 de fevereiro em Mossoró.. Os dois detentos que fugiram participaram de rebelião que terminou com 5 mortos no Acre, em julho de 2023.. As buscas pelos fugitivos está no 29º dia.. Presídio federal de Mossoró é um dos cinco administrados pelo Ministério da Justiça.</p>

<p>O ministro da Justiça Ricardo Lewandowski concede entrevista nesta quarta (13) sobre o trabalho da força-tarefa pela recaptura dos fugitivos da Penitenciária Federal em Mossoró. Entrevista coletiva sobre as buscas &#8230;</p>

<!-- This site is optimized with the Yoast SEO plugin v27.1.1 - https://yoast.com/product/yoast-seo-wordpress/ -->
<title>Entrevista coletiva sobre as buscas pelos dois fugitivos da Penitenciária Federal de Mossoró - Taveira Jr</title>
<meta name="robots" content="index, follow, max-snippet:-1, max-image-preview:large, max-video-preview:-1" />
<link rel="canonical" href="https://deputadotaveirajr.com.br/index.php/entrevista-coletiva-sobre-as-buscas-pelos-dois-fugitivos-da-penitenciaria-federal-de-mossoro/" />
<meta property="og:locale" content="pt_BR" />
<meta property="og:type" content="article" />
<meta property="og:title" content="Entrevista coletiva sobre as buscas pelos dois fugitivos da Penitenciária Federal de Mossoró - Taveira Jr" />
<meta property="og:description" content="O ministro da Justiça Ricardo Lewandowski concede entrevista nesta quarta (13) sobre o trabalho da força-tarefa pela recaptura dos fugitivos da Penitenciária Federal em Mossoró. Entrevista coletiva sobre as buscas ..." />
<meta property="og:url" content="https://deputadotaveirajr.com.br/index.php/entrevista-coletiva-sobre-as-buscas-pelos-dois-fugitivos-da-penitenciaria-federal-de-mossoro/" />
<meta property="og:site_name" content="Taveira Jr" />
<meta name="twitter:card" content="summary_large_image" />
<meta name="twitter:label1" content="Est. tempo de leitura" />
	<meta name="twitter:data1" content="1 minuto" />
<script type="application/ld+json" class="yoast-schema-graph">{"@context":"https://schema.org","@graph":[{"@type":"WebPage","@id":"https://deputadotaveirajr.com.br/index.php/entrevista-coletiva-sobre-as-buscas-pelos-dois-fugitivos-da-penitenciaria-federal-de-mossoro/","url":"https://deputadotaveirajr.com.br/index.php/entrevista-coletiva-sobre-as-buscas-pelos-dois-fugitivos-da-penitenciaria-federal-de-mossoro/","name":"Entrevista coletiva sobre as buscas pelos dois fugitivos da Penitenciária Federal de Mossoró - Taveira Jr","isPartOf":{"@id":"https://deputadotaveirajr.com.br/#website"},"datePublished":"2024-03-13T16:51:42+00:00","breadcrumb":{"@id":"https://deputadotaveirajr.com.br/index.php/entrevista-coletiva-sobre-as-buscas-pelos-dois-fugitivos-da-penitenciaria-federal-de-mossoro/#breadcrumb"},"inLanguage":"pt-BR","potentialAction":[{"@type":"ReadAction","target":["https://deputadotaveirajr.com.br/index.php/entrevista-coletiva-sobre-as-buscas-pelos-dois-fugitivos-da-penitenciaria-federal-de-mossoro/"]}]},{"@type":"BreadcrumbList","@id":"https://deputadotaveirajr.com.br/index.php/entrevista-coletiva-sobre-as-buscas-pelos-dois-fugitivos-da-penitenciaria-federal-de-mossoro/#breadcrumb","itemListElement":[{"@type":"ListItem","position":1,"name":"Início","item":"https://deputadotaveirajr.com.br/"},{"@type":"ListItem","position":2,"name":"Entrevista coletiva sobre as buscas pelos dois fugitivos da Penitenciária Federal de Mossoró"}]},{"@type":"WebSite","@id":"https://deputadotaveirajr.com.br/#website","url":"https://deputadotaveirajr.com.br/","name":"Taveira Jr","description":"Deputado Estadual","publisher":{"@id":"https://deputadotaveirajr.com.br/#organization"},"potentialAction":[{"@type":"SearchAction","target":{"@type":"EntryPoint","urlTemplate":"https://deputadotaveirajr.com.br/?s={search_term_string}"},"query-input":{"@type":"PropertyValueSpecification","valueRequired":true,"valueName":"search_term_string"}}],"inLanguage":"pt-BR"},{"@type":"Organization","@id":"https://deputadotaveirajr.com.br/#organization","name":"Taveira Jr","url":"https://deputadotaveirajr.com.br/","logo":{"@type":"ImageObject","inLanguage":"pt-BR","@id":"https://deputadotaveirajr.com.br/#/schema/logo/image/","url":"https://deputadotaveirajr.com.br/wp-content/uploads/2026/01/logolow2a.png","contentUrl":"https://deputadotaveirajr.com.br/wp-content/uploads/2026/01/logolow2a.png","width":290,"height":80,"caption":"Taveira Jr"},"image":{"@id":"https://deputadotaveirajr.com.br/#/schema/logo/image/"}}]}</script>
<!-- / Yoast SEO plugin. -->

Entrevista coletiva sobre as buscas pelos dois fugitivos da Penitenciária Federal de Mossoró - Taveira Jr

O ministro da Justiça Ricardo Lewandowski concede entrevista nesta quarta (13) sobre o trabalho da força-tarefa pela recaptura dos fugitivos da Penitenciária Federal em Mossoró. Entrevista coletiva sobre as buscas ...

Início
