{"id":3479,"date":"2024-03-13T14:55:19","date_gmt":"2024-03-13T17:55:19","guid":{"rendered":"https:\/\/deputadotaveirajr.com.br\/?page_id=3479"},"modified":"2024-03-13T14:55:19","modified_gmt":"2024-03-13T17:55:19","slug":"forca-tarefa-tem-fortes-indicios-de-que-fugitivos-da-penitenciaria-federal-de-mossoro-continuam-na-regiao-diz-ministro","status":"publish","type":"page","link":"https:\/\/deputadotaveirajr.com.br\/index.php\/forca-tarefa-tem-fortes-indicios-de-que-fugitivos-da-penitenciaria-federal-de-mossoro-continuam-na-regiao-diz-ministro\/","title":{"rendered":"For\u00e7a-tarefa tem &#8216;fortes ind\u00edcios&#8217; de que fugitivos da Penitenci\u00e1ria Federal de Mossor\u00f3 continuam na regi\u00e3o, diz ministro"},"content":{"rendered":"<p>     Buscas por Deibson Nascimento e Rog\u00e9rio Mendon\u00e7a chegaram ao 29\u00ba dia nesta ter\u00e7a-feira (12). O ministro da Justi\u00e7a Ricardo Lewandowski concede entrevista nesta quarta (13) sobre o trabalho da for\u00e7a-tarefa pela recaptura dos fugitivos da Penitenci\u00e1ria Federal em Mossor\u00f3.<br \/>\nInter TV Cabugi<br \/>\nA For\u00e7a-Tarefa de buscas pelos fugitivos da Penitenci\u00e1ria Federal de Mossor\u00f3 acredita que a dupla continua na regi\u00e3o Oeste do Rio Grande do Norte, entre os munic\u00edpios de Bara\u00fana e Mossor\u00f3, onde o trabalho tem sido concentrado h\u00e1 quase um m\u00eas.<br \/>\nA afirma\u00e7\u00e3o foi feita pelo ministro da Justi\u00e7a e Seguran\u00e7a P\u00fablica, Ricardo Lewandowski em  entrevista coletiva na delegacia Pol\u00edcia Federal de Mossor\u00f3, na manh\u00e3 desta quarta-feira (13), 29\u00ba dia de buscas por Deibson Nascimento e Rog\u00e9rio Mendon\u00e7a.<br \/>\nDe acordo com Lewandowski, a opera\u00e7\u00e3o, que completa um m\u00eas nesta quinta-feira (14), ser\u00e1 mantida na regi\u00e3o.<br \/>\n&#8220;Tivemos uma reuni\u00e3o com todas as for\u00e7as que est\u00e3o trabalhando nas buscas. A opera\u00e7\u00e3o ao meu ju\u00edzo \u00e9 uma opera\u00e7\u00e3o que est\u00e1 se desenvolvendo at\u00e9 o momento com \u00eaxito. N\u00f3s temos ind\u00edcios fortes da presen\u00e7a dos fugitivos na regi\u00e3o. Temos hoje uma convic\u00e7\u00e3o de que os fugitivos se encontram aqui ainda&#8221;, afirmou.<br \/>\nVeja o que se sabe e o que falta esclarecer sobre a fuga<br \/>\nFor\u00e7a-tarefa tem &#8216;fortes ind\u00edcios&#8217; de que fugitivos continuam na regi\u00e3o<br \/>\nO ministro afirmou que c\u00e3es conseguiram farejar a presen\u00e7a recente dos fugitivos na zona rural, nesta ter\u00e7a-feira (12).<br \/>\n&#8220;As for\u00e7as de seguran\u00e7a foram ao local com c\u00e3es altamente treinados e esses c\u00e3es confirmaram a presen\u00e7a em tempo recente desses fugitivos. N\u00f3s vamos manter a opera\u00e7\u00e3o, da forma como ela est\u00e1 sendo levada&#8221;, disse.<br \/>\nSegundo Lewandowski, o fato de a dupla ainda permanecer na regi\u00e3o comprovaria um &#8220;\u00eaxito&#8221; das a\u00e7\u00f5es policiais na regi\u00e3o. Ele afirmou que a For\u00e7a-tarefa teria conseguido manter os fugitivos &#8220;encurralados&#8221;.<br \/>\n&#8220;O resultado pr\u00e1tico a meu ver \u00e9 que eles n\u00e3o conseguiram escapar deste per\u00edmetro, eles est\u00e3o cercados. Se n\u00e3o fosse a efici\u00eancia das pol\u00edcias eles j\u00e1 estariam distante. Embora n\u00e3o tenham sido recapturados eles se mant\u00e9m nesse per\u00edmetro original&#8221;, ponderou.<br \/>\n&#8220;N\u00e3o conseguiram se evadir para outros estados, e por isso essa mobiliza\u00e7\u00e3o continuar\u00e1 ainda por um certo tempo. Temos aproximadamente 500 pessoas envolvidas nas buscas&#8221;, disse o ministro.<br \/>\nLewandowski, no entanto, n\u00e3o detalhou o raio de atua\u00e7\u00e3o das equipes. &#8220;O per\u00edmetro \u00e9 extenso e vari\u00e1vel, mas essa informa\u00e7\u00e3o \u00e9 reservada. N\u00f3s temos convic\u00e7\u00f5es baseadas em ind\u00edcios de que eles est\u00e3o nessa regi\u00e3o entre Bara\u00fana e a Penitenci\u00e1ria de Mossor\u00f3&#8221;, pontuou.<br \/>\nAjuda externa de fac\u00e7\u00e3o<br \/>\nO ministro ainda confirmou que os presos receberam ajuda externa da fac\u00e7\u00e3o Comando Vermelho, da qual fazem parte, e que pelo menos sete suspeitos de envolvimento j\u00e1 foram presos. Dois carros tamb\u00e9m foram apreendidos durante as investiga\u00e7\u00f5es. Segundo o ministro, os fugitivos n\u00e3o se deslocaram apenas a p\u00e9, durante o cerco.<br \/>\n&#8220;Est\u00e3o sim recebendo ajuda de fora, ajuda externa. \u00c9 isso \u00e9 o que explica o relativo \u00eaxito para escapar desse cerco&#8221;, considerou.<br \/>\nAinda de acordo com o governo federal, a \u00faltima vez em que os criminosos foram vistos ocorreu no dia 3 de mar\u00e7o, em uma fazenda da regi\u00e3o, e estavam juntos.<br \/>\n&#8220;O que eu posso dizer, talvez algu\u00e9m pode confirmar isso, \u00e9 que a visualiza\u00e7\u00e3o que foi feita no dia 3 foi exatamente no sentido de que dois indiv\u00edduos, com as caracter\u00edsticas dos fugitivos, foram avistados. Portanto, a \u00faltima visualiza\u00e7\u00e3o que n\u00f3s tivemos dos fugitivos \u00e9 que eles estavam em dupla&#8221;, disse.<br \/>\nCustos da opera\u00e7\u00e3o<br \/>\nLewandowski tamb\u00e9m foi questionado sobre os custos da opera\u00e7\u00e3o, que envolvem mais de 500 agentes federais e estaduais, disse que o gasto \u00e9 necess\u00e1rio, mas n\u00e3o detalhou os valores envolvidos.<br \/>\n&#8220;N\u00f3s temos uma ideia do custo dessa opera\u00e7\u00e3o, que n\u00e3o \u00e9 um custo baixo, mas o fato \u00e9 que n\u00e3o podemos deixar a popula\u00e7\u00e3o local desamparada. Ent\u00e3o isso justifica o n\u00famero de agentes de seguran\u00e7a que est\u00e3o aqui. Enquanto esse risco n\u00e3o se dissipar n\u00f3s vamos manter esse efetivo&#8221;, declarou.<br \/>\n&#8220;S\u00e3o valores que fazem parte da PF, PRF, do pr\u00f3prio MJ, e esses valores est\u00e3o no or\u00e7amento e s\u00e3o para serem utilizados nessas opera\u00e7\u00f5es. N\u00e3o existe seguran\u00e7a p\u00fablica, sobretudo em situa\u00e7\u00f5es de emerg\u00eancia, sem custos elevados&#8221;, defendeu.<br \/>\nAinda segundo o ministro, as for\u00e7as dos diferentes estados est\u00e3o sendo mantidas pelos pr\u00f3prios governos estaduais.<br \/>\nA\u00e7\u00f5es nos pres\u00eddios<br \/>\nEntre as provid\u00eancias para ampliar a seguran\u00e7a dentro das Penitenci\u00e1ria Federal de Mossor\u00f3, o ministro citou o afastamento de toda a dire\u00e7\u00e3o da pris\u00e3o e o processo para constru\u00e7\u00e3o de uma muralha no entorno da unidade.<br \/>\n&#8220;Estamos fazendo uma correi\u00e7\u00e3o; n\u00f3s retomamos ou aperfei\u00e7oamos; tornamos mais r\u00edgidos os protocolos que s\u00e3o normalmente levados a efeito nas pris\u00f5es federais; revistas di\u00e1rias foram intensificadas; j\u00e1 determinamos a compra de c\u00e2meras, de sensores de presen\u00e7a e sensores t\u00e9rmicos. Estamos construindo uma muralha no pres\u00eddio de Porto Velho e vamos construir a muralha de Mossor\u00f3&#8221;, afirmou o ministro.<br \/>\n&#8220;Todas as medidas de seguran\u00e7a interna foram intensificadas, os pontos fr\u00e1geis est\u00e3o sendo corrigidos&#8221;, acrescentou. De acordo com ele, mais de 60 agentes penais federais aprovados no \u00faltimo concurso foram convocados e a maioria ser\u00e1 destinada a Mossor\u00f3.<br \/>\nSegunda visita ao RN<br \/>\nLewandowski desembarcou no estado por volta das 9h30 para uma reuni\u00e3o com policiais da For\u00e7a Tarefa respons\u00e1vel pelas buscas aos fugitivos da Penitenci\u00e1ria Federal de Mossor\u00f3, Deibson Nascimento e Rog\u00e9rio Mendon\u00e7a.<br \/>\nA primeira fuga da hist\u00f3ria do sistema penitenci\u00e1rio federal completa um m\u00eas nesta quinta-feira (14).<br \/>\nO ministro desembarcou no Aeroporto de Mossor\u00f3 por volta das 9h30 e seguiu para a delegacia da Pol\u00edcia Federal no munic\u00edpio, onde se reuniu com os policiais e concedeu entrevista. Em seguida, o ministro anunciou que faria um sobrevoo sobre a \u00e1rea de buscas.<br \/>\nEsta \u00e9 a segunda visita de Lewandowski ao Rio Grande do Norte desde a confirma\u00e7\u00e3o da fuga. No dia 18 de fevereiro, quinto dia de buscas, o ministro afirmou que n\u00e3o havia prazo para recaptura dos foragidos.<br \/>\nMinistro Ricardo Lewandowski desembarca em Mossor\u00f3 no 29\u00ba dia de buscas pelos fugitivos da Penitenci\u00e1ria Federal<br \/>\nInter TV Cabugi<br \/>\nBuscas<br \/>\nA opera\u00e7\u00e3o para recaptura dos fugitivos envolve mais de 500 agentes de seguran\u00e7a, que atuam de forma integrada. S\u00e3o policiais federais, rodovi\u00e1rios federais, militares e civis, al\u00e9m da For\u00e7a Nacional.<br \/>\nDeibson Nascimento e Rog\u00e9rio Mendon\u00e7a fugiram da penitenci\u00e1ria de seguran\u00e7a m\u00e1xima no dia 14 de fevereiro, na primeira fuga da hist\u00f3ria do sistema prisional federal, criado em 2006. Desde ent\u00e3o, equipes tentam localizar e recapturar a dupla.<br \/>\nA \u00faltima vez em que os dois foram vistos foi no dia 3 de mar\u00e7o, em uma fazenda em Bara\u00fana. Nas \u00faltimas semanas, as buscas se concentraram na zona rural do munic\u00edpio, que faz limite com Mossor\u00f3.<br \/>\nPoliciais da For\u00e7a Tarefa pela recaptura dos foragidos de Mossor\u00f3 fazem buscas nos bairros Planalto e Cinderela, em Bara\u00fana, nesta quarta (13)<br \/>\nAyrton Freire\/Inter TV Cabugi<br \/>\nC\u00e3es farejadores que atuam nas buscas pelos fugitivos de Mossor\u00f3 detectaram presen\u00e7a humana em uma \u00e1rea de mata no in\u00edcio da manh\u00e3 da ter\u00e7a-feira (12). O local fica a cerca de 10 km da cidade de Bara\u00fana e foi vasculhado.<br \/>\nAs equipes de busca das opera\u00e7\u00f5es especiais do Bope, da Pol\u00edcia Militar do Rio Grande do Norte, chegaram nesta \u00e1rea na noite de segunda-feira (11), e os animais ficaram agitados.<br \/>\nNo domingo (10), a For\u00e7a Tarefa que atua nas buscas pelos foragidos ampliou o raio de buscas e realizou uma opera\u00e7\u00e3o no assentamento Vila Nova 1, na zona rural de Bara\u00fana, no Oeste potiguar.<br \/>\nO assentamento fica localizado a aproximadamente 9 km do local onde os fugitivos foram vistos pela \u00faltima vez, no assentamento Vila Nova 2, tamb\u00e9m em Bara\u00fana, ao sa\u00edrem de uma planta\u00e7\u00e3o de banana. A pol\u00edcia havia concentrado as buscas na regi\u00e3o nos dias seguintes \u00e0 apari\u00e7\u00e3o da dupla.<br \/>\nNas novas buscas deste domingo, os policias entraram e revistaram algumas casas do Vila Nova I. Os moradores relataram que os investigadores acreditam que algu\u00e9m est\u00e1 dando abrigo \u00e0 dupla.<br \/>\nPelo menos seis pessoas foram presas pelos investigadores por suspeita de ajudar ou tentar auxiliar os fugitivos, coordenadas pela fac\u00e7\u00e3o Comando Vermelho. Cinco pris\u00f5es foram em cumprimento a mandados de pris\u00e3o, al\u00e9m de uma pris\u00e3o em flagrante.<br \/>\nFor\u00e7a Tarefa<br \/>\nSimula\u00e7\u00f5es divulgadas pela Pol\u00edcia Federal no in\u00edcio desta semana mostram poss\u00edveis apar\u00eancias e disfarces dos fugitivos da Penitenci\u00e1ria Federal de Mossor\u00f3 , no Rio Grande do Norte.<br \/>\nSegundo a Pol\u00edcia Federal as proje\u00e7\u00f5es de crescimento de cabelo, barba e uso de disfarces foram elaboradas por papiloscopistas do setor de Representa\u00e7\u00e3o Facial Humana do Instituto Nacional de Identifica\u00e7\u00e3o (INI) da PF, em Bras\u00edlia.<br \/>\nSimula\u00e7\u00f5es mostram poss\u00edveis apar\u00eancias e disfarces de Rogerio Mendon\u00e7a e Deibson Nascimento &#8211; foragidos da penitenci\u00e1ria federal de Mossor\u00f3<br \/>\nReprodu\u00e7\u00e3o<br \/>\nAinda de acordo com a corpora\u00e7\u00e3o, a divulga\u00e7\u00e3o das imagens visa facilitar o trabalho de buscas e o apoio da popula\u00e7\u00e3o com informa\u00e7\u00f5es sobre os fugitivos. A corpora\u00e7\u00e3o j\u00e1 anunciou recompensa de at\u00e9 R$ 30 mil para quem repassar informa\u00e7\u00f5es que levem \u00e0 recaptura dos foragidos.<br \/>\nImagem mostra simula\u00e7\u00e3o de poss\u00edvel apar\u00eancia de Deibson Nascimento &#8211; fugitivo da Penitenci\u00e1ria Federal de Mossor\u00f3<br \/>\nDivulga\u00e7\u00e3o<br \/>\nSimula\u00e7\u00e3o mostra poss\u00edvel apar\u00eancia de Rog\u00e9rio Mendon\u00e7a &#8211; fugitivo de Mossor\u00f3<br \/>\nDivulga\u00e7\u00e3o<br \/>\nFuga da Penitenci\u00e1ria Federal de Mossor\u00f3, no Rio Grande do Norte<br \/>\nArte\/g1<br \/>\nFant\u00e1stico entra nas celas de pres\u00eddio de seguran\u00e7a m\u00e1xima em Mossor\u00f3 e mostra falhas de seguran\u00e7a que levaram \u00e0 fuga de presos<br \/>\nVeja os v\u00eddeos mais assistidos no g1 RN<\/p>","protected":false},"excerpt":{"rendered":"<p>Buscas por Deibson Nascimento e Rog\u00e9rio Mendon\u00e7a chegaram ao 29\u00ba dia nesta ter\u00e7a-feira (12). O ministro da Justi\u00e7a Ricardo Lewandowski concede entrevista nesta quarta (13) sobre o trabalho da for\u00e7a-tarefa &#8230;<\/p>\n","protected":false},"author":0,"featured_media":0,"parent":0,"menu_order":0,"comment_status":"closed","ping_status":"closed","template":"","meta":{"footnotes":""},"class_list":["post-3479","page","type-page","status-publish","hentry"],"yoast_head":"<!-- This site is optimized with the Yoast SEO plugin v27.1.1 - https:\/\/yoast.com\/product\/yoast-seo-wordpress\/ -->\n<title>For\u00e7a-tarefa tem &#039;fortes ind\u00edcios&#039; de que fugitivos da Penitenci\u00e1ria Federal de Mossor\u00f3 continuam na regi\u00e3o, diz ministro - Taveira Jr<\/title>\n<meta name=\"robots\" content=\"index, follow, max-snippet:-1, max-image-preview:large, max-video-preview:-1\" \/>\n<link rel=\"canonical\" href=\"https:\/\/deputadotaveirajr.com.br\/index.php\/forca-tarefa-tem-fortes-indicios-de-que-fugitivos-da-penitenciaria-federal-de-mossoro-continuam-na-regiao-diz-ministro\/\" \/>\n<meta property=\"og:locale\" content=\"pt_BR\" \/>\n<meta property=\"og:type\" content=\"article\" \/>\n<meta property=\"og:title\" content=\"For\u00e7a-tarefa tem &#039;fortes ind\u00edcios&#039; de que fugitivos da Penitenci\u00e1ria Federal de Mossor\u00f3 continuam na regi\u00e3o, diz ministro - Taveira Jr\" \/>\n<meta property=\"og:description\" content=\"Buscas por Deibson Nascimento e Rog\u00e9rio Mendon\u00e7a chegaram ao 29\u00ba dia nesta ter\u00e7a-feira (12). O ministro da Justi\u00e7a Ricardo Lewandowski concede entrevista nesta quarta (13) sobre o trabalho da for\u00e7a-tarefa ...\" \/>\n<meta property=\"og:url\" content=\"https:\/\/deputadotaveirajr.com.br\/index.php\/forca-tarefa-tem-fortes-indicios-de-que-fugitivos-da-penitenciaria-federal-de-mossoro-continuam-na-regiao-diz-ministro\/\" \/>\n<meta property=\"og:site_name\" content=\"Taveira Jr\" \/>\n<meta name=\"twitter:card\" content=\"summary_large_image\" \/>\n<meta name=\"twitter:label1\" content=\"Est. tempo de leitura\" \/>\n\t<meta name=\"twitter:data1\" content=\"9 minutos\" \/>\n<script type=\"application\/ld+json\" class=\"yoast-schema-graph\">{\"@context\":\"https:\/\/schema.org\",\"@graph\":[{\"@type\":\"WebPage\",\"@id\":\"https:\/\/deputadotaveirajr.com.br\/index.php\/forca-tarefa-tem-fortes-indicios-de-que-fugitivos-da-penitenciaria-federal-de-mossoro-continuam-na-regiao-diz-ministro\/\",\"url\":\"https:\/\/deputadotaveirajr.com.br\/index.php\/forca-tarefa-tem-fortes-indicios-de-que-fugitivos-da-penitenciaria-federal-de-mossoro-continuam-na-regiao-diz-ministro\/\",\"name\":\"For\u00e7a-tarefa tem 'fortes ind\u00edcios' de que fugitivos da Penitenci\u00e1ria Federal de Mossor\u00f3 continuam na regi\u00e3o, diz ministro - Taveira Jr\",\"isPartOf\":{\"@id\":\"https:\/\/deputadotaveirajr.com.br\/#website\"},\"datePublished\":\"2024-03-13T17:55:19+00:00\",\"breadcrumb\":{\"@id\":\"https:\/\/deputadotaveirajr.com.br\/index.php\/forca-tarefa-tem-fortes-indicios-de-que-fugitivos-da-penitenciaria-federal-de-mossoro-continuam-na-regiao-diz-ministro\/#breadcrumb\"},\"inLanguage\":\"pt-BR\",\"potentialAction\":[{\"@type\":\"ReadAction\",\"target\":[\"https:\/\/deputadotaveirajr.com.br\/index.php\/forca-tarefa-tem-fortes-indicios-de-que-fugitivos-da-penitenciaria-federal-de-mossoro-continuam-na-regiao-diz-ministro\/\"]}]},{\"@type\":\"BreadcrumbList\",\"@id\":\"https:\/\/deputadotaveirajr.com.br\/index.php\/forca-tarefa-tem-fortes-indicios-de-que-fugitivos-da-penitenciaria-federal-de-mossoro-continuam-na-regiao-diz-ministro\/#breadcrumb\",\"itemListElement\":[{\"@type\":\"ListItem\",\"position\":1,\"name\":\"In\u00edcio\",\"item\":\"https:\/\/deputadotaveirajr.com.br\/\"},{\"@type\":\"ListItem\",\"position\":2,\"name\":\"For\u00e7a-tarefa tem &#8216;fortes ind\u00edcios&#8217; de que fugitivos da Penitenci\u00e1ria Federal de Mossor\u00f3 continuam na regi\u00e3o, diz ministro\"}]},{\"@type\":\"WebSite\",\"@id\":\"https:\/\/deputadotaveirajr.com.br\/#website\",\"url\":\"https:\/\/deputadotaveirajr.com.br\/\",\"name\":\"Taveira Jr\",\"description\":\"Deputado Estadual\",\"publisher\":{\"@id\":\"https:\/\/deputadotaveirajr.com.br\/#organization\"},\"potentialAction\":[{\"@type\":\"SearchAction\",\"target\":{\"@type\":\"EntryPoint\",\"urlTemplate\":\"https:\/\/deputadotaveirajr.com.br\/?s={search_term_string}\"},\"query-input\":{\"@type\":\"PropertyValueSpecification\",\"valueRequired\":true,\"valueName\":\"search_term_string\"}}],\"inLanguage\":\"pt-BR\"},{\"@type\":\"Organization\",\"@id\":\"https:\/\/deputadotaveirajr.com.br\/#organization\",\"name\":\"Taveira Jr\",\"url\":\"https:\/\/deputadotaveirajr.com.br\/\",\"logo\":{\"@type\":\"ImageObject\",\"inLanguage\":\"pt-BR\",\"@id\":\"https:\/\/deputadotaveirajr.com.br\/#\/schema\/logo\/image\/\",\"url\":\"https:\/\/deputadotaveirajr.com.br\/wp-content\/uploads\/2026\/01\/logolow2a.png\",\"contentUrl\":\"https:\/\/deputadotaveirajr.com.br\/wp-content\/uploads\/2026\/01\/logolow2a.png\",\"width\":290,\"height\":80,\"caption\":\"Taveira Jr\"},\"image\":{\"@id\":\"https:\/\/deputadotaveirajr.com.br\/#\/schema\/logo\/image\/\"}}]}<\/script>\n<!-- \/ Yoast SEO plugin. -->","yoast_head_json":{"title":"For\u00e7a-tarefa tem 'fortes ind\u00edcios' de que fugitivos da Penitenci\u00e1ria Federal de Mossor\u00f3 continuam na regi\u00e3o, diz ministro - Taveira Jr","robots":{"index":"index","follow":"follow","max-snippet":"max-snippet:-1","max-image-preview":"max-image-preview:large","max-video-preview":"max-video-preview:-1"},"canonical":"https:\/\/deputadotaveirajr.com.br\/index.php\/forca-tarefa-tem-fortes-indicios-de-que-fugitivos-da-penitenciaria-federal-de-mossoro-continuam-na-regiao-diz-ministro\/","og_locale":"pt_BR","og_type":"article","og_title":"For\u00e7a-tarefa tem 'fortes ind\u00edcios' de que fugitivos da Penitenci\u00e1ria Federal de Mossor\u00f3 continuam na regi\u00e3o, diz ministro - Taveira Jr","og_description":"Buscas por Deibson Nascimento e Rog\u00e9rio Mendon\u00e7a chegaram ao 29\u00ba dia nesta ter\u00e7a-feira (12). O ministro da Justi\u00e7a Ricardo Lewandowski concede entrevista nesta quarta (13) sobre o trabalho da for\u00e7a-tarefa ...","og_url":"https:\/\/deputadotaveirajr.com.br\/index.php\/forca-tarefa-tem-fortes-indicios-de-que-fugitivos-da-penitenciaria-federal-de-mossoro-continuam-na-regiao-diz-ministro\/","og_site_name":"Taveira Jr","twitter_card":"summary_large_image","twitter_misc":{"Est. tempo de leitura":"9 minutos"},"schema":{"@context":"https:\/\/schema.org","@graph":[{"@type":"WebPage","@id":"https:\/\/deputadotaveirajr.com.br\/index.php\/forca-tarefa-tem-fortes-indicios-de-que-fugitivos-da-penitenciaria-federal-de-mossoro-continuam-na-regiao-diz-ministro\/","url":"https:\/\/deputadotaveirajr.com.br\/index.php\/forca-tarefa-tem-fortes-indicios-de-que-fugitivos-da-penitenciaria-federal-de-mossoro-continuam-na-regiao-diz-ministro\/","name":"For\u00e7a-tarefa tem 'fortes ind\u00edcios' de que fugitivos da Penitenci\u00e1ria Federal de Mossor\u00f3 continuam na regi\u00e3o, diz ministro - Taveira Jr","isPartOf":{"@id":"https:\/\/deputadotaveirajr.com.br\/#website"},"datePublished":"2024-03-13T17:55:19+00:00","breadcrumb":{"@id":"https:\/\/deputadotaveirajr.com.br\/index.php\/forca-tarefa-tem-fortes-indicios-de-que-fugitivos-da-penitenciaria-federal-de-mossoro-continuam-na-regiao-diz-ministro\/#breadcrumb"},"inLanguage":"pt-BR","potentialAction":[{"@type":"ReadAction","target":["https:\/\/deputadotaveirajr.com.br\/index.php\/forca-tarefa-tem-fortes-indicios-de-que-fugitivos-da-penitenciaria-federal-de-mossoro-continuam-na-regiao-diz-ministro\/"]}]},{"@type":"BreadcrumbList","@id":"https:\/\/deputadotaveirajr.com.br\/index.php\/forca-tarefa-tem-fortes-indicios-de-que-fugitivos-da-penitenciaria-federal-de-mossoro-continuam-na-regiao-diz-ministro\/#breadcrumb","itemListElement":[{"@type":"ListItem","position":1,"name":"In\u00edcio","item":"https:\/\/deputadotaveirajr.com.br\/"},{"@type":"ListItem","position":2,"name":"For\u00e7a-tarefa tem &#8216;fortes ind\u00edcios&#8217; de que fugitivos da Penitenci\u00e1ria Federal de Mossor\u00f3 continuam na regi\u00e3o, diz ministro"}]},{"@type":"WebSite","@id":"https:\/\/deputadotaveirajr.com.br\/#website","url":"https:\/\/deputadotaveirajr.com.br\/","name":"Taveira Jr","description":"Deputado Estadual","publisher":{"@id":"https:\/\/deputadotaveirajr.com.br\/#organization"},"potentialAction":[{"@type":"SearchAction","target":{"@type":"EntryPoint","urlTemplate":"https:\/\/deputadotaveirajr.com.br\/?s={search_term_string}"},"query-input":{"@type":"PropertyValueSpecification","valueRequired":true,"valueName":"search_term_string"}}],"inLanguage":"pt-BR"},{"@type":"Organization","@id":"https:\/\/deputadotaveirajr.com.br\/#organization","name":"Taveira Jr","url":"https:\/\/deputadotaveirajr.com.br\/","logo":{"@type":"ImageObject","inLanguage":"pt-BR","@id":"https:\/\/deputadotaveirajr.com.br\/#\/schema\/logo\/image\/","url":"https:\/\/deputadotaveirajr.com.br\/wp-content\/uploads\/2026\/01\/logolow2a.png","contentUrl":"https:\/\/deputadotaveirajr.com.br\/wp-content\/uploads\/2026\/01\/logolow2a.png","width":290,"height":80,"caption":"Taveira Jr"},"image":{"@id":"https:\/\/deputadotaveirajr.com.br\/#\/schema\/logo\/image\/"}}]}},"_links":{"self":[{"href":"https:\/\/deputadotaveirajr.com.br\/index.php\/wp-json\/wp\/v2\/pages\/3479","targetHints":{"allow":["GET"]}}],"collection":[{"href":"https:\/\/deputadotaveirajr.com.br\/index.php\/wp-json\/wp\/v2\/pages"}],"about":[{"href":"https:\/\/deputadotaveirajr.com.br\/index.php\/wp-json\/wp\/v2\/types\/page"}],"replies":[{"embeddable":true,"href":"https:\/\/deputadotaveirajr.com.br\/index.php\/wp-json\/wp\/v2\/comments?post=3479"}],"version-history":[{"count":1,"href":"https:\/\/deputadotaveirajr.com.br\/index.php\/wp-json\/wp\/v2\/pages\/3479\/revisions"}],"predecessor-version":[{"id":3488,"href":"https:\/\/deputadotaveirajr.com.br\/index.php\/wp-json\/wp\/v2\/pages\/3479\/revisions\/3488"}],"wp:attachment":[{"href":"https:\/\/deputadotaveirajr.com.br\/index.php\/wp-json\/wp\/v2\/media?parent=3479"}],"curies":[{"name":"wp","href":"https:\/\/api.w.org\/{rel}","templated":true}]}}