{"id":3504,"date":"2024-03-14T12:50:28","date_gmt":"2024-03-14T15:50:28","guid":{"rendered":"https:\/\/deputadotaveirajr.com.br\/?page_id=3504"},"modified":"2024-03-14T12:50:28","modified_gmt":"2024-03-14T15:50:28","slug":"fim-de-semana-em-natal-tem-alcymar-monteiro-sirano-e-sirino-e-plutao-ja-foi-planeta-veja-agenda-cultural","status":"publish","type":"page","link":"https:\/\/deputadotaveirajr.com.br\/index.php\/fim-de-semana-em-natal-tem-alcymar-monteiro-sirano-e-sirino-e-plutao-ja-foi-planeta-veja-agenda-cultural\/","title":{"rendered":"Fim de semana em Natal tem Alcymar Monteiro, Sirano e Sirino e Plut\u00e3o J\u00e1 Foi Planeta; veja agenda cultural"},"content":{"rendered":"<p>     Veja alguns dos eventos que acontecem desta quintaa (14) at\u00e9 o domingo (17) na capital potiguar. Alcymar Monteiro \u00e9 uma das atra\u00e7\u00f5es do fim de semana em Natal<br \/>\nErickson Nogueira\/g1<br \/>\nA programa\u00e7\u00e3o cultural do fim de semana em Natal tem m\u00fasica, teatro e apresenta\u00e7\u00f5es de com\u00e9dia.<br \/>\nO g1 preprarou uma agenda com eventos desta quinta-feira (14) at\u00e9 o domingo (17). Veja abaixo:<br \/>\nQuinta-feira (14)<br \/>\nTuyo (ac\u00fastico)<br \/>\nLocal: Sede Cultural Dosol<br \/>\nHor\u00e1rio: 19h e 21h<br \/>\nIngressos: Esgotados (mais informa\u00e7\u00f5es AQUI)<br \/>\nF\u00e1brica de Piadas Potiguar apresenta: Batendo Ponto<br \/>\nLocal: Natal Comedy Club<br \/>\nHor\u00e1rio: 20h<br \/>\nIngressos: A partir de R$ 15 (clique AQUI)<br \/>\nSexta-feira (15)<br \/>\nPlut\u00e3o J\u00e1 foi Planeta &#8211; Tour &#8216;Em todo canto&#8217;<br \/>\nLocal: Cervejaria Black Sheep Ponta Negra<br \/>\nHor\u00e1rio: Abertura (com United) a partir das 20h<br \/>\nIngressos: A partir de R$ 40 (clique AQUI)<br \/>\nBatista Lima + Gamad\u00f5es do Forr\u00f3 + Forr\u00f3 Calango Aceso<br \/>\nLocal: Rastap\u00e9 Casa de Forr\u00f3<br \/>\nHor\u00e1rio: 22h<br \/>\nIngressos: A partir de R$ 50 (clique AQUI)<br \/>\nKaio Freitas em Minha vida \u00e9 uma com\u00e9dia<br \/>\nLocal: Natal Comedy Club<br \/>\nHor\u00e1rio: 20h<br \/>\nIngressos: A partir de R$ 15 (clique AQUI)<br \/>\nS\u00e1bado (16)<br \/>\nDisney Magia e Sinfonia<br \/>\nLocal: Teatro Riachuelo<br \/>\nHor\u00e1rio: 15h e 17h<br \/>\nIngressos: A partir de R$ 25 (clique AQUI)<br \/>\nNoite Belchiana com A Banda dos Cora\u00e7\u00f5es Selvagens<br \/>\nLocal: Cervejaria Resisit\u00eancia<br \/>\nHor\u00e1rio: 20h<br \/>\nIngressos: A partir de R$ 20 (clique AQUI)<br \/>\nTom &amp; Thom\u00e9<br \/>\nLocal: Sede Cultural Dosol<br \/>\nHor\u00e1rio: 19h<br \/>\nIngressos: A partir de R$ 50 (clique AQUI)<br \/>\nSamba da Raffe na Arena &#8211; Edi\u00e7\u00e3o St. Patricks &#8211; com Rosas na Cartola e Fam\u00edlia Al\u00e9m do Normal<br \/>\nLocal: Arena das Dunas<br \/>\nHor\u00e1rio: 16h<br \/>\nIngressos: A partir de R$ 20 (clique AQUI)<br \/>\nSirano e Sirino; e Vicente Nery em o &#8220;Primeiro forr\u00f3 do ano &#8211; Harmonizando&#8221;<br \/>\nLocal: Olimpo Recep\u00e7\u00f5es<br \/>\nHor\u00e1rio: 20h<br \/>\nIngressos: A partir de R$ 80 (clique AQUI)<br \/>\nFuncion\u00e1rio do m\u00eas &#8211; com Carlos Pulico<br \/>\nLocal: Natal Comey Central<br \/>\nHor\u00e1rio: 20h<br \/>\nIngressos: a partir de R$ 20 (clique AQUI)<br \/>\nAlcymar Monteiro e Batista Lima no Forr\u00f3 pra Nena, em Extremoz<br \/>\nLocal: Esta\u00e7\u00e3o Estrela do Mar (Extremoz)<br \/>\nHor\u00e1rio: 21h<br \/>\nIngressos: a partir de R$ 40 (clique AQUI)<br \/>\nDomingo (17)<br \/>\nDisney Magia e Sinfonia<br \/>\nLocal: Teatro Riachuelo<br \/>\nHor\u00e1rio: 15h<br \/>\nIngressos: A partir de R$ 25 (clique AQUI)<br \/>\nAmaro Neto e convidados em O Criador<br \/>\nLocal: Natal Comedy Central<br \/>\nHor\u00e1rio: 20h<br \/>\nIngressos: Entrada gratuita (informa\u00e7\u00f5es AQUI)<br \/>\nV\u00eddeos mais assistidos do g1 RN<\/p>","protected":false},"excerpt":{"rendered":"<p>Veja alguns dos eventos que acontecem desta quintaa (14) at\u00e9 o domingo (17) na capital potiguar. Alcymar Monteiro \u00e9 uma das atra\u00e7\u00f5es do fim de semana em Natal Erickson Nogueira\/g1 &#8230;<\/p>\n","protected":false},"author":0,"featured_media":0,"parent":0,"menu_order":0,"comment_status":"closed","ping_status":"closed","template":"","meta":{"footnotes":""},"class_list":["post-3504","page","type-page","status-publish","hentry"],"yoast_head":"<!-- This site is optimized with the Yoast SEO plugin v27.1.1 - https:\/\/yoast.com\/product\/yoast-seo-wordpress\/ -->\n<title>Fim de semana em Natal tem Alcymar Monteiro, Sirano e Sirino e Plut\u00e3o J\u00e1 Foi Planeta; veja agenda cultural - Taveira Jr<\/title>\n<meta name=\"robots\" content=\"index, follow, max-snippet:-1, max-image-preview:large, max-video-preview:-1\" \/>\n<link rel=\"canonical\" href=\"https:\/\/deputadotaveirajr.com.br\/index.php\/fim-de-semana-em-natal-tem-alcymar-monteiro-sirano-e-sirino-e-plutao-ja-foi-planeta-veja-agenda-cultural\/\" \/>\n<meta property=\"og:locale\" content=\"pt_BR\" \/>\n<meta property=\"og:type\" content=\"article\" \/>\n<meta property=\"og:title\" content=\"Fim de semana em Natal tem Alcymar Monteiro, Sirano e Sirino e Plut\u00e3o J\u00e1 Foi Planeta; veja agenda cultural - Taveira Jr\" \/>\n<meta property=\"og:description\" content=\"Veja alguns dos eventos que acontecem desta quintaa (14) at\u00e9 o domingo (17) na capital potiguar. Alcymar Monteiro \u00e9 uma das atra\u00e7\u00f5es do fim de semana em Natal Erickson Nogueira\/g1 ...\" \/>\n<meta property=\"og:url\" content=\"https:\/\/deputadotaveirajr.com.br\/index.php\/fim-de-semana-em-natal-tem-alcymar-monteiro-sirano-e-sirino-e-plutao-ja-foi-planeta-veja-agenda-cultural\/\" \/>\n<meta property=\"og:site_name\" content=\"Taveira Jr\" \/>\n<meta name=\"twitter:card\" content=\"summary_large_image\" \/>\n<meta name=\"twitter:label1\" content=\"Est. tempo de leitura\" \/>\n\t<meta name=\"twitter:data1\" content=\"2 minutos\" \/>\n<script type=\"application\/ld+json\" class=\"yoast-schema-graph\">{\"@context\":\"https:\/\/schema.org\",\"@graph\":[{\"@type\":\"WebPage\",\"@id\":\"https:\/\/deputadotaveirajr.com.br\/index.php\/fim-de-semana-em-natal-tem-alcymar-monteiro-sirano-e-sirino-e-plutao-ja-foi-planeta-veja-agenda-cultural\/\",\"url\":\"https:\/\/deputadotaveirajr.com.br\/index.php\/fim-de-semana-em-natal-tem-alcymar-monteiro-sirano-e-sirino-e-plutao-ja-foi-planeta-veja-agenda-cultural\/\",\"name\":\"Fim de semana em Natal tem Alcymar Monteiro, Sirano e Sirino e Plut\u00e3o J\u00e1 Foi Planeta; veja agenda cultural - Taveira Jr\",\"isPartOf\":{\"@id\":\"https:\/\/deputadotaveirajr.com.br\/#website\"},\"datePublished\":\"2024-03-14T15:50:28+00:00\",\"breadcrumb\":{\"@id\":\"https:\/\/deputadotaveirajr.com.br\/index.php\/fim-de-semana-em-natal-tem-alcymar-monteiro-sirano-e-sirino-e-plutao-ja-foi-planeta-veja-agenda-cultural\/#breadcrumb\"},\"inLanguage\":\"pt-BR\",\"potentialAction\":[{\"@type\":\"ReadAction\",\"target\":[\"https:\/\/deputadotaveirajr.com.br\/index.php\/fim-de-semana-em-natal-tem-alcymar-monteiro-sirano-e-sirino-e-plutao-ja-foi-planeta-veja-agenda-cultural\/\"]}]},{\"@type\":\"BreadcrumbList\",\"@id\":\"https:\/\/deputadotaveirajr.com.br\/index.php\/fim-de-semana-em-natal-tem-alcymar-monteiro-sirano-e-sirino-e-plutao-ja-foi-planeta-veja-agenda-cultural\/#breadcrumb\",\"itemListElement\":[{\"@type\":\"ListItem\",\"position\":1,\"name\":\"In\u00edcio\",\"item\":\"https:\/\/deputadotaveirajr.com.br\/\"},{\"@type\":\"ListItem\",\"position\":2,\"name\":\"Fim de semana em Natal tem Alcymar Monteiro, Sirano e Sirino e Plut\u00e3o J\u00e1 Foi Planeta; veja agenda cultural\"}]},{\"@type\":\"WebSite\",\"@id\":\"https:\/\/deputadotaveirajr.com.br\/#website\",\"url\":\"https:\/\/deputadotaveirajr.com.br\/\",\"name\":\"Taveira Jr\",\"description\":\"Deputado Estadual\",\"publisher\":{\"@id\":\"https:\/\/deputadotaveirajr.com.br\/#organization\"},\"potentialAction\":[{\"@type\":\"SearchAction\",\"target\":{\"@type\":\"EntryPoint\",\"urlTemplate\":\"https:\/\/deputadotaveirajr.com.br\/?s={search_term_string}\"},\"query-input\":{\"@type\":\"PropertyValueSpecification\",\"valueRequired\":true,\"valueName\":\"search_term_string\"}}],\"inLanguage\":\"pt-BR\"},{\"@type\":\"Organization\",\"@id\":\"https:\/\/deputadotaveirajr.com.br\/#organization\",\"name\":\"Taveira Jr\",\"url\":\"https:\/\/deputadotaveirajr.com.br\/\",\"logo\":{\"@type\":\"ImageObject\",\"inLanguage\":\"pt-BR\",\"@id\":\"https:\/\/deputadotaveirajr.com.br\/#\/schema\/logo\/image\/\",\"url\":\"https:\/\/deputadotaveirajr.com.br\/wp-content\/uploads\/2026\/01\/logolow2a.png\",\"contentUrl\":\"https:\/\/deputadotaveirajr.com.br\/wp-content\/uploads\/2026\/01\/logolow2a.png\",\"width\":290,\"height\":80,\"caption\":\"Taveira Jr\"},\"image\":{\"@id\":\"https:\/\/deputadotaveirajr.com.br\/#\/schema\/logo\/image\/\"}}]}<\/script>\n<!-- \/ Yoast SEO plugin. -->","yoast_head_json":{"title":"Fim de semana em Natal tem Alcymar Monteiro, Sirano e Sirino e Plut\u00e3o J\u00e1 Foi Planeta; veja agenda cultural - Taveira Jr","robots":{"index":"index","follow":"follow","max-snippet":"max-snippet:-1","max-image-preview":"max-image-preview:large","max-video-preview":"max-video-preview:-1"},"canonical":"https:\/\/deputadotaveirajr.com.br\/index.php\/fim-de-semana-em-natal-tem-alcymar-monteiro-sirano-e-sirino-e-plutao-ja-foi-planeta-veja-agenda-cultural\/","og_locale":"pt_BR","og_type":"article","og_title":"Fim de semana em Natal tem Alcymar Monteiro, Sirano e Sirino e Plut\u00e3o J\u00e1 Foi Planeta; veja agenda cultural - Taveira Jr","og_description":"Veja alguns dos eventos que acontecem desta quintaa (14) at\u00e9 o domingo (17) na capital potiguar. Alcymar Monteiro \u00e9 uma das atra\u00e7\u00f5es do fim de semana em Natal Erickson Nogueira\/g1 ...","og_url":"https:\/\/deputadotaveirajr.com.br\/index.php\/fim-de-semana-em-natal-tem-alcymar-monteiro-sirano-e-sirino-e-plutao-ja-foi-planeta-veja-agenda-cultural\/","og_site_name":"Taveira Jr","twitter_card":"summary_large_image","twitter_misc":{"Est. tempo de leitura":"2 minutos"},"schema":{"@context":"https:\/\/schema.org","@graph":[{"@type":"WebPage","@id":"https:\/\/deputadotaveirajr.com.br\/index.php\/fim-de-semana-em-natal-tem-alcymar-monteiro-sirano-e-sirino-e-plutao-ja-foi-planeta-veja-agenda-cultural\/","url":"https:\/\/deputadotaveirajr.com.br\/index.php\/fim-de-semana-em-natal-tem-alcymar-monteiro-sirano-e-sirino-e-plutao-ja-foi-planeta-veja-agenda-cultural\/","name":"Fim de semana em Natal tem Alcymar Monteiro, Sirano e Sirino e Plut\u00e3o J\u00e1 Foi Planeta; veja agenda cultural - Taveira Jr","isPartOf":{"@id":"https:\/\/deputadotaveirajr.com.br\/#website"},"datePublished":"2024-03-14T15:50:28+00:00","breadcrumb":{"@id":"https:\/\/deputadotaveirajr.com.br\/index.php\/fim-de-semana-em-natal-tem-alcymar-monteiro-sirano-e-sirino-e-plutao-ja-foi-planeta-veja-agenda-cultural\/#breadcrumb"},"inLanguage":"pt-BR","potentialAction":[{"@type":"ReadAction","target":["https:\/\/deputadotaveirajr.com.br\/index.php\/fim-de-semana-em-natal-tem-alcymar-monteiro-sirano-e-sirino-e-plutao-ja-foi-planeta-veja-agenda-cultural\/"]}]},{"@type":"BreadcrumbList","@id":"https:\/\/deputadotaveirajr.com.br\/index.php\/fim-de-semana-em-natal-tem-alcymar-monteiro-sirano-e-sirino-e-plutao-ja-foi-planeta-veja-agenda-cultural\/#breadcrumb","itemListElement":[{"@type":"ListItem","position":1,"name":"In\u00edcio","item":"https:\/\/deputadotaveirajr.com.br\/"},{"@type":"ListItem","position":2,"name":"Fim de semana em Natal tem Alcymar Monteiro, Sirano e Sirino e Plut\u00e3o J\u00e1 Foi Planeta; veja agenda cultural"}]},{"@type":"WebSite","@id":"https:\/\/deputadotaveirajr.com.br\/#website","url":"https:\/\/deputadotaveirajr.com.br\/","name":"Taveira Jr","description":"Deputado Estadual","publisher":{"@id":"https:\/\/deputadotaveirajr.com.br\/#organization"},"potentialAction":[{"@type":"SearchAction","target":{"@type":"EntryPoint","urlTemplate":"https:\/\/deputadotaveirajr.com.br\/?s={search_term_string}"},"query-input":{"@type":"PropertyValueSpecification","valueRequired":true,"valueName":"search_term_string"}}],"inLanguage":"pt-BR"},{"@type":"Organization","@id":"https:\/\/deputadotaveirajr.com.br\/#organization","name":"Taveira Jr","url":"https:\/\/deputadotaveirajr.com.br\/","logo":{"@type":"ImageObject","inLanguage":"pt-BR","@id":"https:\/\/deputadotaveirajr.com.br\/#\/schema\/logo\/image\/","url":"https:\/\/deputadotaveirajr.com.br\/wp-content\/uploads\/2026\/01\/logolow2a.png","contentUrl":"https:\/\/deputadotaveirajr.com.br\/wp-content\/uploads\/2026\/01\/logolow2a.png","width":290,"height":80,"caption":"Taveira Jr"},"image":{"@id":"https:\/\/deputadotaveirajr.com.br\/#\/schema\/logo\/image\/"}}]}},"_links":{"self":[{"href":"https:\/\/deputadotaveirajr.com.br\/index.php\/wp-json\/wp\/v2\/pages\/3504","targetHints":{"allow":["GET"]}}],"collection":[{"href":"https:\/\/deputadotaveirajr.com.br\/index.php\/wp-json\/wp\/v2\/pages"}],"about":[{"href":"https:\/\/deputadotaveirajr.com.br\/index.php\/wp-json\/wp\/v2\/types\/page"}],"replies":[{"embeddable":true,"href":"https:\/\/deputadotaveirajr.com.br\/index.php\/wp-json\/wp\/v2\/comments?post=3504"}],"version-history":[{"count":1,"href":"https:\/\/deputadotaveirajr.com.br\/index.php\/wp-json\/wp\/v2\/pages\/3504\/revisions"}],"predecessor-version":[{"id":3511,"href":"https:\/\/deputadotaveirajr.com.br\/index.php\/wp-json\/wp\/v2\/pages\/3504\/revisions\/3511"}],"wp:attachment":[{"href":"https:\/\/deputadotaveirajr.com.br\/index.php\/wp-json\/wp\/v2\/media?parent=3504"}],"curies":[{"name":"wp","href":"https:\/\/api.w.org\/{rel}","templated":true}]}}