{"id":3526,"date":"2024-03-14T22:27:20","date_gmt":"2024-03-15T01:27:20","guid":{"rendered":"https:\/\/deputadotaveirajr.com.br\/?page_id=3526"},"modified":"2024-03-14T22:27:20","modified_gmt":"2024-03-15T01:27:20","slug":"trabalhador-morre-apos-desaparecer-dentro-de-poco-em-mina-no-interior-do-rn","status":"publish","type":"page","link":"https:\/\/deputadotaveirajr.com.br\/index.php\/trabalhador-morre-apos-desaparecer-dentro-de-poco-em-mina-no-interior-do-rn\/","title":{"rendered":"Trabalhador morre ap\u00f3s desaparecer dentro de po\u00e7o em mina no interior do RN"},"content":{"rendered":"<p>     Jos\u00e9 Alrante desapareceu durante servi\u00e7o em po\u00e7o na Mina Breju\u00ed, em Currais Novos, na quarta-feira, e teve o corpo encontrado e resgatado pelos bombeiros nesta quinta (14).  Encontrado corpo de homem que caiu em poc\u0327o de mina no RN<br \/>\nUm funcion\u00e1rio que trabalhava na Mina Breju\u00ed, na cidade de Currais Novos, na Regi\u00e3o Serid\u00f3 do Rio Grande do Norte, morreu ap\u00f3s desaparecer dentro de um po\u00e7o na quarta-feira (14).<br \/>\nO corpo de Jos\u00e9 Alrante Victor de Oliveira, 33 anos, foi encontrado na manh\u00e3 desta quinta (15). O Corpo de Bombeiros confirmou que realizou, por volta das 6h, a localiza\u00e7\u00e3o e o resgate do corpo.<br \/>\n\ud83d\udcf3Participe do canal do g1 RN no WhatsApp e receba no seu celular as not\u00edcias do estado<br \/>\nA empresa para qual o homem trabalhava na Mina Breju\u00ed, a Minera\u00e7\u00e3o Tomaz Salustino S\/A, expressou pesar pelo que classificou como &#8220;fatalidade&#8221;.<br \/>\nEm nota, a empresa disse que est\u00e1 prestando &#8220;toda a assist\u00eancia \u00e0 fam\u00edlia, colaborando com os trabalhos de todas as per\u00edcias legais realizadas e aguardar\u00e1 a apresenta\u00e7\u00e3o dos relat\u00f3rios competentes para outra manifesta\u00e7\u00e3o&#8221;.<br \/>\nOper\u00e1rios informaram ao Corpo de Bombeiros que, no momento do acidente, Jos\u00e9 Alrante trabalhava no po\u00e7o para coloca\u00e7\u00e3o de canos junto a uma bomba, procedimento comum para esvaziamento do trecho. O acidente ocorreu por volta das 8h.<br \/>\nOs bombeiros realizaram as buscas durante toda a quarta-feira, com mergulhadores, mas n\u00e3o conseguiram encontrar o corpo, que s\u00f3 foi localizado na manh\u00e3 desta quinta.<br \/>\nA Mina Breju\u00ed \u00e9 considerada a maior mina de scheelita da Am\u00e9rica do Sul, e fica localizada no entorno da cidade de Currais Novos, distante cerca de 8 km do centro.<br \/>\nJos\u00e9 Alrante morava na pr\u00f3pria cidade de Currais Novos. A Pol\u00edcia Civil vai investigar o caso.<br \/>\nJos\u00e9 Alrante morreu na Mina Breju\u00ed<br \/>\nReprodu\u00e7\u00e3o\/Inter TV Cabugi<br \/>\nV\u00eddeos mais assistidos do g1 RN<\/p>","protected":false},"excerpt":{"rendered":"<p>Jos\u00e9 Alrante desapareceu durante servi\u00e7o em po\u00e7o na Mina Breju\u00ed, em Currais Novos, na quarta-feira, e teve o corpo encontrado e resgatado pelos bombeiros nesta quinta (14). Encontrado corpo de &#8230;<\/p>\n","protected":false},"author":0,"featured_media":0,"parent":0,"menu_order":0,"comment_status":"closed","ping_status":"closed","template":"","meta":{"footnotes":""},"class_list":["post-3526","page","type-page","status-publish","hentry"],"yoast_head":"<!-- This site is optimized with the Yoast SEO plugin v27.1.1 - https:\/\/yoast.com\/product\/yoast-seo-wordpress\/ -->\n<title>Trabalhador morre ap\u00f3s desaparecer dentro de po\u00e7o em mina no interior do RN - Taveira Jr<\/title>\n<meta name=\"robots\" content=\"index, follow, max-snippet:-1, max-image-preview:large, max-video-preview:-1\" \/>\n<link rel=\"canonical\" href=\"https:\/\/deputadotaveirajr.com.br\/index.php\/trabalhador-morre-apos-desaparecer-dentro-de-poco-em-mina-no-interior-do-rn\/\" \/>\n<meta property=\"og:locale\" content=\"pt_BR\" \/>\n<meta property=\"og:type\" content=\"article\" \/>\n<meta property=\"og:title\" content=\"Trabalhador morre ap\u00f3s desaparecer dentro de po\u00e7o em mina no interior do RN - Taveira Jr\" \/>\n<meta property=\"og:description\" content=\"Jos\u00e9 Alrante desapareceu durante servi\u00e7o em po\u00e7o na Mina Breju\u00ed, em Currais Novos, na quarta-feira, e teve o corpo encontrado e resgatado pelos bombeiros nesta quinta (14). Encontrado corpo de ...\" \/>\n<meta property=\"og:url\" content=\"https:\/\/deputadotaveirajr.com.br\/index.php\/trabalhador-morre-apos-desaparecer-dentro-de-poco-em-mina-no-interior-do-rn\/\" \/>\n<meta property=\"og:site_name\" content=\"Taveira Jr\" \/>\n<meta name=\"twitter:card\" content=\"summary_large_image\" \/>\n<meta name=\"twitter:label1\" content=\"Est. tempo de leitura\" \/>\n\t<meta name=\"twitter:data1\" content=\"2 minutos\" \/>\n<script type=\"application\/ld+json\" class=\"yoast-schema-graph\">{\"@context\":\"https:\/\/schema.org\",\"@graph\":[{\"@type\":\"WebPage\",\"@id\":\"https:\/\/deputadotaveirajr.com.br\/index.php\/trabalhador-morre-apos-desaparecer-dentro-de-poco-em-mina-no-interior-do-rn\/\",\"url\":\"https:\/\/deputadotaveirajr.com.br\/index.php\/trabalhador-morre-apos-desaparecer-dentro-de-poco-em-mina-no-interior-do-rn\/\",\"name\":\"Trabalhador morre ap\u00f3s desaparecer dentro de po\u00e7o em mina no interior do RN - Taveira Jr\",\"isPartOf\":{\"@id\":\"https:\/\/deputadotaveirajr.com.br\/#website\"},\"datePublished\":\"2024-03-15T01:27:20+00:00\",\"breadcrumb\":{\"@id\":\"https:\/\/deputadotaveirajr.com.br\/index.php\/trabalhador-morre-apos-desaparecer-dentro-de-poco-em-mina-no-interior-do-rn\/#breadcrumb\"},\"inLanguage\":\"pt-BR\",\"potentialAction\":[{\"@type\":\"ReadAction\",\"target\":[\"https:\/\/deputadotaveirajr.com.br\/index.php\/trabalhador-morre-apos-desaparecer-dentro-de-poco-em-mina-no-interior-do-rn\/\"]}]},{\"@type\":\"BreadcrumbList\",\"@id\":\"https:\/\/deputadotaveirajr.com.br\/index.php\/trabalhador-morre-apos-desaparecer-dentro-de-poco-em-mina-no-interior-do-rn\/#breadcrumb\",\"itemListElement\":[{\"@type\":\"ListItem\",\"position\":1,\"name\":\"In\u00edcio\",\"item\":\"https:\/\/deputadotaveirajr.com.br\/\"},{\"@type\":\"ListItem\",\"position\":2,\"name\":\"Trabalhador morre ap\u00f3s desaparecer dentro de po\u00e7o em mina no interior do RN\"}]},{\"@type\":\"WebSite\",\"@id\":\"https:\/\/deputadotaveirajr.com.br\/#website\",\"url\":\"https:\/\/deputadotaveirajr.com.br\/\",\"name\":\"Taveira Jr\",\"description\":\"Deputado Estadual\",\"publisher\":{\"@id\":\"https:\/\/deputadotaveirajr.com.br\/#organization\"},\"potentialAction\":[{\"@type\":\"SearchAction\",\"target\":{\"@type\":\"EntryPoint\",\"urlTemplate\":\"https:\/\/deputadotaveirajr.com.br\/?s={search_term_string}\"},\"query-input\":{\"@type\":\"PropertyValueSpecification\",\"valueRequired\":true,\"valueName\":\"search_term_string\"}}],\"inLanguage\":\"pt-BR\"},{\"@type\":\"Organization\",\"@id\":\"https:\/\/deputadotaveirajr.com.br\/#organization\",\"name\":\"Taveira Jr\",\"url\":\"https:\/\/deputadotaveirajr.com.br\/\",\"logo\":{\"@type\":\"ImageObject\",\"inLanguage\":\"pt-BR\",\"@id\":\"https:\/\/deputadotaveirajr.com.br\/#\/schema\/logo\/image\/\",\"url\":\"https:\/\/deputadotaveirajr.com.br\/wp-content\/uploads\/2026\/01\/logolow2a.png\",\"contentUrl\":\"https:\/\/deputadotaveirajr.com.br\/wp-content\/uploads\/2026\/01\/logolow2a.png\",\"width\":290,\"height\":80,\"caption\":\"Taveira Jr\"},\"image\":{\"@id\":\"https:\/\/deputadotaveirajr.com.br\/#\/schema\/logo\/image\/\"}}]}<\/script>\n<!-- \/ Yoast SEO plugin. -->","yoast_head_json":{"title":"Trabalhador morre ap\u00f3s desaparecer dentro de po\u00e7o em mina no interior do RN - Taveira Jr","robots":{"index":"index","follow":"follow","max-snippet":"max-snippet:-1","max-image-preview":"max-image-preview:large","max-video-preview":"max-video-preview:-1"},"canonical":"https:\/\/deputadotaveirajr.com.br\/index.php\/trabalhador-morre-apos-desaparecer-dentro-de-poco-em-mina-no-interior-do-rn\/","og_locale":"pt_BR","og_type":"article","og_title":"Trabalhador morre ap\u00f3s desaparecer dentro de po\u00e7o em mina no interior do RN - Taveira Jr","og_description":"Jos\u00e9 Alrante desapareceu durante servi\u00e7o em po\u00e7o na Mina Breju\u00ed, em Currais Novos, na quarta-feira, e teve o corpo encontrado e resgatado pelos bombeiros nesta quinta (14). Encontrado corpo de ...","og_url":"https:\/\/deputadotaveirajr.com.br\/index.php\/trabalhador-morre-apos-desaparecer-dentro-de-poco-em-mina-no-interior-do-rn\/","og_site_name":"Taveira Jr","twitter_card":"summary_large_image","twitter_misc":{"Est. tempo de leitura":"2 minutos"},"schema":{"@context":"https:\/\/schema.org","@graph":[{"@type":"WebPage","@id":"https:\/\/deputadotaveirajr.com.br\/index.php\/trabalhador-morre-apos-desaparecer-dentro-de-poco-em-mina-no-interior-do-rn\/","url":"https:\/\/deputadotaveirajr.com.br\/index.php\/trabalhador-morre-apos-desaparecer-dentro-de-poco-em-mina-no-interior-do-rn\/","name":"Trabalhador morre ap\u00f3s desaparecer dentro de po\u00e7o em mina no interior do RN - Taveira Jr","isPartOf":{"@id":"https:\/\/deputadotaveirajr.com.br\/#website"},"datePublished":"2024-03-15T01:27:20+00:00","breadcrumb":{"@id":"https:\/\/deputadotaveirajr.com.br\/index.php\/trabalhador-morre-apos-desaparecer-dentro-de-poco-em-mina-no-interior-do-rn\/#breadcrumb"},"inLanguage":"pt-BR","potentialAction":[{"@type":"ReadAction","target":["https:\/\/deputadotaveirajr.com.br\/index.php\/trabalhador-morre-apos-desaparecer-dentro-de-poco-em-mina-no-interior-do-rn\/"]}]},{"@type":"BreadcrumbList","@id":"https:\/\/deputadotaveirajr.com.br\/index.php\/trabalhador-morre-apos-desaparecer-dentro-de-poco-em-mina-no-interior-do-rn\/#breadcrumb","itemListElement":[{"@type":"ListItem","position":1,"name":"In\u00edcio","item":"https:\/\/deputadotaveirajr.com.br\/"},{"@type":"ListItem","position":2,"name":"Trabalhador morre ap\u00f3s desaparecer dentro de po\u00e7o em mina no interior do RN"}]},{"@type":"WebSite","@id":"https:\/\/deputadotaveirajr.com.br\/#website","url":"https:\/\/deputadotaveirajr.com.br\/","name":"Taveira Jr","description":"Deputado Estadual","publisher":{"@id":"https:\/\/deputadotaveirajr.com.br\/#organization"},"potentialAction":[{"@type":"SearchAction","target":{"@type":"EntryPoint","urlTemplate":"https:\/\/deputadotaveirajr.com.br\/?s={search_term_string}"},"query-input":{"@type":"PropertyValueSpecification","valueRequired":true,"valueName":"search_term_string"}}],"inLanguage":"pt-BR"},{"@type":"Organization","@id":"https:\/\/deputadotaveirajr.com.br\/#organization","name":"Taveira Jr","url":"https:\/\/deputadotaveirajr.com.br\/","logo":{"@type":"ImageObject","inLanguage":"pt-BR","@id":"https:\/\/deputadotaveirajr.com.br\/#\/schema\/logo\/image\/","url":"https:\/\/deputadotaveirajr.com.br\/wp-content\/uploads\/2026\/01\/logolow2a.png","contentUrl":"https:\/\/deputadotaveirajr.com.br\/wp-content\/uploads\/2026\/01\/logolow2a.png","width":290,"height":80,"caption":"Taveira Jr"},"image":{"@id":"https:\/\/deputadotaveirajr.com.br\/#\/schema\/logo\/image\/"}}]}},"_links":{"self":[{"href":"https:\/\/deputadotaveirajr.com.br\/index.php\/wp-json\/wp\/v2\/pages\/3526","targetHints":{"allow":["GET"]}}],"collection":[{"href":"https:\/\/deputadotaveirajr.com.br\/index.php\/wp-json\/wp\/v2\/pages"}],"about":[{"href":"https:\/\/deputadotaveirajr.com.br\/index.php\/wp-json\/wp\/v2\/types\/page"}],"replies":[{"embeddable":true,"href":"https:\/\/deputadotaveirajr.com.br\/index.php\/wp-json\/wp\/v2\/comments?post=3526"}],"version-history":[{"count":1,"href":"https:\/\/deputadotaveirajr.com.br\/index.php\/wp-json\/wp\/v2\/pages\/3526\/revisions"}],"predecessor-version":[{"id":3528,"href":"https:\/\/deputadotaveirajr.com.br\/index.php\/wp-json\/wp\/v2\/pages\/3526\/revisions\/3528"}],"wp:attachment":[{"href":"https:\/\/deputadotaveirajr.com.br\/index.php\/wp-json\/wp\/v2\/media?parent=3526"}],"curies":[{"name":"wp","href":"https:\/\/api.w.org\/{rel}","templated":true}]}}

Trabalhador morre após desaparecer dentro de poço em mina no interior do RN

<p>     José Alrante desapareceu durante serviço em poço na Mina Brejuí, em Currais Novos, na quarta-feira, e teve o corpo encontrado e resgatado pelos bombeiros nesta quinta (14).  Encontrado corpo de homem que caiu em poço de mina no RN<br />
Um funcionário que trabalhava na Mina Brejuí, na cidade de Currais Novos, na Região Seridó do Rio Grande do Norte, morreu após desaparecer dentro de um poço na quarta-feira (14).<br />
O corpo de José Alrante Victor de Oliveira, 33 anos, foi encontrado na manhã desta quinta (15). O Corpo de Bombeiros confirmou que realizou, por volta das 6h, a localização e o resgate do corpo.<br />
📳Participe do canal do g1 RN no WhatsApp e receba no seu celular as notícias do estado<br />
A empresa para qual o homem trabalhava na Mina Brejuí, a Mineração Tomaz Salustino S/A, expressou pesar pelo que classificou como &#8220;fatalidade&#8221;.<br />
Em nota, a empresa disse que está prestando &#8220;toda a assistência à família, colaborando com os trabalhos de todas as perícias legais realizadas e aguardará a apresentação dos relatórios competentes para outra manifestação&#8221;.<br />
Operários informaram ao Corpo de Bombeiros que, no momento do acidente, José Alrante trabalhava no poço para colocação de canos junto a uma bomba, procedimento comum para esvaziamento do trecho. O acidente ocorreu por volta das 8h.<br />
Os bombeiros realizaram as buscas durante toda a quarta-feira, com mergulhadores, mas não conseguiram encontrar o corpo, que só foi localizado na manhã desta quinta.<br />
A Mina Brejuí é considerada a maior mina de scheelita da América do Sul, e fica localizada no entorno da cidade de Currais Novos, distante cerca de 8 km do centro.<br />
José Alrante morava na própria cidade de Currais Novos. A Polícia Civil vai investigar o caso.<br />
José Alrante morreu na Mina Brejuí<br />
Reprodução/Inter TV Cabugi<br />
Vídeos mais assistidos do g1 RN</p>

<p>José Alrante desapareceu durante serviço em poço na Mina Brejuí, em Currais Novos, na quarta-feira, e teve o corpo encontrado e resgatado pelos bombeiros nesta quinta (14). Encontrado corpo de &#8230;</p>

<!-- This site is optimized with the Yoast SEO plugin v27.1.1 - https://yoast.com/product/yoast-seo-wordpress/ -->
<title>Trabalhador morre após desaparecer dentro de poço em mina no interior do RN - Taveira Jr</title>
<meta name="robots" content="index, follow, max-snippet:-1, max-image-preview:large, max-video-preview:-1" />
<link rel="canonical" href="https://deputadotaveirajr.com.br/index.php/trabalhador-morre-apos-desaparecer-dentro-de-poco-em-mina-no-interior-do-rn/" />
<meta property="og:locale" content="pt_BR" />
<meta property="og:type" content="article" />
<meta property="og:title" content="Trabalhador morre após desaparecer dentro de poço em mina no interior do RN - Taveira Jr" />
<meta property="og:description" content="José Alrante desapareceu durante serviço em poço na Mina Brejuí, em Currais Novos, na quarta-feira, e teve o corpo encontrado e resgatado pelos bombeiros nesta quinta (14). Encontrado corpo de ..." />
<meta property="og:url" content="https://deputadotaveirajr.com.br/index.php/trabalhador-morre-apos-desaparecer-dentro-de-poco-em-mina-no-interior-do-rn/" />
<meta property="og:site_name" content="Taveira Jr" />
<meta name="twitter:card" content="summary_large_image" />
<meta name="twitter:label1" content="Est. tempo de leitura" />
	<meta name="twitter:data1" content="2 minutos" />
<script type="application/ld+json" class="yoast-schema-graph">{"@context":"https://schema.org","@graph":[{"@type":"WebPage","@id":"https://deputadotaveirajr.com.br/index.php/trabalhador-morre-apos-desaparecer-dentro-de-poco-em-mina-no-interior-do-rn/","url":"https://deputadotaveirajr.com.br/index.php/trabalhador-morre-apos-desaparecer-dentro-de-poco-em-mina-no-interior-do-rn/","name":"Trabalhador morre após desaparecer dentro de poço em mina no interior do RN - Taveira Jr","isPartOf":{"@id":"https://deputadotaveirajr.com.br/#website"},"datePublished":"2024-03-15T01:27:20+00:00","breadcrumb":{"@id":"https://deputadotaveirajr.com.br/index.php/trabalhador-morre-apos-desaparecer-dentro-de-poco-em-mina-no-interior-do-rn/#breadcrumb"},"inLanguage":"pt-BR","potentialAction":[{"@type":"ReadAction","target":["https://deputadotaveirajr.com.br/index.php/trabalhador-morre-apos-desaparecer-dentro-de-poco-em-mina-no-interior-do-rn/"]}]},{"@type":"BreadcrumbList","@id":"https://deputadotaveirajr.com.br/index.php/trabalhador-morre-apos-desaparecer-dentro-de-poco-em-mina-no-interior-do-rn/#breadcrumb","itemListElement":[{"@type":"ListItem","position":1,"name":"Início","item":"https://deputadotaveirajr.com.br/"},{"@type":"ListItem","position":2,"name":"Trabalhador morre após desaparecer dentro de poço em mina no interior do RN"}]},{"@type":"WebSite","@id":"https://deputadotaveirajr.com.br/#website","url":"https://deputadotaveirajr.com.br/","name":"Taveira Jr","description":"Deputado Estadual","publisher":{"@id":"https://deputadotaveirajr.com.br/#organization"},"potentialAction":[{"@type":"SearchAction","target":{"@type":"EntryPoint","urlTemplate":"https://deputadotaveirajr.com.br/?s={search_term_string}"},"query-input":{"@type":"PropertyValueSpecification","valueRequired":true,"valueName":"search_term_string"}}],"inLanguage":"pt-BR"},{"@type":"Organization","@id":"https://deputadotaveirajr.com.br/#organization","name":"Taveira Jr","url":"https://deputadotaveirajr.com.br/","logo":{"@type":"ImageObject","inLanguage":"pt-BR","@id":"https://deputadotaveirajr.com.br/#/schema/logo/image/","url":"https://deputadotaveirajr.com.br/wp-content/uploads/2026/01/logolow2a.png","contentUrl":"https://deputadotaveirajr.com.br/wp-content/uploads/2026/01/logolow2a.png","width":290,"height":80,"caption":"Taveira Jr"},"image":{"@id":"https://deputadotaveirajr.com.br/#/schema/logo/image/"}}]}</script>
<!-- / Yoast SEO plugin. -->

Trabalhador morre após desaparecer dentro de poço em mina no interior do RN - Taveira Jr

José Alrante desapareceu durante serviço em poço na Mina Brejuí, em Currais Novos, na quarta-feira, e teve o corpo encontrado e resgatado pelos bombeiros nesta quinta (14). Encontrado corpo de ...

Início
