{"id":3554,"date":"2024-03-16T13:28:17","date_gmt":"2024-03-16T16:28:17","guid":{"rendered":"https:\/\/deputadotaveirajr.com.br\/?page_id=3554"},"modified":"2024-03-16T13:28:17","modified_gmt":"2024-03-16T16:28:17","slug":"mais-14-presos-sao-transferidos-da-penitenciaria-federal-de-mossoro","status":"publish","type":"page","link":"https:\/\/deputadotaveirajr.com.br\/index.php\/mais-14-presos-sao-transferidos-da-penitenciaria-federal-de-mossoro\/","title":{"rendered":"Mais 14 presos s\u00e3o transferidos da Penitenci\u00e1ria Federal de Mossor\u00f3"},"content":{"rendered":"<p>     Essa \u00e9 a terceira transfer\u00eancia &#8211; a segunda em massa &#8211; registrada no pres\u00eddio desde a fuga de dois presos no dia 14 de fevereiro. Detentos seguiram para outras unidades federais. Penitenci\u00e1ria Federal de Mossor\u00f3, na regi\u00e3o Oeste do Rio Grande do Norte.<br \/>\nReprodu\u00e7\u00e3o\/JH<br \/>\nMais 14 presos foram transferidos da Penitenci\u00e1ria Federal de Mossor\u00f3 (RN) para outras unidades prisionais do sistema federal entre esta quinta (14) e sexta-feira (15).<br \/>\nO Minist\u00e9rio da Justi\u00e7a e Seguran\u00e7a P\u00fablica confirmou, neste s\u00e1bado (16), que houve &#8220;o rod\u00edzio peri\u00f3dico de 14 presos entre as cinco penitenci\u00e1rias federais do pa\u00eds&#8221;, mas n\u00e3o informou de qual unidade os presos sa\u00edram e para onde foram.<br \/>\nFontes do g1, que participaram da opera\u00e7\u00e3o de transfer\u00eancia, informaram que os 14 presos transferidos foram da unidade de Mossor\u00f3.<br \/>\n\ud83d\udcf3Participe do canal do g1 RN no WhatsApp e receba no seu celular as not\u00edcias do estado<br \/>\nEssa \u00e9 a terceira transfer\u00eancia &#8211; a segunda em massa &#8211; de presos da Penitenci\u00e1ria Federal de Mossor\u00f3 desde a fuga de Deibson Nascimento e Rog\u00e9rio Mendon\u00e7a, no dia 14 de fevereiro.<br \/>\nA primeira aconteceu no dia 2 de mar\u00e7o, quando foram transferidos Fernandinho Beira-Mar e outros 22 presos. No dia 13 de mar\u00e7o, mais um preso foi transferido. Ao todo, foram 38 presos transferidos de Mossor\u00f3.<br \/>\nLEIA TAMB\u00c9M<br \/>\nVeja o que se sabe e o que falta esclarecer sobre a fuga em Mossor\u00f3<br \/>\nO Minist\u00e9rio da Justi\u00e7a informou que a movimenta\u00e7\u00e3o dos internos \u00e9 parte da rotina das unidades e que, por quest\u00f5es de seguran\u00e7a, &#8220;a Senappen [Secretaria Nacional de Pol\u00edticas Penais] n\u00e3o informa a localiza\u00e7\u00e3o dos presos, nem detalhes dessas opera\u00e7\u00f5es&#8221;.<br \/>\nOs presos transferidos nesta semana embarcaram do aeroporto da cidade de Aracati (CE), que fica a cerca de 90 quil\u00f4metros de Mossor\u00f3.<br \/>\nO Minist\u00e9rio da Justi\u00e7a informou que a transfer\u00eancia de presos entre as unidades &#8220;visa impedir articula\u00e7\u00f5es das organiza\u00e7\u00f5es criminosas dentro dos estabelecimentos, al\u00e9m de dificultar e enfraquecer poss\u00edveis v\u00ednculos nas regi\u00f5es onde se encontram as Penitenci\u00e1rias Federais&#8221;.<br \/>\nFuga do pres\u00eddio federal de Mossor\u00f3 completa um m\u00eas<br \/>\nFuga do pres\u00eddio<br \/>\nA fuga de Deibson Nascimento e Rog\u00e9rio Mendon\u00e7a da Penitenci\u00e1ria Federal de Mossor\u00f3, ocorrida em 14 de fevereiro, foi a primeira a ser registrada na hist\u00f3ria do sistema prisional federal, criado em 2006.<br \/>\nAs buscas pela dupla chegou a um m\u00eas e segue concentrada nas cidades de Mossor\u00f3 e Bara\u00fana (RN), sobretudo nas \u00e1reas rurais.<br \/>\nNa quarta-feira (13), o ministro da Justi\u00e7a e Seguran\u00e7a P\u00fablica, Ricardo Lewandowski, viajou at\u00e9 Mossor\u00f3 e informou a continuidade da for\u00e7a-tarefa na regi\u00e3o diante de &#8220;fortes ind\u00edcios&#8221; de que os fugitivos permanecem na localidade.<br \/>\nA pista mais recente deixada pelos fugitivos foi no dia 3 de mar\u00e7o, quando invadiram um galp\u00e3o agr\u00edcola em um assentamento em Bara\u00fana (RN).<br \/>\nCronologia fugitivos Mossor\u00f3<br \/>\nArte\/g1<br \/>\nV\u00eddeos mais assistidos do g1 RN<\/p>","protected":false},"excerpt":{"rendered":"<p>Essa \u00e9 a terceira transfer\u00eancia &#8211; a segunda em massa &#8211; registrada no pres\u00eddio desde a fuga de dois presos no dia 14 de fevereiro. Detentos seguiram para outras unidades &#8230;<\/p>\n","protected":false},"author":0,"featured_media":0,"parent":0,"menu_order":0,"comment_status":"closed","ping_status":"closed","template":"","meta":{"footnotes":""},"class_list":["post-3554","page","type-page","status-publish","hentry"],"yoast_head":"<!-- This site is optimized with the Yoast SEO plugin v27.1.1 - https:\/\/yoast.com\/product\/yoast-seo-wordpress\/ -->\n<title>Mais 14 presos s\u00e3o transferidos da Penitenci\u00e1ria Federal de Mossor\u00f3 - Taveira Jr<\/title>\n<meta name=\"robots\" content=\"index, follow, max-snippet:-1, max-image-preview:large, max-video-preview:-1\" \/>\n<link rel=\"canonical\" href=\"https:\/\/deputadotaveirajr.com.br\/index.php\/mais-14-presos-sao-transferidos-da-penitenciaria-federal-de-mossoro\/\" \/>\n<meta property=\"og:locale\" content=\"pt_BR\" \/>\n<meta property=\"og:type\" content=\"article\" \/>\n<meta property=\"og:title\" content=\"Mais 14 presos s\u00e3o transferidos da Penitenci\u00e1ria Federal de Mossor\u00f3 - Taveira Jr\" \/>\n<meta property=\"og:description\" content=\"Essa \u00e9 a terceira transfer\u00eancia &#8211; a segunda em massa &#8211; registrada no pres\u00eddio desde a fuga de dois presos no dia 14 de fevereiro. Detentos seguiram para outras unidades ...\" \/>\n<meta property=\"og:url\" content=\"https:\/\/deputadotaveirajr.com.br\/index.php\/mais-14-presos-sao-transferidos-da-penitenciaria-federal-de-mossoro\/\" \/>\n<meta property=\"og:site_name\" content=\"Taveira Jr\" \/>\n<meta name=\"twitter:card\" content=\"summary_large_image\" \/>\n<meta name=\"twitter:label1\" content=\"Est. tempo de leitura\" \/>\n\t<meta name=\"twitter:data1\" content=\"3 minutos\" \/>\n<script type=\"application\/ld+json\" class=\"yoast-schema-graph\">{\"@context\":\"https:\/\/schema.org\",\"@graph\":[{\"@type\":\"WebPage\",\"@id\":\"https:\/\/deputadotaveirajr.com.br\/index.php\/mais-14-presos-sao-transferidos-da-penitenciaria-federal-de-mossoro\/\",\"url\":\"https:\/\/deputadotaveirajr.com.br\/index.php\/mais-14-presos-sao-transferidos-da-penitenciaria-federal-de-mossoro\/\",\"name\":\"Mais 14 presos s\u00e3o transferidos da Penitenci\u00e1ria Federal de Mossor\u00f3 - Taveira Jr\",\"isPartOf\":{\"@id\":\"https:\/\/deputadotaveirajr.com.br\/#website\"},\"datePublished\":\"2024-03-16T16:28:17+00:00\",\"breadcrumb\":{\"@id\":\"https:\/\/deputadotaveirajr.com.br\/index.php\/mais-14-presos-sao-transferidos-da-penitenciaria-federal-de-mossoro\/#breadcrumb\"},\"inLanguage\":\"pt-BR\",\"potentialAction\":[{\"@type\":\"ReadAction\",\"target\":[\"https:\/\/deputadotaveirajr.com.br\/index.php\/mais-14-presos-sao-transferidos-da-penitenciaria-federal-de-mossoro\/\"]}]},{\"@type\":\"BreadcrumbList\",\"@id\":\"https:\/\/deputadotaveirajr.com.br\/index.php\/mais-14-presos-sao-transferidos-da-penitenciaria-federal-de-mossoro\/#breadcrumb\",\"itemListElement\":[{\"@type\":\"ListItem\",\"position\":1,\"name\":\"In\u00edcio\",\"item\":\"https:\/\/deputadotaveirajr.com.br\/\"},{\"@type\":\"ListItem\",\"position\":2,\"name\":\"Mais 14 presos s\u00e3o transferidos da Penitenci\u00e1ria Federal de Mossor\u00f3\"}]},{\"@type\":\"WebSite\",\"@id\":\"https:\/\/deputadotaveirajr.com.br\/#website\",\"url\":\"https:\/\/deputadotaveirajr.com.br\/\",\"name\":\"Taveira Jr\",\"description\":\"Deputado Estadual\",\"publisher\":{\"@id\":\"https:\/\/deputadotaveirajr.com.br\/#organization\"},\"potentialAction\":[{\"@type\":\"SearchAction\",\"target\":{\"@type\":\"EntryPoint\",\"urlTemplate\":\"https:\/\/deputadotaveirajr.com.br\/?s={search_term_string}\"},\"query-input\":{\"@type\":\"PropertyValueSpecification\",\"valueRequired\":true,\"valueName\":\"search_term_string\"}}],\"inLanguage\":\"pt-BR\"},{\"@type\":\"Organization\",\"@id\":\"https:\/\/deputadotaveirajr.com.br\/#organization\",\"name\":\"Taveira Jr\",\"url\":\"https:\/\/deputadotaveirajr.com.br\/\",\"logo\":{\"@type\":\"ImageObject\",\"inLanguage\":\"pt-BR\",\"@id\":\"https:\/\/deputadotaveirajr.com.br\/#\/schema\/logo\/image\/\",\"url\":\"https:\/\/deputadotaveirajr.com.br\/wp-content\/uploads\/2026\/01\/logolow2a.png\",\"contentUrl\":\"https:\/\/deputadotaveirajr.com.br\/wp-content\/uploads\/2026\/01\/logolow2a.png\",\"width\":290,\"height\":80,\"caption\":\"Taveira Jr\"},\"image\":{\"@id\":\"https:\/\/deputadotaveirajr.com.br\/#\/schema\/logo\/image\/\"}}]}<\/script>\n<!-- \/ Yoast SEO plugin. -->","yoast_head_json":{"title":"Mais 14 presos s\u00e3o transferidos da Penitenci\u00e1ria Federal de Mossor\u00f3 - Taveira Jr","robots":{"index":"index","follow":"follow","max-snippet":"max-snippet:-1","max-image-preview":"max-image-preview:large","max-video-preview":"max-video-preview:-1"},"canonical":"https:\/\/deputadotaveirajr.com.br\/index.php\/mais-14-presos-sao-transferidos-da-penitenciaria-federal-de-mossoro\/","og_locale":"pt_BR","og_type":"article","og_title":"Mais 14 presos s\u00e3o transferidos da Penitenci\u00e1ria Federal de Mossor\u00f3 - Taveira Jr","og_description":"Essa \u00e9 a terceira transfer\u00eancia &#8211; a segunda em massa &#8211; registrada no pres\u00eddio desde a fuga de dois presos no dia 14 de fevereiro. Detentos seguiram para outras unidades ...","og_url":"https:\/\/deputadotaveirajr.com.br\/index.php\/mais-14-presos-sao-transferidos-da-penitenciaria-federal-de-mossoro\/","og_site_name":"Taveira Jr","twitter_card":"summary_large_image","twitter_misc":{"Est. tempo de leitura":"3 minutos"},"schema":{"@context":"https:\/\/schema.org","@graph":[{"@type":"WebPage","@id":"https:\/\/deputadotaveirajr.com.br\/index.php\/mais-14-presos-sao-transferidos-da-penitenciaria-federal-de-mossoro\/","url":"https:\/\/deputadotaveirajr.com.br\/index.php\/mais-14-presos-sao-transferidos-da-penitenciaria-federal-de-mossoro\/","name":"Mais 14 presos s\u00e3o transferidos da Penitenci\u00e1ria Federal de Mossor\u00f3 - Taveira Jr","isPartOf":{"@id":"https:\/\/deputadotaveirajr.com.br\/#website"},"datePublished":"2024-03-16T16:28:17+00:00","breadcrumb":{"@id":"https:\/\/deputadotaveirajr.com.br\/index.php\/mais-14-presos-sao-transferidos-da-penitenciaria-federal-de-mossoro\/#breadcrumb"},"inLanguage":"pt-BR","potentialAction":[{"@type":"ReadAction","target":["https:\/\/deputadotaveirajr.com.br\/index.php\/mais-14-presos-sao-transferidos-da-penitenciaria-federal-de-mossoro\/"]}]},{"@type":"BreadcrumbList","@id":"https:\/\/deputadotaveirajr.com.br\/index.php\/mais-14-presos-sao-transferidos-da-penitenciaria-federal-de-mossoro\/#breadcrumb","itemListElement":[{"@type":"ListItem","position":1,"name":"In\u00edcio","item":"https:\/\/deputadotaveirajr.com.br\/"},{"@type":"ListItem","position":2,"name":"Mais 14 presos s\u00e3o transferidos da Penitenci\u00e1ria Federal de Mossor\u00f3"}]},{"@type":"WebSite","@id":"https:\/\/deputadotaveirajr.com.br\/#website","url":"https:\/\/deputadotaveirajr.com.br\/","name":"Taveira Jr","description":"Deputado Estadual","publisher":{"@id":"https:\/\/deputadotaveirajr.com.br\/#organization"},"potentialAction":[{"@type":"SearchAction","target":{"@type":"EntryPoint","urlTemplate":"https:\/\/deputadotaveirajr.com.br\/?s={search_term_string}"},"query-input":{"@type":"PropertyValueSpecification","valueRequired":true,"valueName":"search_term_string"}}],"inLanguage":"pt-BR"},{"@type":"Organization","@id":"https:\/\/deputadotaveirajr.com.br\/#organization","name":"Taveira Jr","url":"https:\/\/deputadotaveirajr.com.br\/","logo":{"@type":"ImageObject","inLanguage":"pt-BR","@id":"https:\/\/deputadotaveirajr.com.br\/#\/schema\/logo\/image\/","url":"https:\/\/deputadotaveirajr.com.br\/wp-content\/uploads\/2026\/01\/logolow2a.png","contentUrl":"https:\/\/deputadotaveirajr.com.br\/wp-content\/uploads\/2026\/01\/logolow2a.png","width":290,"height":80,"caption":"Taveira Jr"},"image":{"@id":"https:\/\/deputadotaveirajr.com.br\/#\/schema\/logo\/image\/"}}]}},"_links":{"self":[{"href":"https:\/\/deputadotaveirajr.com.br\/index.php\/wp-json\/wp\/v2\/pages\/3554","targetHints":{"allow":["GET"]}}],"collection":[{"href":"https:\/\/deputadotaveirajr.com.br\/index.php\/wp-json\/wp\/v2\/pages"}],"about":[{"href":"https:\/\/deputadotaveirajr.com.br\/index.php\/wp-json\/wp\/v2\/types\/page"}],"replies":[{"embeddable":true,"href":"https:\/\/deputadotaveirajr.com.br\/index.php\/wp-json\/wp\/v2\/comments?post=3554"}],"version-history":[{"count":1,"href":"https:\/\/deputadotaveirajr.com.br\/index.php\/wp-json\/wp\/v2\/pages\/3554\/revisions"}],"predecessor-version":[{"id":3557,"href":"https:\/\/deputadotaveirajr.com.br\/index.php\/wp-json\/wp\/v2\/pages\/3554\/revisions\/3557"}],"wp:attachment":[{"href":"https:\/\/deputadotaveirajr.com.br\/index.php\/wp-json\/wp\/v2\/media?parent=3554"}],"curies":[{"name":"wp","href":"https:\/\/api.w.org\/{rel}","templated":true}]}}

Mais 14 presos são transferidos da Penitenciária Federal de Mossoró

<p>     Essa é a terceira transferência &#8211; a segunda em massa &#8211; registrada no presídio desde a fuga de dois presos no dia 14 de fevereiro. Detentos seguiram para outras unidades federais. Penitenciária Federal de Mossoró, na região Oeste do Rio Grande do Norte.<br />
Reprodução/JH<br />
Mais 14 presos foram transferidos da Penitenciária Federal de Mossoró (RN) para outras unidades prisionais do sistema federal entre esta quinta (14) e sexta-feira (15).<br />
O Ministério da Justiça e Segurança Pública confirmou, neste sábado (16), que houve &#8220;o rodízio periódico de 14 presos entre as cinco penitenciárias federais do país&#8221;, mas não informou de qual unidade os presos saíram e para onde foram.<br />
Fontes do g1, que participaram da operação de transferência, informaram que os 14 presos transferidos foram da unidade de Mossoró.<br />
📳Participe do canal do g1 RN no WhatsApp e receba no seu celular as notícias do estado<br />
Essa é a terceira transferência &#8211; a segunda em massa &#8211; de presos da Penitenciária Federal de Mossoró desde a fuga de Deibson Nascimento e Rogério Mendonça, no dia 14 de fevereiro.<br />
A primeira aconteceu no dia 2 de março, quando foram transferidos Fernandinho Beira-Mar e outros 22 presos. No dia 13 de março, mais um preso foi transferido. Ao todo, foram 38 presos transferidos de Mossoró.<br />
LEIA TAMBÉM<br />
Veja o que se sabe e o que falta esclarecer sobre a fuga em Mossoró<br />
O Ministério da Justiça informou que a movimentação dos internos é parte da rotina das unidades e que, por questões de segurança, &#8220;a Senappen [Secretaria Nacional de Políticas Penais] não informa a localização dos presos, nem detalhes dessas operações&#8221;.<br />
Os presos transferidos nesta semana embarcaram do aeroporto da cidade de Aracati (CE), que fica a cerca de 90 quilômetros de Mossoró.<br />
O Ministério da Justiça informou que a transferência de presos entre as unidades &#8220;visa impedir articulações das organizações criminosas dentro dos estabelecimentos, além de dificultar e enfraquecer possíveis vínculos nas regiões onde se encontram as Penitenciárias Federais&#8221;.<br />
Fuga do presídio federal de Mossoró completa um mês<br />
Fuga do presídio<br />
A fuga de Deibson Nascimento e Rogério Mendonça da Penitenciária Federal de Mossoró, ocorrida em 14 de fevereiro, foi a primeira a ser registrada na história do sistema prisional federal, criado em 2006.<br />
As buscas pela dupla chegou a um mês e segue concentrada nas cidades de Mossoró e Baraúna (RN), sobretudo nas áreas rurais.<br />
Na quarta-feira (13), o ministro da Justiça e Segurança Pública, Ricardo Lewandowski, viajou até Mossoró e informou a continuidade da força-tarefa na região diante de &#8220;fortes indícios&#8221; de que os fugitivos permanecem na localidade.<br />
A pista mais recente deixada pelos fugitivos foi no dia 3 de março, quando invadiram um galpão agrícola em um assentamento em Baraúna (RN).<br />
Cronologia fugitivos Mossoró<br />
Arte/g1<br />
Vídeos mais assistidos do g1 RN</p>

<p>Essa é a terceira transferência &#8211; a segunda em massa &#8211; registrada no presídio desde a fuga de dois presos no dia 14 de fevereiro. Detentos seguiram para outras unidades &#8230;</p>

<!-- This site is optimized with the Yoast SEO plugin v27.1.1 - https://yoast.com/product/yoast-seo-wordpress/ -->
<title>Mais 14 presos são transferidos da Penitenciária Federal de Mossoró - Taveira Jr</title>
<meta name="robots" content="index, follow, max-snippet:-1, max-image-preview:large, max-video-preview:-1" />
<link rel="canonical" href="https://deputadotaveirajr.com.br/index.php/mais-14-presos-sao-transferidos-da-penitenciaria-federal-de-mossoro/" />
<meta property="og:locale" content="pt_BR" />
<meta property="og:type" content="article" />
<meta property="og:title" content="Mais 14 presos são transferidos da Penitenciária Federal de Mossoró - Taveira Jr" />
<meta property="og:description" content="Essa é a terceira transferência &#8211; a segunda em massa &#8211; registrada no presídio desde a fuga de dois presos no dia 14 de fevereiro. Detentos seguiram para outras unidades ..." />
<meta property="og:url" content="https://deputadotaveirajr.com.br/index.php/mais-14-presos-sao-transferidos-da-penitenciaria-federal-de-mossoro/" />
<meta property="og:site_name" content="Taveira Jr" />
<meta name="twitter:card" content="summary_large_image" />
<meta name="twitter:label1" content="Est. tempo de leitura" />
	<meta name="twitter:data1" content="3 minutos" />
<script type="application/ld+json" class="yoast-schema-graph">{"@context":"https://schema.org","@graph":[{"@type":"WebPage","@id":"https://deputadotaveirajr.com.br/index.php/mais-14-presos-sao-transferidos-da-penitenciaria-federal-de-mossoro/","url":"https://deputadotaveirajr.com.br/index.php/mais-14-presos-sao-transferidos-da-penitenciaria-federal-de-mossoro/","name":"Mais 14 presos são transferidos da Penitenciária Federal de Mossoró - Taveira Jr","isPartOf":{"@id":"https://deputadotaveirajr.com.br/#website"},"datePublished":"2024-03-16T16:28:17+00:00","breadcrumb":{"@id":"https://deputadotaveirajr.com.br/index.php/mais-14-presos-sao-transferidos-da-penitenciaria-federal-de-mossoro/#breadcrumb"},"inLanguage":"pt-BR","potentialAction":[{"@type":"ReadAction","target":["https://deputadotaveirajr.com.br/index.php/mais-14-presos-sao-transferidos-da-penitenciaria-federal-de-mossoro/"]}]},{"@type":"BreadcrumbList","@id":"https://deputadotaveirajr.com.br/index.php/mais-14-presos-sao-transferidos-da-penitenciaria-federal-de-mossoro/#breadcrumb","itemListElement":[{"@type":"ListItem","position":1,"name":"Início","item":"https://deputadotaveirajr.com.br/"},{"@type":"ListItem","position":2,"name":"Mais 14 presos são transferidos da Penitenciária Federal de Mossoró"}]},{"@type":"WebSite","@id":"https://deputadotaveirajr.com.br/#website","url":"https://deputadotaveirajr.com.br/","name":"Taveira Jr","description":"Deputado Estadual","publisher":{"@id":"https://deputadotaveirajr.com.br/#organization"},"potentialAction":[{"@type":"SearchAction","target":{"@type":"EntryPoint","urlTemplate":"https://deputadotaveirajr.com.br/?s={search_term_string}"},"query-input":{"@type":"PropertyValueSpecification","valueRequired":true,"valueName":"search_term_string"}}],"inLanguage":"pt-BR"},{"@type":"Organization","@id":"https://deputadotaveirajr.com.br/#organization","name":"Taveira Jr","url":"https://deputadotaveirajr.com.br/","logo":{"@type":"ImageObject","inLanguage":"pt-BR","@id":"https://deputadotaveirajr.com.br/#/schema/logo/image/","url":"https://deputadotaveirajr.com.br/wp-content/uploads/2026/01/logolow2a.png","contentUrl":"https://deputadotaveirajr.com.br/wp-content/uploads/2026/01/logolow2a.png","width":290,"height":80,"caption":"Taveira Jr"},"image":{"@id":"https://deputadotaveirajr.com.br/#/schema/logo/image/"}}]}</script>
<!-- / Yoast SEO plugin. -->

Mais 14 presos são transferidos da Penitenciária Federal de Mossoró - Taveira Jr

Essa é a terceira transferência &#8211; a segunda em massa &#8211; registrada no presídio desde a fuga de dois presos no dia 14 de fevereiro. Detentos seguiram para outras unidades ...

Início
