{"id":3562,"date":"2024-03-16T20:58:17","date_gmt":"2024-03-16T23:58:17","guid":{"rendered":"https:\/\/deputadotaveirajr.com.br\/?page_id=3562"},"modified":"2024-03-16T20:58:17","modified_gmt":"2024-03-16T23:58:17","slug":"gleisi-diz-ter-sofrido-ataques-em-natal-e-pede-apuracao-a-pf-em-confusao-deputado-deu-tapa-em-celular-de-membro-do-mbl","status":"publish","type":"page","link":"https:\/\/deputadotaveirajr.com.br\/index.php\/gleisi-diz-ter-sofrido-ataques-em-natal-e-pede-apuracao-a-pf-em-confusao-deputado-deu-tapa-em-celular-de-membro-do-mbl\/","title":{"rendered":"Gleisi diz ter sofrido ataques em Natal e pede apura\u00e7\u00e3o \u00e0 PF; em confus\u00e3o, deputado deu tapa em celular de membro do MBL"},"content":{"rendered":"<p>     Presidente do PT afirmou ter sido alvo de intimida\u00e7\u00f5es e acusa\u00e7\u00f5es por parte de um membro do MBL, que nega ter cometido ataques. Deputado federal Fernando Mineiro (PT-RN) disse ter reagido com agress\u00f5es f\u00edsicas em defesa de Gleisi. Caso tamb\u00e9m pode chegar ao Conselho de \u00c9tica da C\u00e2mara. Gleisi Hoffmann durante conven\u00e7\u00e3o nacional do PT em 2022<br \/>\nReprodu\u00e7\u00e3o\/TV Globo<br \/>\nA presidente nacional do PT, deputada Gleisi Hoffmann (PR), afirmou ter sofrido ataques de um influenciador ligado ao Movimento Brasil Livre (MBL) ao desembarcar no Aeroporto Internacional de Natal, na \u00faltima sexta-feira (15).<br \/>\nEm uma confus\u00e3o, o deputado federal Fernando Mineiro (PT-RN), que acompanhava Gleisi na agenda, reagiu ao que chamou de \u201cagress\u00f5es\u201d e \u201cataques mis\u00f3ginos\u201d \u00e0 parlamentar.<br \/>\nV\u00eddeos publicados nas redes sociais mostram Mineiro dando um tapa no celular de uma pessoa que acompanhava o influenciador Matheus Faustino, pr\u00e9-candidato a vereador em Natal.<br \/>\nSegundo Gleisi, a Pol\u00edcia Federal foi acionada para apurar o conflito. A presidente do PT tamb\u00e9m afirmou que tomar\u00e1 as medidas judiciais cab\u00edveis.<br \/>\nImagens publicadas pelo pr\u00f3prio membro do MBL mostram que ele aguardava a chegada da deputada no aeroporto da capital do Rio Grande do Norte. Ele faz perguntas \u00e0 Gleisi, questionando o n\u00famero de feminic\u00eddios registrados no pa\u00eds.<br \/>\nSem respostas, ele aponta para a deputada e diz que ela foi a \u201cprimeira senadora r\u00e9 na Lava Jato\u201d \u2013 a parlamentar foi absolvida pelo Supremo Tribunal Federal (STF) em 2018. Gleisi Hoffmann responde: \u201cIdiota\u201d.<br \/>\nNa sequ\u00eancia, o v\u00eddeo publicado por Faustino somente mostra a confus\u00e3o com Fernando Mineiro. O deputado d\u00e1 um tapa no celular de uma pessoa que filmava as falas do influenciador. Logo depois, Mineiro puxa o bra\u00e7o do membro do MBL e o leva ao ch\u00e3o.<br \/>\nAo g1, o deputado federal afirmou apenas ter reagido &#8220;diante das agress\u00f5es&#8221; contra Gleisi. Ele disse que a presidente do PT foi &#8220;v\u00edtima de ataques mis\u00f3ginos&#8221; e que a rea\u00e7\u00e3o se deu em uma tentativa de &#8220;afast\u00e1-los&#8221;.<br \/>\n&#8220;No desembarque no aeroporto, ela foi abordada por alguns elementos, que logo passaram a gritar e a pression\u00e1-la. Estamos providenciando as devidas medidas jur\u00eddicas e criminais&#8221;, disse o petista.<br \/>\nEm um v\u00eddeo nas redes sociais, o influenciador negou ter atacado Gleisi Hoffmann. \u201cA Pol\u00edcia Militar estava l\u00e1, a Pol\u00edcia Federal estava l\u00e1. Sabe por que n\u00e3o fizeram nada comigo? Simplesmente eu n\u00e3o fui agressivo&#8221;, declarou.<br \/>\nConselho de \u00c9tica<br \/>\nEm uma rede social, o deputado federal Kim Kataguiri (Uni\u00e3o Brasil-SP), um dos fundadores do MBL, afirmou que acionar\u00e1 o Conselho de \u00c9tica da C\u00e2mara para apurar uma suposta quebra de decoro parlamentar cometida por Fernando Mineiro.<br \/>\nPara formalizar o pedido, Kim ainda dever\u00e1 apresentar uma representa\u00e7\u00e3o ao \u00f3rg\u00e3o. O deputado afirmou que \u201centrar em luta corporal contra cidad\u00e3os\u201d n\u00e3o \u00e9 \u201ccondizente com a \u00e9tica parlamentar\u201d.<br \/>\nO Conselho de \u00c9tica pode decidir por puni\u00e7\u00f5es que v\u00e3o desde censura verbal ou escrita at\u00e9 a perda do mandato.<\/p>","protected":false},"excerpt":{"rendered":"<p>Presidente do PT afirmou ter sido alvo de intimida\u00e7\u00f5es e acusa\u00e7\u00f5es por parte de um membro do MBL, que nega ter cometido ataques. Deputado federal Fernando Mineiro (PT-RN) disse ter &#8230;<\/p>\n","protected":false},"author":0,"featured_media":0,"parent":0,"menu_order":0,"comment_status":"closed","ping_status":"closed","template":"","meta":{"footnotes":""},"class_list":["post-3562","page","type-page","status-publish","hentry"],"yoast_head":"<!-- This site is optimized with the Yoast SEO plugin v27.1.1 - https:\/\/yoast.com\/product\/yoast-seo-wordpress\/ -->\n<title>Gleisi diz ter sofrido ataques em Natal e pede apura\u00e7\u00e3o \u00e0 PF; em confus\u00e3o, deputado deu tapa em celular de membro do MBL - Taveira Jr<\/title>\n<meta name=\"robots\" content=\"index, follow, max-snippet:-1, max-image-preview:large, max-video-preview:-1\" \/>\n<link rel=\"canonical\" href=\"https:\/\/deputadotaveirajr.com.br\/index.php\/gleisi-diz-ter-sofrido-ataques-em-natal-e-pede-apuracao-a-pf-em-confusao-deputado-deu-tapa-em-celular-de-membro-do-mbl\/\" \/>\n<meta property=\"og:locale\" content=\"pt_BR\" \/>\n<meta property=\"og:type\" content=\"article\" \/>\n<meta property=\"og:title\" content=\"Gleisi diz ter sofrido ataques em Natal e pede apura\u00e7\u00e3o \u00e0 PF; em confus\u00e3o, deputado deu tapa em celular de membro do MBL - Taveira Jr\" \/>\n<meta property=\"og:description\" content=\"Presidente do PT afirmou ter sido alvo de intimida\u00e7\u00f5es e acusa\u00e7\u00f5es por parte de um membro do MBL, que nega ter cometido ataques. Deputado federal Fernando Mineiro (PT-RN) disse ter ...\" \/>\n<meta property=\"og:url\" content=\"https:\/\/deputadotaveirajr.com.br\/index.php\/gleisi-diz-ter-sofrido-ataques-em-natal-e-pede-apuracao-a-pf-em-confusao-deputado-deu-tapa-em-celular-de-membro-do-mbl\/\" \/>\n<meta property=\"og:site_name\" content=\"Taveira Jr\" \/>\n<meta name=\"twitter:card\" content=\"summary_large_image\" \/>\n<meta name=\"twitter:label1\" content=\"Est. tempo de leitura\" \/>\n\t<meta name=\"twitter:data1\" content=\"3 minutos\" \/>\n<script type=\"application\/ld+json\" class=\"yoast-schema-graph\">{\"@context\":\"https:\/\/schema.org\",\"@graph\":[{\"@type\":\"WebPage\",\"@id\":\"https:\/\/deputadotaveirajr.com.br\/index.php\/gleisi-diz-ter-sofrido-ataques-em-natal-e-pede-apuracao-a-pf-em-confusao-deputado-deu-tapa-em-celular-de-membro-do-mbl\/\",\"url\":\"https:\/\/deputadotaveirajr.com.br\/index.php\/gleisi-diz-ter-sofrido-ataques-em-natal-e-pede-apuracao-a-pf-em-confusao-deputado-deu-tapa-em-celular-de-membro-do-mbl\/\",\"name\":\"Gleisi diz ter sofrido ataques em Natal e pede apura\u00e7\u00e3o \u00e0 PF; em confus\u00e3o, deputado deu tapa em celular de membro do MBL - Taveira Jr\",\"isPartOf\":{\"@id\":\"https:\/\/deputadotaveirajr.com.br\/#website\"},\"datePublished\":\"2024-03-16T23:58:17+00:00\",\"breadcrumb\":{\"@id\":\"https:\/\/deputadotaveirajr.com.br\/index.php\/gleisi-diz-ter-sofrido-ataques-em-natal-e-pede-apuracao-a-pf-em-confusao-deputado-deu-tapa-em-celular-de-membro-do-mbl\/#breadcrumb\"},\"inLanguage\":\"pt-BR\",\"potentialAction\":[{\"@type\":\"ReadAction\",\"target\":[\"https:\/\/deputadotaveirajr.com.br\/index.php\/gleisi-diz-ter-sofrido-ataques-em-natal-e-pede-apuracao-a-pf-em-confusao-deputado-deu-tapa-em-celular-de-membro-do-mbl\/\"]}]},{\"@type\":\"BreadcrumbList\",\"@id\":\"https:\/\/deputadotaveirajr.com.br\/index.php\/gleisi-diz-ter-sofrido-ataques-em-natal-e-pede-apuracao-a-pf-em-confusao-deputado-deu-tapa-em-celular-de-membro-do-mbl\/#breadcrumb\",\"itemListElement\":[{\"@type\":\"ListItem\",\"position\":1,\"name\":\"In\u00edcio\",\"item\":\"https:\/\/deputadotaveirajr.com.br\/\"},{\"@type\":\"ListItem\",\"position\":2,\"name\":\"Gleisi diz ter sofrido ataques em Natal e pede apura\u00e7\u00e3o \u00e0 PF; em confus\u00e3o, deputado deu tapa em celular de membro do MBL\"}]},{\"@type\":\"WebSite\",\"@id\":\"https:\/\/deputadotaveirajr.com.br\/#website\",\"url\":\"https:\/\/deputadotaveirajr.com.br\/\",\"name\":\"Taveira Jr\",\"description\":\"Deputado Estadual\",\"publisher\":{\"@id\":\"https:\/\/deputadotaveirajr.com.br\/#organization\"},\"potentialAction\":[{\"@type\":\"SearchAction\",\"target\":{\"@type\":\"EntryPoint\",\"urlTemplate\":\"https:\/\/deputadotaveirajr.com.br\/?s={search_term_string}\"},\"query-input\":{\"@type\":\"PropertyValueSpecification\",\"valueRequired\":true,\"valueName\":\"search_term_string\"}}],\"inLanguage\":\"pt-BR\"},{\"@type\":\"Organization\",\"@id\":\"https:\/\/deputadotaveirajr.com.br\/#organization\",\"name\":\"Taveira Jr\",\"url\":\"https:\/\/deputadotaveirajr.com.br\/\",\"logo\":{\"@type\":\"ImageObject\",\"inLanguage\":\"pt-BR\",\"@id\":\"https:\/\/deputadotaveirajr.com.br\/#\/schema\/logo\/image\/\",\"url\":\"https:\/\/deputadotaveirajr.com.br\/wp-content\/uploads\/2026\/01\/logolow2a.png\",\"contentUrl\":\"https:\/\/deputadotaveirajr.com.br\/wp-content\/uploads\/2026\/01\/logolow2a.png\",\"width\":290,\"height\":80,\"caption\":\"Taveira Jr\"},\"image\":{\"@id\":\"https:\/\/deputadotaveirajr.com.br\/#\/schema\/logo\/image\/\"}}]}<\/script>\n<!-- \/ Yoast SEO plugin. -->","yoast_head_json":{"title":"Gleisi diz ter sofrido ataques em Natal e pede apura\u00e7\u00e3o \u00e0 PF; em confus\u00e3o, deputado deu tapa em celular de membro do MBL - Taveira Jr","robots":{"index":"index","follow":"follow","max-snippet":"max-snippet:-1","max-image-preview":"max-image-preview:large","max-video-preview":"max-video-preview:-1"},"canonical":"https:\/\/deputadotaveirajr.com.br\/index.php\/gleisi-diz-ter-sofrido-ataques-em-natal-e-pede-apuracao-a-pf-em-confusao-deputado-deu-tapa-em-celular-de-membro-do-mbl\/","og_locale":"pt_BR","og_type":"article","og_title":"Gleisi diz ter sofrido ataques em Natal e pede apura\u00e7\u00e3o \u00e0 PF; em confus\u00e3o, deputado deu tapa em celular de membro do MBL - Taveira Jr","og_description":"Presidente do PT afirmou ter sido alvo de intimida\u00e7\u00f5es e acusa\u00e7\u00f5es por parte de um membro do MBL, que nega ter cometido ataques. Deputado federal Fernando Mineiro (PT-RN) disse ter ...","og_url":"https:\/\/deputadotaveirajr.com.br\/index.php\/gleisi-diz-ter-sofrido-ataques-em-natal-e-pede-apuracao-a-pf-em-confusao-deputado-deu-tapa-em-celular-de-membro-do-mbl\/","og_site_name":"Taveira Jr","twitter_card":"summary_large_image","twitter_misc":{"Est. tempo de leitura":"3 minutos"},"schema":{"@context":"https:\/\/schema.org","@graph":[{"@type":"WebPage","@id":"https:\/\/deputadotaveirajr.com.br\/index.php\/gleisi-diz-ter-sofrido-ataques-em-natal-e-pede-apuracao-a-pf-em-confusao-deputado-deu-tapa-em-celular-de-membro-do-mbl\/","url":"https:\/\/deputadotaveirajr.com.br\/index.php\/gleisi-diz-ter-sofrido-ataques-em-natal-e-pede-apuracao-a-pf-em-confusao-deputado-deu-tapa-em-celular-de-membro-do-mbl\/","name":"Gleisi diz ter sofrido ataques em Natal e pede apura\u00e7\u00e3o \u00e0 PF; em confus\u00e3o, deputado deu tapa em celular de membro do MBL - Taveira Jr","isPartOf":{"@id":"https:\/\/deputadotaveirajr.com.br\/#website"},"datePublished":"2024-03-16T23:58:17+00:00","breadcrumb":{"@id":"https:\/\/deputadotaveirajr.com.br\/index.php\/gleisi-diz-ter-sofrido-ataques-em-natal-e-pede-apuracao-a-pf-em-confusao-deputado-deu-tapa-em-celular-de-membro-do-mbl\/#breadcrumb"},"inLanguage":"pt-BR","potentialAction":[{"@type":"ReadAction","target":["https:\/\/deputadotaveirajr.com.br\/index.php\/gleisi-diz-ter-sofrido-ataques-em-natal-e-pede-apuracao-a-pf-em-confusao-deputado-deu-tapa-em-celular-de-membro-do-mbl\/"]}]},{"@type":"BreadcrumbList","@id":"https:\/\/deputadotaveirajr.com.br\/index.php\/gleisi-diz-ter-sofrido-ataques-em-natal-e-pede-apuracao-a-pf-em-confusao-deputado-deu-tapa-em-celular-de-membro-do-mbl\/#breadcrumb","itemListElement":[{"@type":"ListItem","position":1,"name":"In\u00edcio","item":"https:\/\/deputadotaveirajr.com.br\/"},{"@type":"ListItem","position":2,"name":"Gleisi diz ter sofrido ataques em Natal e pede apura\u00e7\u00e3o \u00e0 PF; em confus\u00e3o, deputado deu tapa em celular de membro do MBL"}]},{"@type":"WebSite","@id":"https:\/\/deputadotaveirajr.com.br\/#website","url":"https:\/\/deputadotaveirajr.com.br\/","name":"Taveira Jr","description":"Deputado Estadual","publisher":{"@id":"https:\/\/deputadotaveirajr.com.br\/#organization"},"potentialAction":[{"@type":"SearchAction","target":{"@type":"EntryPoint","urlTemplate":"https:\/\/deputadotaveirajr.com.br\/?s={search_term_string}"},"query-input":{"@type":"PropertyValueSpecification","valueRequired":true,"valueName":"search_term_string"}}],"inLanguage":"pt-BR"},{"@type":"Organization","@id":"https:\/\/deputadotaveirajr.com.br\/#organization","name":"Taveira Jr","url":"https:\/\/deputadotaveirajr.com.br\/","logo":{"@type":"ImageObject","inLanguage":"pt-BR","@id":"https:\/\/deputadotaveirajr.com.br\/#\/schema\/logo\/image\/","url":"https:\/\/deputadotaveirajr.com.br\/wp-content\/uploads\/2026\/01\/logolow2a.png","contentUrl":"https:\/\/deputadotaveirajr.com.br\/wp-content\/uploads\/2026\/01\/logolow2a.png","width":290,"height":80,"caption":"Taveira Jr"},"image":{"@id":"https:\/\/deputadotaveirajr.com.br\/#\/schema\/logo\/image\/"}}]}},"_links":{"self":[{"href":"https:\/\/deputadotaveirajr.com.br\/index.php\/wp-json\/wp\/v2\/pages\/3562","targetHints":{"allow":["GET"]}}],"collection":[{"href":"https:\/\/deputadotaveirajr.com.br\/index.php\/wp-json\/wp\/v2\/pages"}],"about":[{"href":"https:\/\/deputadotaveirajr.com.br\/index.php\/wp-json\/wp\/v2\/types\/page"}],"replies":[{"embeddable":true,"href":"https:\/\/deputadotaveirajr.com.br\/index.php\/wp-json\/wp\/v2\/comments?post=3562"}],"version-history":[{"count":1,"href":"https:\/\/deputadotaveirajr.com.br\/index.php\/wp-json\/wp\/v2\/pages\/3562\/revisions"}],"predecessor-version":[{"id":3564,"href":"https:\/\/deputadotaveirajr.com.br\/index.php\/wp-json\/wp\/v2\/pages\/3562\/revisions\/3564"}],"wp:attachment":[{"href":"https:\/\/deputadotaveirajr.com.br\/index.php\/wp-json\/wp\/v2\/media?parent=3562"}],"curies":[{"name":"wp","href":"https:\/\/api.w.org\/{rel}","templated":true}]}}