{"id":3565,"date":"2024-03-17T11:48:31","date_gmt":"2024-03-17T14:48:31","guid":{"rendered":"https:\/\/deputadotaveirajr.com.br\/?page_id=3565"},"modified":"2024-03-17T11:48:31","modified_gmt":"2024-03-17T14:48:31","slug":"natal-recebe-2a-edicao-do-festival-cenas-da-periferia-com-musica-batalhas-de-rima-e-mais-confira-programacao","status":"publish","type":"page","link":"https:\/\/deputadotaveirajr.com.br\/index.php\/natal-recebe-2a-edicao-do-festival-cenas-da-periferia-com-musica-batalhas-de-rima-e-mais-confira-programacao\/","title":{"rendered":"Natal recebe 2\u00aa edi\u00e7\u00e3o do Festival Cenas da Periferia com m\u00fasica, batalhas de rima e mais; confira programa\u00e7\u00e3o"},"content":{"rendered":"<p>     A segunda edi\u00e7\u00e3o do projeto conta com a presen\u00e7a do rapper paulistano Rincon Sapi\u00eancia, al\u00e9m de atra\u00e7\u00f5es potiguares na programa\u00e7\u00e3o, que acontece nos pr\u00f3ximos dias 23 e 24. Natal recebe 2\u00aa edi\u00e7\u00e3o do Festival Cenas da Periferia com m\u00fasica, batalhas de rima e mais<br \/>\nLuana Tayze<br \/>\nA segunda edi\u00e7\u00e3o do Festival Cenas da Periferia j\u00e1 tem data marcada: os pr\u00f3ximos dias 23 e 24 deste m\u00eas ser\u00e3o de uma intensa programa\u00e7\u00e3o voltada para apresenta\u00e7\u00f5es musicais, breaking, batalhas de rima, interven\u00e7\u00f5es art\u00edsticas urbanas (grafite), entre outras atividades.<br \/>\nTudo isso vai acontecer com acesso livre da popula\u00e7\u00e3o no Galp\u00e3o Multiuso Esperan\u00e7a e no Teatro de Arena, conhecido como Rodinha do Padre, localizados no bairro Cidade da Esperan\u00e7a, Zona Oeste de Natal.<br \/>\n\ud83d\udcf3Participe do canal do g1 RN no WhatsApp e receba no seu celular as not\u00edcias do estado<br \/>\nA primeira edi\u00e7\u00e3o, ocorrida em agosto de 2021, teve como objetivo dar vez e voz para as a\u00e7\u00f5es culturais perif\u00e9ricas, promovendo atividades que integram o universo Hip-hop, como breaking, rima, grafite e m\u00fasica. Al\u00e9m de proporcionar seguran\u00e7a e lazer em ambientes pouco vistos e valorizados na cidade.<br \/>\nAgora, o projeto Cenas da Periferia continua sua jornada nesta segunda etapa, inspirando a comunidade a seguir acreditando no poder transformador da arte e a reconhecer o valor de espa\u00e7os e eventos culturais locais. Visa ainda contribuir para que mais pessoas tenham acesso a esses espa\u00e7os, fortalecendo o senso de pertencimento.<br \/>\nHaylene Dantas, uma das idealizadoras do projeto, refor\u00e7a suas expectativas para mais uma edi\u00e7\u00e3o do festival. \u201cJ\u00e1 se passaram quase tr\u00eas anos desde a primeira edi\u00e7\u00e3o, e \u00e9 um projeto com muita relev\u00e2ncia gra\u00e7as \u00e0 cena cultural gigantesca que existe nas comunidades, muitas vezes invisibilizada. Ent\u00e3o, acredito que ao trazer esse olhar, podemos conhecer muitas coisas novas, inclusive diversas formas de arte \u00e0s quais n\u00e3o temos acesso\u201d, pontua.<br \/>\nOs resultados esperados envolvem a perspectiva de atrair dois mil espectadores que ter\u00e3o a oportunidade de assistir \u00e0 apresenta\u00e7\u00e3o do rapper paulistano Rincon Sapi\u00eancia. Ele tamb\u00e9m participa de uma roda de conversa. A programa\u00e7\u00e3o do festival inclui apresenta\u00e7\u00f5es de nomes que s\u00e3o refer\u00eancias locais do hip hop, rap, funk, trap, m\u00fasica eletr\u00f4nica, entre outras modalidades art\u00edsticas urbanas.<br \/>\nServi\u00e7o<br \/>\nSegunda Edi\u00e7\u00e3o do Festival Cenas da Periferia<br \/>\nData: S\u00e1bado (23)<br \/>\nLocal: Galp\u00e3o Multiuso Esperan\u00e7a, R.Cajazeiras, 140-180<br \/>\nData: Domingo (24)<br \/>\nLocal: Rodinha do Padre (Teatro de Arena) Arena Esperan\u00e7a<br \/>\nAv. Para\u00edba, 11 &#8211; Cidade da Esperan\u00e7a.<br \/>\nNatal recebe 2\u00aa edi\u00e7\u00e3o do Festival Cenas da Periferia com m\u00fasica, batalhas de rima e mais<br \/>\nLuana Tayze<br \/>\nV\u00cdDEOS: Mais assistidos do RN nos \u00faltimos 7 dias<\/p>","protected":false},"excerpt":{"rendered":"<p>A segunda edi\u00e7\u00e3o do projeto conta com a presen\u00e7a do rapper paulistano Rincon Sapi\u00eancia, al\u00e9m de atra\u00e7\u00f5es potiguares na programa\u00e7\u00e3o, que acontece nos pr\u00f3ximos dias 23 e 24. Natal recebe &#8230;<\/p>\n","protected":false},"author":0,"featured_media":0,"parent":0,"menu_order":0,"comment_status":"closed","ping_status":"closed","template":"","meta":{"footnotes":""},"class_list":["post-3565","page","type-page","status-publish","hentry"],"yoast_head":"<!-- This site is optimized with the Yoast SEO plugin v27.1.1 - https:\/\/yoast.com\/product\/yoast-seo-wordpress\/ -->\n<title>Natal recebe 2\u00aa edi\u00e7\u00e3o do Festival Cenas da Periferia com m\u00fasica, batalhas de rima e mais; confira programa\u00e7\u00e3o - Taveira Jr<\/title>\n<meta name=\"robots\" content=\"index, follow, max-snippet:-1, max-image-preview:large, max-video-preview:-1\" \/>\n<link rel=\"canonical\" href=\"https:\/\/deputadotaveirajr.com.br\/index.php\/natal-recebe-2a-edicao-do-festival-cenas-da-periferia-com-musica-batalhas-de-rima-e-mais-confira-programacao\/\" \/>\n<meta property=\"og:locale\" content=\"pt_BR\" \/>\n<meta property=\"og:type\" content=\"article\" \/>\n<meta property=\"og:title\" content=\"Natal recebe 2\u00aa edi\u00e7\u00e3o do Festival Cenas da Periferia com m\u00fasica, batalhas de rima e mais; confira programa\u00e7\u00e3o - Taveira Jr\" \/>\n<meta property=\"og:description\" content=\"A segunda edi\u00e7\u00e3o do projeto conta com a presen\u00e7a do rapper paulistano Rincon Sapi\u00eancia, al\u00e9m de atra\u00e7\u00f5es potiguares na programa\u00e7\u00e3o, que acontece nos pr\u00f3ximos dias 23 e 24. Natal recebe ...\" \/>\n<meta property=\"og:url\" content=\"https:\/\/deputadotaveirajr.com.br\/index.php\/natal-recebe-2a-edicao-do-festival-cenas-da-periferia-com-musica-batalhas-de-rima-e-mais-confira-programacao\/\" \/>\n<meta property=\"og:site_name\" content=\"Taveira Jr\" \/>\n<meta name=\"twitter:card\" content=\"summary_large_image\" \/>\n<meta name=\"twitter:label1\" content=\"Est. tempo de leitura\" \/>\n\t<meta name=\"twitter:data1\" content=\"2 minutos\" \/>\n<script type=\"application\/ld+json\" class=\"yoast-schema-graph\">{\"@context\":\"https:\/\/schema.org\",\"@graph\":[{\"@type\":\"WebPage\",\"@id\":\"https:\/\/deputadotaveirajr.com.br\/index.php\/natal-recebe-2a-edicao-do-festival-cenas-da-periferia-com-musica-batalhas-de-rima-e-mais-confira-programacao\/\",\"url\":\"https:\/\/deputadotaveirajr.com.br\/index.php\/natal-recebe-2a-edicao-do-festival-cenas-da-periferia-com-musica-batalhas-de-rima-e-mais-confira-programacao\/\",\"name\":\"Natal recebe 2\u00aa edi\u00e7\u00e3o do Festival Cenas da Periferia com m\u00fasica, batalhas de rima e mais; confira programa\u00e7\u00e3o - Taveira Jr\",\"isPartOf\":{\"@id\":\"https:\/\/deputadotaveirajr.com.br\/#website\"},\"datePublished\":\"2024-03-17T14:48:31+00:00\",\"breadcrumb\":{\"@id\":\"https:\/\/deputadotaveirajr.com.br\/index.php\/natal-recebe-2a-edicao-do-festival-cenas-da-periferia-com-musica-batalhas-de-rima-e-mais-confira-programacao\/#breadcrumb\"},\"inLanguage\":\"pt-BR\",\"potentialAction\":[{\"@type\":\"ReadAction\",\"target\":[\"https:\/\/deputadotaveirajr.com.br\/index.php\/natal-recebe-2a-edicao-do-festival-cenas-da-periferia-com-musica-batalhas-de-rima-e-mais-confira-programacao\/\"]}]},{\"@type\":\"BreadcrumbList\",\"@id\":\"https:\/\/deputadotaveirajr.com.br\/index.php\/natal-recebe-2a-edicao-do-festival-cenas-da-periferia-com-musica-batalhas-de-rima-e-mais-confira-programacao\/#breadcrumb\",\"itemListElement\":[{\"@type\":\"ListItem\",\"position\":1,\"name\":\"In\u00edcio\",\"item\":\"https:\/\/deputadotaveirajr.com.br\/\"},{\"@type\":\"ListItem\",\"position\":2,\"name\":\"Natal recebe 2\u00aa edi\u00e7\u00e3o do Festival Cenas da Periferia com m\u00fasica, batalhas de rima e mais; confira programa\u00e7\u00e3o\"}]},{\"@type\":\"WebSite\",\"@id\":\"https:\/\/deputadotaveirajr.com.br\/#website\",\"url\":\"https:\/\/deputadotaveirajr.com.br\/\",\"name\":\"Taveira Jr\",\"description\":\"Deputado Estadual\",\"publisher\":{\"@id\":\"https:\/\/deputadotaveirajr.com.br\/#organization\"},\"potentialAction\":[{\"@type\":\"SearchAction\",\"target\":{\"@type\":\"EntryPoint\",\"urlTemplate\":\"https:\/\/deputadotaveirajr.com.br\/?s={search_term_string}\"},\"query-input\":{\"@type\":\"PropertyValueSpecification\",\"valueRequired\":true,\"valueName\":\"search_term_string\"}}],\"inLanguage\":\"pt-BR\"},{\"@type\":\"Organization\",\"@id\":\"https:\/\/deputadotaveirajr.com.br\/#organization\",\"name\":\"Taveira Jr\",\"url\":\"https:\/\/deputadotaveirajr.com.br\/\",\"logo\":{\"@type\":\"ImageObject\",\"inLanguage\":\"pt-BR\",\"@id\":\"https:\/\/deputadotaveirajr.com.br\/#\/schema\/logo\/image\/\",\"url\":\"https:\/\/deputadotaveirajr.com.br\/wp-content\/uploads\/2026\/01\/logolow2a.png\",\"contentUrl\":\"https:\/\/deputadotaveirajr.com.br\/wp-content\/uploads\/2026\/01\/logolow2a.png\",\"width\":290,\"height\":80,\"caption\":\"Taveira Jr\"},\"image\":{\"@id\":\"https:\/\/deputadotaveirajr.com.br\/#\/schema\/logo\/image\/\"}}]}<\/script>\n<!-- \/ Yoast SEO plugin. -->","yoast_head_json":{"title":"Natal recebe 2\u00aa edi\u00e7\u00e3o do Festival Cenas da Periferia com m\u00fasica, batalhas de rima e mais; confira programa\u00e7\u00e3o - Taveira Jr","robots":{"index":"index","follow":"follow","max-snippet":"max-snippet:-1","max-image-preview":"max-image-preview:large","max-video-preview":"max-video-preview:-1"},"canonical":"https:\/\/deputadotaveirajr.com.br\/index.php\/natal-recebe-2a-edicao-do-festival-cenas-da-periferia-com-musica-batalhas-de-rima-e-mais-confira-programacao\/","og_locale":"pt_BR","og_type":"article","og_title":"Natal recebe 2\u00aa edi\u00e7\u00e3o do Festival Cenas da Periferia com m\u00fasica, batalhas de rima e mais; confira programa\u00e7\u00e3o - Taveira Jr","og_description":"A segunda edi\u00e7\u00e3o do projeto conta com a presen\u00e7a do rapper paulistano Rincon Sapi\u00eancia, al\u00e9m de atra\u00e7\u00f5es potiguares na programa\u00e7\u00e3o, que acontece nos pr\u00f3ximos dias 23 e 24. Natal recebe ...","og_url":"https:\/\/deputadotaveirajr.com.br\/index.php\/natal-recebe-2a-edicao-do-festival-cenas-da-periferia-com-musica-batalhas-de-rima-e-mais-confira-programacao\/","og_site_name":"Taveira Jr","twitter_card":"summary_large_image","twitter_misc":{"Est. tempo de leitura":"2 minutos"},"schema":{"@context":"https:\/\/schema.org","@graph":[{"@type":"WebPage","@id":"https:\/\/deputadotaveirajr.com.br\/index.php\/natal-recebe-2a-edicao-do-festival-cenas-da-periferia-com-musica-batalhas-de-rima-e-mais-confira-programacao\/","url":"https:\/\/deputadotaveirajr.com.br\/index.php\/natal-recebe-2a-edicao-do-festival-cenas-da-periferia-com-musica-batalhas-de-rima-e-mais-confira-programacao\/","name":"Natal recebe 2\u00aa edi\u00e7\u00e3o do Festival Cenas da Periferia com m\u00fasica, batalhas de rima e mais; confira programa\u00e7\u00e3o - Taveira Jr","isPartOf":{"@id":"https:\/\/deputadotaveirajr.com.br\/#website"},"datePublished":"2024-03-17T14:48:31+00:00","breadcrumb":{"@id":"https:\/\/deputadotaveirajr.com.br\/index.php\/natal-recebe-2a-edicao-do-festival-cenas-da-periferia-com-musica-batalhas-de-rima-e-mais-confira-programacao\/#breadcrumb"},"inLanguage":"pt-BR","potentialAction":[{"@type":"ReadAction","target":["https:\/\/deputadotaveirajr.com.br\/index.php\/natal-recebe-2a-edicao-do-festival-cenas-da-periferia-com-musica-batalhas-de-rima-e-mais-confira-programacao\/"]}]},{"@type":"BreadcrumbList","@id":"https:\/\/deputadotaveirajr.com.br\/index.php\/natal-recebe-2a-edicao-do-festival-cenas-da-periferia-com-musica-batalhas-de-rima-e-mais-confira-programacao\/#breadcrumb","itemListElement":[{"@type":"ListItem","position":1,"name":"In\u00edcio","item":"https:\/\/deputadotaveirajr.com.br\/"},{"@type":"ListItem","position":2,"name":"Natal recebe 2\u00aa edi\u00e7\u00e3o do Festival Cenas da Periferia com m\u00fasica, batalhas de rima e mais; confira programa\u00e7\u00e3o"}]},{"@type":"WebSite","@id":"https:\/\/deputadotaveirajr.com.br\/#website","url":"https:\/\/deputadotaveirajr.com.br\/","name":"Taveira Jr","description":"Deputado Estadual","publisher":{"@id":"https:\/\/deputadotaveirajr.com.br\/#organization"},"potentialAction":[{"@type":"SearchAction","target":{"@type":"EntryPoint","urlTemplate":"https:\/\/deputadotaveirajr.com.br\/?s={search_term_string}"},"query-input":{"@type":"PropertyValueSpecification","valueRequired":true,"valueName":"search_term_string"}}],"inLanguage":"pt-BR"},{"@type":"Organization","@id":"https:\/\/deputadotaveirajr.com.br\/#organization","name":"Taveira Jr","url":"https:\/\/deputadotaveirajr.com.br\/","logo":{"@type":"ImageObject","inLanguage":"pt-BR","@id":"https:\/\/deputadotaveirajr.com.br\/#\/schema\/logo\/image\/","url":"https:\/\/deputadotaveirajr.com.br\/wp-content\/uploads\/2026\/01\/logolow2a.png","contentUrl":"https:\/\/deputadotaveirajr.com.br\/wp-content\/uploads\/2026\/01\/logolow2a.png","width":290,"height":80,"caption":"Taveira Jr"},"image":{"@id":"https:\/\/deputadotaveirajr.com.br\/#\/schema\/logo\/image\/"}}]}},"_links":{"self":[{"href":"https:\/\/deputadotaveirajr.com.br\/index.php\/wp-json\/wp\/v2\/pages\/3565","targetHints":{"allow":["GET"]}}],"collection":[{"href":"https:\/\/deputadotaveirajr.com.br\/index.php\/wp-json\/wp\/v2\/pages"}],"about":[{"href":"https:\/\/deputadotaveirajr.com.br\/index.php\/wp-json\/wp\/v2\/types\/page"}],"replies":[{"embeddable":true,"href":"https:\/\/deputadotaveirajr.com.br\/index.php\/wp-json\/wp\/v2\/comments?post=3565"}],"version-history":[{"count":1,"href":"https:\/\/deputadotaveirajr.com.br\/index.php\/wp-json\/wp\/v2\/pages\/3565\/revisions"}],"predecessor-version":[{"id":3573,"href":"https:\/\/deputadotaveirajr.com.br\/index.php\/wp-json\/wp\/v2\/pages\/3565\/revisions\/3573"}],"wp:attachment":[{"href":"https:\/\/deputadotaveirajr.com.br\/index.php\/wp-json\/wp\/v2\/media?parent=3565"}],"curies":[{"name":"wp","href":"https:\/\/api.w.org\/{rel}","templated":true}]}}

Natal recebe 2ª edição do Festival Cenas da Periferia com música, batalhas de rima e mais; confira programação

<p>     A segunda edição do projeto conta com a presença do rapper paulistano Rincon Sapiência, além de atrações potiguares na programação, que acontece nos próximos dias 23 e 24. Natal recebe 2ª edição do Festival Cenas da Periferia com música, batalhas de rima e mais<br />
Luana Tayze<br />
A segunda edição do Festival Cenas da Periferia já tem data marcada: os próximos dias 23 e 24 deste mês serão de uma intensa programação voltada para apresentações musicais, breaking, batalhas de rima, intervenções artísticas urbanas (grafite), entre outras atividades.<br />
Tudo isso vai acontecer com acesso livre da população no Galpão Multiuso Esperança e no Teatro de Arena, conhecido como Rodinha do Padre, localizados no bairro Cidade da Esperança, Zona Oeste de Natal.<br />
📳Participe do canal do g1 RN no WhatsApp e receba no seu celular as notícias do estado<br />
A primeira edição, ocorrida em agosto de 2021, teve como objetivo dar vez e voz para as ações culturais periféricas, promovendo atividades que integram o universo Hip-hop, como breaking, rima, grafite e música. Além de proporcionar segurança e lazer em ambientes pouco vistos e valorizados na cidade.<br />
Agora, o projeto Cenas da Periferia continua sua jornada nesta segunda etapa, inspirando a comunidade a seguir acreditando no poder transformador da arte e a reconhecer o valor de espaços e eventos culturais locais. Visa ainda contribuir para que mais pessoas tenham acesso a esses espaços, fortalecendo o senso de pertencimento.<br />
Haylene Dantas, uma das idealizadoras do projeto, reforça suas expectativas para mais uma edição do festival. “Já se passaram quase três anos desde a primeira edição, e é um projeto com muita relevância graças à cena cultural gigantesca que existe nas comunidades, muitas vezes invisibilizada. Então, acredito que ao trazer esse olhar, podemos conhecer muitas coisas novas, inclusive diversas formas de arte às quais não temos acesso”, pontua.<br />
Os resultados esperados envolvem a perspectiva de atrair dois mil espectadores que terão a oportunidade de assistir à apresentação do rapper paulistano Rincon Sapiência. Ele também participa de uma roda de conversa. A programação do festival inclui apresentações de nomes que são referências locais do hip hop, rap, funk, trap, música eletrônica, entre outras modalidades artísticas urbanas.<br />
Serviço<br />
Segunda Edição do Festival Cenas da Periferia<br />
Data: Sábado (23)<br />
Local: Galpão Multiuso Esperança, R.Cajazeiras, 140-180<br />
Data: Domingo (24)<br />
Local: Rodinha do Padre (Teatro de Arena) Arena Esperança<br />
Av. Paraíba, 11 &#8211; Cidade da Esperança.<br />
Natal recebe 2ª edição do Festival Cenas da Periferia com música, batalhas de rima e mais<br />
Luana Tayze<br />
VÍDEOS: Mais assistidos do RN nos últimos 7 dias</p>

<p>A segunda edição do projeto conta com a presença do rapper paulistano Rincon Sapiência, além de atrações potiguares na programação, que acontece nos próximos dias 23 e 24. Natal recebe &#8230;</p>

<!-- This site is optimized with the Yoast SEO plugin v27.1.1 - https://yoast.com/product/yoast-seo-wordpress/ -->
<title>Natal recebe 2ª edição do Festival Cenas da Periferia com música, batalhas de rima e mais; confira programação - Taveira Jr</title>
<meta name="robots" content="index, follow, max-snippet:-1, max-image-preview:large, max-video-preview:-1" />
<link rel="canonical" href="https://deputadotaveirajr.com.br/index.php/natal-recebe-2a-edicao-do-festival-cenas-da-periferia-com-musica-batalhas-de-rima-e-mais-confira-programacao/" />
<meta property="og:locale" content="pt_BR" />
<meta property="og:type" content="article" />
<meta property="og:title" content="Natal recebe 2ª edição do Festival Cenas da Periferia com música, batalhas de rima e mais; confira programação - Taveira Jr" />
<meta property="og:description" content="A segunda edição do projeto conta com a presença do rapper paulistano Rincon Sapiência, além de atrações potiguares na programação, que acontece nos próximos dias 23 e 24. Natal recebe ..." />
<meta property="og:url" content="https://deputadotaveirajr.com.br/index.php/natal-recebe-2a-edicao-do-festival-cenas-da-periferia-com-musica-batalhas-de-rima-e-mais-confira-programacao/" />
<meta property="og:site_name" content="Taveira Jr" />
<meta name="twitter:card" content="summary_large_image" />
<meta name="twitter:label1" content="Est. tempo de leitura" />
	<meta name="twitter:data1" content="2 minutos" />
<script type="application/ld+json" class="yoast-schema-graph">{"@context":"https://schema.org","@graph":[{"@type":"WebPage","@id":"https://deputadotaveirajr.com.br/index.php/natal-recebe-2a-edicao-do-festival-cenas-da-periferia-com-musica-batalhas-de-rima-e-mais-confira-programacao/","url":"https://deputadotaveirajr.com.br/index.php/natal-recebe-2a-edicao-do-festival-cenas-da-periferia-com-musica-batalhas-de-rima-e-mais-confira-programacao/","name":"Natal recebe 2ª edição do Festival Cenas da Periferia com música, batalhas de rima e mais; confira programação - Taveira Jr","isPartOf":{"@id":"https://deputadotaveirajr.com.br/#website"},"datePublished":"2024-03-17T14:48:31+00:00","breadcrumb":{"@id":"https://deputadotaveirajr.com.br/index.php/natal-recebe-2a-edicao-do-festival-cenas-da-periferia-com-musica-batalhas-de-rima-e-mais-confira-programacao/#breadcrumb"},"inLanguage":"pt-BR","potentialAction":[{"@type":"ReadAction","target":["https://deputadotaveirajr.com.br/index.php/natal-recebe-2a-edicao-do-festival-cenas-da-periferia-com-musica-batalhas-de-rima-e-mais-confira-programacao/"]}]},{"@type":"BreadcrumbList","@id":"https://deputadotaveirajr.com.br/index.php/natal-recebe-2a-edicao-do-festival-cenas-da-periferia-com-musica-batalhas-de-rima-e-mais-confira-programacao/#breadcrumb","itemListElement":[{"@type":"ListItem","position":1,"name":"Início","item":"https://deputadotaveirajr.com.br/"},{"@type":"ListItem","position":2,"name":"Natal recebe 2ª edição do Festival Cenas da Periferia com música, batalhas de rima e mais; confira programação"}]},{"@type":"WebSite","@id":"https://deputadotaveirajr.com.br/#website","url":"https://deputadotaveirajr.com.br/","name":"Taveira Jr","description":"Deputado Estadual","publisher":{"@id":"https://deputadotaveirajr.com.br/#organization"},"potentialAction":[{"@type":"SearchAction","target":{"@type":"EntryPoint","urlTemplate":"https://deputadotaveirajr.com.br/?s={search_term_string}"},"query-input":{"@type":"PropertyValueSpecification","valueRequired":true,"valueName":"search_term_string"}}],"inLanguage":"pt-BR"},{"@type":"Organization","@id":"https://deputadotaveirajr.com.br/#organization","name":"Taveira Jr","url":"https://deputadotaveirajr.com.br/","logo":{"@type":"ImageObject","inLanguage":"pt-BR","@id":"https://deputadotaveirajr.com.br/#/schema/logo/image/","url":"https://deputadotaveirajr.com.br/wp-content/uploads/2026/01/logolow2a.png","contentUrl":"https://deputadotaveirajr.com.br/wp-content/uploads/2026/01/logolow2a.png","width":290,"height":80,"caption":"Taveira Jr"},"image":{"@id":"https://deputadotaveirajr.com.br/#/schema/logo/image/"}}]}</script>
<!-- / Yoast SEO plugin. -->

Natal recebe 2ª edição do Festival Cenas da Periferia com música, batalhas de rima e mais; confira programação - Taveira Jr

A segunda edição do projeto conta com a presença do rapper paulistano Rincon Sapiência, além de atrações potiguares na programação, que acontece nos próximos dias 23 e 24. Natal recebe ...

Início
