{"id":3586,"date":"2024-03-18T18:12:18","date_gmt":"2024-03-18T21:12:18","guid":{"rendered":"https:\/\/deputadotaveirajr.com.br\/?page_id=3586"},"modified":"2024-03-18T18:12:18","modified_gmt":"2024-03-18T21:12:18","slug":"rio-grande-do-norte-inicia-campanha-de-vacinacao-contra-a-gripe-veja-grupos-prioritarios","status":"publish","type":"page","link":"https:\/\/deputadotaveirajr.com.br\/index.php\/rio-grande-do-norte-inicia-campanha-de-vacinacao-contra-a-gripe-veja-grupos-prioritarios\/","title":{"rendered":"Rio Grande do Norte inicia campanha de vacina\u00e7\u00e3o contra a gripe; veja grupos priorit\u00e1rios"},"content":{"rendered":"<p>     Sesap busca que mais de 1,3 milh\u00e3o de pessoas que pertecem aos grupos priorit\u00e1rios se vacinem nesta primeira etapa. &#8216;Dia D&#8217; da campanha \u00e9 marcado para 13 de abril.  Vacina come\u00e7ou a ser aplicada em grupos priorit\u00e1rios no RN<br \/>\nDivulga\u00e7\u00e3o\/Sesap<br \/>\nO Rio Grande do Norte iniciou nesta segunda-feira (18) a campanha de vacina\u00e7\u00e3o contra a gripe (influenza) em todo o estado. Algumas cidades, como a capital Natal, j\u00e1 haviam iniciado a aplica\u00e7\u00e3o da vacina desde a semana passada.<br \/>\nA vacina inicialmente \u00e9 para p\u00fablicos priorit\u00e1rios, no qual est\u00e3o inclusos idosos acima de 60 anos, beb\u00eas a partir de 6 meses at\u00e9 5 anos, gestantes, pu\u00e9rperas e trabalhadores da sa\u00fade (veja lista completa mais abaixo).<br \/>\n\ud83d\udcf3Participe do canal do g1 RN no WhatsApp e receba no seu celular as not\u00edcias do estado<br \/>\nDe acordo com a Secretaria de Estado da Sa\u00fade P\u00fablica (Sesap), mais de 360 mil doses da vacina foram distribu\u00eddas aos munic\u00edpios do RN para esta primeira fase da campanha. O in\u00edcio aconteceu de forma antecipada \u00e0 data prevista pelo Minist\u00e9rio da Sa\u00fade, que era 25 de mar\u00e7o.<br \/>\nO objetivo da Sesap \u00e9 que mais de 1,3 milh\u00e3o de pessoas que comp\u00f5e os 17 grupos priorit\u00e1rios do Minist\u00e9rio da Sa\u00fade se imunizem at\u00e9 31 de maio.<br \/>\nA Sesap mandou emitiu tamb\u00e9m um nota t\u00e9cnica aos munic\u00edpios em que refor\u00e7a que o \u201cDia D\u201d da campanha de vacina\u00e7\u00e3o acontecer\u00e1 no dia 13 de abril.<br \/>\nLOCAIS DE VACINA\u00c7\u00c3O: Veja onde se vacinar em Natal<br \/>\nA vacina\u00e7\u00e3o \u00e9 considerada a melhor estrat\u00e9gia de preven\u00e7\u00e3o contra a influenza e possui capacidade de promover imunidade durante o per\u00edodo de maior circula\u00e7\u00e3o dos v\u00edrus, reduzindo o agravamento da doen\u00e7a, as interna\u00e7\u00f5es e o n\u00famero de \u00f3bitos.<br \/>\nIn\u00edcio da campanha<br \/>\nO in\u00edcio da campanha aconteceu em um evento na unidade b\u00e1sica de sa\u00fade do Golandim, em S\u00e3o Gon\u00e7alo do Amarante, na Grande Natal. Crian\u00e7as, agentes de sa\u00fade, profissionais da seguran\u00e7as, gr\u00e1vidas e ind\u00edgenas da comunidade Lagoa de Tapar\u00e1 receberam a dose de prote\u00e7\u00e3o contra a gripe.<br \/>\n&#8220;Estamos antecipando a campanha de vacina\u00e7\u00e3o este ano. Dada a sazonalidade do v\u00edrus, o Minist\u00e9rio da Sa\u00fade acolheu um pedido antigo dos munic\u00edpios e mandou as doses. Agora vamos trabalhar para imunizar todos do grupo priorit\u00e1rio&#8221;, disse a coordenadora do programa de imuniza\u00e7\u00e3o da Sesap, Laiane Graziela.<br \/>\nEntre as estrat\u00e9gias recomendadas aos munic\u00edpios est\u00e3o, entre outras coisas:<br \/>\na amplia\u00e7\u00e3o dos pontos de vacina\u00e7\u00e3o;<br \/>\no funcionamento em hor\u00e1rio estendido dos pontos;<br \/>\na mobiliza\u00e7\u00e3o dos meios de comunica\u00e7\u00e3o para que seja poss\u00edvel uma maior abrang\u00eancia de informa\u00e7\u00e3o;<br \/>\narticula\u00e7\u00e3o com as secretarias de educa\u00e7\u00e3o para a\u00e7\u00f5es estrat\u00e9gicas de vacina\u00e7\u00e3o em creches e escolas.<br \/>\nReportagem abaixo mostra in\u00edcio da vacina\u00e7\u00e3o contra a gripe em Natal:<br \/>\nProcura por vacina contra a gripe em Natal<br \/>\nGrupos priorit\u00e1rios<br \/>\nCrian\u00e7as de 6 meses a menores de 6 anos de idade<br \/>\nTrabalhador da sa\u00fade<br \/>\nGestantes<br \/>\nPu\u00e9rperas (at\u00e9 45 dias ap\u00f3s o parto)<br \/>\nProfessores do ensino b\u00e1sico e superior<br \/>\nPovos ind\u00edgenas<br \/>\nQuilombolas<br \/>\nIdosos com 60 anos ou mais de idade<br \/>\nPessoas em situa\u00e7\u00e3o de rua<br \/>\nProfissionais das for\u00e7as de seguran\u00e7a e salvamento<br \/>\nProfissionais das For\u00e7as Armadas<br \/>\nPessoas com doen\u00e7as cr\u00f4nicas n\u00e3o transmiss\u00edveis e outras condi\u00e7\u00f5es cl\u00ednicas especiais independentemente da idade<br \/>\nPessoas com defici\u00eancia permanente<br \/>\nCaminhoneiros<br \/>\nTrabalhadores de transporte coletivo rodovi\u00e1rio para passageiros urbanos e de longo curso<br \/>\nTrabalhadores portu\u00e1rios<br \/>\nPopula\u00e7\u00e3o privada de liberdade e funcion\u00e1rios do sistema de priva\u00e7\u00e3o de liberdade, adolescentes e jovens de 12 a 21 anos de idade sob medidas socioeducativas<br \/>\nV\u00eddeos mais assistidos do g1 RN<\/p>","protected":false},"excerpt":{"rendered":"<p>Sesap busca que mais de 1,3 milh\u00e3o de pessoas que pertecem aos grupos priorit\u00e1rios se vacinem nesta primeira etapa. &#8216;Dia D&#8217; da campanha \u00e9 marcado para 13 de abril. Vacina &#8230;<\/p>\n","protected":false},"author":0,"featured_media":0,"parent":0,"menu_order":0,"comment_status":"closed","ping_status":"closed","template":"","meta":{"footnotes":""},"class_list":["post-3586","page","type-page","status-publish","hentry"],"yoast_head":"<!-- This site is optimized with the Yoast SEO plugin v27.1.1 - https:\/\/yoast.com\/product\/yoast-seo-wordpress\/ -->\n<title>Rio Grande do Norte inicia campanha de vacina\u00e7\u00e3o contra a gripe; veja grupos priorit\u00e1rios - Taveira Jr<\/title>\n<meta name=\"robots\" content=\"index, follow, max-snippet:-1, max-image-preview:large, max-video-preview:-1\" \/>\n<link rel=\"canonical\" href=\"https:\/\/deputadotaveirajr.com.br\/index.php\/rio-grande-do-norte-inicia-campanha-de-vacinacao-contra-a-gripe-veja-grupos-prioritarios\/\" \/>\n<meta property=\"og:locale\" content=\"pt_BR\" \/>\n<meta property=\"og:type\" content=\"article\" \/>\n<meta property=\"og:title\" content=\"Rio Grande do Norte inicia campanha de vacina\u00e7\u00e3o contra a gripe; veja grupos priorit\u00e1rios - Taveira Jr\" \/>\n<meta property=\"og:description\" content=\"Sesap busca que mais de 1,3 milh\u00e3o de pessoas que pertecem aos grupos priorit\u00e1rios se vacinem nesta primeira etapa. &#8216;Dia D&#8217; da campanha \u00e9 marcado para 13 de abril. Vacina ...\" \/>\n<meta property=\"og:url\" content=\"https:\/\/deputadotaveirajr.com.br\/index.php\/rio-grande-do-norte-inicia-campanha-de-vacinacao-contra-a-gripe-veja-grupos-prioritarios\/\" \/>\n<meta property=\"og:site_name\" content=\"Taveira Jr\" \/>\n<meta name=\"twitter:card\" content=\"summary_large_image\" \/>\n<meta name=\"twitter:label1\" content=\"Est. tempo de leitura\" \/>\n\t<meta name=\"twitter:data1\" content=\"3 minutos\" \/>\n<script type=\"application\/ld+json\" class=\"yoast-schema-graph\">{\"@context\":\"https:\/\/schema.org\",\"@graph\":[{\"@type\":\"WebPage\",\"@id\":\"https:\/\/deputadotaveirajr.com.br\/index.php\/rio-grande-do-norte-inicia-campanha-de-vacinacao-contra-a-gripe-veja-grupos-prioritarios\/\",\"url\":\"https:\/\/deputadotaveirajr.com.br\/index.php\/rio-grande-do-norte-inicia-campanha-de-vacinacao-contra-a-gripe-veja-grupos-prioritarios\/\",\"name\":\"Rio Grande do Norte inicia campanha de vacina\u00e7\u00e3o contra a gripe; veja grupos priorit\u00e1rios - Taveira Jr\",\"isPartOf\":{\"@id\":\"https:\/\/deputadotaveirajr.com.br\/#website\"},\"datePublished\":\"2024-03-18T21:12:18+00:00\",\"breadcrumb\":{\"@id\":\"https:\/\/deputadotaveirajr.com.br\/index.php\/rio-grande-do-norte-inicia-campanha-de-vacinacao-contra-a-gripe-veja-grupos-prioritarios\/#breadcrumb\"},\"inLanguage\":\"pt-BR\",\"potentialAction\":[{\"@type\":\"ReadAction\",\"target\":[\"https:\/\/deputadotaveirajr.com.br\/index.php\/rio-grande-do-norte-inicia-campanha-de-vacinacao-contra-a-gripe-veja-grupos-prioritarios\/\"]}]},{\"@type\":\"BreadcrumbList\",\"@id\":\"https:\/\/deputadotaveirajr.com.br\/index.php\/rio-grande-do-norte-inicia-campanha-de-vacinacao-contra-a-gripe-veja-grupos-prioritarios\/#breadcrumb\",\"itemListElement\":[{\"@type\":\"ListItem\",\"position\":1,\"name\":\"In\u00edcio\",\"item\":\"https:\/\/deputadotaveirajr.com.br\/\"},{\"@type\":\"ListItem\",\"position\":2,\"name\":\"Rio Grande do Norte inicia campanha de vacina\u00e7\u00e3o contra a gripe; veja grupos priorit\u00e1rios\"}]},{\"@type\":\"WebSite\",\"@id\":\"https:\/\/deputadotaveirajr.com.br\/#website\",\"url\":\"https:\/\/deputadotaveirajr.com.br\/\",\"name\":\"Taveira Jr\",\"description\":\"Deputado Estadual\",\"publisher\":{\"@id\":\"https:\/\/deputadotaveirajr.com.br\/#organization\"},\"potentialAction\":[{\"@type\":\"SearchAction\",\"target\":{\"@type\":\"EntryPoint\",\"urlTemplate\":\"https:\/\/deputadotaveirajr.com.br\/?s={search_term_string}\"},\"query-input\":{\"@type\":\"PropertyValueSpecification\",\"valueRequired\":true,\"valueName\":\"search_term_string\"}}],\"inLanguage\":\"pt-BR\"},{\"@type\":\"Organization\",\"@id\":\"https:\/\/deputadotaveirajr.com.br\/#organization\",\"name\":\"Taveira Jr\",\"url\":\"https:\/\/deputadotaveirajr.com.br\/\",\"logo\":{\"@type\":\"ImageObject\",\"inLanguage\":\"pt-BR\",\"@id\":\"https:\/\/deputadotaveirajr.com.br\/#\/schema\/logo\/image\/\",\"url\":\"https:\/\/deputadotaveirajr.com.br\/wp-content\/uploads\/2026\/01\/logolow2a.png\",\"contentUrl\":\"https:\/\/deputadotaveirajr.com.br\/wp-content\/uploads\/2026\/01\/logolow2a.png\",\"width\":290,\"height\":80,\"caption\":\"Taveira Jr\"},\"image\":{\"@id\":\"https:\/\/deputadotaveirajr.com.br\/#\/schema\/logo\/image\/\"}}]}<\/script>\n<!-- \/ Yoast SEO plugin. -->","yoast_head_json":{"title":"Rio Grande do Norte inicia campanha de vacina\u00e7\u00e3o contra a gripe; veja grupos priorit\u00e1rios - Taveira Jr","robots":{"index":"index","follow":"follow","max-snippet":"max-snippet:-1","max-image-preview":"max-image-preview:large","max-video-preview":"max-video-preview:-1"},"canonical":"https:\/\/deputadotaveirajr.com.br\/index.php\/rio-grande-do-norte-inicia-campanha-de-vacinacao-contra-a-gripe-veja-grupos-prioritarios\/","og_locale":"pt_BR","og_type":"article","og_title":"Rio Grande do Norte inicia campanha de vacina\u00e7\u00e3o contra a gripe; veja grupos priorit\u00e1rios - Taveira Jr","og_description":"Sesap busca que mais de 1,3 milh\u00e3o de pessoas que pertecem aos grupos priorit\u00e1rios se vacinem nesta primeira etapa. &#8216;Dia D&#8217; da campanha \u00e9 marcado para 13 de abril. Vacina ...","og_url":"https:\/\/deputadotaveirajr.com.br\/index.php\/rio-grande-do-norte-inicia-campanha-de-vacinacao-contra-a-gripe-veja-grupos-prioritarios\/","og_site_name":"Taveira Jr","twitter_card":"summary_large_image","twitter_misc":{"Est. tempo de leitura":"3 minutos"},"schema":{"@context":"https:\/\/schema.org","@graph":[{"@type":"WebPage","@id":"https:\/\/deputadotaveirajr.com.br\/index.php\/rio-grande-do-norte-inicia-campanha-de-vacinacao-contra-a-gripe-veja-grupos-prioritarios\/","url":"https:\/\/deputadotaveirajr.com.br\/index.php\/rio-grande-do-norte-inicia-campanha-de-vacinacao-contra-a-gripe-veja-grupos-prioritarios\/","name":"Rio Grande do Norte inicia campanha de vacina\u00e7\u00e3o contra a gripe; veja grupos priorit\u00e1rios - Taveira Jr","isPartOf":{"@id":"https:\/\/deputadotaveirajr.com.br\/#website"},"datePublished":"2024-03-18T21:12:18+00:00","breadcrumb":{"@id":"https:\/\/deputadotaveirajr.com.br\/index.php\/rio-grande-do-norte-inicia-campanha-de-vacinacao-contra-a-gripe-veja-grupos-prioritarios\/#breadcrumb"},"inLanguage":"pt-BR","potentialAction":[{"@type":"ReadAction","target":["https:\/\/deputadotaveirajr.com.br\/index.php\/rio-grande-do-norte-inicia-campanha-de-vacinacao-contra-a-gripe-veja-grupos-prioritarios\/"]}]},{"@type":"BreadcrumbList","@id":"https:\/\/deputadotaveirajr.com.br\/index.php\/rio-grande-do-norte-inicia-campanha-de-vacinacao-contra-a-gripe-veja-grupos-prioritarios\/#breadcrumb","itemListElement":[{"@type":"ListItem","position":1,"name":"In\u00edcio","item":"https:\/\/deputadotaveirajr.com.br\/"},{"@type":"ListItem","position":2,"name":"Rio Grande do Norte inicia campanha de vacina\u00e7\u00e3o contra a gripe; veja grupos priorit\u00e1rios"}]},{"@type":"WebSite","@id":"https:\/\/deputadotaveirajr.com.br\/#website","url":"https:\/\/deputadotaveirajr.com.br\/","name":"Taveira Jr","description":"Deputado Estadual","publisher":{"@id":"https:\/\/deputadotaveirajr.com.br\/#organization"},"potentialAction":[{"@type":"SearchAction","target":{"@type":"EntryPoint","urlTemplate":"https:\/\/deputadotaveirajr.com.br\/?s={search_term_string}"},"query-input":{"@type":"PropertyValueSpecification","valueRequired":true,"valueName":"search_term_string"}}],"inLanguage":"pt-BR"},{"@type":"Organization","@id":"https:\/\/deputadotaveirajr.com.br\/#organization","name":"Taveira Jr","url":"https:\/\/deputadotaveirajr.com.br\/","logo":{"@type":"ImageObject","inLanguage":"pt-BR","@id":"https:\/\/deputadotaveirajr.com.br\/#\/schema\/logo\/image\/","url":"https:\/\/deputadotaveirajr.com.br\/wp-content\/uploads\/2026\/01\/logolow2a.png","contentUrl":"https:\/\/deputadotaveirajr.com.br\/wp-content\/uploads\/2026\/01\/logolow2a.png","width":290,"height":80,"caption":"Taveira Jr"},"image":{"@id":"https:\/\/deputadotaveirajr.com.br\/#\/schema\/logo\/image\/"}}]}},"_links":{"self":[{"href":"https:\/\/deputadotaveirajr.com.br\/index.php\/wp-json\/wp\/v2\/pages\/3586","targetHints":{"allow":["GET"]}}],"collection":[{"href":"https:\/\/deputadotaveirajr.com.br\/index.php\/wp-json\/wp\/v2\/pages"}],"about":[{"href":"https:\/\/deputadotaveirajr.com.br\/index.php\/wp-json\/wp\/v2\/types\/page"}],"replies":[{"embeddable":true,"href":"https:\/\/deputadotaveirajr.com.br\/index.php\/wp-json\/wp\/v2\/comments?post=3586"}],"version-history":[{"count":1,"href":"https:\/\/deputadotaveirajr.com.br\/index.php\/wp-json\/wp\/v2\/pages\/3586\/revisions"}],"predecessor-version":[{"id":3590,"href":"https:\/\/deputadotaveirajr.com.br\/index.php\/wp-json\/wp\/v2\/pages\/3586\/revisions\/3590"}],"wp:attachment":[{"href":"https:\/\/deputadotaveirajr.com.br\/index.php\/wp-json\/wp\/v2\/media?parent=3586"}],"curies":[{"name":"wp","href":"https:\/\/api.w.org\/{rel}","templated":true}]}}