{"id":3604,"date":"2024-03-19T15:21:03","date_gmt":"2024-03-19T18:21:03","guid":{"rendered":"https:\/\/deputadotaveirajr.com.br\/?page_id=3604"},"modified":"2024-03-19T15:21:03","modified_gmt":"2024-03-19T18:21:03","slug":"concurso-para-professores-e-tecnicos-administrativos-dos-tres-novos-campi-do-ifrn-deve-ser-realizado-ate-2025-diz-mec","status":"publish","type":"page","link":"https:\/\/deputadotaveirajr.com.br\/index.php\/concurso-para-professores-e-tecnicos-administrativos-dos-tres-novos-campi-do-ifrn-deve-ser-realizado-ate-2025-diz-mec\/","title":{"rendered":"Concurso para professores e t\u00e9cnicos-administrativos dos tr\u00eas novos campi do IFRN deve ser realizado at\u00e9 2025, diz MEC"},"content":{"rendered":"<p>IFs de Touros, S\u00e3o Miguel e Umarizal v\u00e3o funcionar em pr\u00e9dios cedidos pelo governo do estado. O concurso para contrata\u00e7\u00e3o de professores e t\u00e9cnicos-administrativos para os tr\u00eas novos campi do Instituto Federal do Rio Grande do Norte (IFRN) deve ser realizado at\u00e9 2025. A informa\u00e7\u00e3o foi confirmada pelo Minist\u00e9rio da Educa\u00e7\u00e3o (MEC).<br \/>\nO an\u00fancio dos 3 novos campi no RN foi feito no dia 12 de mar\u00e7o pelo governo federal. As novas unidades ser\u00e3o em Touros, S\u00e3o Miguel e Umaizal e v\u00e3o funcionar em pr\u00e9dios cedidos pelo governo do estado.<br \/>\nApesar disso, de acordo com o MEC, toda a gest\u00e3o ser\u00e1 federal e as unidades receber\u00e3o recursos para equipamentos, mobili\u00e1rio e eventualmente outras obras de infraestrutura.<br \/>\nConcurso<br \/>\nEm m\u00e9dia, cada unidade do Instituto Federal tem capacidade para atender 1.400 estudantes e a expectativa \u00e9 que seja realizado concurso para contrata\u00e7\u00e3o de 70 professores e 45 t\u00e9cnicos-administrativos para cada uma das tr\u00eas novas unidades.<br \/>\nO Minist\u00e9rio da Educa\u00e7\u00e3o informou que trabalha na minuta do projeto de lei que ser\u00e1 enviada ao Minist\u00e9rio da Gest\u00e3o e da Inova\u00e7\u00e3o em Servi\u00e7os P\u00fablicos (MGI) para defini\u00e7\u00e3o do n\u00famero de vagas para cada nova unidade do IFRN. Depois disso, o projeto de lei ser\u00e1 enviado ao Congresso para vota\u00e7\u00e3o.<br \/>\nNovos IFs<br \/>\nOs tr\u00eas novos campi do IFRN v\u00e3o funcionar em pr\u00e9dios que est\u00e3o sendo constru\u00eddos pelo governo do estado em Touros, S\u00e3o Miguel e Umarizal.<br \/>\nOs pr\u00e9dios foram projetados para serem unidades de Institutos Estaduais de Educa\u00e7\u00e3o, tamb\u00e9m voltados para forma\u00e7\u00e3o t\u00e9cnica, mas ser\u00e3o &#8220;federalizados&#8221;, segundo o governo estadual e o governo federal. Juntas, as obras s\u00e3o or\u00e7adas em R$ 30,2 milh\u00f5es.<br \/>\nCom a chegada das novas unidades, o IFRN passar\u00e1 a somar 25 campi, al\u00e9m da Reitoria, que atua como centro administrativo, em Natal.<br \/>\nO governo do estado informou que a constru\u00e7\u00e3o das unidades est\u00e1 em fase avan\u00e7ada.<br \/>\nUnidade de Touros<br \/>\nValor do contrato: R$ 9.156.833,45<br \/>\nConstru\u00eddo: 72,02%<br \/>\nUnidade de S\u00e3o Miguel<br \/>\nValor do contrato: R$ 10.750.470,84<br \/>\nConstru\u00eddo: 74,51%<br \/>\nUnidade de Umarizal<br \/>\nValor do contrato: R$ 10.376.477,40<br \/>\nConstru\u00eddo: 79,69%<br \/>\nV\u00cdDEOS: Mais vistos do RN nos \u00faltimos 7 dias<\/p>","protected":false},"excerpt":{"rendered":"<p>IFs de Touros, S\u00e3o Miguel e Umarizal v\u00e3o funcionar em pr\u00e9dios cedidos pelo governo do estado. O concurso para contrata\u00e7\u00e3o de professores e t\u00e9cnicos-administrativos para os tr\u00eas novos campi do &#8230;<\/p>\n","protected":false},"author":0,"featured_media":0,"parent":0,"menu_order":0,"comment_status":"closed","ping_status":"closed","template":"","meta":{"footnotes":""},"class_list":["post-3604","page","type-page","status-publish","hentry"],"yoast_head":"<!-- This site is optimized with the Yoast SEO plugin v27.1.1 - https:\/\/yoast.com\/product\/yoast-seo-wordpress\/ -->\n<title>Concurso para professores e t\u00e9cnicos-administrativos dos tr\u00eas novos campi do IFRN deve ser realizado at\u00e9 2025, diz MEC - Taveira Jr<\/title>\n<meta name=\"robots\" content=\"index, follow, max-snippet:-1, max-image-preview:large, max-video-preview:-1\" \/>\n<link rel=\"canonical\" href=\"https:\/\/deputadotaveirajr.com.br\/index.php\/concurso-para-professores-e-tecnicos-administrativos-dos-tres-novos-campi-do-ifrn-deve-ser-realizado-ate-2025-diz-mec\/\" \/>\n<meta property=\"og:locale\" content=\"pt_BR\" \/>\n<meta property=\"og:type\" content=\"article\" \/>\n<meta property=\"og:title\" content=\"Concurso para professores e t\u00e9cnicos-administrativos dos tr\u00eas novos campi do IFRN deve ser realizado at\u00e9 2025, diz MEC - Taveira Jr\" \/>\n<meta property=\"og:description\" content=\"IFs de Touros, S\u00e3o Miguel e Umarizal v\u00e3o funcionar em pr\u00e9dios cedidos pelo governo do estado. O concurso para contrata\u00e7\u00e3o de professores e t\u00e9cnicos-administrativos para os tr\u00eas novos campi do ...\" \/>\n<meta property=\"og:url\" content=\"https:\/\/deputadotaveirajr.com.br\/index.php\/concurso-para-professores-e-tecnicos-administrativos-dos-tres-novos-campi-do-ifrn-deve-ser-realizado-ate-2025-diz-mec\/\" \/>\n<meta property=\"og:site_name\" content=\"Taveira Jr\" \/>\n<meta name=\"twitter:card\" content=\"summary_large_image\" \/>\n<meta name=\"twitter:label1\" content=\"Est. tempo de leitura\" \/>\n\t<meta name=\"twitter:data1\" content=\"2 minutos\" \/>\n<script type=\"application\/ld+json\" class=\"yoast-schema-graph\">{\"@context\":\"https:\/\/schema.org\",\"@graph\":[{\"@type\":\"WebPage\",\"@id\":\"https:\/\/deputadotaveirajr.com.br\/index.php\/concurso-para-professores-e-tecnicos-administrativos-dos-tres-novos-campi-do-ifrn-deve-ser-realizado-ate-2025-diz-mec\/\",\"url\":\"https:\/\/deputadotaveirajr.com.br\/index.php\/concurso-para-professores-e-tecnicos-administrativos-dos-tres-novos-campi-do-ifrn-deve-ser-realizado-ate-2025-diz-mec\/\",\"name\":\"Concurso para professores e t\u00e9cnicos-administrativos dos tr\u00eas novos campi do IFRN deve ser realizado at\u00e9 2025, diz MEC - Taveira Jr\",\"isPartOf\":{\"@id\":\"https:\/\/deputadotaveirajr.com.br\/#website\"},\"datePublished\":\"2024-03-19T18:21:03+00:00\",\"breadcrumb\":{\"@id\":\"https:\/\/deputadotaveirajr.com.br\/index.php\/concurso-para-professores-e-tecnicos-administrativos-dos-tres-novos-campi-do-ifrn-deve-ser-realizado-ate-2025-diz-mec\/#breadcrumb\"},\"inLanguage\":\"pt-BR\",\"potentialAction\":[{\"@type\":\"ReadAction\",\"target\":[\"https:\/\/deputadotaveirajr.com.br\/index.php\/concurso-para-professores-e-tecnicos-administrativos-dos-tres-novos-campi-do-ifrn-deve-ser-realizado-ate-2025-diz-mec\/\"]}]},{\"@type\":\"BreadcrumbList\",\"@id\":\"https:\/\/deputadotaveirajr.com.br\/index.php\/concurso-para-professores-e-tecnicos-administrativos-dos-tres-novos-campi-do-ifrn-deve-ser-realizado-ate-2025-diz-mec\/#breadcrumb\",\"itemListElement\":[{\"@type\":\"ListItem\",\"position\":1,\"name\":\"In\u00edcio\",\"item\":\"https:\/\/deputadotaveirajr.com.br\/\"},{\"@type\":\"ListItem\",\"position\":2,\"name\":\"Concurso para professores e t\u00e9cnicos-administrativos dos tr\u00eas novos campi do IFRN deve ser realizado at\u00e9 2025, diz MEC\"}]},{\"@type\":\"WebSite\",\"@id\":\"https:\/\/deputadotaveirajr.com.br\/#website\",\"url\":\"https:\/\/deputadotaveirajr.com.br\/\",\"name\":\"Taveira Jr\",\"description\":\"Deputado Estadual\",\"publisher\":{\"@id\":\"https:\/\/deputadotaveirajr.com.br\/#organization\"},\"potentialAction\":[{\"@type\":\"SearchAction\",\"target\":{\"@type\":\"EntryPoint\",\"urlTemplate\":\"https:\/\/deputadotaveirajr.com.br\/?s={search_term_string}\"},\"query-input\":{\"@type\":\"PropertyValueSpecification\",\"valueRequired\":true,\"valueName\":\"search_term_string\"}}],\"inLanguage\":\"pt-BR\"},{\"@type\":\"Organization\",\"@id\":\"https:\/\/deputadotaveirajr.com.br\/#organization\",\"name\":\"Taveira Jr\",\"url\":\"https:\/\/deputadotaveirajr.com.br\/\",\"logo\":{\"@type\":\"ImageObject\",\"inLanguage\":\"pt-BR\",\"@id\":\"https:\/\/deputadotaveirajr.com.br\/#\/schema\/logo\/image\/\",\"url\":\"https:\/\/deputadotaveirajr.com.br\/wp-content\/uploads\/2026\/01\/logolow2a.png\",\"contentUrl\":\"https:\/\/deputadotaveirajr.com.br\/wp-content\/uploads\/2026\/01\/logolow2a.png\",\"width\":290,\"height\":80,\"caption\":\"Taveira Jr\"},\"image\":{\"@id\":\"https:\/\/deputadotaveirajr.com.br\/#\/schema\/logo\/image\/\"}}]}<\/script>\n<!-- \/ Yoast SEO plugin. -->","yoast_head_json":{"title":"Concurso para professores e t\u00e9cnicos-administrativos dos tr\u00eas novos campi do IFRN deve ser realizado at\u00e9 2025, diz MEC - Taveira Jr","robots":{"index":"index","follow":"follow","max-snippet":"max-snippet:-1","max-image-preview":"max-image-preview:large","max-video-preview":"max-video-preview:-1"},"canonical":"https:\/\/deputadotaveirajr.com.br\/index.php\/concurso-para-professores-e-tecnicos-administrativos-dos-tres-novos-campi-do-ifrn-deve-ser-realizado-ate-2025-diz-mec\/","og_locale":"pt_BR","og_type":"article","og_title":"Concurso para professores e t\u00e9cnicos-administrativos dos tr\u00eas novos campi do IFRN deve ser realizado at\u00e9 2025, diz MEC - Taveira Jr","og_description":"IFs de Touros, S\u00e3o Miguel e Umarizal v\u00e3o funcionar em pr\u00e9dios cedidos pelo governo do estado. O concurso para contrata\u00e7\u00e3o de professores e t\u00e9cnicos-administrativos para os tr\u00eas novos campi do ...","og_url":"https:\/\/deputadotaveirajr.com.br\/index.php\/concurso-para-professores-e-tecnicos-administrativos-dos-tres-novos-campi-do-ifrn-deve-ser-realizado-ate-2025-diz-mec\/","og_site_name":"Taveira Jr","twitter_card":"summary_large_image","twitter_misc":{"Est. tempo de leitura":"2 minutos"},"schema":{"@context":"https:\/\/schema.org","@graph":[{"@type":"WebPage","@id":"https:\/\/deputadotaveirajr.com.br\/index.php\/concurso-para-professores-e-tecnicos-administrativos-dos-tres-novos-campi-do-ifrn-deve-ser-realizado-ate-2025-diz-mec\/","url":"https:\/\/deputadotaveirajr.com.br\/index.php\/concurso-para-professores-e-tecnicos-administrativos-dos-tres-novos-campi-do-ifrn-deve-ser-realizado-ate-2025-diz-mec\/","name":"Concurso para professores e t\u00e9cnicos-administrativos dos tr\u00eas novos campi do IFRN deve ser realizado at\u00e9 2025, diz MEC - Taveira Jr","isPartOf":{"@id":"https:\/\/deputadotaveirajr.com.br\/#website"},"datePublished":"2024-03-19T18:21:03+00:00","breadcrumb":{"@id":"https:\/\/deputadotaveirajr.com.br\/index.php\/concurso-para-professores-e-tecnicos-administrativos-dos-tres-novos-campi-do-ifrn-deve-ser-realizado-ate-2025-diz-mec\/#breadcrumb"},"inLanguage":"pt-BR","potentialAction":[{"@type":"ReadAction","target":["https:\/\/deputadotaveirajr.com.br\/index.php\/concurso-para-professores-e-tecnicos-administrativos-dos-tres-novos-campi-do-ifrn-deve-ser-realizado-ate-2025-diz-mec\/"]}]},{"@type":"BreadcrumbList","@id":"https:\/\/deputadotaveirajr.com.br\/index.php\/concurso-para-professores-e-tecnicos-administrativos-dos-tres-novos-campi-do-ifrn-deve-ser-realizado-ate-2025-diz-mec\/#breadcrumb","itemListElement":[{"@type":"ListItem","position":1,"name":"In\u00edcio","item":"https:\/\/deputadotaveirajr.com.br\/"},{"@type":"ListItem","position":2,"name":"Concurso para professores e t\u00e9cnicos-administrativos dos tr\u00eas novos campi do IFRN deve ser realizado at\u00e9 2025, diz MEC"}]},{"@type":"WebSite","@id":"https:\/\/deputadotaveirajr.com.br\/#website","url":"https:\/\/deputadotaveirajr.com.br\/","name":"Taveira Jr","description":"Deputado Estadual","publisher":{"@id":"https:\/\/deputadotaveirajr.com.br\/#organization"},"potentialAction":[{"@type":"SearchAction","target":{"@type":"EntryPoint","urlTemplate":"https:\/\/deputadotaveirajr.com.br\/?s={search_term_string}"},"query-input":{"@type":"PropertyValueSpecification","valueRequired":true,"valueName":"search_term_string"}}],"inLanguage":"pt-BR"},{"@type":"Organization","@id":"https:\/\/deputadotaveirajr.com.br\/#organization","name":"Taveira Jr","url":"https:\/\/deputadotaveirajr.com.br\/","logo":{"@type":"ImageObject","inLanguage":"pt-BR","@id":"https:\/\/deputadotaveirajr.com.br\/#\/schema\/logo\/image\/","url":"https:\/\/deputadotaveirajr.com.br\/wp-content\/uploads\/2026\/01\/logolow2a.png","contentUrl":"https:\/\/deputadotaveirajr.com.br\/wp-content\/uploads\/2026\/01\/logolow2a.png","width":290,"height":80,"caption":"Taveira Jr"},"image":{"@id":"https:\/\/deputadotaveirajr.com.br\/#\/schema\/logo\/image\/"}}]}},"_links":{"self":[{"href":"https:\/\/deputadotaveirajr.com.br\/index.php\/wp-json\/wp\/v2\/pages\/3604","targetHints":{"allow":["GET"]}}],"collection":[{"href":"https:\/\/deputadotaveirajr.com.br\/index.php\/wp-json\/wp\/v2\/pages"}],"about":[{"href":"https:\/\/deputadotaveirajr.com.br\/index.php\/wp-json\/wp\/v2\/types\/page"}],"replies":[{"embeddable":true,"href":"https:\/\/deputadotaveirajr.com.br\/index.php\/wp-json\/wp\/v2\/comments?post=3604"}],"version-history":[{"count":1,"href":"https:\/\/deputadotaveirajr.com.br\/index.php\/wp-json\/wp\/v2\/pages\/3604\/revisions"}],"predecessor-version":[{"id":3607,"href":"https:\/\/deputadotaveirajr.com.br\/index.php\/wp-json\/wp\/v2\/pages\/3604\/revisions\/3607"}],"wp:attachment":[{"href":"https:\/\/deputadotaveirajr.com.br\/index.php\/wp-json\/wp\/v2\/media?parent=3604"}],"curies":[{"name":"wp","href":"https:\/\/api.w.org\/{rel}","templated":true}]}}

Concurso para professores e técnicos-administrativos dos três novos campi do IFRN deve ser realizado até 2025, diz MEC

<p>IFs de Touros, São Miguel e Umarizal vão funcionar em prédios cedidos pelo governo do estado. O concurso para contratação de professores e técnicos-administrativos para os três novos campi do Instituto Federal do Rio Grande do Norte (IFRN) deve ser realizado até 2025. A informação foi confirmada pelo Ministério da Educação (MEC).<br />
O anúncio dos 3 novos campi no RN foi feito no dia 12 de março pelo governo federal. As novas unidades serão em Touros, São Miguel e Umaizal e vão funcionar em prédios cedidos pelo governo do estado.<br />
Apesar disso, de acordo com o MEC, toda a gestão será federal e as unidades receberão recursos para equipamentos, mobiliário e eventualmente outras obras de infraestrutura.<br />
Concurso<br />
Em média, cada unidade do Instituto Federal tem capacidade para atender 1.400 estudantes e a expectativa é que seja realizado concurso para contratação de 70 professores e 45 técnicos-administrativos para cada uma das três novas unidades.<br />
O Ministério da Educação informou que trabalha na minuta do projeto de lei que será enviada ao Ministério da Gestão e da Inovação em Serviços Públicos (MGI) para definição do número de vagas para cada nova unidade do IFRN. Depois disso, o projeto de lei será enviado ao Congresso para votação.<br />
Novos IFs<br />
Os três novos campi do IFRN vão funcionar em prédios que estão sendo construídos pelo governo do estado em Touros, São Miguel e Umarizal.<br />
Os prédios foram projetados para serem unidades de Institutos Estaduais de Educação, também voltados para formação técnica, mas serão &#8220;federalizados&#8221;, segundo o governo estadual e o governo federal. Juntas, as obras são orçadas em R$ 30,2 milhões.<br />
Com a chegada das novas unidades, o IFRN passará a somar 25 campi, além da Reitoria, que atua como centro administrativo, em Natal.<br />
O governo do estado informou que a construção das unidades está em fase avançada.<br />
Unidade de Touros<br />
Valor do contrato: R$ 9.156.833,45<br />
Construído: 72,02%<br />
Unidade de São Miguel<br />
Valor do contrato: R$ 10.750.470,84<br />
Construído: 74,51%<br />
Unidade de Umarizal<br />
Valor do contrato: R$ 10.376.477,40<br />
Construído: 79,69%<br />
VÍDEOS: Mais vistos do RN nos últimos 7 dias</p>

<p>IFs de Touros, São Miguel e Umarizal vão funcionar em prédios cedidos pelo governo do estado. O concurso para contratação de professores e técnicos-administrativos para os três novos campi do &#8230;</p>

<!-- This site is optimized with the Yoast SEO plugin v27.1.1 - https://yoast.com/product/yoast-seo-wordpress/ -->
<title>Concurso para professores e técnicos-administrativos dos três novos campi do IFRN deve ser realizado até 2025, diz MEC - Taveira Jr</title>
<meta name="robots" content="index, follow, max-snippet:-1, max-image-preview:large, max-video-preview:-1" />
<link rel="canonical" href="https://deputadotaveirajr.com.br/index.php/concurso-para-professores-e-tecnicos-administrativos-dos-tres-novos-campi-do-ifrn-deve-ser-realizado-ate-2025-diz-mec/" />
<meta property="og:locale" content="pt_BR" />
<meta property="og:type" content="article" />
<meta property="og:title" content="Concurso para professores e técnicos-administrativos dos três novos campi do IFRN deve ser realizado até 2025, diz MEC - Taveira Jr" />
<meta property="og:description" content="IFs de Touros, São Miguel e Umarizal vão funcionar em prédios cedidos pelo governo do estado. O concurso para contratação de professores e técnicos-administrativos para os três novos campi do ..." />
<meta property="og:url" content="https://deputadotaveirajr.com.br/index.php/concurso-para-professores-e-tecnicos-administrativos-dos-tres-novos-campi-do-ifrn-deve-ser-realizado-ate-2025-diz-mec/" />
<meta property="og:site_name" content="Taveira Jr" />
<meta name="twitter:card" content="summary_large_image" />
<meta name="twitter:label1" content="Est. tempo de leitura" />
	<meta name="twitter:data1" content="2 minutos" />
<script type="application/ld+json" class="yoast-schema-graph">{"@context":"https://schema.org","@graph":[{"@type":"WebPage","@id":"https://deputadotaveirajr.com.br/index.php/concurso-para-professores-e-tecnicos-administrativos-dos-tres-novos-campi-do-ifrn-deve-ser-realizado-ate-2025-diz-mec/","url":"https://deputadotaveirajr.com.br/index.php/concurso-para-professores-e-tecnicos-administrativos-dos-tres-novos-campi-do-ifrn-deve-ser-realizado-ate-2025-diz-mec/","name":"Concurso para professores e técnicos-administrativos dos três novos campi do IFRN deve ser realizado até 2025, diz MEC - Taveira Jr","isPartOf":{"@id":"https://deputadotaveirajr.com.br/#website"},"datePublished":"2024-03-19T18:21:03+00:00","breadcrumb":{"@id":"https://deputadotaveirajr.com.br/index.php/concurso-para-professores-e-tecnicos-administrativos-dos-tres-novos-campi-do-ifrn-deve-ser-realizado-ate-2025-diz-mec/#breadcrumb"},"inLanguage":"pt-BR","potentialAction":[{"@type":"ReadAction","target":["https://deputadotaveirajr.com.br/index.php/concurso-para-professores-e-tecnicos-administrativos-dos-tres-novos-campi-do-ifrn-deve-ser-realizado-ate-2025-diz-mec/"]}]},{"@type":"BreadcrumbList","@id":"https://deputadotaveirajr.com.br/index.php/concurso-para-professores-e-tecnicos-administrativos-dos-tres-novos-campi-do-ifrn-deve-ser-realizado-ate-2025-diz-mec/#breadcrumb","itemListElement":[{"@type":"ListItem","position":1,"name":"Início","item":"https://deputadotaveirajr.com.br/"},{"@type":"ListItem","position":2,"name":"Concurso para professores e técnicos-administrativos dos três novos campi do IFRN deve ser realizado até 2025, diz MEC"}]},{"@type":"WebSite","@id":"https://deputadotaveirajr.com.br/#website","url":"https://deputadotaveirajr.com.br/","name":"Taveira Jr","description":"Deputado Estadual","publisher":{"@id":"https://deputadotaveirajr.com.br/#organization"},"potentialAction":[{"@type":"SearchAction","target":{"@type":"EntryPoint","urlTemplate":"https://deputadotaveirajr.com.br/?s={search_term_string}"},"query-input":{"@type":"PropertyValueSpecification","valueRequired":true,"valueName":"search_term_string"}}],"inLanguage":"pt-BR"},{"@type":"Organization","@id":"https://deputadotaveirajr.com.br/#organization","name":"Taveira Jr","url":"https://deputadotaveirajr.com.br/","logo":{"@type":"ImageObject","inLanguage":"pt-BR","@id":"https://deputadotaveirajr.com.br/#/schema/logo/image/","url":"https://deputadotaveirajr.com.br/wp-content/uploads/2026/01/logolow2a.png","contentUrl":"https://deputadotaveirajr.com.br/wp-content/uploads/2026/01/logolow2a.png","width":290,"height":80,"caption":"Taveira Jr"},"image":{"@id":"https://deputadotaveirajr.com.br/#/schema/logo/image/"}}]}</script>
<!-- / Yoast SEO plugin. -->

Concurso para professores e técnicos-administrativos dos três novos campi do IFRN deve ser realizado até 2025, diz MEC - Taveira Jr

IFs de Touros, São Miguel e Umarizal vão funcionar em prédios cedidos pelo governo do estado. O concurso para contratação de professores e técnicos-administrativos para os três novos campi do ...

Início
