{"id":4571,"date":"2024-03-26T21:34:51","date_gmt":"2024-03-27T00:34:51","guid":{"rendered":"https:\/\/deputadotaveirajr.com.br\/?page_id=4571"},"modified":"2024-03-26T21:34:51","modified_gmt":"2024-03-27T00:34:51","slug":"natal-tem-baixa-procura-pela-vacina-contra-a-dengue-e-imuniza-apenas-19-so-publico-alvo-em-mais-de-um-mes-de-campanha","status":"publish","type":"page","link":"https:\/\/deputadotaveirajr.com.br\/index.php\/natal-tem-baixa-procura-pela-vacina-contra-a-dengue-e-imuniza-apenas-19-so-publico-alvo-em-mais-de-um-mes-de-campanha\/","title":{"rendered":"Natal tem baixa procura pela vacina contra a dengue e imuniza apenas 19% s\u00f3 p\u00fablico-alvo em mais de um m\u00eas de campanha"},"content":{"rendered":"<p>     Imuniza\u00e7\u00e3o para crian\u00e7as e adolescentes entre 10 e 14 anos come\u00e7ou em 19 de fevereiro. SMS mostra preocupa\u00e7\u00e3o com vencimento do lote, que ocorre em abril. Vacinas Qdenga contra a dengue<br \/>\nGabriel Rosa<br \/>\nNatal vacinou, at\u00e9 esta ter\u00e7a-feira (26), 19% do p\u00fablico-alvo da campanha de imuniza\u00e7\u00e3o contra a dengue, que come\u00e7ou no dia 19 de fevereiro, h\u00e1 mais de um m\u00eas. O dado foi detalhado pela Secretaria Municipal de Sa\u00fade (SMS) a pedido da Inter TV Cabugi e do g1.<br \/>\nNesta primeira fase da campanha, a pasta pretendia imunizar 46.549 crian\u00e7as e adolescentes entre 10 e 14 anos de idade, que s\u00e3o o p\u00fablico-alvo desta etapa. At\u00e9 esta ter\u00e7a, 9.058  haviam sido vacinadas.<br \/>\nA vacina \u00e9 aplicada em duas doses. A baixa procura preocupa a Secretaria de Sa\u00fade, entre outros motivos, porque o primeiro lote recebido de vacinas vence no fim do m\u00eas de abril e ele s\u00f3 pode ser utilizado para primeira dose.<br \/>\n&#8220;O primeiro lote que a gente recebeu, de 18.806 doses, \u00e9 para ser utilizado na primeira dose desse p\u00fablico e est\u00e1 com validade at\u00e9 o final de abril. Ent\u00e3o, a gente est\u00e1 aguardando defini\u00e7\u00f5es do Minist\u00e9rio da Sa\u00fade&#8221;, explicou a chefe do n\u00facleo de imuniza\u00e7\u00e3o de Natal, Veruska Ramos.<br \/>\nO aguardo da SMS \u00e9 para entender e montar novas estrat\u00e9gias do que fazer com as vacinas que v\u00e3o restar. Segundo Veruska, a m\u00e9dia tem sido de menos de 10 vacinados por dia em Natal.<br \/>\nLEIA TAMB\u00c9M<br \/>\nONDE SE VACINAR? Veja locais de imuniza\u00e7\u00e3o contra a dengue em Natal<br \/>\nQDENGA: o que \u00e9 preciso saber sobre a vacina<br \/>\nPara tentar ampliar a vacina\u00e7\u00e3o, a Secretaria de Sa\u00fade de Natal planeja iniciar uma a\u00e7\u00e3o de conscientiza\u00e7\u00e3o nas escolas da rede p\u00fablica.<br \/>\n&#8220;A gente n\u00e3o pode levar essa vacina para fora das unidades, \u00e9 uma recomenda\u00e7\u00e3o do pr\u00f3prio Minist\u00e9rio da Sa\u00fade, de que essas vacinas s\u00f3 podem ser utilizadas dentro da unidade de sa\u00fade. Mas a gente pode levar a conscientiza\u00e7\u00e3o, as campanhas, para que os pais busquem atrav\u00e9s desse recado a ser dado pelas pr\u00f3prias crian\u00e7as&#8221;, disse Veruska.<br \/>\nAo todo, 60 salas na rede p\u00fablica municipal de sa\u00fade est\u00e3o oferecendo a vacina contra a dengue em Natal.<br \/>\nComo saber se voc\u00ea est\u00e1 com dengue e se \u00e9 grave<br \/>\nQuadro no RN \u00e9 semelhante<br \/>\nA capital potiguar foi uma das 19 cidades selecionadas pelo Minist\u00e9rio da Sa\u00fade para iniciar a campanha. Mas no Rio Grande do Norte, o quadro tamb\u00e9m n\u00e3o \u00e9 t\u00e3o diferente.<br \/>\nAt\u00e9 esta ter\u00e7a, 20.432 doses (cerca de 15%) foram aplicadas para um p\u00fablico-alvo de 132 mil crian\u00e7as e adolescentes.<br \/>\nV\u00eddeos mais assistidos do g1 RN<\/p>","protected":false},"excerpt":{"rendered":"<p>Imuniza\u00e7\u00e3o para crian\u00e7as e adolescentes entre 10 e 14 anos come\u00e7ou em 19 de fevereiro. SMS mostra preocupa\u00e7\u00e3o com vencimento do lote, que ocorre em abril. Vacinas Qdenga contra a &#8230;<\/p>\n","protected":false},"author":0,"featured_media":4572,"parent":0,"menu_order":0,"comment_status":"closed","ping_status":"closed","template":"","meta":{"footnotes":""},"class_list":["post-4571","page","type-page","status-publish","has-post-thumbnail","hentry"],"yoast_head":"<!-- This site is optimized with the Yoast SEO plugin v27.1.1 - https:\/\/yoast.com\/product\/yoast-seo-wordpress\/ -->\n<title>Natal tem baixa procura pela vacina contra a dengue e imuniza apenas 19% s\u00f3 p\u00fablico-alvo em mais de um m\u00eas de campanha - Taveira Jr<\/title>\n<meta name=\"robots\" content=\"index, follow, max-snippet:-1, max-image-preview:large, max-video-preview:-1\" \/>\n<link rel=\"canonical\" href=\"https:\/\/deputadotaveirajr.com.br\/index.php\/natal-tem-baixa-procura-pela-vacina-contra-a-dengue-e-imuniza-apenas-19-so-publico-alvo-em-mais-de-um-mes-de-campanha\/\" \/>\n<meta property=\"og:locale\" content=\"pt_BR\" \/>\n<meta property=\"og:type\" content=\"article\" \/>\n<meta property=\"og:title\" content=\"Natal tem baixa procura pela vacina contra a dengue e imuniza apenas 19% s\u00f3 p\u00fablico-alvo em mais de um m\u00eas de campanha - Taveira Jr\" \/>\n<meta property=\"og:description\" content=\"Imuniza\u00e7\u00e3o para crian\u00e7as e adolescentes entre 10 e 14 anos come\u00e7ou em 19 de fevereiro. SMS mostra preocupa\u00e7\u00e3o com vencimento do lote, que ocorre em abril. Vacinas Qdenga contra a ...\" \/>\n<meta property=\"og:url\" content=\"https:\/\/deputadotaveirajr.com.br\/index.php\/natal-tem-baixa-procura-pela-vacina-contra-a-dengue-e-imuniza-apenas-19-so-publico-alvo-em-mais-de-um-mes-de-campanha\/\" \/>\n<meta property=\"og:site_name\" content=\"Taveira Jr\" \/>\n<meta property=\"og:image\" content=\"https:\/\/deputadotaveirajr.com.br\/wp-content\/uploads\/2024\/03\/vacina-dengue-02-1lLK30-scaled.jpeg\" \/>\n\t<meta property=\"og:image:width\" content=\"2560\" \/>\n\t<meta property=\"og:image:height\" content=\"1707\" \/>\n\t<meta property=\"og:image:type\" content=\"image\/jpeg\" \/>\n<meta name=\"twitter:card\" content=\"summary_large_image\" \/>\n<meta name=\"twitter:label1\" content=\"Est. tempo de leitura\" \/>\n\t<meta name=\"twitter:data1\" content=\"2 minutos\" \/>\n<script type=\"application\/ld+json\" class=\"yoast-schema-graph\">{\"@context\":\"https:\/\/schema.org\",\"@graph\":[{\"@type\":\"WebPage\",\"@id\":\"https:\/\/deputadotaveirajr.com.br\/index.php\/natal-tem-baixa-procura-pela-vacina-contra-a-dengue-e-imuniza-apenas-19-so-publico-alvo-em-mais-de-um-mes-de-campanha\/\",\"url\":\"https:\/\/deputadotaveirajr.com.br\/index.php\/natal-tem-baixa-procura-pela-vacina-contra-a-dengue-e-imuniza-apenas-19-so-publico-alvo-em-mais-de-um-mes-de-campanha\/\",\"name\":\"Natal tem baixa procura pela vacina contra a dengue e imuniza apenas 19% s\u00f3 p\u00fablico-alvo em mais de um m\u00eas de campanha - Taveira Jr\",\"isPartOf\":{\"@id\":\"https:\/\/deputadotaveirajr.com.br\/#website\"},\"primaryImageOfPage\":{\"@id\":\"https:\/\/deputadotaveirajr.com.br\/index.php\/natal-tem-baixa-procura-pela-vacina-contra-a-dengue-e-imuniza-apenas-19-so-publico-alvo-em-mais-de-um-mes-de-campanha\/#primaryimage\"},\"image\":{\"@id\":\"https:\/\/deputadotaveirajr.com.br\/index.php\/natal-tem-baixa-procura-pela-vacina-contra-a-dengue-e-imuniza-apenas-19-so-publico-alvo-em-mais-de-um-mes-de-campanha\/#primaryimage\"},\"thumbnailUrl\":\"https:\/\/deputadotaveirajr.com.br\/wp-content\/uploads\/2024\/03\/vacina-dengue-02-1lLK30-scaled.jpeg\",\"datePublished\":\"2024-03-27T00:34:51+00:00\",\"breadcrumb\":{\"@id\":\"https:\/\/deputadotaveirajr.com.br\/index.php\/natal-tem-baixa-procura-pela-vacina-contra-a-dengue-e-imuniza-apenas-19-so-publico-alvo-em-mais-de-um-mes-de-campanha\/#breadcrumb\"},\"inLanguage\":\"pt-BR\",\"potentialAction\":[{\"@type\":\"ReadAction\",\"target\":[\"https:\/\/deputadotaveirajr.com.br\/index.php\/natal-tem-baixa-procura-pela-vacina-contra-a-dengue-e-imuniza-apenas-19-so-publico-alvo-em-mais-de-um-mes-de-campanha\/\"]}]},{\"@type\":\"ImageObject\",\"inLanguage\":\"pt-BR\",\"@id\":\"https:\/\/deputadotaveirajr.com.br\/index.php\/natal-tem-baixa-procura-pela-vacina-contra-a-dengue-e-imuniza-apenas-19-so-publico-alvo-em-mais-de-um-mes-de-campanha\/#primaryimage\",\"url\":\"https:\/\/deputadotaveirajr.com.br\/wp-content\/uploads\/2024\/03\/vacina-dengue-02-1lLK30-scaled.jpeg\",\"contentUrl\":\"https:\/\/deputadotaveirajr.com.br\/wp-content\/uploads\/2024\/03\/vacina-dengue-02-1lLK30-scaled.jpeg\",\"width\":2560,\"height\":1707},{\"@type\":\"BreadcrumbList\",\"@id\":\"https:\/\/deputadotaveirajr.com.br\/index.php\/natal-tem-baixa-procura-pela-vacina-contra-a-dengue-e-imuniza-apenas-19-so-publico-alvo-em-mais-de-um-mes-de-campanha\/#breadcrumb\",\"itemListElement\":[{\"@type\":\"ListItem\",\"position\":1,\"name\":\"In\u00edcio\",\"item\":\"https:\/\/deputadotaveirajr.com.br\/\"},{\"@type\":\"ListItem\",\"position\":2,\"name\":\"Natal tem baixa procura pela vacina contra a dengue e imuniza apenas 19% s\u00f3 p\u00fablico-alvo em mais de um m\u00eas de campanha\"}]},{\"@type\":\"WebSite\",\"@id\":\"https:\/\/deputadotaveirajr.com.br\/#website\",\"url\":\"https:\/\/deputadotaveirajr.com.br\/\",\"name\":\"Taveira Jr\",\"description\":\"Deputado Estadual\",\"publisher\":{\"@id\":\"https:\/\/deputadotaveirajr.com.br\/#organization\"},\"potentialAction\":[{\"@type\":\"SearchAction\",\"target\":{\"@type\":\"EntryPoint\",\"urlTemplate\":\"https:\/\/deputadotaveirajr.com.br\/?s={search_term_string}\"},\"query-input\":{\"@type\":\"PropertyValueSpecification\",\"valueRequired\":true,\"valueName\":\"search_term_string\"}}],\"inLanguage\":\"pt-BR\"},{\"@type\":\"Organization\",\"@id\":\"https:\/\/deputadotaveirajr.com.br\/#organization\",\"name\":\"Taveira Jr\",\"url\":\"https:\/\/deputadotaveirajr.com.br\/\",\"logo\":{\"@type\":\"ImageObject\",\"inLanguage\":\"pt-BR\",\"@id\":\"https:\/\/deputadotaveirajr.com.br\/#\/schema\/logo\/image\/\",\"url\":\"https:\/\/deputadotaveirajr.com.br\/wp-content\/uploads\/2026\/01\/logolow2a.png\",\"contentUrl\":\"https:\/\/deputadotaveirajr.com.br\/wp-content\/uploads\/2026\/01\/logolow2a.png\",\"width\":290,\"height\":80,\"caption\":\"Taveira Jr\"},\"image\":{\"@id\":\"https:\/\/deputadotaveirajr.com.br\/#\/schema\/logo\/image\/\"}}]}<\/script>\n<!-- \/ Yoast SEO plugin. -->","yoast_head_json":{"title":"Natal tem baixa procura pela vacina contra a dengue e imuniza apenas 19% s\u00f3 p\u00fablico-alvo em mais de um m\u00eas de campanha - Taveira Jr","robots":{"index":"index","follow":"follow","max-snippet":"max-snippet:-1","max-image-preview":"max-image-preview:large","max-video-preview":"max-video-preview:-1"},"canonical":"https:\/\/deputadotaveirajr.com.br\/index.php\/natal-tem-baixa-procura-pela-vacina-contra-a-dengue-e-imuniza-apenas-19-so-publico-alvo-em-mais-de-um-mes-de-campanha\/","og_locale":"pt_BR","og_type":"article","og_title":"Natal tem baixa procura pela vacina contra a dengue e imuniza apenas 19% s\u00f3 p\u00fablico-alvo em mais de um m\u00eas de campanha - Taveira Jr","og_description":"Imuniza\u00e7\u00e3o para crian\u00e7as e adolescentes entre 10 e 14 anos come\u00e7ou em 19 de fevereiro. SMS mostra preocupa\u00e7\u00e3o com vencimento do lote, que ocorre em abril. Vacinas Qdenga contra a ...","og_url":"https:\/\/deputadotaveirajr.com.br\/index.php\/natal-tem-baixa-procura-pela-vacina-contra-a-dengue-e-imuniza-apenas-19-so-publico-alvo-em-mais-de-um-mes-de-campanha\/","og_site_name":"Taveira Jr","og_image":[{"width":2560,"height":1707,"url":"https:\/\/deputadotaveirajr.com.br\/wp-content\/uploads\/2024\/03\/vacina-dengue-02-1lLK30-scaled.jpeg","type":"image\/jpeg"}],"twitter_card":"summary_large_image","twitter_misc":{"Est. tempo de leitura":"2 minutos"},"schema":{"@context":"https:\/\/schema.org","@graph":[{"@type":"WebPage","@id":"https:\/\/deputadotaveirajr.com.br\/index.php\/natal-tem-baixa-procura-pela-vacina-contra-a-dengue-e-imuniza-apenas-19-so-publico-alvo-em-mais-de-um-mes-de-campanha\/","url":"https:\/\/deputadotaveirajr.com.br\/index.php\/natal-tem-baixa-procura-pela-vacina-contra-a-dengue-e-imuniza-apenas-19-so-publico-alvo-em-mais-de-um-mes-de-campanha\/","name":"Natal tem baixa procura pela vacina contra a dengue e imuniza apenas 19% s\u00f3 p\u00fablico-alvo em mais de um m\u00eas de campanha - Taveira Jr","isPartOf":{"@id":"https:\/\/deputadotaveirajr.com.br\/#website"},"primaryImageOfPage":{"@id":"https:\/\/deputadotaveirajr.com.br\/index.php\/natal-tem-baixa-procura-pela-vacina-contra-a-dengue-e-imuniza-apenas-19-so-publico-alvo-em-mais-de-um-mes-de-campanha\/#primaryimage"},"image":{"@id":"https:\/\/deputadotaveirajr.com.br\/index.php\/natal-tem-baixa-procura-pela-vacina-contra-a-dengue-e-imuniza-apenas-19-so-publico-alvo-em-mais-de-um-mes-de-campanha\/#primaryimage"},"thumbnailUrl":"https:\/\/deputadotaveirajr.com.br\/wp-content\/uploads\/2024\/03\/vacina-dengue-02-1lLK30-scaled.jpeg","datePublished":"2024-03-27T00:34:51+00:00","breadcrumb":{"@id":"https:\/\/deputadotaveirajr.com.br\/index.php\/natal-tem-baixa-procura-pela-vacina-contra-a-dengue-e-imuniza-apenas-19-so-publico-alvo-em-mais-de-um-mes-de-campanha\/#breadcrumb"},"inLanguage":"pt-BR","potentialAction":[{"@type":"ReadAction","target":["https:\/\/deputadotaveirajr.com.br\/index.php\/natal-tem-baixa-procura-pela-vacina-contra-a-dengue-e-imuniza-apenas-19-so-publico-alvo-em-mais-de-um-mes-de-campanha\/"]}]},{"@type":"ImageObject","inLanguage":"pt-BR","@id":"https:\/\/deputadotaveirajr.com.br\/index.php\/natal-tem-baixa-procura-pela-vacina-contra-a-dengue-e-imuniza-apenas-19-so-publico-alvo-em-mais-de-um-mes-de-campanha\/#primaryimage","url":"https:\/\/deputadotaveirajr.com.br\/wp-content\/uploads\/2024\/03\/vacina-dengue-02-1lLK30-scaled.jpeg","contentUrl":"https:\/\/deputadotaveirajr.com.br\/wp-content\/uploads\/2024\/03\/vacina-dengue-02-1lLK30-scaled.jpeg","width":2560,"height":1707},{"@type":"BreadcrumbList","@id":"https:\/\/deputadotaveirajr.com.br\/index.php\/natal-tem-baixa-procura-pela-vacina-contra-a-dengue-e-imuniza-apenas-19-so-publico-alvo-em-mais-de-um-mes-de-campanha\/#breadcrumb","itemListElement":[{"@type":"ListItem","position":1,"name":"In\u00edcio","item":"https:\/\/deputadotaveirajr.com.br\/"},{"@type":"ListItem","position":2,"name":"Natal tem baixa procura pela vacina contra a dengue e imuniza apenas 19% s\u00f3 p\u00fablico-alvo em mais de um m\u00eas de campanha"}]},{"@type":"WebSite","@id":"https:\/\/deputadotaveirajr.com.br\/#website","url":"https:\/\/deputadotaveirajr.com.br\/","name":"Taveira Jr","description":"Deputado Estadual","publisher":{"@id":"https:\/\/deputadotaveirajr.com.br\/#organization"},"potentialAction":[{"@type":"SearchAction","target":{"@type":"EntryPoint","urlTemplate":"https:\/\/deputadotaveirajr.com.br\/?s={search_term_string}"},"query-input":{"@type":"PropertyValueSpecification","valueRequired":true,"valueName":"search_term_string"}}],"inLanguage":"pt-BR"},{"@type":"Organization","@id":"https:\/\/deputadotaveirajr.com.br\/#organization","name":"Taveira Jr","url":"https:\/\/deputadotaveirajr.com.br\/","logo":{"@type":"ImageObject","inLanguage":"pt-BR","@id":"https:\/\/deputadotaveirajr.com.br\/#\/schema\/logo\/image\/","url":"https:\/\/deputadotaveirajr.com.br\/wp-content\/uploads\/2026\/01\/logolow2a.png","contentUrl":"https:\/\/deputadotaveirajr.com.br\/wp-content\/uploads\/2026\/01\/logolow2a.png","width":290,"height":80,"caption":"Taveira Jr"},"image":{"@id":"https:\/\/deputadotaveirajr.com.br\/#\/schema\/logo\/image\/"}}]}},"_links":{"self":[{"href":"https:\/\/deputadotaveirajr.com.br\/index.php\/wp-json\/wp\/v2\/pages\/4571","targetHints":{"allow":["GET"]}}],"collection":[{"href":"https:\/\/deputadotaveirajr.com.br\/index.php\/wp-json\/wp\/v2\/pages"}],"about":[{"href":"https:\/\/deputadotaveirajr.com.br\/index.php\/wp-json\/wp\/v2\/types\/page"}],"replies":[{"embeddable":true,"href":"https:\/\/deputadotaveirajr.com.br\/index.php\/wp-json\/wp\/v2\/comments?post=4571"}],"version-history":[{"count":1,"href":"https:\/\/deputadotaveirajr.com.br\/index.php\/wp-json\/wp\/v2\/pages\/4571\/revisions"}],"predecessor-version":[{"id":4579,"href":"https:\/\/deputadotaveirajr.com.br\/index.php\/wp-json\/wp\/v2\/pages\/4571\/revisions\/4579"}],"wp:featuredmedia":[{"embeddable":true,"href":"https:\/\/deputadotaveirajr.com.br\/index.php\/wp-json\/wp\/v2\/media\/4572"}],"wp:attachment":[{"href":"https:\/\/deputadotaveirajr.com.br\/index.php\/wp-json\/wp\/v2\/media?parent=4571"}],"curies":[{"name":"wp","href":"https:\/\/api.w.org\/{rel}","templated":true}]}}