{"id":4577,"date":"2024-03-26T22:45:54","date_gmt":"2024-03-27T01:45:54","guid":{"rendered":"https:\/\/deputadotaveirajr.com.br\/?page_id=4577"},"modified":"2024-03-26T22:45:54","modified_gmt":"2024-03-27T01:45:54","slug":"inmet-emite-quatro-alertas-de-chuvas-para-o-rio-grande-do-norte-veja-cidades","status":"publish","type":"page","link":"https:\/\/deputadotaveirajr.com.br\/index.php\/inmet-emite-quatro-alertas-de-chuvas-para-o-rio-grande-do-norte-veja-cidades\/","title":{"rendered":"Inmet emite quatro alertas de chuvas para o Rio Grande do Norte; veja cidades"},"content":{"rendered":"<p>     Tr\u00eas dos avisos valem at\u00e9 esta quarta-feira (27), enquanto outro vai at\u00e9 a sexta (29). Alertas s\u00e3o das cores amarela (perigo potencial) e laranja (perigo). Alertas do Inmet<br \/>\nDivulga\u00e7\u00e3o\/Inmet<br \/>\nO Instituto Nacional de Meteorologia (Inmet) emitiu quatro alertas de chuvas intensas para cidades do Rio Grande do Norte.  Tr\u00eas dos avisos s\u00e3o das cores amarela (perigo potencial) e um deles \u00e9 da cor laranja (perigo).<br \/>\nOs avisos valem:<br \/>\n1\u00ba &#8211; amarelo &#8211; at\u00e9 10h da quarta-feira (27);<br \/>\n2\u00ba &#8211;  amarelo &#8211; at\u00e9 10h da quarta-feira (27);<br \/>\n3\u00ba &#8211; laranja &#8211; at\u00e9 10h da quarta-feira (27); e<br \/>\n4\u00ba &#8211; amarelo &#8211; at\u00e9 10h da sexta-feira (29).<br \/>\nEntenda abaixo os n\u00edveis do grau de severidade do \u00f3rg\u00e3o:<br \/>\nGrau de severidade<br \/>\n\ud83d\udcf3Participe do canal do g1 RN no WhatsApp e receba no seu celular as not\u00edcias do estado<br \/>\n\ud83d\udfe1 O alerta amarelo, as chuvas variam entre 20 e 30 mm\/h ou at\u00e9 50 mm por dia, com ventos intensos entre 40 e 60 km\/h. H\u00e1, nesse tipo de alerta, baixo risco de corte de energia el\u00e9trica, queda de galhos de \u00e1rvores, alagamentos e de descargas el\u00e9tricas .<br \/>\n\ud83d\udfe0 J\u00e1 o alerta laranja prev\u00ea chuvas entre 30 e 60 mm\/h, ou entre 50 e 100 mm\/dia. Al\u00e9m disso, h\u00e1 previs\u00e3o de ventos intensos (de 60 a 100 km\/h). Nesse tipo de alerta, h\u00e1 risco de corte de energia el\u00e9trica, queda de galhos de \u00e1rvores, alagamentos e de descargas el\u00e9tricas.<br \/>\nRecomenda\u00e7\u00f5es<br \/>\nEm caso de chuva intensa e rajadas de vento, \u00e9 recomendado:<br \/>\nn\u00e3o se abrigar debaixo de \u00e1rvores;<br \/>\nn\u00e3o estacionar ve\u00edculos pr\u00f3ximos a torres de transmiss\u00e3o e placas de propaganda;<br \/>\nevitar usar aparelhos ligados \u00e0 tomada;<br \/>\nse poss\u00edvel, desligar aparelhos el\u00e9tricos e quadro geral de energia;<br \/>\nem caso de necessidade, acionar Defesa Civil (telefone 199) e Corpo de Bombeiros (telefone 193).<br \/>\n\ud83d\udfe1 Cidades no 1\u00ba alerta<br \/>\nAreia Branca<br \/>\nBara\u00fana<br \/>\nCarnaubais<br \/>\nFelipe Guerra<br \/>\nGovernador Dix-Sept Rosado<br \/>\nGrossos<br \/>\nMossor\u00f3<br \/>\nPorto do Mangue<br \/>\nSerra do Mel<br \/>\nTibau<br \/>\n\ud83d\udfe1 Cidades no 2\u00ba alerta<br \/>\nAss\u00fa<br \/>\nAfonso Bezerra<br \/>\nAlto do Rodrigues<br \/>\nAngicos<br \/>\nArez<br \/>\nBa\u00eda Formosa<br \/>\nBarcelona<br \/>\nBento Fernandes<br \/>\nBom Jesus<br \/>\nBrejinho<br \/>\nCai\u00e7ara do Norte<br \/>\nCai\u00e7ara do Rio do Vento<br \/>\nCanguaretama<br \/>\nCarnaubais<br \/>\nCear\u00e1-Mirim<br \/>\nCerro Cor\u00e1<br \/>\nEsp\u00edrito Santo<br \/>\nExtremoz<br \/>\nFelipe Guerra<br \/>\nFernando Pedroza<br \/>\nGalinhos<br \/>\nGoianinha<br \/>\nGovernador Dix-Sept Rosado<br \/>\nGuamar\u00e9<br \/>\nIelmo Marinho<br \/>\nIpangua\u00e7u<br \/>\nJanda\u00edra<br \/>\nJanu\u00e1rio Cicco<br \/>\nJapi<br \/>\nJardim de Angicos<br \/>\nJo\u00e3o C\u00e2mara<br \/>\nJundi\u00e1<br \/>\nLagoa d&#8217;Anta<br \/>\nLagoa de Pedras<br \/>\nLagoa de Velhos<br \/>\nLagoa Salgada<br \/>\nLajes<br \/>\nLajes Pintadas<br \/>\nMaca\u00edba<br \/>\nMacau<br \/>\nMaxaranguape<br \/>\nMontanhas<br \/>\nMonte Alegre<br \/>\nMonte das Gameleiras<br \/>\nMossor\u00f3<br \/>\nNatal<br \/>\nN\u00edsia Floresta<br \/>\nNova Cruz<br \/>\nParazinho<br \/>\nParnamirim<br \/>\nPassa e Fica<br \/>\nPassagem<br \/>\nPedra Grande<br \/>\nPedra Preta<br \/>\nPedro Avelino<br \/>\nPedro Velho<br \/>\nPend\u00eancias<br \/>\nPo\u00e7o Branco<br \/>\nPorto do Mangue<br \/>\nPureza<br \/>\nRiachuelo<br \/>\nRio do Fogo<br \/>\nRuy Barbosa<br \/>\nSanta Cruz<br \/>\nSanta Maria<br \/>\nSantana do Matos<br \/>\nSanto Ant\u00f4nio<br \/>\nS\u00e3o Bento do Norte<br \/>\nS\u00e3o Gon\u00e7alo do Amarante<br \/>\nS\u00e3o Jos\u00e9 de Mipibu<br \/>\nS\u00e3o Jos\u00e9 do Campestre<br \/>\nS\u00e3o Miguel do Gostoso<br \/>\nS\u00e3o Paulo do Potengi<br \/>\nS\u00e3o Pedro<br \/>\nS\u00e3o Tom\u00e9<br \/>\nSenador El\u00f3i de Souza<br \/>\nSenador Georgino Avelino<br \/>\nSerra Caiada<br \/>\nSerra de S\u00e3o Bento<br \/>\nSerra do Mel<br \/>\nSerrinha<br \/>\nS\u00edtio Novo<br \/>\nTaipu<br \/>\nTangar\u00e1<br \/>\nTibau do Sul<br \/>\nTouros<br \/>\nUpanema<br \/>\nV\u00e1rzea<br \/>\nVera Cruz<br \/>\nVila Flor<br \/>\n\ud83d\udfe0 Cidades no 3\u00ba alerta<br \/>\nAlto do Rodrigues<br \/>\nAreia Branca<br \/>\nCai\u00e7ara do Norte<br \/>\nCarnaubais<br \/>\nCear\u00e1-Mirim<br \/>\nExtremoz<br \/>\nGalinhos<br \/>\nGrossos<br \/>\nGuamar\u00e9<br \/>\nJanda\u00edra<br \/>\nJardim de Angicos<br \/>\nJo\u00e3o C\u00e2mara<br \/>\nMaca\u00edba<br \/>\nMacau<br \/>\nMaxaranguape<br \/>\nMossor\u00f3<br \/>\nNatal<br \/>\nParazinho<br \/>\nParnamirim<br \/>\nPedra Grande<br \/>\nPedra Preta<br \/>\nPedro Avelino<br \/>\nPend\u00eancias<br \/>\nPo\u00e7o Branco<br \/>\nPorto do Mangue<br \/>\nPureza<br \/>\nRio do Fogo<br \/>\nS\u00e3o Bento do Norte<br \/>\nS\u00e3o Gon\u00e7alo do Amarante<br \/>\nS\u00e3o Miguel do Gostoso<br \/>\nSerra do Mel<br \/>\nTaipu<br \/>\nTibau<br \/>\nTouros<br \/>\n\ud83d\udfe1Cidades no 4\u00ba alerta<br \/>\nAfonso Bezerra<br \/>\nAlto do Rodrigues<br \/>\nAngicos<br \/>\nArez<br \/>\nBa\u00eda Formosa<br \/>\nBarcelona<br \/>\nBento Fernandes<br \/>\nBod\u00f3<br \/>\nBom Jesus<br \/>\nBrejinho<br \/>\nCai\u00e7ara do Norte<br \/>\nCai\u00e7ara do Rio do Vento<br \/>\nCampo Redondo<br \/>\nCanguaretama<br \/>\nCear\u00e1-Mirim<br \/>\nCerro Cor\u00e1<br \/>\nCoronel Ezequiel<br \/>\nCurrais Novos<br \/>\nEsp\u00edrito Santo<br \/>\nExtremoz<br \/>\nFernando Pedroza<br \/>\nGalinhos<br \/>\nGoianinha<br \/>\nGuamar\u00e9<br \/>\nIelmo Marinho<br \/>\nJa\u00e7an\u00e3<br \/>\nJanda\u00edra<br \/>\nJanu\u00e1rio Cicco<br \/>\nJapi<br \/>\nJardim de Angicos<br \/>\nJo\u00e3o C\u00e2mara<br \/>\nJundi\u00e1<br \/>\nLagoa d&#8217;Anta<br \/>\nLagoa de Pedras<br \/>\nLagoa de Velhos<br \/>\nLagoa Salgada<br \/>\nLajes<br \/>\nLajes Pintadas<br \/>\nMaca\u00edba<br \/>\nMacau<br \/>\nMaxaranguape<br \/>\nMontanhas<br \/>\nMonte Alegre<br \/>\nMonte das Gameleiras<br \/>\nNatal<br \/>\nN\u00edsia Floresta<br \/>\nNova Cruz<br \/>\nParazinho<br \/>\nParnamirim<br \/>\nPassa e Fica<br \/>\nPassagem<br \/>\nPedra Grande<br \/>\nPedra Preta<br \/>\nPedro Avelino<br \/>\nPedro Velho<br \/>\nPend\u00eancias<br \/>\nPo\u00e7o Branco<br \/>\nPureza<br \/>\nRiachuelo<br \/>\nRio do Fogo<br \/>\nRuy Barbosa<br \/>\nSanta Cruz<br \/>\nSanta Maria<br \/>\nSantana do Matos<br \/>\nSanto Ant\u00f4nio<br \/>\nS\u00e3o Bento do Norte<br \/>\nS\u00e3o Bento do Trair\u00ed<br \/>\nS\u00e3o Gon\u00e7alo do Amarante<br \/>\nS\u00e3o Jos\u00e9 de Mipibu<br \/>\nS\u00e3o Jos\u00e9 do Campestre<br \/>\nS\u00e3o Miguel do Gostoso<br \/>\nS\u00e3o Paulo do Potengi<br \/>\nS\u00e3o Pedro<br \/>\nS\u00e3o Tom\u00e9<br \/>\nSenador El\u00f3i de Souza<br \/>\nSenador Georgino Avelino<br \/>\nSerra Caiada<br \/>\nSerra de S\u00e3o Bento<br \/>\nSerrinha<br \/>\nS\u00edtio Novo<br \/>\nTaipu<br \/>\nTangar\u00e1<br \/>\nTibau do Sul<br \/>\nTouros<br \/>\nV\u00e1rzea<br \/>\nVera Cruz<br \/>\nVila Flor<br \/>\nV\u00eddeos mais assistidos do g1 RN<\/p>","protected":false},"excerpt":{"rendered":"<p>Tr\u00eas dos avisos valem at\u00e9 esta quarta-feira (27), enquanto outro vai at\u00e9 a sexta (29). Alertas s\u00e3o das cores amarela (perigo potencial) e laranja (perigo). Alertas do Inmet Divulga\u00e7\u00e3o\/Inmet O &#8230;<\/p>\n","protected":false},"author":0,"featured_media":4578,"parent":0,"menu_order":0,"comment_status":"closed","ping_status":"closed","template":"","meta":{"footnotes":""},"class_list":["post-4577","page","type-page","status-publish","has-post-thumbnail","hentry"],"yoast_head":"<!-- This site is optimized with the Yoast SEO plugin v27.1.1 - https:\/\/yoast.com\/product\/yoast-seo-wordpress\/ -->\n<title>Inmet emite quatro alertas de chuvas para o Rio Grande do Norte; veja cidades - Taveira Jr<\/title>\n<meta name=\"robots\" content=\"index, follow, max-snippet:-1, max-image-preview:large, max-video-preview:-1\" \/>\n<link rel=\"canonical\" href=\"https:\/\/deputadotaveirajr.com.br\/index.php\/inmet-emite-quatro-alertas-de-chuvas-para-o-rio-grande-do-norte-veja-cidades\/\" \/>\n<meta property=\"og:locale\" content=\"pt_BR\" \/>\n<meta property=\"og:type\" content=\"article\" \/>\n<meta property=\"og:title\" content=\"Inmet emite quatro alertas de chuvas para o Rio Grande do Norte; veja cidades - Taveira Jr\" \/>\n<meta property=\"og:description\" content=\"Tr\u00eas dos avisos valem at\u00e9 esta quarta-feira (27), enquanto outro vai at\u00e9 a sexta (29). Alertas s\u00e3o das cores amarela (perigo potencial) e laranja (perigo). Alertas do Inmet Divulga\u00e7\u00e3o\/Inmet O ...\" \/>\n<meta property=\"og:url\" content=\"https:\/\/deputadotaveirajr.com.br\/index.php\/inmet-emite-quatro-alertas-de-chuvas-para-o-rio-grande-do-norte-veja-cidades\/\" \/>\n<meta property=\"og:site_name\" content=\"Taveira Jr\" \/>\n<meta property=\"og:image\" content=\"https:\/\/deputadotaveirajr.com.br\/wp-content\/uploads\/2024\/03\/captura-de-tela-2024-03-26-193621-6KPeEm.jpeg\" \/>\n\t<meta property=\"og:image:width\" content=\"541\" \/>\n\t<meta property=\"og:image:height\" content=\"485\" \/>\n\t<meta property=\"og:image:type\" content=\"image\/jpeg\" \/>\n<meta name=\"twitter:card\" content=\"summary_large_image\" \/>\n<meta name=\"twitter:label1\" content=\"Est. tempo de leitura\" \/>\n\t<meta name=\"twitter:data1\" content=\"4 minutos\" \/>\n<script type=\"application\/ld+json\" class=\"yoast-schema-graph\">{\"@context\":\"https:\/\/schema.org\",\"@graph\":[{\"@type\":\"WebPage\",\"@id\":\"https:\/\/deputadotaveirajr.com.br\/index.php\/inmet-emite-quatro-alertas-de-chuvas-para-o-rio-grande-do-norte-veja-cidades\/\",\"url\":\"https:\/\/deputadotaveirajr.com.br\/index.php\/inmet-emite-quatro-alertas-de-chuvas-para-o-rio-grande-do-norte-veja-cidades\/\",\"name\":\"Inmet emite quatro alertas de chuvas para o Rio Grande do Norte; veja cidades - Taveira Jr\",\"isPartOf\":{\"@id\":\"https:\/\/deputadotaveirajr.com.br\/#website\"},\"primaryImageOfPage\":{\"@id\":\"https:\/\/deputadotaveirajr.com.br\/index.php\/inmet-emite-quatro-alertas-de-chuvas-para-o-rio-grande-do-norte-veja-cidades\/#primaryimage\"},\"image\":{\"@id\":\"https:\/\/deputadotaveirajr.com.br\/index.php\/inmet-emite-quatro-alertas-de-chuvas-para-o-rio-grande-do-norte-veja-cidades\/#primaryimage\"},\"thumbnailUrl\":\"https:\/\/deputadotaveirajr.com.br\/wp-content\/uploads\/2024\/03\/captura-de-tela-2024-03-26-193621-6KPeEm.jpeg\",\"datePublished\":\"2024-03-27T01:45:54+00:00\",\"breadcrumb\":{\"@id\":\"https:\/\/deputadotaveirajr.com.br\/index.php\/inmet-emite-quatro-alertas-de-chuvas-para-o-rio-grande-do-norte-veja-cidades\/#breadcrumb\"},\"inLanguage\":\"pt-BR\",\"potentialAction\":[{\"@type\":\"ReadAction\",\"target\":[\"https:\/\/deputadotaveirajr.com.br\/index.php\/inmet-emite-quatro-alertas-de-chuvas-para-o-rio-grande-do-norte-veja-cidades\/\"]}]},{\"@type\":\"ImageObject\",\"inLanguage\":\"pt-BR\",\"@id\":\"https:\/\/deputadotaveirajr.com.br\/index.php\/inmet-emite-quatro-alertas-de-chuvas-para-o-rio-grande-do-norte-veja-cidades\/#primaryimage\",\"url\":\"https:\/\/deputadotaveirajr.com.br\/wp-content\/uploads\/2024\/03\/captura-de-tela-2024-03-26-193621-6KPeEm.jpeg\",\"contentUrl\":\"https:\/\/deputadotaveirajr.com.br\/wp-content\/uploads\/2024\/03\/captura-de-tela-2024-03-26-193621-6KPeEm.jpeg\",\"width\":541,\"height\":485},{\"@type\":\"BreadcrumbList\",\"@id\":\"https:\/\/deputadotaveirajr.com.br\/index.php\/inmet-emite-quatro-alertas-de-chuvas-para-o-rio-grande-do-norte-veja-cidades\/#breadcrumb\",\"itemListElement\":[{\"@type\":\"ListItem\",\"position\":1,\"name\":\"In\u00edcio\",\"item\":\"https:\/\/deputadotaveirajr.com.br\/\"},{\"@type\":\"ListItem\",\"position\":2,\"name\":\"Inmet emite quatro alertas de chuvas para o Rio Grande do Norte; veja cidades\"}]},{\"@type\":\"WebSite\",\"@id\":\"https:\/\/deputadotaveirajr.com.br\/#website\",\"url\":\"https:\/\/deputadotaveirajr.com.br\/\",\"name\":\"Taveira Jr\",\"description\":\"Deputado Estadual\",\"publisher\":{\"@id\":\"https:\/\/deputadotaveirajr.com.br\/#organization\"},\"potentialAction\":[{\"@type\":\"SearchAction\",\"target\":{\"@type\":\"EntryPoint\",\"urlTemplate\":\"https:\/\/deputadotaveirajr.com.br\/?s={search_term_string}\"},\"query-input\":{\"@type\":\"PropertyValueSpecification\",\"valueRequired\":true,\"valueName\":\"search_term_string\"}}],\"inLanguage\":\"pt-BR\"},{\"@type\":\"Organization\",\"@id\":\"https:\/\/deputadotaveirajr.com.br\/#organization\",\"name\":\"Taveira Jr\",\"url\":\"https:\/\/deputadotaveirajr.com.br\/\",\"logo\":{\"@type\":\"ImageObject\",\"inLanguage\":\"pt-BR\",\"@id\":\"https:\/\/deputadotaveirajr.com.br\/#\/schema\/logo\/image\/\",\"url\":\"https:\/\/deputadotaveirajr.com.br\/wp-content\/uploads\/2026\/01\/logolow2a.png\",\"contentUrl\":\"https:\/\/deputadotaveirajr.com.br\/wp-content\/uploads\/2026\/01\/logolow2a.png\",\"width\":290,\"height\":80,\"caption\":\"Taveira Jr\"},\"image\":{\"@id\":\"https:\/\/deputadotaveirajr.com.br\/#\/schema\/logo\/image\/\"}}]}<\/script>\n<!-- \/ Yoast SEO plugin. -->","yoast_head_json":{"title":"Inmet emite quatro alertas de chuvas para o Rio Grande do Norte; veja cidades - Taveira Jr","robots":{"index":"index","follow":"follow","max-snippet":"max-snippet:-1","max-image-preview":"max-image-preview:large","max-video-preview":"max-video-preview:-1"},"canonical":"https:\/\/deputadotaveirajr.com.br\/index.php\/inmet-emite-quatro-alertas-de-chuvas-para-o-rio-grande-do-norte-veja-cidades\/","og_locale":"pt_BR","og_type":"article","og_title":"Inmet emite quatro alertas de chuvas para o Rio Grande do Norte; veja cidades - Taveira Jr","og_description":"Tr\u00eas dos avisos valem at\u00e9 esta quarta-feira (27), enquanto outro vai at\u00e9 a sexta (29). Alertas s\u00e3o das cores amarela (perigo potencial) e laranja (perigo). Alertas do Inmet Divulga\u00e7\u00e3o\/Inmet O ...","og_url":"https:\/\/deputadotaveirajr.com.br\/index.php\/inmet-emite-quatro-alertas-de-chuvas-para-o-rio-grande-do-norte-veja-cidades\/","og_site_name":"Taveira Jr","og_image":[{"width":541,"height":485,"url":"https:\/\/deputadotaveirajr.com.br\/wp-content\/uploads\/2024\/03\/captura-de-tela-2024-03-26-193621-6KPeEm.jpeg","type":"image\/jpeg"}],"twitter_card":"summary_large_image","twitter_misc":{"Est. tempo de leitura":"4 minutos"},"schema":{"@context":"https:\/\/schema.org","@graph":[{"@type":"WebPage","@id":"https:\/\/deputadotaveirajr.com.br\/index.php\/inmet-emite-quatro-alertas-de-chuvas-para-o-rio-grande-do-norte-veja-cidades\/","url":"https:\/\/deputadotaveirajr.com.br\/index.php\/inmet-emite-quatro-alertas-de-chuvas-para-o-rio-grande-do-norte-veja-cidades\/","name":"Inmet emite quatro alertas de chuvas para o Rio Grande do Norte; veja cidades - Taveira Jr","isPartOf":{"@id":"https:\/\/deputadotaveirajr.com.br\/#website"},"primaryImageOfPage":{"@id":"https:\/\/deputadotaveirajr.com.br\/index.php\/inmet-emite-quatro-alertas-de-chuvas-para-o-rio-grande-do-norte-veja-cidades\/#primaryimage"},"image":{"@id":"https:\/\/deputadotaveirajr.com.br\/index.php\/inmet-emite-quatro-alertas-de-chuvas-para-o-rio-grande-do-norte-veja-cidades\/#primaryimage"},"thumbnailUrl":"https:\/\/deputadotaveirajr.com.br\/wp-content\/uploads\/2024\/03\/captura-de-tela-2024-03-26-193621-6KPeEm.jpeg","datePublished":"2024-03-27T01:45:54+00:00","breadcrumb":{"@id":"https:\/\/deputadotaveirajr.com.br\/index.php\/inmet-emite-quatro-alertas-de-chuvas-para-o-rio-grande-do-norte-veja-cidades\/#breadcrumb"},"inLanguage":"pt-BR","potentialAction":[{"@type":"ReadAction","target":["https:\/\/deputadotaveirajr.com.br\/index.php\/inmet-emite-quatro-alertas-de-chuvas-para-o-rio-grande-do-norte-veja-cidades\/"]}]},{"@type":"ImageObject","inLanguage":"pt-BR","@id":"https:\/\/deputadotaveirajr.com.br\/index.php\/inmet-emite-quatro-alertas-de-chuvas-para-o-rio-grande-do-norte-veja-cidades\/#primaryimage","url":"https:\/\/deputadotaveirajr.com.br\/wp-content\/uploads\/2024\/03\/captura-de-tela-2024-03-26-193621-6KPeEm.jpeg","contentUrl":"https:\/\/deputadotaveirajr.com.br\/wp-content\/uploads\/2024\/03\/captura-de-tela-2024-03-26-193621-6KPeEm.jpeg","width":541,"height":485},{"@type":"BreadcrumbList","@id":"https:\/\/deputadotaveirajr.com.br\/index.php\/inmet-emite-quatro-alertas-de-chuvas-para-o-rio-grande-do-norte-veja-cidades\/#breadcrumb","itemListElement":[{"@type":"ListItem","position":1,"name":"In\u00edcio","item":"https:\/\/deputadotaveirajr.com.br\/"},{"@type":"ListItem","position":2,"name":"Inmet emite quatro alertas de chuvas para o Rio Grande do Norte; veja cidades"}]},{"@type":"WebSite","@id":"https:\/\/deputadotaveirajr.com.br\/#website","url":"https:\/\/deputadotaveirajr.com.br\/","name":"Taveira Jr","description":"Deputado Estadual","publisher":{"@id":"https:\/\/deputadotaveirajr.com.br\/#organization"},"potentialAction":[{"@type":"SearchAction","target":{"@type":"EntryPoint","urlTemplate":"https:\/\/deputadotaveirajr.com.br\/?s={search_term_string}"},"query-input":{"@type":"PropertyValueSpecification","valueRequired":true,"valueName":"search_term_string"}}],"inLanguage":"pt-BR"},{"@type":"Organization","@id":"https:\/\/deputadotaveirajr.com.br\/#organization","name":"Taveira Jr","url":"https:\/\/deputadotaveirajr.com.br\/","logo":{"@type":"ImageObject","inLanguage":"pt-BR","@id":"https:\/\/deputadotaveirajr.com.br\/#\/schema\/logo\/image\/","url":"https:\/\/deputadotaveirajr.com.br\/wp-content\/uploads\/2026\/01\/logolow2a.png","contentUrl":"https:\/\/deputadotaveirajr.com.br\/wp-content\/uploads\/2026\/01\/logolow2a.png","width":290,"height":80,"caption":"Taveira Jr"},"image":{"@id":"https:\/\/deputadotaveirajr.com.br\/#\/schema\/logo\/image\/"}}]}},"_links":{"self":[{"href":"https:\/\/deputadotaveirajr.com.br\/index.php\/wp-json\/wp\/v2\/pages\/4577","targetHints":{"allow":["GET"]}}],"collection":[{"href":"https:\/\/deputadotaveirajr.com.br\/index.php\/wp-json\/wp\/v2\/pages"}],"about":[{"href":"https:\/\/deputadotaveirajr.com.br\/index.php\/wp-json\/wp\/v2\/types\/page"}],"replies":[{"embeddable":true,"href":"https:\/\/deputadotaveirajr.com.br\/index.php\/wp-json\/wp\/v2\/comments?post=4577"}],"version-history":[{"count":1,"href":"https:\/\/deputadotaveirajr.com.br\/index.php\/wp-json\/wp\/v2\/pages\/4577\/revisions"}],"predecessor-version":[{"id":4580,"href":"https:\/\/deputadotaveirajr.com.br\/index.php\/wp-json\/wp\/v2\/pages\/4577\/revisions\/4580"}],"wp:featuredmedia":[{"embeddable":true,"href":"https:\/\/deputadotaveirajr.com.br\/index.php\/wp-json\/wp\/v2\/media\/4578"}],"wp:attachment":[{"href":"https:\/\/deputadotaveirajr.com.br\/index.php\/wp-json\/wp\/v2\/media?parent=4577"}],"curies":[{"name":"wp","href":"https:\/\/api.w.org\/{rel}","templated":true}]}}