{"id":4875,"date":"2024-04-01T11:02:46","date_gmt":"2024-04-01T14:02:46","guid":{"rendered":"https:\/\/deputadotaveirajr.com.br\/?page_id=4875"},"modified":"2024-04-01T11:02:46","modified_gmt":"2024-04-01T14:02:46","slug":"cratera-interdita-trecho-da-avenida-prudente-de-morais-em-natal","status":"publish","type":"page","link":"https:\/\/deputadotaveirajr.com.br\/index.php\/cratera-interdita-trecho-da-avenida-prudente-de-morais-em-natal\/","title":{"rendered":"Cratera interdita trecho da Avenida Prudente de Morais em Natal"},"content":{"rendered":"<p>     Cratera se abriu na altura do viaduto estaiado no sentido Centro\/Candel\u00e1ria. Cratera interdita trecho da Avenida Prudente de Morais em Natal<br \/>\nVinicius Marinho\/Inter TV Cabugi<br \/>\nUma cratera se abriu e interditou um trecho da Avenida Prudente de Morais, em Natal, na altura do viaduto estaiado.<br \/>\nDe acordo com a Secretaria de Mobilidade Urbana de Natal (STTU), o tr\u00e2nsito est\u00e1 interditado a partir da avenida Jer\u00f4nimo C\u00e2mara no sentido Centro-Candel\u00e1ria.<br \/>\nAgentes de mobilidade foram acionados para orientar os motoristas. O desvio dos ve\u00edculos \u00e9 feito pela avenida Jer\u00f4nimo C\u00e2mara e rua Jaguarari.<br \/>\nA cratera se abriu por causa de um vazamento na rede de distribui\u00e7\u00e3o da Caern. De acordo com a Companhia, a avenida foi fechada para manuten\u00e7\u00e3o emergencial. A previs\u00e3o de dura\u00e7\u00e3o do servi\u00e7o n\u00e3o foi informada.<br \/>\nDevido ao servi\u00e7o, o fornecimento de \u00e1gua est\u00e1 suspenso para Nova Descoberta, Morro Branco, Bom Pastor, Nazar\u00e9, Dix-Sept Rosado, Alecrim, Quintas, Bairro Nordeste, Lagoa Nova e Lagoa Seca.<br \/>\nV\u00cdDEOS: Mais vistos do RN nos \u00faltimos 7 dias<\/p>","protected":false},"excerpt":{"rendered":"<p>Cratera se abriu na altura do viaduto estaiado no sentido Centro\/Candel\u00e1ria. Cratera interdita trecho da Avenida Prudente de Morais em Natal Vinicius Marinho\/Inter TV Cabugi Uma cratera se abriu e &#8230;<\/p>\n","protected":false},"author":0,"featured_media":4876,"parent":0,"menu_order":0,"comment_status":"closed","ping_status":"closed","template":"","meta":{"footnotes":""},"class_list":["post-4875","page","type-page","status-publish","has-post-thumbnail","hentry"],"yoast_head":"<!-- This site is optimized with the Yoast SEO plugin v27.1.1 - https:\/\/yoast.com\/product\/yoast-seo-wordpress\/ -->\n<title>Cratera interdita trecho da Avenida Prudente de Morais em Natal - Taveira Jr<\/title>\n<meta name=\"robots\" content=\"index, follow, max-snippet:-1, max-image-preview:large, max-video-preview:-1\" \/>\n<link rel=\"canonical\" href=\"https:\/\/deputadotaveirajr.com.br\/index.php\/cratera-interdita-trecho-da-avenida-prudente-de-morais-em-natal\/\" \/>\n<meta property=\"og:locale\" content=\"pt_BR\" \/>\n<meta property=\"og:type\" content=\"article\" \/>\n<meta property=\"og:title\" content=\"Cratera interdita trecho da Avenida Prudente de Morais em Natal - Taveira Jr\" \/>\n<meta property=\"og:description\" content=\"Cratera se abriu na altura do viaduto estaiado no sentido Centro\/Candel\u00e1ria. Cratera interdita trecho da Avenida Prudente de Morais em Natal Vinicius Marinho\/Inter TV Cabugi Uma cratera se abriu e ...\" \/>\n<meta property=\"og:url\" content=\"https:\/\/deputadotaveirajr.com.br\/index.php\/cratera-interdita-trecho-da-avenida-prudente-de-morais-em-natal\/\" \/>\n<meta property=\"og:site_name\" content=\"Taveira Jr\" \/>\n<meta property=\"og:image\" content=\"https:\/\/deputadotaveirajr.com.br\/wp-content\/uploads\/2024\/04\/whatsapp-image-2024-04-01-at-07.48.25-LyTel6.jpeg\" \/>\n\t<meta property=\"og:image:width\" content=\"1600\" \/>\n\t<meta property=\"og:image:height\" content=\"1200\" \/>\n\t<meta property=\"og:image:type\" content=\"image\/jpeg\" \/>\n<meta name=\"twitter:card\" content=\"summary_large_image\" \/>\n<meta name=\"twitter:label1\" content=\"Est. tempo de leitura\" \/>\n\t<meta name=\"twitter:data1\" content=\"1 minuto\" \/>\n<script type=\"application\/ld+json\" class=\"yoast-schema-graph\">{\"@context\":\"https:\/\/schema.org\",\"@graph\":[{\"@type\":\"WebPage\",\"@id\":\"https:\/\/deputadotaveirajr.com.br\/index.php\/cratera-interdita-trecho-da-avenida-prudente-de-morais-em-natal\/\",\"url\":\"https:\/\/deputadotaveirajr.com.br\/index.php\/cratera-interdita-trecho-da-avenida-prudente-de-morais-em-natal\/\",\"name\":\"Cratera interdita trecho da Avenida Prudente de Morais em Natal - Taveira Jr\",\"isPartOf\":{\"@id\":\"https:\/\/deputadotaveirajr.com.br\/#website\"},\"primaryImageOfPage\":{\"@id\":\"https:\/\/deputadotaveirajr.com.br\/index.php\/cratera-interdita-trecho-da-avenida-prudente-de-morais-em-natal\/#primaryimage\"},\"image\":{\"@id\":\"https:\/\/deputadotaveirajr.com.br\/index.php\/cratera-interdita-trecho-da-avenida-prudente-de-morais-em-natal\/#primaryimage\"},\"thumbnailUrl\":\"https:\/\/deputadotaveirajr.com.br\/wp-content\/uploads\/2024\/04\/whatsapp-image-2024-04-01-at-07.48.25-LyTel6.jpeg\",\"datePublished\":\"2024-04-01T14:02:46+00:00\",\"breadcrumb\":{\"@id\":\"https:\/\/deputadotaveirajr.com.br\/index.php\/cratera-interdita-trecho-da-avenida-prudente-de-morais-em-natal\/#breadcrumb\"},\"inLanguage\":\"pt-BR\",\"potentialAction\":[{\"@type\":\"ReadAction\",\"target\":[\"https:\/\/deputadotaveirajr.com.br\/index.php\/cratera-interdita-trecho-da-avenida-prudente-de-morais-em-natal\/\"]}]},{\"@type\":\"ImageObject\",\"inLanguage\":\"pt-BR\",\"@id\":\"https:\/\/deputadotaveirajr.com.br\/index.php\/cratera-interdita-trecho-da-avenida-prudente-de-morais-em-natal\/#primaryimage\",\"url\":\"https:\/\/deputadotaveirajr.com.br\/wp-content\/uploads\/2024\/04\/whatsapp-image-2024-04-01-at-07.48.25-LyTel6.jpeg\",\"contentUrl\":\"https:\/\/deputadotaveirajr.com.br\/wp-content\/uploads\/2024\/04\/whatsapp-image-2024-04-01-at-07.48.25-LyTel6.jpeg\",\"width\":1600,\"height\":1200},{\"@type\":\"BreadcrumbList\",\"@id\":\"https:\/\/deputadotaveirajr.com.br\/index.php\/cratera-interdita-trecho-da-avenida-prudente-de-morais-em-natal\/#breadcrumb\",\"itemListElement\":[{\"@type\":\"ListItem\",\"position\":1,\"name\":\"In\u00edcio\",\"item\":\"https:\/\/deputadotaveirajr.com.br\/\"},{\"@type\":\"ListItem\",\"position\":2,\"name\":\"Cratera interdita trecho da Avenida Prudente de Morais em Natal\"}]},{\"@type\":\"WebSite\",\"@id\":\"https:\/\/deputadotaveirajr.com.br\/#website\",\"url\":\"https:\/\/deputadotaveirajr.com.br\/\",\"name\":\"Taveira Jr\",\"description\":\"Deputado Estadual\",\"publisher\":{\"@id\":\"https:\/\/deputadotaveirajr.com.br\/#organization\"},\"potentialAction\":[{\"@type\":\"SearchAction\",\"target\":{\"@type\":\"EntryPoint\",\"urlTemplate\":\"https:\/\/deputadotaveirajr.com.br\/?s={search_term_string}\"},\"query-input\":{\"@type\":\"PropertyValueSpecification\",\"valueRequired\":true,\"valueName\":\"search_term_string\"}}],\"inLanguage\":\"pt-BR\"},{\"@type\":\"Organization\",\"@id\":\"https:\/\/deputadotaveirajr.com.br\/#organization\",\"name\":\"Taveira Jr\",\"url\":\"https:\/\/deputadotaveirajr.com.br\/\",\"logo\":{\"@type\":\"ImageObject\",\"inLanguage\":\"pt-BR\",\"@id\":\"https:\/\/deputadotaveirajr.com.br\/#\/schema\/logo\/image\/\",\"url\":\"https:\/\/deputadotaveirajr.com.br\/wp-content\/uploads\/2026\/01\/logolow2a.png\",\"contentUrl\":\"https:\/\/deputadotaveirajr.com.br\/wp-content\/uploads\/2026\/01\/logolow2a.png\",\"width\":290,\"height\":80,\"caption\":\"Taveira Jr\"},\"image\":{\"@id\":\"https:\/\/deputadotaveirajr.com.br\/#\/schema\/logo\/image\/\"}}]}<\/script>\n<!-- \/ Yoast SEO plugin. -->","yoast_head_json":{"title":"Cratera interdita trecho da Avenida Prudente de Morais em Natal - Taveira Jr","robots":{"index":"index","follow":"follow","max-snippet":"max-snippet:-1","max-image-preview":"max-image-preview:large","max-video-preview":"max-video-preview:-1"},"canonical":"https:\/\/deputadotaveirajr.com.br\/index.php\/cratera-interdita-trecho-da-avenida-prudente-de-morais-em-natal\/","og_locale":"pt_BR","og_type":"article","og_title":"Cratera interdita trecho da Avenida Prudente de Morais em Natal - Taveira Jr","og_description":"Cratera se abriu na altura do viaduto estaiado no sentido Centro\/Candel\u00e1ria. Cratera interdita trecho da Avenida Prudente de Morais em Natal Vinicius Marinho\/Inter TV Cabugi Uma cratera se abriu e ...","og_url":"https:\/\/deputadotaveirajr.com.br\/index.php\/cratera-interdita-trecho-da-avenida-prudente-de-morais-em-natal\/","og_site_name":"Taveira Jr","og_image":[{"width":1600,"height":1200,"url":"https:\/\/deputadotaveirajr.com.br\/wp-content\/uploads\/2024\/04\/whatsapp-image-2024-04-01-at-07.48.25-LyTel6.jpeg","type":"image\/jpeg"}],"twitter_card":"summary_large_image","twitter_misc":{"Est. tempo de leitura":"1 minuto"},"schema":{"@context":"https:\/\/schema.org","@graph":[{"@type":"WebPage","@id":"https:\/\/deputadotaveirajr.com.br\/index.php\/cratera-interdita-trecho-da-avenida-prudente-de-morais-em-natal\/","url":"https:\/\/deputadotaveirajr.com.br\/index.php\/cratera-interdita-trecho-da-avenida-prudente-de-morais-em-natal\/","name":"Cratera interdita trecho da Avenida Prudente de Morais em Natal - Taveira Jr","isPartOf":{"@id":"https:\/\/deputadotaveirajr.com.br\/#website"},"primaryImageOfPage":{"@id":"https:\/\/deputadotaveirajr.com.br\/index.php\/cratera-interdita-trecho-da-avenida-prudente-de-morais-em-natal\/#primaryimage"},"image":{"@id":"https:\/\/deputadotaveirajr.com.br\/index.php\/cratera-interdita-trecho-da-avenida-prudente-de-morais-em-natal\/#primaryimage"},"thumbnailUrl":"https:\/\/deputadotaveirajr.com.br\/wp-content\/uploads\/2024\/04\/whatsapp-image-2024-04-01-at-07.48.25-LyTel6.jpeg","datePublished":"2024-04-01T14:02:46+00:00","breadcrumb":{"@id":"https:\/\/deputadotaveirajr.com.br\/index.php\/cratera-interdita-trecho-da-avenida-prudente-de-morais-em-natal\/#breadcrumb"},"inLanguage":"pt-BR","potentialAction":[{"@type":"ReadAction","target":["https:\/\/deputadotaveirajr.com.br\/index.php\/cratera-interdita-trecho-da-avenida-prudente-de-morais-em-natal\/"]}]},{"@type":"ImageObject","inLanguage":"pt-BR","@id":"https:\/\/deputadotaveirajr.com.br\/index.php\/cratera-interdita-trecho-da-avenida-prudente-de-morais-em-natal\/#primaryimage","url":"https:\/\/deputadotaveirajr.com.br\/wp-content\/uploads\/2024\/04\/whatsapp-image-2024-04-01-at-07.48.25-LyTel6.jpeg","contentUrl":"https:\/\/deputadotaveirajr.com.br\/wp-content\/uploads\/2024\/04\/whatsapp-image-2024-04-01-at-07.48.25-LyTel6.jpeg","width":1600,"height":1200},{"@type":"BreadcrumbList","@id":"https:\/\/deputadotaveirajr.com.br\/index.php\/cratera-interdita-trecho-da-avenida-prudente-de-morais-em-natal\/#breadcrumb","itemListElement":[{"@type":"ListItem","position":1,"name":"In\u00edcio","item":"https:\/\/deputadotaveirajr.com.br\/"},{"@type":"ListItem","position":2,"name":"Cratera interdita trecho da Avenida Prudente de Morais em Natal"}]},{"@type":"WebSite","@id":"https:\/\/deputadotaveirajr.com.br\/#website","url":"https:\/\/deputadotaveirajr.com.br\/","name":"Taveira Jr","description":"Deputado Estadual","publisher":{"@id":"https:\/\/deputadotaveirajr.com.br\/#organization"},"potentialAction":[{"@type":"SearchAction","target":{"@type":"EntryPoint","urlTemplate":"https:\/\/deputadotaveirajr.com.br\/?s={search_term_string}"},"query-input":{"@type":"PropertyValueSpecification","valueRequired":true,"valueName":"search_term_string"}}],"inLanguage":"pt-BR"},{"@type":"Organization","@id":"https:\/\/deputadotaveirajr.com.br\/#organization","name":"Taveira Jr","url":"https:\/\/deputadotaveirajr.com.br\/","logo":{"@type":"ImageObject","inLanguage":"pt-BR","@id":"https:\/\/deputadotaveirajr.com.br\/#\/schema\/logo\/image\/","url":"https:\/\/deputadotaveirajr.com.br\/wp-content\/uploads\/2026\/01\/logolow2a.png","contentUrl":"https:\/\/deputadotaveirajr.com.br\/wp-content\/uploads\/2026\/01\/logolow2a.png","width":290,"height":80,"caption":"Taveira Jr"},"image":{"@id":"https:\/\/deputadotaveirajr.com.br\/#\/schema\/logo\/image\/"}}]}},"_links":{"self":[{"href":"https:\/\/deputadotaveirajr.com.br\/index.php\/wp-json\/wp\/v2\/pages\/4875","targetHints":{"allow":["GET"]}}],"collection":[{"href":"https:\/\/deputadotaveirajr.com.br\/index.php\/wp-json\/wp\/v2\/pages"}],"about":[{"href":"https:\/\/deputadotaveirajr.com.br\/index.php\/wp-json\/wp\/v2\/types\/page"}],"replies":[{"embeddable":true,"href":"https:\/\/deputadotaveirajr.com.br\/index.php\/wp-json\/wp\/v2\/comments?post=4875"}],"version-history":[{"count":1,"href":"https:\/\/deputadotaveirajr.com.br\/index.php\/wp-json\/wp\/v2\/pages\/4875\/revisions"}],"predecessor-version":[{"id":4880,"href":"https:\/\/deputadotaveirajr.com.br\/index.php\/wp-json\/wp\/v2\/pages\/4875\/revisions\/4880"}],"wp:featuredmedia":[{"embeddable":true,"href":"https:\/\/deputadotaveirajr.com.br\/index.php\/wp-json\/wp\/v2\/media\/4876"}],"wp:attachment":[{"href":"https:\/\/deputadotaveirajr.com.br\/index.php\/wp-json\/wp\/v2\/media?parent=4875"}],"curies":[{"name":"wp","href":"https:\/\/api.w.org\/{rel}","templated":true}]}}

<p>     Cratera se abriu na altura do viaduto estaiado no sentido Centro/Candelária. Cratera interdita trecho da Avenida Prudente de Morais em Natal<br />
Vinicius Marinho/Inter TV Cabugi<br />
Uma cratera se abriu e interditou um trecho da Avenida Prudente de Morais, em Natal, na altura do viaduto estaiado.<br />
De acordo com a Secretaria de Mobilidade Urbana de Natal (STTU), o trânsito está interditado a partir da avenida Jerônimo Câmara no sentido Centro-Candelária.<br />
Agentes de mobilidade foram acionados para orientar os motoristas. O desvio dos veículos é feito pela avenida Jerônimo Câmara e rua Jaguarari.<br />
A cratera se abriu por causa de um vazamento na rede de distribuição da Caern. De acordo com a Companhia, a avenida foi fechada para manutenção emergencial. A previsão de duração do serviço não foi informada.<br />
Devido ao serviço, o fornecimento de água está suspenso para Nova Descoberta, Morro Branco, Bom Pastor, Nazaré, Dix-Sept Rosado, Alecrim, Quintas, Bairro Nordeste, Lagoa Nova e Lagoa Seca.<br />
VÍDEOS: Mais vistos do RN nos últimos 7 dias</p>

<p>Cratera se abriu na altura do viaduto estaiado no sentido Centro/Candelária. Cratera interdita trecho da Avenida Prudente de Morais em Natal Vinicius Marinho/Inter TV Cabugi Uma cratera se abriu e &#8230;</p>

<!-- This site is optimized with the Yoast SEO plugin v27.1.1 - https://yoast.com/product/yoast-seo-wordpress/ -->
<title>Cratera interdita trecho da Avenida Prudente de Morais em Natal - Taveira Jr</title>
<meta name="robots" content="index, follow, max-snippet:-1, max-image-preview:large, max-video-preview:-1" />
<link rel="canonical" href="https://deputadotaveirajr.com.br/index.php/cratera-interdita-trecho-da-avenida-prudente-de-morais-em-natal/" />
<meta property="og:locale" content="pt_BR" />
<meta property="og:type" content="article" />
<meta property="og:title" content="Cratera interdita trecho da Avenida Prudente de Morais em Natal - Taveira Jr" />
<meta property="og:description" content="Cratera se abriu na altura do viaduto estaiado no sentido Centro/Candelária. Cratera interdita trecho da Avenida Prudente de Morais em Natal Vinicius Marinho/Inter TV Cabugi Uma cratera se abriu e ..." />
<meta property="og:url" content="https://deputadotaveirajr.com.br/index.php/cratera-interdita-trecho-da-avenida-prudente-de-morais-em-natal/" />
<meta property="og:site_name" content="Taveira Jr" />
<meta property="og:image" content="https://deputadotaveirajr.com.br/wp-content/uploads/2024/04/whatsapp-image-2024-04-01-at-07.48.25-LyTel6.jpeg" />
	<meta property="og:image:width" content="1600" />
	<meta property="og:image:height" content="1200" />
	<meta property="og:image:type" content="image/jpeg" />
<meta name="twitter:card" content="summary_large_image" />
<meta name="twitter:label1" content="Est. tempo de leitura" />
	<meta name="twitter:data1" content="1 minuto" />
<script type="application/ld+json" class="yoast-schema-graph">{"@context":"https://schema.org","@graph":[{"@type":"WebPage","@id":"https://deputadotaveirajr.com.br/index.php/cratera-interdita-trecho-da-avenida-prudente-de-morais-em-natal/","url":"https://deputadotaveirajr.com.br/index.php/cratera-interdita-trecho-da-avenida-prudente-de-morais-em-natal/","name":"Cratera interdita trecho da Avenida Prudente de Morais em Natal - Taveira Jr","isPartOf":{"@id":"https://deputadotaveirajr.com.br/#website"},"primaryImageOfPage":{"@id":"https://deputadotaveirajr.com.br/index.php/cratera-interdita-trecho-da-avenida-prudente-de-morais-em-natal/#primaryimage"},"image":{"@id":"https://deputadotaveirajr.com.br/index.php/cratera-interdita-trecho-da-avenida-prudente-de-morais-em-natal/#primaryimage"},"thumbnailUrl":"https://deputadotaveirajr.com.br/wp-content/uploads/2024/04/whatsapp-image-2024-04-01-at-07.48.25-LyTel6.jpeg","datePublished":"2024-04-01T14:02:46+00:00","breadcrumb":{"@id":"https://deputadotaveirajr.com.br/index.php/cratera-interdita-trecho-da-avenida-prudente-de-morais-em-natal/#breadcrumb"},"inLanguage":"pt-BR","potentialAction":[{"@type":"ReadAction","target":["https://deputadotaveirajr.com.br/index.php/cratera-interdita-trecho-da-avenida-prudente-de-morais-em-natal/"]}]},{"@type":"ImageObject","inLanguage":"pt-BR","@id":"https://deputadotaveirajr.com.br/index.php/cratera-interdita-trecho-da-avenida-prudente-de-morais-em-natal/#primaryimage","url":"https://deputadotaveirajr.com.br/wp-content/uploads/2024/04/whatsapp-image-2024-04-01-at-07.48.25-LyTel6.jpeg","contentUrl":"https://deputadotaveirajr.com.br/wp-content/uploads/2024/04/whatsapp-image-2024-04-01-at-07.48.25-LyTel6.jpeg","width":1600,"height":1200},{"@type":"BreadcrumbList","@id":"https://deputadotaveirajr.com.br/index.php/cratera-interdita-trecho-da-avenida-prudente-de-morais-em-natal/#breadcrumb","itemListElement":[{"@type":"ListItem","position":1,"name":"Início","item":"https://deputadotaveirajr.com.br/"},{"@type":"ListItem","position":2,"name":"Cratera interdita trecho da Avenida Prudente de Morais em Natal"}]},{"@type":"WebSite","@id":"https://deputadotaveirajr.com.br/#website","url":"https://deputadotaveirajr.com.br/","name":"Taveira Jr","description":"Deputado Estadual","publisher":{"@id":"https://deputadotaveirajr.com.br/#organization"},"potentialAction":[{"@type":"SearchAction","target":{"@type":"EntryPoint","urlTemplate":"https://deputadotaveirajr.com.br/?s={search_term_string}"},"query-input":{"@type":"PropertyValueSpecification","valueRequired":true,"valueName":"search_term_string"}}],"inLanguage":"pt-BR"},{"@type":"Organization","@id":"https://deputadotaveirajr.com.br/#organization","name":"Taveira Jr","url":"https://deputadotaveirajr.com.br/","logo":{"@type":"ImageObject","inLanguage":"pt-BR","@id":"https://deputadotaveirajr.com.br/#/schema/logo/image/","url":"https://deputadotaveirajr.com.br/wp-content/uploads/2026/01/logolow2a.png","contentUrl":"https://deputadotaveirajr.com.br/wp-content/uploads/2026/01/logolow2a.png","width":290,"height":80,"caption":"Taveira Jr"},"image":{"@id":"https://deputadotaveirajr.com.br/#/schema/logo/image/"}}]}</script>
<!-- / Yoast SEO plugin. -->

Cratera se abriu na altura do viaduto estaiado no sentido Centro/Candelária. Cratera interdita trecho da Avenida Prudente de Morais em Natal Vinicius Marinho/Inter TV Cabugi Uma cratera se abriu e ...

Início
