{"id":4906,"date":"2024-04-02T12:41:32","date_gmt":"2024-04-02T15:41:32","guid":{"rendered":"https:\/\/deputadotaveirajr.com.br\/?page_id=4906"},"modified":"2024-04-02T12:41:32","modified_gmt":"2024-04-02T15:41:32","slug":"moradores-de-acari-fazem-vigilia-as-margens-do-acude-gargalheiras-que-esta-prestes-a-sangrar-apos-13-anos-sensacao-de-felicidade","status":"publish","type":"page","link":"https:\/\/deputadotaveirajr.com.br\/index.php\/moradores-de-acari-fazem-vigilia-as-margens-do-acude-gargalheiras-que-esta-prestes-a-sangrar-apos-13-anos-sensacao-de-felicidade\/","title":{"rendered":"Moradores de Acari fazem &#8216;vig\u00edlia&#8217; \u00e0s margens do a\u00e7ude Gargalheiras que est\u00e1 prestes a sangrar ap\u00f3s 13 anos: &#8216;Sensa\u00e7\u00e3o de felicidade&#8217;"},"content":{"rendered":"<p>     Reservat\u00f3rio chegou a 89% da capacidade total na manh\u00e3 desta ter\u00e7a-feira (2), segundo Igarn. Moradores vivem expectativa de transbordo, que n\u00e3o acontece desde maio de 2011. A\u00e7ude Gargalheiras fica pr\u00f3ximo de sangrar ap\u00f3s 13 anos<br \/>\nHugo Andrade\/Inter TV Cabugi<br \/>\nO a\u00e7ude de Gargalheiras, na cidade de Acari, na Regi\u00e3o Serid\u00f3 do Rio Grande do Norte, ultrapassou os 89% de capacidade total, ficando pr\u00f3ximo de sangrar ap\u00f3s 13 anos &#8211; a \u00faltima vez que isso ocorreu foi em maio de 2011.<br \/>\nA &#8220;sangria&#8221; \u00e9 um termo usado para quando o reservat\u00f3rio transborda, ultrapassando os 100% da capacidade.<br \/>\nA atualiza\u00e7\u00e3o do n\u00edvel do a\u00e7ude foi feita pelo Instituto de Gest\u00e3o de \u00c1guas do RN (Igarn) e repassada \u00e0 Inter TV Cabugi  \u00e0s 8h30 desta ter\u00e7a-feira (2).<br \/>\n\ud83d\udcf3Participe do canal do g1 RN no WhatsApp e receba no seu celular as not\u00edcias do estado<br \/>\nDiante do aumento r\u00e1pido do volume nos \u00faltimos dias, os moradores da cidade e da regi\u00e3o Serid\u00f3 vivem a expectativa de que de a\u00e7ude transborde ainda nesta ter\u00e7a. Para n\u00e3o perderem esse momento, alguns deles passaram a fazer uma esp\u00e9cie de &#8220;vig\u00edlia&#8221;, chegando a passar parte da madrugada no local.<br \/>\nO reservat\u00f3rio, quando estava completamente seco, serviu de cen\u00e1rio para o filme brasileiro Bacurau, de Kleber Mendon\u00e7a Filho e Juliano Dornelles, lan\u00e7ado em 2019. Em janeiro de 2021, o A\u00e7ude de Gargalheiras se tornou patrim\u00f4nio hist\u00f3rico do Rio Grande do Norte.<br \/>\nO A\u00e7ude de Gargalheiras \u00e9 um dos principais reservat\u00f3rios do estado, com capacidade para mais de 44 milh\u00f5es de metros c\u00fabicos de \u00e1gua. Ele chegou a ficar completamente seco (com 0% de n\u00edvel de \u00e1gua) em alguns momentos entre os anos de 2017, 2018 e 2019.<br \/>\nLEIA TAMB\u00c9M<br \/>\nA\u00e7ude Gargalheiras vira patrim\u00f4nio hist\u00f3rico do Rio Grande do Norte<br \/>\nArtistas de Acari criam r\u00e9plica do A\u00e7ude Gargalheiras, no Serid\u00f3 potiguar<br \/>\nPara se ter ideia do aumento no volume nos \u00faltimos dias, no relat\u00f3rio semanal mais recente divulgado pelo Igarn, na quinta-feira passada (28), o A\u00e7ude Gargalheira apresentava 36% de ac\u00famulo de \u00e1gua &#8211; e esse j\u00e1 era o maior volume registrado desde 2012.<br \/>\nAl\u00e9m das chuvas que ca\u00edram nos \u00faltimos dias no estado, o aumento no n\u00edvel do Gargalheiras foi impulsionado tamb\u00e9m pela sangria do A\u00e7ude Dourado, em Currais Novos, que levou parte da \u00e1gua para o a\u00e7ude de Acari.<br \/>\nA\u00e7ude de Gargalheiras, em Acari<br \/>\nReprodu\u00e7\u00e3o\/Inter TV Cabugi<br \/>\nExpectativa pela sangria<br \/>\nMoradores de Acari e visitantes da cidade vivem h\u00e1 alguns dias a expectativa de que o a\u00e7ude possa sangrar.<br \/>\nO funcion\u00e1rio p\u00fablico Lucas Max saiu de Caic\u00f3, cidade pr\u00f3xima no Serid\u00f3, para acompanhar a poss\u00edvel sangria do Gargalheiras.<br \/>\n&#8220;Sensa\u00e7\u00e3o muito grande de felicidade. Eu sou de Caic\u00f3, mas eu dou por vista a felicidade do pessoal de Acari, do sert\u00e3o.  Eu vi aqui que o pessoal saiu de 2h da manh\u00e3 na espera dele sangrar&#8221;, disse.<br \/>\nMoradores do Serid\u00f3 vivem expectativa para sangria do Gargalheiras<br \/>\nO sentimento \u00e9 ainda mais tocante para quem viveu todos os anos de seca na pr\u00f3pria cidade de Acari e presenciou esse aumento no volume nos \u00faltimos dias.<br \/>\nO aposentado Jos\u00e9 Carlos Medeiros relatou que a constru\u00e7\u00e3o do A\u00e7ude de Gargalheiras, h\u00e1 mais de 60 anos, ajudou muito a cidade de Acari. Pelo tempo que acompanha o reservat\u00f3rio, ele acredita que o local pode sangrar ainda nesta ter\u00e7a-feira caso chova na cidade.<br \/>\n&#8220;Acredito que se chover hoje, de meia noite pra amanh\u00e3 [quarta], ele est\u00e1 sangrando. Se n\u00e3o chover, ele pode chegar at\u00e9 perto de sangrar, mas acho que n\u00e3o sangra, n\u00e3o&#8221;, disse.<br \/>\nV\u00eddeos mais assistidos do g1 RN<\/p>","protected":false},"excerpt":{"rendered":"<p>Reservat\u00f3rio chegou a 89% da capacidade total na manh\u00e3 desta ter\u00e7a-feira (2), segundo Igarn. Moradores vivem expectativa de transbordo, que n\u00e3o acontece desde maio de 2011. A\u00e7ude Gargalheiras fica pr\u00f3ximo &#8230;<\/p>\n","protected":false},"author":0,"featured_media":4907,"parent":0,"menu_order":0,"comment_status":"closed","ping_status":"closed","template":"","meta":{"footnotes":""},"class_list":["post-4906","page","type-page","status-publish","has-post-thumbnail","hentry"],"yoast_head":"<!-- This site is optimized with the Yoast SEO plugin v27.1.1 - https:\/\/yoast.com\/product\/yoast-seo-wordpress\/ -->\n<title>Moradores de Acari fazem &#039;vig\u00edlia&#039; \u00e0s margens do a\u00e7ude Gargalheiras que est\u00e1 prestes a sangrar ap\u00f3s 13 anos: &#039;Sensa\u00e7\u00e3o de felicidade&#039; - Taveira Jr<\/title>\n<meta name=\"robots\" content=\"index, follow, max-snippet:-1, max-image-preview:large, max-video-preview:-1\" \/>\n<link rel=\"canonical\" href=\"https:\/\/deputadotaveirajr.com.br\/index.php\/moradores-de-acari-fazem-vigilia-as-margens-do-acude-gargalheiras-que-esta-prestes-a-sangrar-apos-13-anos-sensacao-de-felicidade\/\" \/>\n<meta property=\"og:locale\" content=\"pt_BR\" \/>\n<meta property=\"og:type\" content=\"article\" \/>\n<meta property=\"og:title\" content=\"Moradores de Acari fazem &#039;vig\u00edlia&#039; \u00e0s margens do a\u00e7ude Gargalheiras que est\u00e1 prestes a sangrar ap\u00f3s 13 anos: &#039;Sensa\u00e7\u00e3o de felicidade&#039; - Taveira Jr\" \/>\n<meta property=\"og:description\" content=\"Reservat\u00f3rio chegou a 89% da capacidade total na manh\u00e3 desta ter\u00e7a-feira (2), segundo Igarn. Moradores vivem expectativa de transbordo, que n\u00e3o acontece desde maio de 2011. A\u00e7ude Gargalheiras fica pr\u00f3ximo ...\" \/>\n<meta property=\"og:url\" content=\"https:\/\/deputadotaveirajr.com.br\/index.php\/moradores-de-acari-fazem-vigilia-as-margens-do-acude-gargalheiras-que-esta-prestes-a-sangrar-apos-13-anos-sensacao-de-felicidade\/\" \/>\n<meta property=\"og:site_name\" content=\"Taveira Jr\" \/>\n<meta property=\"og:image\" content=\"https:\/\/deputadotaveirajr.com.br\/wp-content\/uploads\/2024\/04\/whatsapp-image-2024-04-02-at-09.32.42-Dv09aS.jpeg\" \/>\n\t<meta property=\"og:image:width\" content=\"1044\" \/>\n\t<meta property=\"og:image:height\" content=\"691\" \/>\n\t<meta property=\"og:image:type\" content=\"image\/jpeg\" \/>\n<meta name=\"twitter:card\" content=\"summary_large_image\" \/>\n<meta name=\"twitter:label1\" content=\"Est. tempo de leitura\" \/>\n\t<meta name=\"twitter:data1\" content=\"3 minutos\" \/>\n<script type=\"application\/ld+json\" class=\"yoast-schema-graph\">{\"@context\":\"https:\/\/schema.org\",\"@graph\":[{\"@type\":\"WebPage\",\"@id\":\"https:\/\/deputadotaveirajr.com.br\/index.php\/moradores-de-acari-fazem-vigilia-as-margens-do-acude-gargalheiras-que-esta-prestes-a-sangrar-apos-13-anos-sensacao-de-felicidade\/\",\"url\":\"https:\/\/deputadotaveirajr.com.br\/index.php\/moradores-de-acari-fazem-vigilia-as-margens-do-acude-gargalheiras-que-esta-prestes-a-sangrar-apos-13-anos-sensacao-de-felicidade\/\",\"name\":\"Moradores de Acari fazem 'vig\u00edlia' \u00e0s margens do a\u00e7ude Gargalheiras que est\u00e1 prestes a sangrar ap\u00f3s 13 anos: 'Sensa\u00e7\u00e3o de felicidade' - Taveira Jr\",\"isPartOf\":{\"@id\":\"https:\/\/deputadotaveirajr.com.br\/#website\"},\"primaryImageOfPage\":{\"@id\":\"https:\/\/deputadotaveirajr.com.br\/index.php\/moradores-de-acari-fazem-vigilia-as-margens-do-acude-gargalheiras-que-esta-prestes-a-sangrar-apos-13-anos-sensacao-de-felicidade\/#primaryimage\"},\"image\":{\"@id\":\"https:\/\/deputadotaveirajr.com.br\/index.php\/moradores-de-acari-fazem-vigilia-as-margens-do-acude-gargalheiras-que-esta-prestes-a-sangrar-apos-13-anos-sensacao-de-felicidade\/#primaryimage\"},\"thumbnailUrl\":\"https:\/\/deputadotaveirajr.com.br\/wp-content\/uploads\/2024\/04\/whatsapp-image-2024-04-02-at-09.32.42-Dv09aS.jpeg\",\"datePublished\":\"2024-04-02T15:41:32+00:00\",\"breadcrumb\":{\"@id\":\"https:\/\/deputadotaveirajr.com.br\/index.php\/moradores-de-acari-fazem-vigilia-as-margens-do-acude-gargalheiras-que-esta-prestes-a-sangrar-apos-13-anos-sensacao-de-felicidade\/#breadcrumb\"},\"inLanguage\":\"pt-BR\",\"potentialAction\":[{\"@type\":\"ReadAction\",\"target\":[\"https:\/\/deputadotaveirajr.com.br\/index.php\/moradores-de-acari-fazem-vigilia-as-margens-do-acude-gargalheiras-que-esta-prestes-a-sangrar-apos-13-anos-sensacao-de-felicidade\/\"]}]},{\"@type\":\"ImageObject\",\"inLanguage\":\"pt-BR\",\"@id\":\"https:\/\/deputadotaveirajr.com.br\/index.php\/moradores-de-acari-fazem-vigilia-as-margens-do-acude-gargalheiras-que-esta-prestes-a-sangrar-apos-13-anos-sensacao-de-felicidade\/#primaryimage\",\"url\":\"https:\/\/deputadotaveirajr.com.br\/wp-content\/uploads\/2024\/04\/whatsapp-image-2024-04-02-at-09.32.42-Dv09aS.jpeg\",\"contentUrl\":\"https:\/\/deputadotaveirajr.com.br\/wp-content\/uploads\/2024\/04\/whatsapp-image-2024-04-02-at-09.32.42-Dv09aS.jpeg\",\"width\":1044,\"height\":691},{\"@type\":\"BreadcrumbList\",\"@id\":\"https:\/\/deputadotaveirajr.com.br\/index.php\/moradores-de-acari-fazem-vigilia-as-margens-do-acude-gargalheiras-que-esta-prestes-a-sangrar-apos-13-anos-sensacao-de-felicidade\/#breadcrumb\",\"itemListElement\":[{\"@type\":\"ListItem\",\"position\":1,\"name\":\"In\u00edcio\",\"item\":\"https:\/\/deputadotaveirajr.com.br\/\"},{\"@type\":\"ListItem\",\"position\":2,\"name\":\"Moradores de Acari fazem &#8216;vig\u00edlia&#8217; \u00e0s margens do a\u00e7ude Gargalheiras que est\u00e1 prestes a sangrar ap\u00f3s 13 anos: &#8216;Sensa\u00e7\u00e3o de felicidade&#8217;\"}]},{\"@type\":\"WebSite\",\"@id\":\"https:\/\/deputadotaveirajr.com.br\/#website\",\"url\":\"https:\/\/deputadotaveirajr.com.br\/\",\"name\":\"Taveira Jr\",\"description\":\"Deputado Estadual\",\"publisher\":{\"@id\":\"https:\/\/deputadotaveirajr.com.br\/#organization\"},\"potentialAction\":[{\"@type\":\"SearchAction\",\"target\":{\"@type\":\"EntryPoint\",\"urlTemplate\":\"https:\/\/deputadotaveirajr.com.br\/?s={search_term_string}\"},\"query-input\":{\"@type\":\"PropertyValueSpecification\",\"valueRequired\":true,\"valueName\":\"search_term_string\"}}],\"inLanguage\":\"pt-BR\"},{\"@type\":\"Organization\",\"@id\":\"https:\/\/deputadotaveirajr.com.br\/#organization\",\"name\":\"Taveira Jr\",\"url\":\"https:\/\/deputadotaveirajr.com.br\/\",\"logo\":{\"@type\":\"ImageObject\",\"inLanguage\":\"pt-BR\",\"@id\":\"https:\/\/deputadotaveirajr.com.br\/#\/schema\/logo\/image\/\",\"url\":\"https:\/\/deputadotaveirajr.com.br\/wp-content\/uploads\/2026\/01\/logolow2a.png\",\"contentUrl\":\"https:\/\/deputadotaveirajr.com.br\/wp-content\/uploads\/2026\/01\/logolow2a.png\",\"width\":290,\"height\":80,\"caption\":\"Taveira Jr\"},\"image\":{\"@id\":\"https:\/\/deputadotaveirajr.com.br\/#\/schema\/logo\/image\/\"}}]}<\/script>\n<!-- \/ Yoast SEO plugin. -->","yoast_head_json":{"title":"Moradores de Acari fazem 'vig\u00edlia' \u00e0s margens do a\u00e7ude Gargalheiras que est\u00e1 prestes a sangrar ap\u00f3s 13 anos: 'Sensa\u00e7\u00e3o de felicidade' - Taveira Jr","robots":{"index":"index","follow":"follow","max-snippet":"max-snippet:-1","max-image-preview":"max-image-preview:large","max-video-preview":"max-video-preview:-1"},"canonical":"https:\/\/deputadotaveirajr.com.br\/index.php\/moradores-de-acari-fazem-vigilia-as-margens-do-acude-gargalheiras-que-esta-prestes-a-sangrar-apos-13-anos-sensacao-de-felicidade\/","og_locale":"pt_BR","og_type":"article","og_title":"Moradores de Acari fazem 'vig\u00edlia' \u00e0s margens do a\u00e7ude Gargalheiras que est\u00e1 prestes a sangrar ap\u00f3s 13 anos: 'Sensa\u00e7\u00e3o de felicidade' - Taveira Jr","og_description":"Reservat\u00f3rio chegou a 89% da capacidade total na manh\u00e3 desta ter\u00e7a-feira (2), segundo Igarn. Moradores vivem expectativa de transbordo, que n\u00e3o acontece desde maio de 2011. A\u00e7ude Gargalheiras fica pr\u00f3ximo ...","og_url":"https:\/\/deputadotaveirajr.com.br\/index.php\/moradores-de-acari-fazem-vigilia-as-margens-do-acude-gargalheiras-que-esta-prestes-a-sangrar-apos-13-anos-sensacao-de-felicidade\/","og_site_name":"Taveira Jr","og_image":[{"width":1044,"height":691,"url":"https:\/\/deputadotaveirajr.com.br\/wp-content\/uploads\/2024\/04\/whatsapp-image-2024-04-02-at-09.32.42-Dv09aS.jpeg","type":"image\/jpeg"}],"twitter_card":"summary_large_image","twitter_misc":{"Est. tempo de leitura":"3 minutos"},"schema":{"@context":"https:\/\/schema.org","@graph":[{"@type":"WebPage","@id":"https:\/\/deputadotaveirajr.com.br\/index.php\/moradores-de-acari-fazem-vigilia-as-margens-do-acude-gargalheiras-que-esta-prestes-a-sangrar-apos-13-anos-sensacao-de-felicidade\/","url":"https:\/\/deputadotaveirajr.com.br\/index.php\/moradores-de-acari-fazem-vigilia-as-margens-do-acude-gargalheiras-que-esta-prestes-a-sangrar-apos-13-anos-sensacao-de-felicidade\/","name":"Moradores de Acari fazem 'vig\u00edlia' \u00e0s margens do a\u00e7ude Gargalheiras que est\u00e1 prestes a sangrar ap\u00f3s 13 anos: 'Sensa\u00e7\u00e3o de felicidade' - Taveira Jr","isPartOf":{"@id":"https:\/\/deputadotaveirajr.com.br\/#website"},"primaryImageOfPage":{"@id":"https:\/\/deputadotaveirajr.com.br\/index.php\/moradores-de-acari-fazem-vigilia-as-margens-do-acude-gargalheiras-que-esta-prestes-a-sangrar-apos-13-anos-sensacao-de-felicidade\/#primaryimage"},"image":{"@id":"https:\/\/deputadotaveirajr.com.br\/index.php\/moradores-de-acari-fazem-vigilia-as-margens-do-acude-gargalheiras-que-esta-prestes-a-sangrar-apos-13-anos-sensacao-de-felicidade\/#primaryimage"},"thumbnailUrl":"https:\/\/deputadotaveirajr.com.br\/wp-content\/uploads\/2024\/04\/whatsapp-image-2024-04-02-at-09.32.42-Dv09aS.jpeg","datePublished":"2024-04-02T15:41:32+00:00","breadcrumb":{"@id":"https:\/\/deputadotaveirajr.com.br\/index.php\/moradores-de-acari-fazem-vigilia-as-margens-do-acude-gargalheiras-que-esta-prestes-a-sangrar-apos-13-anos-sensacao-de-felicidade\/#breadcrumb"},"inLanguage":"pt-BR","potentialAction":[{"@type":"ReadAction","target":["https:\/\/deputadotaveirajr.com.br\/index.php\/moradores-de-acari-fazem-vigilia-as-margens-do-acude-gargalheiras-que-esta-prestes-a-sangrar-apos-13-anos-sensacao-de-felicidade\/"]}]},{"@type":"ImageObject","inLanguage":"pt-BR","@id":"https:\/\/deputadotaveirajr.com.br\/index.php\/moradores-de-acari-fazem-vigilia-as-margens-do-acude-gargalheiras-que-esta-prestes-a-sangrar-apos-13-anos-sensacao-de-felicidade\/#primaryimage","url":"https:\/\/deputadotaveirajr.com.br\/wp-content\/uploads\/2024\/04\/whatsapp-image-2024-04-02-at-09.32.42-Dv09aS.jpeg","contentUrl":"https:\/\/deputadotaveirajr.com.br\/wp-content\/uploads\/2024\/04\/whatsapp-image-2024-04-02-at-09.32.42-Dv09aS.jpeg","width":1044,"height":691},{"@type":"BreadcrumbList","@id":"https:\/\/deputadotaveirajr.com.br\/index.php\/moradores-de-acari-fazem-vigilia-as-margens-do-acude-gargalheiras-que-esta-prestes-a-sangrar-apos-13-anos-sensacao-de-felicidade\/#breadcrumb","itemListElement":[{"@type":"ListItem","position":1,"name":"In\u00edcio","item":"https:\/\/deputadotaveirajr.com.br\/"},{"@type":"ListItem","position":2,"name":"Moradores de Acari fazem &#8216;vig\u00edlia&#8217; \u00e0s margens do a\u00e7ude Gargalheiras que est\u00e1 prestes a sangrar ap\u00f3s 13 anos: &#8216;Sensa\u00e7\u00e3o de felicidade&#8217;"}]},{"@type":"WebSite","@id":"https:\/\/deputadotaveirajr.com.br\/#website","url":"https:\/\/deputadotaveirajr.com.br\/","name":"Taveira Jr","description":"Deputado Estadual","publisher":{"@id":"https:\/\/deputadotaveirajr.com.br\/#organization"},"potentialAction":[{"@type":"SearchAction","target":{"@type":"EntryPoint","urlTemplate":"https:\/\/deputadotaveirajr.com.br\/?s={search_term_string}"},"query-input":{"@type":"PropertyValueSpecification","valueRequired":true,"valueName":"search_term_string"}}],"inLanguage":"pt-BR"},{"@type":"Organization","@id":"https:\/\/deputadotaveirajr.com.br\/#organization","name":"Taveira Jr","url":"https:\/\/deputadotaveirajr.com.br\/","logo":{"@type":"ImageObject","inLanguage":"pt-BR","@id":"https:\/\/deputadotaveirajr.com.br\/#\/schema\/logo\/image\/","url":"https:\/\/deputadotaveirajr.com.br\/wp-content\/uploads\/2026\/01\/logolow2a.png","contentUrl":"https:\/\/deputadotaveirajr.com.br\/wp-content\/uploads\/2026\/01\/logolow2a.png","width":290,"height":80,"caption":"Taveira Jr"},"image":{"@id":"https:\/\/deputadotaveirajr.com.br\/#\/schema\/logo\/image\/"}}]}},"_links":{"self":[{"href":"https:\/\/deputadotaveirajr.com.br\/index.php\/wp-json\/wp\/v2\/pages\/4906","targetHints":{"allow":["GET"]}}],"collection":[{"href":"https:\/\/deputadotaveirajr.com.br\/index.php\/wp-json\/wp\/v2\/pages"}],"about":[{"href":"https:\/\/deputadotaveirajr.com.br\/index.php\/wp-json\/wp\/v2\/types\/page"}],"replies":[{"embeddable":true,"href":"https:\/\/deputadotaveirajr.com.br\/index.php\/wp-json\/wp\/v2\/comments?post=4906"}],"version-history":[{"count":1,"href":"https:\/\/deputadotaveirajr.com.br\/index.php\/wp-json\/wp\/v2\/pages\/4906\/revisions"}],"predecessor-version":[{"id":4910,"href":"https:\/\/deputadotaveirajr.com.br\/index.php\/wp-json\/wp\/v2\/pages\/4906\/revisions\/4910"}],"wp:featuredmedia":[{"embeddable":true,"href":"https:\/\/deputadotaveirajr.com.br\/index.php\/wp-json\/wp\/v2\/media\/4907"}],"wp:attachment":[{"href":"https:\/\/deputadotaveirajr.com.br\/index.php\/wp-json\/wp\/v2\/media?parent=4906"}],"curies":[{"name":"wp","href":"https:\/\/api.w.org\/{rel}","templated":true}]}}