{"id":5048,"date":"2024-04-03T14:33:55","date_gmt":"2024-04-03T17:33:55","guid":{"rendered":"https:\/\/deputadotaveirajr.com.br\/?page_id=5048"},"modified":"2024-04-03T14:33:55","modified_gmt":"2024-04-03T17:33:55","slug":"padre-mais-jovem-da-diocese-de-mossoro-morre-aos-27-anos","status":"publish","type":"page","link":"https:\/\/deputadotaveirajr.com.br\/index.php\/padre-mais-jovem-da-diocese-de-mossoro-morre-aos-27-anos\/","title":{"rendered":"Padre mais jovem da Diocese de Mossor\u00f3 morre aos 27 anos"},"content":{"rendered":"<p>     Philipe Villeneuve tinha sido ordenado em agosto de 2023, em Pau dos Ferros. Ele sofreu paradas cardiorrespirat\u00f3rias ap\u00f3s ser internado com quadro respirat\u00f3rio grave.  Padre Philipe Villeneuve morreu, aos 27 anos, nesta ter\u00e7a-feira (2), em Mossor\u00f3<br \/>\nDiocese de Mossor\u00f3\/Divulga\u00e7\u00e3o<br \/>\nUm padre de 27 anos morreu na noite de ter\u00e7a-feira (2) na UTI do hospital Wilson Rosado, em Mossor\u00f3, no Oeste potiguar, onde estava internado.<br \/>\nPhilipe Villeneuve tinha sido ordenado sacerdote da Igreja Cat\u00f3lica em agosto do ano passado e era o mais jovem padre da Diocese do Oeste potiguar.<br \/>\nA Diocese informou ainda na ter\u00e7a (2), que o padre apresentou um quadro respirat\u00f3rio grave e precisou ser intubado. Grupos de fieis cat\u00f3licos realizaram vig\u00edlias de ora\u00e7\u00e3o pela recupera\u00e7\u00e3o da sa\u00fade do sacerdote em frente ao hospital de Mossor\u00f3 e tamb\u00e9m em Pau dos Ferros, cidade de origem do religioso.<br \/>\nPor\u00e9m, Philipe n\u00e3o resistiu e faleceu \u00e0s 23h55, ap\u00f3s sofrer quatro paradas cardiorrespirat\u00f3rias. O falecimento precoce causou como\u00e7\u00e3o nas duas cidades.<br \/>\nO padre Philipe Villeneuve Oliveira Rego foi ordenado no dia 4 de agosto do ano passado, Dia do Padre, no adro da Matriz de Nossa da Concei\u00e7\u00e3o, em Pau dos Ferros.<br \/>\nMissa de corpo presente do padre Philipe em Mossor\u00f3, na manh\u00e3 desta quarta-feira (3)<br \/>\nPedro Hugo\/Inter TV Cabugi<br \/>\nAtualmente ele era vice-reitor do Semin\u00e1rio Santa Teresinha, diretor Pedag\u00f3gico do Col\u00e9gio Diocesano Santa Luzia e diretor da FM 105 Santa Clara, em Mossor\u00f3.<br \/>\nO vel\u00f3rio come\u00e7ou por volta das 6h30 desta quarta-feira (3) na Catedral de Santa Luzia, em Mossor\u00f3. \u00c0s 8h30, ocorreu uma missa de corpo presente.<br \/>\nPor volta das 10h, foi iniciado traslado do corpo para Pau dos Ferros. Uma missa est\u00e1 programada para \u00e0s 15h30 na Matriz da cidade do Alto Oeste e, em seguida, o padre ser\u00e1 sepultado no cemit\u00e9rio S\u00e3o Manoel.<br \/>\nA Prefeitura de Pau dos Ferros decretou luto oficial de tr\u00eas dias. &#8220;Em vida, Pe. Philipe prestou os inestim\u00e1veis trabalhos dedicados \u00e0 nossa comunidade no decorrer de sua trajet\u00f3ria como cidad\u00e3o, volunt\u00e1rio e l\u00edder religioso, caracterizado tamb\u00e9m pelo alto grau de amizade que ele constituiu com pessoas dos mais diversos segmentos da sociedade de Pau dos Ferros e de toda a regi\u00e3o&#8221;, informou a prefeitura, em nota.<br \/>\nVeja os v\u00eddeos mais assistidos no g1 RN<\/p>","protected":false},"excerpt":{"rendered":"<p>Philipe Villeneuve tinha sido ordenado em agosto de 2023, em Pau dos Ferros. Ele sofreu paradas cardiorrespirat\u00f3rias ap\u00f3s ser internado com quadro respirat\u00f3rio grave. Padre Philipe Villeneuve morreu, aos 27 &#8230;<\/p>\n","protected":false},"author":0,"featured_media":5049,"parent":0,"menu_order":0,"comment_status":"closed","ping_status":"closed","template":"","meta":{"footnotes":""},"class_list":["post-5048","page","type-page","status-publish","has-post-thumbnail","hentry"],"yoast_head":"<!-- This site is optimized with the Yoast SEO plugin v27.1.1 - https:\/\/yoast.com\/product\/yoast-seo-wordpress\/ -->\n<title>Padre mais jovem da Diocese de Mossor\u00f3 morre aos 27 anos - Taveira Jr<\/title>\n<meta name=\"robots\" content=\"index, follow, max-snippet:-1, max-image-preview:large, max-video-preview:-1\" \/>\n<link rel=\"canonical\" href=\"https:\/\/deputadotaveirajr.com.br\/index.php\/padre-mais-jovem-da-diocese-de-mossoro-morre-aos-27-anos\/\" \/>\n<meta property=\"og:locale\" content=\"pt_BR\" \/>\n<meta property=\"og:type\" content=\"article\" \/>\n<meta property=\"og:title\" content=\"Padre mais jovem da Diocese de Mossor\u00f3 morre aos 27 anos - Taveira Jr\" \/>\n<meta property=\"og:description\" content=\"Philipe Villeneuve tinha sido ordenado em agosto de 2023, em Pau dos Ferros. Ele sofreu paradas cardiorrespirat\u00f3rias ap\u00f3s ser internado com quadro respirat\u00f3rio grave. Padre Philipe Villeneuve morreu, aos 27 ...\" \/>\n<meta property=\"og:url\" content=\"https:\/\/deputadotaveirajr.com.br\/index.php\/padre-mais-jovem-da-diocese-de-mossoro-morre-aos-27-anos\/\" \/>\n<meta property=\"og:site_name\" content=\"Taveira Jr\" \/>\n<meta property=\"og:image\" content=\"https:\/\/deputadotaveirajr.com.br\/wp-content\/uploads\/2024\/04\/padre-ZQEYDX.jpeg\" \/>\n\t<meta property=\"og:image:width\" content=\"1080\" \/>\n\t<meta property=\"og:image:height\" content=\"1080\" \/>\n\t<meta property=\"og:image:type\" content=\"image\/jpeg\" \/>\n<meta name=\"twitter:card\" content=\"summary_large_image\" \/>\n<meta name=\"twitter:label1\" content=\"Est. tempo de leitura\" \/>\n\t<meta name=\"twitter:data1\" content=\"2 minutos\" \/>\n<script type=\"application\/ld+json\" class=\"yoast-schema-graph\">{\"@context\":\"https:\/\/schema.org\",\"@graph\":[{\"@type\":\"WebPage\",\"@id\":\"https:\/\/deputadotaveirajr.com.br\/index.php\/padre-mais-jovem-da-diocese-de-mossoro-morre-aos-27-anos\/\",\"url\":\"https:\/\/deputadotaveirajr.com.br\/index.php\/padre-mais-jovem-da-diocese-de-mossoro-morre-aos-27-anos\/\",\"name\":\"Padre mais jovem da Diocese de Mossor\u00f3 morre aos 27 anos - Taveira Jr\",\"isPartOf\":{\"@id\":\"https:\/\/deputadotaveirajr.com.br\/#website\"},\"primaryImageOfPage\":{\"@id\":\"https:\/\/deputadotaveirajr.com.br\/index.php\/padre-mais-jovem-da-diocese-de-mossoro-morre-aos-27-anos\/#primaryimage\"},\"image\":{\"@id\":\"https:\/\/deputadotaveirajr.com.br\/index.php\/padre-mais-jovem-da-diocese-de-mossoro-morre-aos-27-anos\/#primaryimage\"},\"thumbnailUrl\":\"https:\/\/deputadotaveirajr.com.br\/wp-content\/uploads\/2024\/04\/padre-ZQEYDX.jpeg\",\"datePublished\":\"2024-04-03T17:33:55+00:00\",\"breadcrumb\":{\"@id\":\"https:\/\/deputadotaveirajr.com.br\/index.php\/padre-mais-jovem-da-diocese-de-mossoro-morre-aos-27-anos\/#breadcrumb\"},\"inLanguage\":\"pt-BR\",\"potentialAction\":[{\"@type\":\"ReadAction\",\"target\":[\"https:\/\/deputadotaveirajr.com.br\/index.php\/padre-mais-jovem-da-diocese-de-mossoro-morre-aos-27-anos\/\"]}]},{\"@type\":\"ImageObject\",\"inLanguage\":\"pt-BR\",\"@id\":\"https:\/\/deputadotaveirajr.com.br\/index.php\/padre-mais-jovem-da-diocese-de-mossoro-morre-aos-27-anos\/#primaryimage\",\"url\":\"https:\/\/deputadotaveirajr.com.br\/wp-content\/uploads\/2024\/04\/padre-ZQEYDX.jpeg\",\"contentUrl\":\"https:\/\/deputadotaveirajr.com.br\/wp-content\/uploads\/2024\/04\/padre-ZQEYDX.jpeg\",\"width\":1080,\"height\":1080},{\"@type\":\"BreadcrumbList\",\"@id\":\"https:\/\/deputadotaveirajr.com.br\/index.php\/padre-mais-jovem-da-diocese-de-mossoro-morre-aos-27-anos\/#breadcrumb\",\"itemListElement\":[{\"@type\":\"ListItem\",\"position\":1,\"name\":\"In\u00edcio\",\"item\":\"https:\/\/deputadotaveirajr.com.br\/\"},{\"@type\":\"ListItem\",\"position\":2,\"name\":\"Padre mais jovem da Diocese de Mossor\u00f3 morre aos 27 anos\"}]},{\"@type\":\"WebSite\",\"@id\":\"https:\/\/deputadotaveirajr.com.br\/#website\",\"url\":\"https:\/\/deputadotaveirajr.com.br\/\",\"name\":\"Taveira Jr\",\"description\":\"Deputado Estadual\",\"publisher\":{\"@id\":\"https:\/\/deputadotaveirajr.com.br\/#organization\"},\"potentialAction\":[{\"@type\":\"SearchAction\",\"target\":{\"@type\":\"EntryPoint\",\"urlTemplate\":\"https:\/\/deputadotaveirajr.com.br\/?s={search_term_string}\"},\"query-input\":{\"@type\":\"PropertyValueSpecification\",\"valueRequired\":true,\"valueName\":\"search_term_string\"}}],\"inLanguage\":\"pt-BR\"},{\"@type\":\"Organization\",\"@id\":\"https:\/\/deputadotaveirajr.com.br\/#organization\",\"name\":\"Taveira Jr\",\"url\":\"https:\/\/deputadotaveirajr.com.br\/\",\"logo\":{\"@type\":\"ImageObject\",\"inLanguage\":\"pt-BR\",\"@id\":\"https:\/\/deputadotaveirajr.com.br\/#\/schema\/logo\/image\/\",\"url\":\"https:\/\/deputadotaveirajr.com.br\/wp-content\/uploads\/2026\/01\/logolow2a.png\",\"contentUrl\":\"https:\/\/deputadotaveirajr.com.br\/wp-content\/uploads\/2026\/01\/logolow2a.png\",\"width\":290,\"height\":80,\"caption\":\"Taveira Jr\"},\"image\":{\"@id\":\"https:\/\/deputadotaveirajr.com.br\/#\/schema\/logo\/image\/\"}}]}<\/script>\n<!-- \/ Yoast SEO plugin. -->","yoast_head_json":{"title":"Padre mais jovem da Diocese de Mossor\u00f3 morre aos 27 anos - Taveira Jr","robots":{"index":"index","follow":"follow","max-snippet":"max-snippet:-1","max-image-preview":"max-image-preview:large","max-video-preview":"max-video-preview:-1"},"canonical":"https:\/\/deputadotaveirajr.com.br\/index.php\/padre-mais-jovem-da-diocese-de-mossoro-morre-aos-27-anos\/","og_locale":"pt_BR","og_type":"article","og_title":"Padre mais jovem da Diocese de Mossor\u00f3 morre aos 27 anos - Taveira Jr","og_description":"Philipe Villeneuve tinha sido ordenado em agosto de 2023, em Pau dos Ferros. Ele sofreu paradas cardiorrespirat\u00f3rias ap\u00f3s ser internado com quadro respirat\u00f3rio grave. Padre Philipe Villeneuve morreu, aos 27 ...","og_url":"https:\/\/deputadotaveirajr.com.br\/index.php\/padre-mais-jovem-da-diocese-de-mossoro-morre-aos-27-anos\/","og_site_name":"Taveira Jr","og_image":[{"width":1080,"height":1080,"url":"https:\/\/deputadotaveirajr.com.br\/wp-content\/uploads\/2024\/04\/padre-ZQEYDX.jpeg","type":"image\/jpeg"}],"twitter_card":"summary_large_image","twitter_misc":{"Est. tempo de leitura":"2 minutos"},"schema":{"@context":"https:\/\/schema.org","@graph":[{"@type":"WebPage","@id":"https:\/\/deputadotaveirajr.com.br\/index.php\/padre-mais-jovem-da-diocese-de-mossoro-morre-aos-27-anos\/","url":"https:\/\/deputadotaveirajr.com.br\/index.php\/padre-mais-jovem-da-diocese-de-mossoro-morre-aos-27-anos\/","name":"Padre mais jovem da Diocese de Mossor\u00f3 morre aos 27 anos - Taveira Jr","isPartOf":{"@id":"https:\/\/deputadotaveirajr.com.br\/#website"},"primaryImageOfPage":{"@id":"https:\/\/deputadotaveirajr.com.br\/index.php\/padre-mais-jovem-da-diocese-de-mossoro-morre-aos-27-anos\/#primaryimage"},"image":{"@id":"https:\/\/deputadotaveirajr.com.br\/index.php\/padre-mais-jovem-da-diocese-de-mossoro-morre-aos-27-anos\/#primaryimage"},"thumbnailUrl":"https:\/\/deputadotaveirajr.com.br\/wp-content\/uploads\/2024\/04\/padre-ZQEYDX.jpeg","datePublished":"2024-04-03T17:33:55+00:00","breadcrumb":{"@id":"https:\/\/deputadotaveirajr.com.br\/index.php\/padre-mais-jovem-da-diocese-de-mossoro-morre-aos-27-anos\/#breadcrumb"},"inLanguage":"pt-BR","potentialAction":[{"@type":"ReadAction","target":["https:\/\/deputadotaveirajr.com.br\/index.php\/padre-mais-jovem-da-diocese-de-mossoro-morre-aos-27-anos\/"]}]},{"@type":"ImageObject","inLanguage":"pt-BR","@id":"https:\/\/deputadotaveirajr.com.br\/index.php\/padre-mais-jovem-da-diocese-de-mossoro-morre-aos-27-anos\/#primaryimage","url":"https:\/\/deputadotaveirajr.com.br\/wp-content\/uploads\/2024\/04\/padre-ZQEYDX.jpeg","contentUrl":"https:\/\/deputadotaveirajr.com.br\/wp-content\/uploads\/2024\/04\/padre-ZQEYDX.jpeg","width":1080,"height":1080},{"@type":"BreadcrumbList","@id":"https:\/\/deputadotaveirajr.com.br\/index.php\/padre-mais-jovem-da-diocese-de-mossoro-morre-aos-27-anos\/#breadcrumb","itemListElement":[{"@type":"ListItem","position":1,"name":"In\u00edcio","item":"https:\/\/deputadotaveirajr.com.br\/"},{"@type":"ListItem","position":2,"name":"Padre mais jovem da Diocese de Mossor\u00f3 morre aos 27 anos"}]},{"@type":"WebSite","@id":"https:\/\/deputadotaveirajr.com.br\/#website","url":"https:\/\/deputadotaveirajr.com.br\/","name":"Taveira Jr","description":"Deputado Estadual","publisher":{"@id":"https:\/\/deputadotaveirajr.com.br\/#organization"},"potentialAction":[{"@type":"SearchAction","target":{"@type":"EntryPoint","urlTemplate":"https:\/\/deputadotaveirajr.com.br\/?s={search_term_string}"},"query-input":{"@type":"PropertyValueSpecification","valueRequired":true,"valueName":"search_term_string"}}],"inLanguage":"pt-BR"},{"@type":"Organization","@id":"https:\/\/deputadotaveirajr.com.br\/#organization","name":"Taveira Jr","url":"https:\/\/deputadotaveirajr.com.br\/","logo":{"@type":"ImageObject","inLanguage":"pt-BR","@id":"https:\/\/deputadotaveirajr.com.br\/#\/schema\/logo\/image\/","url":"https:\/\/deputadotaveirajr.com.br\/wp-content\/uploads\/2026\/01\/logolow2a.png","contentUrl":"https:\/\/deputadotaveirajr.com.br\/wp-content\/uploads\/2026\/01\/logolow2a.png","width":290,"height":80,"caption":"Taveira Jr"},"image":{"@id":"https:\/\/deputadotaveirajr.com.br\/#\/schema\/logo\/image\/"}}]}},"_links":{"self":[{"href":"https:\/\/deputadotaveirajr.com.br\/index.php\/wp-json\/wp\/v2\/pages\/5048","targetHints":{"allow":["GET"]}}],"collection":[{"href":"https:\/\/deputadotaveirajr.com.br\/index.php\/wp-json\/wp\/v2\/pages"}],"about":[{"href":"https:\/\/deputadotaveirajr.com.br\/index.php\/wp-json\/wp\/v2\/types\/page"}],"replies":[{"embeddable":true,"href":"https:\/\/deputadotaveirajr.com.br\/index.php\/wp-json\/wp\/v2\/comments?post=5048"}],"version-history":[{"count":1,"href":"https:\/\/deputadotaveirajr.com.br\/index.php\/wp-json\/wp\/v2\/pages\/5048\/revisions"}],"predecessor-version":[{"id":5051,"href":"https:\/\/deputadotaveirajr.com.br\/index.php\/wp-json\/wp\/v2\/pages\/5048\/revisions\/5051"}],"wp:featuredmedia":[{"embeddable":true,"href":"https:\/\/deputadotaveirajr.com.br\/index.php\/wp-json\/wp\/v2\/media\/5049"}],"wp:attachment":[{"href":"https:\/\/deputadotaveirajr.com.br\/index.php\/wp-json\/wp\/v2\/media?parent=5048"}],"curies":[{"name":"wp","href":"https:\/\/api.w.org\/{rel}","templated":true}]}}