{"id":5099,"date":"2024-04-04T21:01:12","date_gmt":"2024-04-05T00:01:12","guid":{"rendered":"https:\/\/deputadotaveirajr.com.br\/?page_id=5099"},"modified":"2024-04-04T21:01:12","modified_gmt":"2024-04-05T00:01:12","slug":"faccao-criminosa-deu-ordens-e-coordenadas-para-auxiliar-fugitivos-de-mossoro-a-nao-serem-recapturados","status":"publish","type":"page","link":"https:\/\/deputadotaveirajr.com.br\/index.php\/faccao-criminosa-deu-ordens-e-coordenadas-para-auxiliar-fugitivos-de-mossoro-a-nao-serem-recapturados\/","title":{"rendered":"Fac\u00e7\u00e3o criminosa deu ordens e coordenadas para auxiliar fugitivos de Mossor\u00f3 a n\u00e3o serem recapturados"},"content":{"rendered":"<p>     Fontes da intelig\u00eancia da opera\u00e7\u00e3o de recaptura identificaram que chefes da fac\u00e7\u00e3o determinaram para os subordinados diretos nas regi\u00f5es Nordeste e Norte que dessem todo suporte para que a Rog\u00e9rio Mendon\u00e7a da Silva e Deibson Cabral Nascimento n\u00e3o fossem presos. O Comando Vermelho orientou, do Complexo do Morro do Alem\u00e3o, no Rio de Janeiro, o apoio para a fuga dos dois detentos do pres\u00eddio de Mossor\u00f3, recapturados nesta quinta-feira (4), de acordo com setores de intelig\u00eancia da for\u00e7a-tarefa que realizava as buscas. A fac\u00e7\u00e3o deu ordens e coordenadas para auxiliar os fugitivos.<br \/>\nOs setores de Intelig\u00eancia identificaram que chefes do CV determinaram para os subordinados diretos nas regi\u00f5es Nordeste e Norte que dessem todo suporte para que a Rog\u00e9rio Mendon\u00e7a da Silva e Deibson Cabral Nascimento n\u00e3o fossem presos.<br \/>\nOs dois foram recapturados ap\u00f3s 50 dias de fuga em Marab\u00e1, no Sudeste do Par\u00e1, fica a mais de 1,6 mil quil\u00f4metros de dist\u00e2ncia de Mossor\u00f3. A opera\u00e7\u00e3o envolveu o monitoramento de tr\u00eas ve\u00edculos que, segundo as investiga\u00e7\u00f5es, davam cobertura \u00e0 fuga \u2013 ao todo, seis pessoas foram presas nos tr\u00eas carros. Um dos foragidos foi capturado pela PF, e outro, pela PRF.<br \/>\nPor meio de intercepta\u00e7\u00f5es telef\u00f4nicas e informantes, as investiga\u00e7\u00f5es constataram que a inten\u00e7\u00e3o da fac\u00e7\u00e3o criminosa era passar o seguinte recado para seus integrantes: quem est\u00e1 com a gente, jamais ser\u00e1 abandonado.<br \/>\nLEIA TAMB\u00c9M:<br \/>\nRelembre os 50 dias de buscas pelos dois fugitivos da penitenci\u00e1ria de Mossor\u00f3<br \/>\nQuem s\u00e3o os 2 foragidos de pres\u00eddio de Mossor\u00f3 que foram recapturados<br \/>\nVeja como foram os 50 dias de buscas<br \/>\nFugitivos de pres\u00eddio federal viajaram de barco por seis dias do Cear\u00e1 ao Par\u00e1<br \/>\nV\u00eddeo mostra o momento da pris\u00e3o dos fugitivos de pres\u00eddio de Mossor\u00f3<br \/>\n\u201cA fac\u00e7\u00e3o do Rio demonstrou neste tempo todo que n\u00e3o mede esfor\u00e7os para proteger os seus\u201d, diz uma fonte. \u201cTanto que os dois fugitivos tinham celulares, dinheiro, arma, carro, escolta de comparsas e rota de fuga para sumir por um bom tempo.\u201d<br \/>\nDe acordo com fontes que participaram das investiga\u00e7\u00f5es, o plano era levar a dupla de fugitivos para lugares de dif\u00edcil acesso.<br \/>\nDo Par\u00e1, eles seriam levados muito possivelmente para o Amazonas. E de l\u00e1 at\u00e9 mesmo para a Bol\u00edvia, disse outra fonte do caso. Eles ficariam fora do pa\u00eds at\u00e9 que a poeira baixasse e pudessem voltar para miss\u00f5es criminosas do tr\u00e1fico. Ou seja, voltariam a cometer crimes.<br \/>\nAssim como o CV,  as principais fac\u00e7\u00f5es brasileiras do tr\u00e1fico de drogas t\u00eam cada vez mais sociedade e conex\u00e3o com quadrilhas e cart\u00e9is produtores de coca\u00edna e maconha nos pa\u00edses vizinhos. Uma organiza\u00e7\u00e3o criminosa d\u00e1 suporte\u00a0para\u00a0a\u00a0outra.<br \/>\nFugitivos de Mossor\u00f3 s\u00e3o recapturados<br \/>\nDivulga\u00e7\u00e3o\/PF<\/p>","protected":false},"excerpt":{"rendered":"<p>Fontes da intelig\u00eancia da opera\u00e7\u00e3o de recaptura identificaram que chefes da fac\u00e7\u00e3o determinaram para os subordinados diretos nas regi\u00f5es Nordeste e Norte que dessem todo suporte para que a Rog\u00e9rio &#8230;<\/p>\n","protected":false},"author":0,"featured_media":5100,"parent":0,"menu_order":0,"comment_status":"closed","ping_status":"closed","template":"","meta":{"footnotes":""},"class_list":["post-5099","page","type-page","status-publish","has-post-thumbnail","hentry"],"yoast_head":"<!-- This site is optimized with the Yoast SEO plugin v27.1.1 - https:\/\/yoast.com\/product\/yoast-seo-wordpress\/ -->\n<title>Fac\u00e7\u00e3o criminosa deu ordens e coordenadas para auxiliar fugitivos de Mossor\u00f3 a n\u00e3o serem recapturados - Taveira Jr<\/title>\n<meta name=\"robots\" content=\"index, follow, max-snippet:-1, max-image-preview:large, max-video-preview:-1\" \/>\n<link rel=\"canonical\" href=\"https:\/\/deputadotaveirajr.com.br\/index.php\/faccao-criminosa-deu-ordens-e-coordenadas-para-auxiliar-fugitivos-de-mossoro-a-nao-serem-recapturados\/\" \/>\n<meta property=\"og:locale\" content=\"pt_BR\" \/>\n<meta property=\"og:type\" content=\"article\" \/>\n<meta property=\"og:title\" content=\"Fac\u00e7\u00e3o criminosa deu ordens e coordenadas para auxiliar fugitivos de Mossor\u00f3 a n\u00e3o serem recapturados - Taveira Jr\" \/>\n<meta property=\"og:description\" content=\"Fontes da intelig\u00eancia da opera\u00e7\u00e3o de recaptura identificaram que chefes da fac\u00e7\u00e3o determinaram para os subordinados diretos nas regi\u00f5es Nordeste e Norte que dessem todo suporte para que a Rog\u00e9rio ...\" \/>\n<meta property=\"og:url\" content=\"https:\/\/deputadotaveirajr.com.br\/index.php\/faccao-criminosa-deu-ordens-e-coordenadas-para-auxiliar-fugitivos-de-mossoro-a-nao-serem-recapturados\/\" \/>\n<meta property=\"og:site_name\" content=\"Taveira Jr\" \/>\n<meta property=\"og:image\" content=\"https:\/\/deputadotaveirajr.com.br\/wp-content\/uploads\/2024\/04\/fotojet-2024-04-04t142215.691-EK7XWZ.jpeg\" \/>\n\t<meta property=\"og:image:width\" content=\"1700\" \/>\n\t<meta property=\"og:image:height\" content=\"1065\" \/>\n\t<meta property=\"og:image:type\" content=\"image\/jpeg\" \/>\n<meta name=\"twitter:card\" content=\"summary_large_image\" \/>\n<meta name=\"twitter:label1\" content=\"Est. tempo de leitura\" \/>\n\t<meta name=\"twitter:data1\" content=\"2 minutos\" \/>\n<script type=\"application\/ld+json\" class=\"yoast-schema-graph\">{\"@context\":\"https:\/\/schema.org\",\"@graph\":[{\"@type\":\"WebPage\",\"@id\":\"https:\/\/deputadotaveirajr.com.br\/index.php\/faccao-criminosa-deu-ordens-e-coordenadas-para-auxiliar-fugitivos-de-mossoro-a-nao-serem-recapturados\/\",\"url\":\"https:\/\/deputadotaveirajr.com.br\/index.php\/faccao-criminosa-deu-ordens-e-coordenadas-para-auxiliar-fugitivos-de-mossoro-a-nao-serem-recapturados\/\",\"name\":\"Fac\u00e7\u00e3o criminosa deu ordens e coordenadas para auxiliar fugitivos de Mossor\u00f3 a n\u00e3o serem recapturados - Taveira Jr\",\"isPartOf\":{\"@id\":\"https:\/\/deputadotaveirajr.com.br\/#website\"},\"primaryImageOfPage\":{\"@id\":\"https:\/\/deputadotaveirajr.com.br\/index.php\/faccao-criminosa-deu-ordens-e-coordenadas-para-auxiliar-fugitivos-de-mossoro-a-nao-serem-recapturados\/#primaryimage\"},\"image\":{\"@id\":\"https:\/\/deputadotaveirajr.com.br\/index.php\/faccao-criminosa-deu-ordens-e-coordenadas-para-auxiliar-fugitivos-de-mossoro-a-nao-serem-recapturados\/#primaryimage\"},\"thumbnailUrl\":\"https:\/\/deputadotaveirajr.com.br\/wp-content\/uploads\/2024\/04\/fotojet-2024-04-04t142215.691-EK7XWZ.jpeg\",\"datePublished\":\"2024-04-05T00:01:12+00:00\",\"breadcrumb\":{\"@id\":\"https:\/\/deputadotaveirajr.com.br\/index.php\/faccao-criminosa-deu-ordens-e-coordenadas-para-auxiliar-fugitivos-de-mossoro-a-nao-serem-recapturados\/#breadcrumb\"},\"inLanguage\":\"pt-BR\",\"potentialAction\":[{\"@type\":\"ReadAction\",\"target\":[\"https:\/\/deputadotaveirajr.com.br\/index.php\/faccao-criminosa-deu-ordens-e-coordenadas-para-auxiliar-fugitivos-de-mossoro-a-nao-serem-recapturados\/\"]}]},{\"@type\":\"ImageObject\",\"inLanguage\":\"pt-BR\",\"@id\":\"https:\/\/deputadotaveirajr.com.br\/index.php\/faccao-criminosa-deu-ordens-e-coordenadas-para-auxiliar-fugitivos-de-mossoro-a-nao-serem-recapturados\/#primaryimage\",\"url\":\"https:\/\/deputadotaveirajr.com.br\/wp-content\/uploads\/2024\/04\/fotojet-2024-04-04t142215.691-EK7XWZ.jpeg\",\"contentUrl\":\"https:\/\/deputadotaveirajr.com.br\/wp-content\/uploads\/2024\/04\/fotojet-2024-04-04t142215.691-EK7XWZ.jpeg\",\"width\":1700,\"height\":1065},{\"@type\":\"BreadcrumbList\",\"@id\":\"https:\/\/deputadotaveirajr.com.br\/index.php\/faccao-criminosa-deu-ordens-e-coordenadas-para-auxiliar-fugitivos-de-mossoro-a-nao-serem-recapturados\/#breadcrumb\",\"itemListElement\":[{\"@type\":\"ListItem\",\"position\":1,\"name\":\"In\u00edcio\",\"item\":\"https:\/\/deputadotaveirajr.com.br\/\"},{\"@type\":\"ListItem\",\"position\":2,\"name\":\"Fac\u00e7\u00e3o criminosa deu ordens e coordenadas para auxiliar fugitivos de Mossor\u00f3 a n\u00e3o serem recapturados\"}]},{\"@type\":\"WebSite\",\"@id\":\"https:\/\/deputadotaveirajr.com.br\/#website\",\"url\":\"https:\/\/deputadotaveirajr.com.br\/\",\"name\":\"Taveira Jr\",\"description\":\"Deputado Estadual\",\"publisher\":{\"@id\":\"https:\/\/deputadotaveirajr.com.br\/#organization\"},\"potentialAction\":[{\"@type\":\"SearchAction\",\"target\":{\"@type\":\"EntryPoint\",\"urlTemplate\":\"https:\/\/deputadotaveirajr.com.br\/?s={search_term_string}\"},\"query-input\":{\"@type\":\"PropertyValueSpecification\",\"valueRequired\":true,\"valueName\":\"search_term_string\"}}],\"inLanguage\":\"pt-BR\"},{\"@type\":\"Organization\",\"@id\":\"https:\/\/deputadotaveirajr.com.br\/#organization\",\"name\":\"Taveira Jr\",\"url\":\"https:\/\/deputadotaveirajr.com.br\/\",\"logo\":{\"@type\":\"ImageObject\",\"inLanguage\":\"pt-BR\",\"@id\":\"https:\/\/deputadotaveirajr.com.br\/#\/schema\/logo\/image\/\",\"url\":\"https:\/\/deputadotaveirajr.com.br\/wp-content\/uploads\/2026\/01\/logolow2a.png\",\"contentUrl\":\"https:\/\/deputadotaveirajr.com.br\/wp-content\/uploads\/2026\/01\/logolow2a.png\",\"width\":290,\"height\":80,\"caption\":\"Taveira Jr\"},\"image\":{\"@id\":\"https:\/\/deputadotaveirajr.com.br\/#\/schema\/logo\/image\/\"}}]}<\/script>\n<!-- \/ Yoast SEO plugin. -->","yoast_head_json":{"title":"Fac\u00e7\u00e3o criminosa deu ordens e coordenadas para auxiliar fugitivos de Mossor\u00f3 a n\u00e3o serem recapturados - Taveira Jr","robots":{"index":"index","follow":"follow","max-snippet":"max-snippet:-1","max-image-preview":"max-image-preview:large","max-video-preview":"max-video-preview:-1"},"canonical":"https:\/\/deputadotaveirajr.com.br\/index.php\/faccao-criminosa-deu-ordens-e-coordenadas-para-auxiliar-fugitivos-de-mossoro-a-nao-serem-recapturados\/","og_locale":"pt_BR","og_type":"article","og_title":"Fac\u00e7\u00e3o criminosa deu ordens e coordenadas para auxiliar fugitivos de Mossor\u00f3 a n\u00e3o serem recapturados - Taveira Jr","og_description":"Fontes da intelig\u00eancia da opera\u00e7\u00e3o de recaptura identificaram que chefes da fac\u00e7\u00e3o determinaram para os subordinados diretos nas regi\u00f5es Nordeste e Norte que dessem todo suporte para que a Rog\u00e9rio ...","og_url":"https:\/\/deputadotaveirajr.com.br\/index.php\/faccao-criminosa-deu-ordens-e-coordenadas-para-auxiliar-fugitivos-de-mossoro-a-nao-serem-recapturados\/","og_site_name":"Taveira Jr","og_image":[{"width":1700,"height":1065,"url":"https:\/\/deputadotaveirajr.com.br\/wp-content\/uploads\/2024\/04\/fotojet-2024-04-04t142215.691-EK7XWZ.jpeg","type":"image\/jpeg"}],"twitter_card":"summary_large_image","twitter_misc":{"Est. tempo de leitura":"2 minutos"},"schema":{"@context":"https:\/\/schema.org","@graph":[{"@type":"WebPage","@id":"https:\/\/deputadotaveirajr.com.br\/index.php\/faccao-criminosa-deu-ordens-e-coordenadas-para-auxiliar-fugitivos-de-mossoro-a-nao-serem-recapturados\/","url":"https:\/\/deputadotaveirajr.com.br\/index.php\/faccao-criminosa-deu-ordens-e-coordenadas-para-auxiliar-fugitivos-de-mossoro-a-nao-serem-recapturados\/","name":"Fac\u00e7\u00e3o criminosa deu ordens e coordenadas para auxiliar fugitivos de Mossor\u00f3 a n\u00e3o serem recapturados - Taveira Jr","isPartOf":{"@id":"https:\/\/deputadotaveirajr.com.br\/#website"},"primaryImageOfPage":{"@id":"https:\/\/deputadotaveirajr.com.br\/index.php\/faccao-criminosa-deu-ordens-e-coordenadas-para-auxiliar-fugitivos-de-mossoro-a-nao-serem-recapturados\/#primaryimage"},"image":{"@id":"https:\/\/deputadotaveirajr.com.br\/index.php\/faccao-criminosa-deu-ordens-e-coordenadas-para-auxiliar-fugitivos-de-mossoro-a-nao-serem-recapturados\/#primaryimage"},"thumbnailUrl":"https:\/\/deputadotaveirajr.com.br\/wp-content\/uploads\/2024\/04\/fotojet-2024-04-04t142215.691-EK7XWZ.jpeg","datePublished":"2024-04-05T00:01:12+00:00","breadcrumb":{"@id":"https:\/\/deputadotaveirajr.com.br\/index.php\/faccao-criminosa-deu-ordens-e-coordenadas-para-auxiliar-fugitivos-de-mossoro-a-nao-serem-recapturados\/#breadcrumb"},"inLanguage":"pt-BR","potentialAction":[{"@type":"ReadAction","target":["https:\/\/deputadotaveirajr.com.br\/index.php\/faccao-criminosa-deu-ordens-e-coordenadas-para-auxiliar-fugitivos-de-mossoro-a-nao-serem-recapturados\/"]}]},{"@type":"ImageObject","inLanguage":"pt-BR","@id":"https:\/\/deputadotaveirajr.com.br\/index.php\/faccao-criminosa-deu-ordens-e-coordenadas-para-auxiliar-fugitivos-de-mossoro-a-nao-serem-recapturados\/#primaryimage","url":"https:\/\/deputadotaveirajr.com.br\/wp-content\/uploads\/2024\/04\/fotojet-2024-04-04t142215.691-EK7XWZ.jpeg","contentUrl":"https:\/\/deputadotaveirajr.com.br\/wp-content\/uploads\/2024\/04\/fotojet-2024-04-04t142215.691-EK7XWZ.jpeg","width":1700,"height":1065},{"@type":"BreadcrumbList","@id":"https:\/\/deputadotaveirajr.com.br\/index.php\/faccao-criminosa-deu-ordens-e-coordenadas-para-auxiliar-fugitivos-de-mossoro-a-nao-serem-recapturados\/#breadcrumb","itemListElement":[{"@type":"ListItem","position":1,"name":"In\u00edcio","item":"https:\/\/deputadotaveirajr.com.br\/"},{"@type":"ListItem","position":2,"name":"Fac\u00e7\u00e3o criminosa deu ordens e coordenadas para auxiliar fugitivos de Mossor\u00f3 a n\u00e3o serem recapturados"}]},{"@type":"WebSite","@id":"https:\/\/deputadotaveirajr.com.br\/#website","url":"https:\/\/deputadotaveirajr.com.br\/","name":"Taveira Jr","description":"Deputado Estadual","publisher":{"@id":"https:\/\/deputadotaveirajr.com.br\/#organization"},"potentialAction":[{"@type":"SearchAction","target":{"@type":"EntryPoint","urlTemplate":"https:\/\/deputadotaveirajr.com.br\/?s={search_term_string}"},"query-input":{"@type":"PropertyValueSpecification","valueRequired":true,"valueName":"search_term_string"}}],"inLanguage":"pt-BR"},{"@type":"Organization","@id":"https:\/\/deputadotaveirajr.com.br\/#organization","name":"Taveira Jr","url":"https:\/\/deputadotaveirajr.com.br\/","logo":{"@type":"ImageObject","inLanguage":"pt-BR","@id":"https:\/\/deputadotaveirajr.com.br\/#\/schema\/logo\/image\/","url":"https:\/\/deputadotaveirajr.com.br\/wp-content\/uploads\/2026\/01\/logolow2a.png","contentUrl":"https:\/\/deputadotaveirajr.com.br\/wp-content\/uploads\/2026\/01\/logolow2a.png","width":290,"height":80,"caption":"Taveira Jr"},"image":{"@id":"https:\/\/deputadotaveirajr.com.br\/#\/schema\/logo\/image\/"}}]}},"_links":{"self":[{"href":"https:\/\/deputadotaveirajr.com.br\/index.php\/wp-json\/wp\/v2\/pages\/5099","targetHints":{"allow":["GET"]}}],"collection":[{"href":"https:\/\/deputadotaveirajr.com.br\/index.php\/wp-json\/wp\/v2\/pages"}],"about":[{"href":"https:\/\/deputadotaveirajr.com.br\/index.php\/wp-json\/wp\/v2\/types\/page"}],"replies":[{"embeddable":true,"href":"https:\/\/deputadotaveirajr.com.br\/index.php\/wp-json\/wp\/v2\/comments?post=5099"}],"version-history":[{"count":1,"href":"https:\/\/deputadotaveirajr.com.br\/index.php\/wp-json\/wp\/v2\/pages\/5099\/revisions"}],"predecessor-version":[{"id":5108,"href":"https:\/\/deputadotaveirajr.com.br\/index.php\/wp-json\/wp\/v2\/pages\/5099\/revisions\/5108"}],"wp:featuredmedia":[{"embeddable":true,"href":"https:\/\/deputadotaveirajr.com.br\/index.php\/wp-json\/wp\/v2\/media\/5100"}],"wp:attachment":[{"href":"https:\/\/deputadotaveirajr.com.br\/index.php\/wp-json\/wp\/v2\/media?parent=5099"}],"curies":[{"name":"wp","href":"https:\/\/api.w.org\/{rel}","templated":true}]}}