{"id":5125,"date":"2024-04-05T09:37:53","date_gmt":"2024-04-05T12:37:53","guid":{"rendered":"https:\/\/deputadotaveirajr.com.br\/?page_id=5125"},"modified":"2024-04-05T09:37:53","modified_gmt":"2024-04-05T12:37:53","slug":"transferencia-de-presos-novas-cameras-e-reforco-na-luminaria-veja-o-que-mudou-na-penitenciaria-federal-de-mossoro-apos-fuga","status":"publish","type":"page","link":"https:\/\/deputadotaveirajr.com.br\/index.php\/transferencia-de-presos-novas-cameras-e-reforco-na-luminaria-veja-o-que-mudou-na-penitenciaria-federal-de-mossoro-apos-fuga\/","title":{"rendered":"Transfer\u00eancia de presos, novas c\u00e2meras e refor\u00e7o na lumin\u00e1ria: veja o que mudou na Penitenci\u00e1ria Federal de Mossor\u00f3 ap\u00f3s fuga"},"content":{"rendered":"<p>     Secret\u00e1rio Nacional de Pol\u00edticas Penais disse que &#8216;sistema penitenci\u00e1rio federal n\u00e3o \u00e9 mais o mesmo&#8217; desde a fuga. Muralhas tamb\u00e9m est\u00e3o sendo constru\u00eddas nas 5 unidades. Confira o passo a passo dos fugitivos de Mossor\u00f3 at\u00e9 sua pris\u00e3o<br \/>\nDesde a fuga de dois presos no dia 14 de fevereiro, a Penitenci\u00e1ria Federal de Mossor\u00f3 (RN) e as outras quatro unidades de seguran\u00e7a m\u00e1xima do Brasil passaram por uma s\u00e9rie de &#8220;provid\u00eancias, revistas e vistorias&#8221;. Foi o que afirmou o secret\u00e1rio Nacional de Pol\u00edticas Penais (Senappen), Andr\u00e9 Garcia, nesta quinta-feira (4).<br \/>\nOs fugitivos Deibson Nascimento e Rog\u00e9rio Mendon\u00e7a foram recapturados nesta quinta em Marab\u00e1, no Par\u00e1, no 51\u00ba dia de buscas. A cidade fica 1,6 mil quil\u00f4metros distante de Mossor\u00f3.<br \/>\nOs dois presos retornaram ainda na noite desta quinta para a Penitenci\u00e1ria Federal de Mossor\u00f3, de onde haviam escapado, para o cumprimento das penas. Desde a fuga dos dois, a unidade passou por algumas mudan\u00e7as.<br \/>\nSegundo o secret\u00e1rio, entre as medidas tomadas est\u00e3o a troca de ilumina\u00e7\u00e3o e a compra de novas c\u00e2meras de monitoramento para todas as unidades federais de seguran\u00e7a m\u00e1xima. Segundo o Senappen, tamb\u00e9m est\u00e3o sendo constru\u00eddas muralhas nas cinco unidades federais de seguran\u00e7a m\u00e1xima no pa\u00eds.<br \/>\n\ud83d\udcf3Participe do canal do g1 RN no WhatsApp e receba no seu celular as not\u00edcias do estado<br \/>\nNa Penitenci\u00e1ria de Mossor\u00f3 tamb\u00e9m houve a transfer\u00eancia de presos para outras unidades, a instala\u00e7\u00e3o de refor\u00e7os nas grades das lumin\u00e1rias das celas, e a aplica\u00e7\u00e3o de cursos e treinamentos de capacita\u00e7\u00e3o para os policiais penais (veja os detalhes mais abaixo).<br \/>\nEm entrevista nesta quinta, o secret\u00e1rio Nacional de Pol\u00edticas Penais, Andr\u00e9 Garcia, falou que &#8220;o sistema penitenci\u00e1rio federal n\u00e3o \u00e9 mais o mesmo&#8221; desde a fuga, que foi a primeira na hist\u00f3ria do sistema, criado em 2006.<br \/>\n&#8220;As c\u00e2meras foram adquiridas e est\u00e3o sendo instaladas a medida que chegam dos fornecedores. S\u00e3o 10 mil c\u00e2meras que foram adquiridas recentemente. Parte delas vai ser trocada e vai refor\u00e7ar todo o parque de monitoramento das unidades que comp\u00f5em o sistema penitenci\u00e1rio federal&#8221;, disse.<br \/>\nO g1 questionou ao Minist\u00e9rio da Justi\u00e7a e Seguran\u00e7a P\u00fablica e \u00e0 Senappen se a reforma que estava sendo feita no pres\u00eddio de Mossor\u00f3, quando houve a fuga, foi conclu\u00edda, mas n\u00e3o recebeu resposta at\u00e9 a atualiza\u00e7\u00e3o mais recente desta reportagem.<br \/>\nLEIA TAMB\u00c9M:<br \/>\nQuem s\u00e3o os 2 foragidos de pres\u00eddio de Mossor\u00f3 que foram recapturados<br \/>\nVeja como foram os 50 dias de buscas<br \/>\nFugitivos de pres\u00eddio federal viajaram de barco por seis dias do Cear\u00e1 ao Par\u00e1<br \/>\nForagidos de Mossor\u00f3 ficam em sil\u00eancio em depoimento<br \/>\nViatura da Pol\u00edcia Penal deixa penitenci\u00e1ria federal de Mossor\u00f3<br \/>\nPedro Hugo\/Inter TV Costa Branca<br \/>\nBarras de ferro em lumin\u00e1rias<br \/>\nUma das medidas tomadas na Penitenci\u00e1ria Federal de Mossor\u00f3 ap\u00f3s a fuga foi a instala\u00e7\u00e3o de barras de ferro nas lumin\u00e1rias das celas, em fevereiro. Deibson e Rog\u00e9rio conseguiram escapar das celas individuais ao arrancarem essas lumin\u00e1rias e passarem pela brecha deixada.<br \/>\nO secret\u00e1rio Nacional de Pol\u00edticas Penais disse tamb\u00e9m que os &#8220;procedimentos foram refor\u00e7ados&#8221; nas penitenci\u00e1rias federais. Um relat\u00f3rio divulgado na ter\u00e7a-feira (2) pela Corregedoria-Geral da Senappen apontou que houve falhas de procedimentos carcer\u00e1rios que contribu\u00edram para a fuga.<br \/>\nA corregedora-geral, Marlene In\u00eas, determinou a abertura de Procedimentos Administrativos Disciplinares (PAD) contra 10 servidores pela fuga. Outros 17 v\u00e3o precisar assinar um Termo de Ajustamento de Conduta (TAC).<br \/>\n&#8220;As revistas s\u00e3o di\u00e1rias em todas as unidades. Os problemas estruturais que foram apontados foram corrigidos. Estamos determinados, como disse desde o dia do evento, que esse fato seja irrepet\u00edvel, que n\u00e3o vai acontecer mais no sistema penitenci\u00e1rio federal&#8221;, disse o secret\u00e1rio Andr\u00e9 Garcia.<br \/>\nO Minist\u00e9rio da Justi\u00e7a e Seguran\u00e7a P\u00fablica tamb\u00e9m enviou, em fevereiro, cerca de 50 profissionais da For\u00e7a Penal Nacional para refor\u00e7ar a seguran\u00e7a no entorno da Penitenci\u00e1ria Federal de Mossor\u00f3 e realizar treinamentos e cursos de capacita\u00e7\u00e3o com os servidores da unidade. A previs\u00e3o \u00e9 que a For\u00e7a Penal Nacional fique por 60 dias na unidade.<br \/>\nRog\u00e9rio Mendon\u00e7a e Deibson Nascimento, fugitivos da Penitenci\u00e1ria Federal de Mossor\u00f3, foram recapturados<br \/>\nPF\/Divulga\u00e7\u00e3o<br \/>\nOutra medida tomada pelo Minist\u00e9rio da Justi\u00e7a ap\u00f3s a fuga de Deibson Nascimento e Rog\u00e9rio Mendon\u00e7a foi a transfer\u00eancia de presos.<br \/>\nDesde o dia 14 de fevereiro, pelo menos 38 presos foram transferidos da Penitenci\u00e1ria Federal de Mossor\u00f3, entre eles Fernandinho Beira-Mar, chefe do Comando Vermelho, a mesma fac\u00e7\u00e3o a qual pertencem os fugitivos.<br \/>\nFugitivos de Mossor\u00f3 s\u00e3o recapturados<br \/>\nRog\u00e9rio da Silva Mendon\u00e7a e Deibson Cabral Nascimento saem da viatura da Pol\u00edcia Rodovi\u00e1ria Federal ap\u00f3s serem presos em Marab\u00e1 (CE)<br \/>\nReprodu\u00e7\u00e3o\/TV Globo<br \/>\nPor volta das 13h30 desta quinta (4), a Pol\u00edcia Federal e a Pol\u00edcia Rodovi\u00e1ria Federal recapturaram os dois foragidos em Marab\u00e1 (PA), a mais de 1.600 quil\u00f4metros de dist\u00e2ncia de Mossor\u00f3.<br \/>\nA opera\u00e7\u00e3o, com 26 agentes federais, envolveu o monitoramento de tr\u00eas ve\u00edculos que, segundo as investiga\u00e7\u00f5es, davam cobertura \u00e0 fuga \u2013 ao todo, seis pessoas foram presas nos tr\u00eas carros.<br \/>\nIntegrantes do Comando Vermelho, Rog\u00e9rio da Silva Mendon\u00e7a, de 35 anos, e Deibson Cabral Nascimento, 33 anos, tinham fugido do pres\u00eddio no dia 14 de fevereiro.<br \/>\nOs suspeitos foram presos na ponte que atravessa o Rio Tocantins e nas imedia\u00e7\u00f5es. A abordagem ocorreu neste local para evitar a fuga pelo rio. Com o grupo, foram apreendidos um fuzil com dois carregadores, dinheiro e oito celulares (veja no v\u00eddeo abaixo).<br \/>\nUm trajeto em &#8220;linha reta&#8221; entre Marab\u00e1 e Mossor\u00f3 passa por pelo menos cinco estados: al\u00e9m de Par\u00e1 e Rio Grande do Norte, tamb\u00e9m por Cear\u00e1, Piau\u00ed e Maranh\u00e3o \u2013 e, a depender do trajeto, pelo Norte do Tocantins.<br \/>\nFugitivos de RN recapturados estavam armados com fuzil, escoltados por comboio e tinham rede de apoio<br \/>\n\u00c0 jornalista Andr\u00e9ia Sadi, o ministro da Justi\u00e7a e Seguran\u00e7a P\u00fablica, Ricardo Lewandowski, disse que as pris\u00f5es configuram &#8220;uma vit\u00f3ria do Estado brasileiro sobre o crime organizado&#8221;.<br \/>\nEm coletiva de imprensa, Lewandowski disse que os fugitivos tiveram ajuda de uma fac\u00e7\u00e3o criminosa e tentariam fugir para o exterior.<br \/>\nInvestigadores informaram \u00e0 TV Globo que a dupla de fugitivos ser\u00e1 devolvida a Mossor\u00f3. Essa medida \u00e9 considerada uma &#8220;quest\u00e3o de honra&#8221; para o Minist\u00e9rio da Justi\u00e7a e Seguran\u00e7a P\u00fablica, que coordena o sistema penitenci\u00e1rio federal.<br \/>\nOs dois presos, originalmente do Acre, estavam na unidade desde setembro de 2023 e integram a fac\u00e7\u00e3o criminosa Comando Vermelho.<br \/>\nPara fugir da penitenci\u00e1ria de Mossor\u00f3, eles abriram passagem por um buraco atr\u00e1s de uma lumin\u00e1ria do pres\u00eddio e cortaram duas cercas de arame usando ferramentas de uma obra que ocorria no local para escapar.<br \/>\nFoi a primeira fuga registrada na hist\u00f3ria do sistema penitenci\u00e1rio federal, que inclui ainda penitenci\u00e1rias em Bras\u00edlia (DF), Catanduvas (PR), Campo Grande (MS) e Porto Velho (RO).<br \/>\nPasso a passo dos fugitivos de Mossor\u00f3 at\u00e9 serem recapturados no Par\u00e1<br \/>\nArte\/g1<br \/>\nV\u00eddeos mais assistidos do g1 RN<\/p>","protected":false},"excerpt":{"rendered":"<p>Secret\u00e1rio Nacional de Pol\u00edticas Penais disse que &#8216;sistema penitenci\u00e1rio federal n\u00e3o \u00e9 mais o mesmo&#8217; desde a fuga. Muralhas tamb\u00e9m est\u00e3o sendo constru\u00eddas nas 5 unidades. Confira o passo a &#8230;<\/p>\n","protected":false},"author":0,"featured_media":5126,"parent":0,"menu_order":0,"comment_status":"closed","ping_status":"closed","template":"","meta":{"footnotes":""},"class_list":["post-5125","page","type-page","status-publish","has-post-thumbnail","hentry"],"yoast_head":"<!-- This site is optimized with the Yoast SEO plugin v27.1.1 - https:\/\/yoast.com\/product\/yoast-seo-wordpress\/ -->\n<title>Transfer\u00eancia de presos, novas c\u00e2meras e refor\u00e7o na lumin\u00e1ria: veja o que mudou na Penitenci\u00e1ria Federal de Mossor\u00f3 ap\u00f3s fuga - Taveira Jr<\/title>\n<meta name=\"robots\" content=\"index, follow, max-snippet:-1, max-image-preview:large, max-video-preview:-1\" \/>\n<link rel=\"canonical\" href=\"https:\/\/deputadotaveirajr.com.br\/index.php\/transferencia-de-presos-novas-cameras-e-reforco-na-luminaria-veja-o-que-mudou-na-penitenciaria-federal-de-mossoro-apos-fuga\/\" \/>\n<meta property=\"og:locale\" content=\"pt_BR\" \/>\n<meta property=\"og:type\" content=\"article\" \/>\n<meta property=\"og:title\" content=\"Transfer\u00eancia de presos, novas c\u00e2meras e refor\u00e7o na lumin\u00e1ria: veja o que mudou na Penitenci\u00e1ria Federal de Mossor\u00f3 ap\u00f3s fuga - Taveira Jr\" \/>\n<meta property=\"og:description\" content=\"Secret\u00e1rio Nacional de Pol\u00edticas Penais disse que &#8216;sistema penitenci\u00e1rio federal n\u00e3o \u00e9 mais o mesmo&#8217; desde a fuga. Muralhas tamb\u00e9m est\u00e3o sendo constru\u00eddas nas 5 unidades. Confira o passo a ...\" \/>\n<meta property=\"og:url\" content=\"https:\/\/deputadotaveirajr.com.br\/index.php\/transferencia-de-presos-novas-cameras-e-reforco-na-luminaria-veja-o-que-mudou-na-penitenciaria-federal-de-mossoro-apos-fuga\/\" \/>\n<meta property=\"og:site_name\" content=\"Taveira Jr\" \/>\n<meta property=\"og:image\" content=\"https:\/\/deputadotaveirajr.com.br\/wp-content\/uploads\/2024\/04\/presidio-federal-YHCji2.jpeg\" \/>\n\t<meta property=\"og:image:width\" content=\"1327\" \/>\n\t<meta property=\"og:image:height\" content=\"767\" \/>\n\t<meta property=\"og:image:type\" content=\"image\/jpeg\" \/>\n<meta name=\"twitter:card\" content=\"summary_large_image\" \/>\n<meta name=\"twitter:label1\" content=\"Est. tempo de leitura\" \/>\n\t<meta name=\"twitter:data1\" content=\"6 minutos\" \/>\n<script type=\"application\/ld+json\" class=\"yoast-schema-graph\">{\"@context\":\"https:\/\/schema.org\",\"@graph\":[{\"@type\":\"WebPage\",\"@id\":\"https:\/\/deputadotaveirajr.com.br\/index.php\/transferencia-de-presos-novas-cameras-e-reforco-na-luminaria-veja-o-que-mudou-na-penitenciaria-federal-de-mossoro-apos-fuga\/\",\"url\":\"https:\/\/deputadotaveirajr.com.br\/index.php\/transferencia-de-presos-novas-cameras-e-reforco-na-luminaria-veja-o-que-mudou-na-penitenciaria-federal-de-mossoro-apos-fuga\/\",\"name\":\"Transfer\u00eancia de presos, novas c\u00e2meras e refor\u00e7o na lumin\u00e1ria: veja o que mudou na Penitenci\u00e1ria Federal de Mossor\u00f3 ap\u00f3s fuga - Taveira Jr\",\"isPartOf\":{\"@id\":\"https:\/\/deputadotaveirajr.com.br\/#website\"},\"primaryImageOfPage\":{\"@id\":\"https:\/\/deputadotaveirajr.com.br\/index.php\/transferencia-de-presos-novas-cameras-e-reforco-na-luminaria-veja-o-que-mudou-na-penitenciaria-federal-de-mossoro-apos-fuga\/#primaryimage\"},\"image\":{\"@id\":\"https:\/\/deputadotaveirajr.com.br\/index.php\/transferencia-de-presos-novas-cameras-e-reforco-na-luminaria-veja-o-que-mudou-na-penitenciaria-federal-de-mossoro-apos-fuga\/#primaryimage\"},\"thumbnailUrl\":\"https:\/\/deputadotaveirajr.com.br\/wp-content\/uploads\/2024\/04\/presidio-federal-YHCji2.jpeg\",\"datePublished\":\"2024-04-05T12:37:53+00:00\",\"breadcrumb\":{\"@id\":\"https:\/\/deputadotaveirajr.com.br\/index.php\/transferencia-de-presos-novas-cameras-e-reforco-na-luminaria-veja-o-que-mudou-na-penitenciaria-federal-de-mossoro-apos-fuga\/#breadcrumb\"},\"inLanguage\":\"pt-BR\",\"potentialAction\":[{\"@type\":\"ReadAction\",\"target\":[\"https:\/\/deputadotaveirajr.com.br\/index.php\/transferencia-de-presos-novas-cameras-e-reforco-na-luminaria-veja-o-que-mudou-na-penitenciaria-federal-de-mossoro-apos-fuga\/\"]}]},{\"@type\":\"ImageObject\",\"inLanguage\":\"pt-BR\",\"@id\":\"https:\/\/deputadotaveirajr.com.br\/index.php\/transferencia-de-presos-novas-cameras-e-reforco-na-luminaria-veja-o-que-mudou-na-penitenciaria-federal-de-mossoro-apos-fuga\/#primaryimage\",\"url\":\"https:\/\/deputadotaveirajr.com.br\/wp-content\/uploads\/2024\/04\/presidio-federal-YHCji2.jpeg\",\"contentUrl\":\"https:\/\/deputadotaveirajr.com.br\/wp-content\/uploads\/2024\/04\/presidio-federal-YHCji2.jpeg\",\"width\":1327,\"height\":767},{\"@type\":\"BreadcrumbList\",\"@id\":\"https:\/\/deputadotaveirajr.com.br\/index.php\/transferencia-de-presos-novas-cameras-e-reforco-na-luminaria-veja-o-que-mudou-na-penitenciaria-federal-de-mossoro-apos-fuga\/#breadcrumb\",\"itemListElement\":[{\"@type\":\"ListItem\",\"position\":1,\"name\":\"In\u00edcio\",\"item\":\"https:\/\/deputadotaveirajr.com.br\/\"},{\"@type\":\"ListItem\",\"position\":2,\"name\":\"Transfer\u00eancia de presos, novas c\u00e2meras e refor\u00e7o na lumin\u00e1ria: veja o que mudou na Penitenci\u00e1ria Federal de Mossor\u00f3 ap\u00f3s fuga\"}]},{\"@type\":\"WebSite\",\"@id\":\"https:\/\/deputadotaveirajr.com.br\/#website\",\"url\":\"https:\/\/deputadotaveirajr.com.br\/\",\"name\":\"Taveira Jr\",\"description\":\"Deputado Estadual\",\"publisher\":{\"@id\":\"https:\/\/deputadotaveirajr.com.br\/#organization\"},\"potentialAction\":[{\"@type\":\"SearchAction\",\"target\":{\"@type\":\"EntryPoint\",\"urlTemplate\":\"https:\/\/deputadotaveirajr.com.br\/?s={search_term_string}\"},\"query-input\":{\"@type\":\"PropertyValueSpecification\",\"valueRequired\":true,\"valueName\":\"search_term_string\"}}],\"inLanguage\":\"pt-BR\"},{\"@type\":\"Organization\",\"@id\":\"https:\/\/deputadotaveirajr.com.br\/#organization\",\"name\":\"Taveira Jr\",\"url\":\"https:\/\/deputadotaveirajr.com.br\/\",\"logo\":{\"@type\":\"ImageObject\",\"inLanguage\":\"pt-BR\",\"@id\":\"https:\/\/deputadotaveirajr.com.br\/#\/schema\/logo\/image\/\",\"url\":\"https:\/\/deputadotaveirajr.com.br\/wp-content\/uploads\/2026\/01\/logolow2a.png\",\"contentUrl\":\"https:\/\/deputadotaveirajr.com.br\/wp-content\/uploads\/2026\/01\/logolow2a.png\",\"width\":290,\"height\":80,\"caption\":\"Taveira Jr\"},\"image\":{\"@id\":\"https:\/\/deputadotaveirajr.com.br\/#\/schema\/logo\/image\/\"}}]}<\/script>\n<!-- \/ Yoast SEO plugin. -->","yoast_head_json":{"title":"Transfer\u00eancia de presos, novas c\u00e2meras e refor\u00e7o na lumin\u00e1ria: veja o que mudou na Penitenci\u00e1ria Federal de Mossor\u00f3 ap\u00f3s fuga - Taveira Jr","robots":{"index":"index","follow":"follow","max-snippet":"max-snippet:-1","max-image-preview":"max-image-preview:large","max-video-preview":"max-video-preview:-1"},"canonical":"https:\/\/deputadotaveirajr.com.br\/index.php\/transferencia-de-presos-novas-cameras-e-reforco-na-luminaria-veja-o-que-mudou-na-penitenciaria-federal-de-mossoro-apos-fuga\/","og_locale":"pt_BR","og_type":"article","og_title":"Transfer\u00eancia de presos, novas c\u00e2meras e refor\u00e7o na lumin\u00e1ria: veja o que mudou na Penitenci\u00e1ria Federal de Mossor\u00f3 ap\u00f3s fuga - Taveira Jr","og_description":"Secret\u00e1rio Nacional de Pol\u00edticas Penais disse que &#8216;sistema penitenci\u00e1rio federal n\u00e3o \u00e9 mais o mesmo&#8217; desde a fuga. Muralhas tamb\u00e9m est\u00e3o sendo constru\u00eddas nas 5 unidades. Confira o passo a ...","og_url":"https:\/\/deputadotaveirajr.com.br\/index.php\/transferencia-de-presos-novas-cameras-e-reforco-na-luminaria-veja-o-que-mudou-na-penitenciaria-federal-de-mossoro-apos-fuga\/","og_site_name":"Taveira Jr","og_image":[{"width":1327,"height":767,"url":"https:\/\/deputadotaveirajr.com.br\/wp-content\/uploads\/2024\/04\/presidio-federal-YHCji2.jpeg","type":"image\/jpeg"}],"twitter_card":"summary_large_image","twitter_misc":{"Est. tempo de leitura":"6 minutos"},"schema":{"@context":"https:\/\/schema.org","@graph":[{"@type":"WebPage","@id":"https:\/\/deputadotaveirajr.com.br\/index.php\/transferencia-de-presos-novas-cameras-e-reforco-na-luminaria-veja-o-que-mudou-na-penitenciaria-federal-de-mossoro-apos-fuga\/","url":"https:\/\/deputadotaveirajr.com.br\/index.php\/transferencia-de-presos-novas-cameras-e-reforco-na-luminaria-veja-o-que-mudou-na-penitenciaria-federal-de-mossoro-apos-fuga\/","name":"Transfer\u00eancia de presos, novas c\u00e2meras e refor\u00e7o na lumin\u00e1ria: veja o que mudou na Penitenci\u00e1ria Federal de Mossor\u00f3 ap\u00f3s fuga - Taveira Jr","isPartOf":{"@id":"https:\/\/deputadotaveirajr.com.br\/#website"},"primaryImageOfPage":{"@id":"https:\/\/deputadotaveirajr.com.br\/index.php\/transferencia-de-presos-novas-cameras-e-reforco-na-luminaria-veja-o-que-mudou-na-penitenciaria-federal-de-mossoro-apos-fuga\/#primaryimage"},"image":{"@id":"https:\/\/deputadotaveirajr.com.br\/index.php\/transferencia-de-presos-novas-cameras-e-reforco-na-luminaria-veja-o-que-mudou-na-penitenciaria-federal-de-mossoro-apos-fuga\/#primaryimage"},"thumbnailUrl":"https:\/\/deputadotaveirajr.com.br\/wp-content\/uploads\/2024\/04\/presidio-federal-YHCji2.jpeg","datePublished":"2024-04-05T12:37:53+00:00","breadcrumb":{"@id":"https:\/\/deputadotaveirajr.com.br\/index.php\/transferencia-de-presos-novas-cameras-e-reforco-na-luminaria-veja-o-que-mudou-na-penitenciaria-federal-de-mossoro-apos-fuga\/#breadcrumb"},"inLanguage":"pt-BR","potentialAction":[{"@type":"ReadAction","target":["https:\/\/deputadotaveirajr.com.br\/index.php\/transferencia-de-presos-novas-cameras-e-reforco-na-luminaria-veja-o-que-mudou-na-penitenciaria-federal-de-mossoro-apos-fuga\/"]}]},{"@type":"ImageObject","inLanguage":"pt-BR","@id":"https:\/\/deputadotaveirajr.com.br\/index.php\/transferencia-de-presos-novas-cameras-e-reforco-na-luminaria-veja-o-que-mudou-na-penitenciaria-federal-de-mossoro-apos-fuga\/#primaryimage","url":"https:\/\/deputadotaveirajr.com.br\/wp-content\/uploads\/2024\/04\/presidio-federal-YHCji2.jpeg","contentUrl":"https:\/\/deputadotaveirajr.com.br\/wp-content\/uploads\/2024\/04\/presidio-federal-YHCji2.jpeg","width":1327,"height":767},{"@type":"BreadcrumbList","@id":"https:\/\/deputadotaveirajr.com.br\/index.php\/transferencia-de-presos-novas-cameras-e-reforco-na-luminaria-veja-o-que-mudou-na-penitenciaria-federal-de-mossoro-apos-fuga\/#breadcrumb","itemListElement":[{"@type":"ListItem","position":1,"name":"In\u00edcio","item":"https:\/\/deputadotaveirajr.com.br\/"},{"@type":"ListItem","position":2,"name":"Transfer\u00eancia de presos, novas c\u00e2meras e refor\u00e7o na lumin\u00e1ria: veja o que mudou na Penitenci\u00e1ria Federal de Mossor\u00f3 ap\u00f3s fuga"}]},{"@type":"WebSite","@id":"https:\/\/deputadotaveirajr.com.br\/#website","url":"https:\/\/deputadotaveirajr.com.br\/","name":"Taveira Jr","description":"Deputado Estadual","publisher":{"@id":"https:\/\/deputadotaveirajr.com.br\/#organization"},"potentialAction":[{"@type":"SearchAction","target":{"@type":"EntryPoint","urlTemplate":"https:\/\/deputadotaveirajr.com.br\/?s={search_term_string}"},"query-input":{"@type":"PropertyValueSpecification","valueRequired":true,"valueName":"search_term_string"}}],"inLanguage":"pt-BR"},{"@type":"Organization","@id":"https:\/\/deputadotaveirajr.com.br\/#organization","name":"Taveira Jr","url":"https:\/\/deputadotaveirajr.com.br\/","logo":{"@type":"ImageObject","inLanguage":"pt-BR","@id":"https:\/\/deputadotaveirajr.com.br\/#\/schema\/logo\/image\/","url":"https:\/\/deputadotaveirajr.com.br\/wp-content\/uploads\/2026\/01\/logolow2a.png","contentUrl":"https:\/\/deputadotaveirajr.com.br\/wp-content\/uploads\/2026\/01\/logolow2a.png","width":290,"height":80,"caption":"Taveira Jr"},"image":{"@id":"https:\/\/deputadotaveirajr.com.br\/#\/schema\/logo\/image\/"}}]}},"_links":{"self":[{"href":"https:\/\/deputadotaveirajr.com.br\/index.php\/wp-json\/wp\/v2\/pages\/5125","targetHints":{"allow":["GET"]}}],"collection":[{"href":"https:\/\/deputadotaveirajr.com.br\/index.php\/wp-json\/wp\/v2\/pages"}],"about":[{"href":"https:\/\/deputadotaveirajr.com.br\/index.php\/wp-json\/wp\/v2\/types\/page"}],"replies":[{"embeddable":true,"href":"https:\/\/deputadotaveirajr.com.br\/index.php\/wp-json\/wp\/v2\/comments?post=5125"}],"version-history":[{"count":1,"href":"https:\/\/deputadotaveirajr.com.br\/index.php\/wp-json\/wp\/v2\/pages\/5125\/revisions"}],"predecessor-version":[{"id":5130,"href":"https:\/\/deputadotaveirajr.com.br\/index.php\/wp-json\/wp\/v2\/pages\/5125\/revisions\/5130"}],"wp:featuredmedia":[{"embeddable":true,"href":"https:\/\/deputadotaveirajr.com.br\/index.php\/wp-json\/wp\/v2\/media\/5126"}],"wp:attachment":[{"href":"https:\/\/deputadotaveirajr.com.br\/index.php\/wp-json\/wp\/v2\/media?parent=5125"}],"curies":[{"name":"wp","href":"https:\/\/api.w.org\/{rel}","templated":true}]}}