{"id":5127,"date":"2024-04-05T07:00:37","date_gmt":"2024-04-05T10:00:37","guid":{"rendered":"https:\/\/deputadotaveirajr.com.br\/?page_id=5127"},"modified":"2024-04-05T07:00:37","modified_gmt":"2024-04-05T10:00:37","slug":"reduzir-numero-de-agentes-na-busca-por-fugitivos-de-mossoro-fez-parte-da-estrategia-de-recaptura","status":"publish","type":"page","link":"https:\/\/deputadotaveirajr.com.br\/index.php\/reduzir-numero-de-agentes-na-busca-por-fugitivos-de-mossoro-fez-parte-da-estrategia-de-recaptura\/","title":{"rendered":"Reduzir n\u00famero de agentes na busca por fugitivos de Mossor\u00f3 fez parte da estrat\u00e9gia de recaptura"},"content":{"rendered":"<p>     Expectativa dos investigadores era a de que fugitivos relaxassem, mudassem de lugar e facilitassem a pris\u00e3o. Dupla foi presa na quinta (4) em Marab\u00e1, no Par\u00e1, ap\u00f3s 50 dias de buscas.  Fugitivos de Mossor\u00f3 s\u00e3o recapturados<br \/>\nDivulga\u00e7\u00e3o\/PF<br \/>\nA desmobiliza\u00e7\u00e3o das tropas ostensivas em Mossor\u00f3 (RN) fez parte da estrat\u00e9gia para recapturar Rog\u00e9rio Mendon\u00e7a, de 35 anos, e Deibson Nascimento, 33 anos, os primeiros a fugir de um pres\u00eddio federal no Brasil. Os dois foram presos na quinta-feira (4) em Marab\u00e1, no Par\u00e1, ap\u00f3s 50 dias de buscas. Eles estavam a 1,6 mil quil\u00f4metros do local da fuga.<br \/>\nPara os investigadores, a expectativa era a de que, ao anunciar a diminui\u00e7\u00e3o do efetivo, os fugitivos relaxassem, tentassem se deslocar e, com isso, facilitassem a recaptura.<br \/>\nA For\u00e7a Nacional encerrou a participa\u00e7\u00e3o nas buscas no dia 29 de mar\u00e7o.<br \/>\nO trabalho de intelig\u00eancia j\u00e1 havia identificado que eles tinham um celular, mas que era ligado s\u00f3 de vez em quando e por pouco tempo, o que dificultava a localiza\u00e7\u00e3o por meio das antenas telef\u00f4nicas. Tamb\u00e9m j\u00e1 haviam identificado o apoio de fac\u00e7\u00f5es criminosas.<br \/>\nNa pris\u00e3o, a pol\u00edcia aprendeu com a dupla e os quatro criminosos que os estavam escoltando oito celulares. O grupo estava em tr\u00eas carros. Al\u00e9m dos aparelhos, foi apreendido um fuzil com dois carregadores, dinheiro em esp\u00e9cie e um cart\u00e3o de cr\u00e9dito.<br \/>\nCelulares, dinheiro e arma encontrado com fugitivos de Mossor\u00f3 no Par\u00e1<br \/>\nReprodu\u00e7\u00e3o\/PRF<br \/>\nA ado\u00e7\u00e3o desse procedimento n\u00e3o foi consensual, em um primeiro momento, pelo risco do desgaste de passar a mensagem de fracasso das buscas. No entanto, os custos da manuten\u00e7\u00e3o das tropas na regi\u00e3o contribu\u00edram para a escolha desse caminho.<br \/>\nLEIA TAMB\u00c9M:<br \/>\nRecapturados no Par\u00e1: dinheiro, celulares e fuzil s\u00e3o encontrados em carros que transportavam fugitivos de Mossor\u00f3<br \/>\nQuem s\u00e3o os 2 foragidos de pres\u00eddio de Mossor\u00f3 que foram recapturados<br \/>\nVeja como foram os 50 dias de buscas<br \/>\nFugitivos de pres\u00eddio federal viajaram de barco por seis dias do Cear\u00e1 ao Par\u00e1<br \/>\nA partir desse momento, a Pol\u00edcia Federal (PF) e a Pol\u00edcia Rodovi\u00e1ria Federal (PRF) passaram a focar em a\u00e7\u00f5es de intelig\u00eancia.<br \/>\nO deslocamento permitiu que os investigadores rastreassem as antenas de celular.<br \/>\nDe acordo com o ministro da Justi\u00e7a e Seguran\u00e7a P\u00fablica, Ricardo Lewandowski, um &#8220;verdadeiro comboio do crime&#8221; estava se deslocando para\u00a0sair\u00a0do\u00a0pa\u00eds. O local para onde eles seguiam para tentar cruzar a fronteira n\u00e3o foi revelado.<br \/>\nAp\u00f3s 50 dias, PF e PRF recapturam no Par\u00e1 foragidos da penitenci\u00e1ria federal de Mossor\u00f3<\/p>","protected":false},"excerpt":{"rendered":"<p>Expectativa dos investigadores era a de que fugitivos relaxassem, mudassem de lugar e facilitassem a pris\u00e3o. Dupla foi presa na quinta (4) em Marab\u00e1, no Par\u00e1, ap\u00f3s 50 dias de &#8230;<\/p>\n","protected":false},"author":0,"featured_media":5128,"parent":0,"menu_order":0,"comment_status":"closed","ping_status":"closed","template":"","meta":{"footnotes":""},"class_list":["post-5127","page","type-page","status-publish","has-post-thumbnail","hentry"],"yoast_head":"<!-- This site is optimized with the Yoast SEO plugin v27.1.1 - https:\/\/yoast.com\/product\/yoast-seo-wordpress\/ -->\n<title>Reduzir n\u00famero de agentes na busca por fugitivos de Mossor\u00f3 fez parte da estrat\u00e9gia de recaptura - Taveira Jr<\/title>\n<meta name=\"robots\" content=\"index, follow, max-snippet:-1, max-image-preview:large, max-video-preview:-1\" \/>\n<link rel=\"canonical\" href=\"https:\/\/deputadotaveirajr.com.br\/index.php\/reduzir-numero-de-agentes-na-busca-por-fugitivos-de-mossoro-fez-parte-da-estrategia-de-recaptura\/\" \/>\n<meta property=\"og:locale\" content=\"pt_BR\" \/>\n<meta property=\"og:type\" content=\"article\" \/>\n<meta property=\"og:title\" content=\"Reduzir n\u00famero de agentes na busca por fugitivos de Mossor\u00f3 fez parte da estrat\u00e9gia de recaptura - Taveira Jr\" \/>\n<meta property=\"og:description\" content=\"Expectativa dos investigadores era a de que fugitivos relaxassem, mudassem de lugar e facilitassem a pris\u00e3o. Dupla foi presa na quinta (4) em Marab\u00e1, no Par\u00e1, ap\u00f3s 50 dias de ...\" \/>\n<meta property=\"og:url\" content=\"https:\/\/deputadotaveirajr.com.br\/index.php\/reduzir-numero-de-agentes-na-busca-por-fugitivos-de-mossoro-fez-parte-da-estrategia-de-recaptura\/\" \/>\n<meta property=\"og:site_name\" content=\"Taveira Jr\" \/>\n<meta property=\"og:image\" content=\"https:\/\/deputadotaveirajr.com.br\/wp-content\/uploads\/2024\/04\/fotojet-2024-04-04t142215.691-91QjFf.jpeg\" \/>\n\t<meta property=\"og:image:width\" content=\"1700\" \/>\n\t<meta property=\"og:image:height\" content=\"1065\" \/>\n\t<meta property=\"og:image:type\" content=\"image\/jpeg\" \/>\n<meta name=\"twitter:card\" content=\"summary_large_image\" \/>\n<meta name=\"twitter:label1\" content=\"Est. tempo de leitura\" \/>\n\t<meta name=\"twitter:data1\" content=\"2 minutos\" \/>\n<script type=\"application\/ld+json\" class=\"yoast-schema-graph\">{\"@context\":\"https:\/\/schema.org\",\"@graph\":[{\"@type\":\"WebPage\",\"@id\":\"https:\/\/deputadotaveirajr.com.br\/index.php\/reduzir-numero-de-agentes-na-busca-por-fugitivos-de-mossoro-fez-parte-da-estrategia-de-recaptura\/\",\"url\":\"https:\/\/deputadotaveirajr.com.br\/index.php\/reduzir-numero-de-agentes-na-busca-por-fugitivos-de-mossoro-fez-parte-da-estrategia-de-recaptura\/\",\"name\":\"Reduzir n\u00famero de agentes na busca por fugitivos de Mossor\u00f3 fez parte da estrat\u00e9gia de recaptura - Taveira Jr\",\"isPartOf\":{\"@id\":\"https:\/\/deputadotaveirajr.com.br\/#website\"},\"primaryImageOfPage\":{\"@id\":\"https:\/\/deputadotaveirajr.com.br\/index.php\/reduzir-numero-de-agentes-na-busca-por-fugitivos-de-mossoro-fez-parte-da-estrategia-de-recaptura\/#primaryimage\"},\"image\":{\"@id\":\"https:\/\/deputadotaveirajr.com.br\/index.php\/reduzir-numero-de-agentes-na-busca-por-fugitivos-de-mossoro-fez-parte-da-estrategia-de-recaptura\/#primaryimage\"},\"thumbnailUrl\":\"https:\/\/deputadotaveirajr.com.br\/wp-content\/uploads\/2024\/04\/fotojet-2024-04-04t142215.691-91QjFf.jpeg\",\"datePublished\":\"2024-04-05T10:00:37+00:00\",\"breadcrumb\":{\"@id\":\"https:\/\/deputadotaveirajr.com.br\/index.php\/reduzir-numero-de-agentes-na-busca-por-fugitivos-de-mossoro-fez-parte-da-estrategia-de-recaptura\/#breadcrumb\"},\"inLanguage\":\"pt-BR\",\"potentialAction\":[{\"@type\":\"ReadAction\",\"target\":[\"https:\/\/deputadotaveirajr.com.br\/index.php\/reduzir-numero-de-agentes-na-busca-por-fugitivos-de-mossoro-fez-parte-da-estrategia-de-recaptura\/\"]}]},{\"@type\":\"ImageObject\",\"inLanguage\":\"pt-BR\",\"@id\":\"https:\/\/deputadotaveirajr.com.br\/index.php\/reduzir-numero-de-agentes-na-busca-por-fugitivos-de-mossoro-fez-parte-da-estrategia-de-recaptura\/#primaryimage\",\"url\":\"https:\/\/deputadotaveirajr.com.br\/wp-content\/uploads\/2024\/04\/fotojet-2024-04-04t142215.691-91QjFf.jpeg\",\"contentUrl\":\"https:\/\/deputadotaveirajr.com.br\/wp-content\/uploads\/2024\/04\/fotojet-2024-04-04t142215.691-91QjFf.jpeg\",\"width\":1700,\"height\":1065},{\"@type\":\"BreadcrumbList\",\"@id\":\"https:\/\/deputadotaveirajr.com.br\/index.php\/reduzir-numero-de-agentes-na-busca-por-fugitivos-de-mossoro-fez-parte-da-estrategia-de-recaptura\/#breadcrumb\",\"itemListElement\":[{\"@type\":\"ListItem\",\"position\":1,\"name\":\"In\u00edcio\",\"item\":\"https:\/\/deputadotaveirajr.com.br\/\"},{\"@type\":\"ListItem\",\"position\":2,\"name\":\"Reduzir n\u00famero de agentes na busca por fugitivos de Mossor\u00f3 fez parte da estrat\u00e9gia de recaptura\"}]},{\"@type\":\"WebSite\",\"@id\":\"https:\/\/deputadotaveirajr.com.br\/#website\",\"url\":\"https:\/\/deputadotaveirajr.com.br\/\",\"name\":\"Taveira Jr\",\"description\":\"Deputado Estadual\",\"publisher\":{\"@id\":\"https:\/\/deputadotaveirajr.com.br\/#organization\"},\"potentialAction\":[{\"@type\":\"SearchAction\",\"target\":{\"@type\":\"EntryPoint\",\"urlTemplate\":\"https:\/\/deputadotaveirajr.com.br\/?s={search_term_string}\"},\"query-input\":{\"@type\":\"PropertyValueSpecification\",\"valueRequired\":true,\"valueName\":\"search_term_string\"}}],\"inLanguage\":\"pt-BR\"},{\"@type\":\"Organization\",\"@id\":\"https:\/\/deputadotaveirajr.com.br\/#organization\",\"name\":\"Taveira Jr\",\"url\":\"https:\/\/deputadotaveirajr.com.br\/\",\"logo\":{\"@type\":\"ImageObject\",\"inLanguage\":\"pt-BR\",\"@id\":\"https:\/\/deputadotaveirajr.com.br\/#\/schema\/logo\/image\/\",\"url\":\"https:\/\/deputadotaveirajr.com.br\/wp-content\/uploads\/2026\/01\/logolow2a.png\",\"contentUrl\":\"https:\/\/deputadotaveirajr.com.br\/wp-content\/uploads\/2026\/01\/logolow2a.png\",\"width\":290,\"height\":80,\"caption\":\"Taveira Jr\"},\"image\":{\"@id\":\"https:\/\/deputadotaveirajr.com.br\/#\/schema\/logo\/image\/\"}}]}<\/script>\n<!-- \/ Yoast SEO plugin. -->","yoast_head_json":{"title":"Reduzir n\u00famero de agentes na busca por fugitivos de Mossor\u00f3 fez parte da estrat\u00e9gia de recaptura - Taveira Jr","robots":{"index":"index","follow":"follow","max-snippet":"max-snippet:-1","max-image-preview":"max-image-preview:large","max-video-preview":"max-video-preview:-1"},"canonical":"https:\/\/deputadotaveirajr.com.br\/index.php\/reduzir-numero-de-agentes-na-busca-por-fugitivos-de-mossoro-fez-parte-da-estrategia-de-recaptura\/","og_locale":"pt_BR","og_type":"article","og_title":"Reduzir n\u00famero de agentes na busca por fugitivos de Mossor\u00f3 fez parte da estrat\u00e9gia de recaptura - Taveira Jr","og_description":"Expectativa dos investigadores era a de que fugitivos relaxassem, mudassem de lugar e facilitassem a pris\u00e3o. Dupla foi presa na quinta (4) em Marab\u00e1, no Par\u00e1, ap\u00f3s 50 dias de ...","og_url":"https:\/\/deputadotaveirajr.com.br\/index.php\/reduzir-numero-de-agentes-na-busca-por-fugitivos-de-mossoro-fez-parte-da-estrategia-de-recaptura\/","og_site_name":"Taveira Jr","og_image":[{"width":1700,"height":1065,"url":"https:\/\/deputadotaveirajr.com.br\/wp-content\/uploads\/2024\/04\/fotojet-2024-04-04t142215.691-91QjFf.jpeg","type":"image\/jpeg"}],"twitter_card":"summary_large_image","twitter_misc":{"Est. tempo de leitura":"2 minutos"},"schema":{"@context":"https:\/\/schema.org","@graph":[{"@type":"WebPage","@id":"https:\/\/deputadotaveirajr.com.br\/index.php\/reduzir-numero-de-agentes-na-busca-por-fugitivos-de-mossoro-fez-parte-da-estrategia-de-recaptura\/","url":"https:\/\/deputadotaveirajr.com.br\/index.php\/reduzir-numero-de-agentes-na-busca-por-fugitivos-de-mossoro-fez-parte-da-estrategia-de-recaptura\/","name":"Reduzir n\u00famero de agentes na busca por fugitivos de Mossor\u00f3 fez parte da estrat\u00e9gia de recaptura - Taveira Jr","isPartOf":{"@id":"https:\/\/deputadotaveirajr.com.br\/#website"},"primaryImageOfPage":{"@id":"https:\/\/deputadotaveirajr.com.br\/index.php\/reduzir-numero-de-agentes-na-busca-por-fugitivos-de-mossoro-fez-parte-da-estrategia-de-recaptura\/#primaryimage"},"image":{"@id":"https:\/\/deputadotaveirajr.com.br\/index.php\/reduzir-numero-de-agentes-na-busca-por-fugitivos-de-mossoro-fez-parte-da-estrategia-de-recaptura\/#primaryimage"},"thumbnailUrl":"https:\/\/deputadotaveirajr.com.br\/wp-content\/uploads\/2024\/04\/fotojet-2024-04-04t142215.691-91QjFf.jpeg","datePublished":"2024-04-05T10:00:37+00:00","breadcrumb":{"@id":"https:\/\/deputadotaveirajr.com.br\/index.php\/reduzir-numero-de-agentes-na-busca-por-fugitivos-de-mossoro-fez-parte-da-estrategia-de-recaptura\/#breadcrumb"},"inLanguage":"pt-BR","potentialAction":[{"@type":"ReadAction","target":["https:\/\/deputadotaveirajr.com.br\/index.php\/reduzir-numero-de-agentes-na-busca-por-fugitivos-de-mossoro-fez-parte-da-estrategia-de-recaptura\/"]}]},{"@type":"ImageObject","inLanguage":"pt-BR","@id":"https:\/\/deputadotaveirajr.com.br\/index.php\/reduzir-numero-de-agentes-na-busca-por-fugitivos-de-mossoro-fez-parte-da-estrategia-de-recaptura\/#primaryimage","url":"https:\/\/deputadotaveirajr.com.br\/wp-content\/uploads\/2024\/04\/fotojet-2024-04-04t142215.691-91QjFf.jpeg","contentUrl":"https:\/\/deputadotaveirajr.com.br\/wp-content\/uploads\/2024\/04\/fotojet-2024-04-04t142215.691-91QjFf.jpeg","width":1700,"height":1065},{"@type":"BreadcrumbList","@id":"https:\/\/deputadotaveirajr.com.br\/index.php\/reduzir-numero-de-agentes-na-busca-por-fugitivos-de-mossoro-fez-parte-da-estrategia-de-recaptura\/#breadcrumb","itemListElement":[{"@type":"ListItem","position":1,"name":"In\u00edcio","item":"https:\/\/deputadotaveirajr.com.br\/"},{"@type":"ListItem","position":2,"name":"Reduzir n\u00famero de agentes na busca por fugitivos de Mossor\u00f3 fez parte da estrat\u00e9gia de recaptura"}]},{"@type":"WebSite","@id":"https:\/\/deputadotaveirajr.com.br\/#website","url":"https:\/\/deputadotaveirajr.com.br\/","name":"Taveira Jr","description":"Deputado Estadual","publisher":{"@id":"https:\/\/deputadotaveirajr.com.br\/#organization"},"potentialAction":[{"@type":"SearchAction","target":{"@type":"EntryPoint","urlTemplate":"https:\/\/deputadotaveirajr.com.br\/?s={search_term_string}"},"query-input":{"@type":"PropertyValueSpecification","valueRequired":true,"valueName":"search_term_string"}}],"inLanguage":"pt-BR"},{"@type":"Organization","@id":"https:\/\/deputadotaveirajr.com.br\/#organization","name":"Taveira Jr","url":"https:\/\/deputadotaveirajr.com.br\/","logo":{"@type":"ImageObject","inLanguage":"pt-BR","@id":"https:\/\/deputadotaveirajr.com.br\/#\/schema\/logo\/image\/","url":"https:\/\/deputadotaveirajr.com.br\/wp-content\/uploads\/2026\/01\/logolow2a.png","contentUrl":"https:\/\/deputadotaveirajr.com.br\/wp-content\/uploads\/2026\/01\/logolow2a.png","width":290,"height":80,"caption":"Taveira Jr"},"image":{"@id":"https:\/\/deputadotaveirajr.com.br\/#\/schema\/logo\/image\/"}}]}},"_links":{"self":[{"href":"https:\/\/deputadotaveirajr.com.br\/index.php\/wp-json\/wp\/v2\/pages\/5127","targetHints":{"allow":["GET"]}}],"collection":[{"href":"https:\/\/deputadotaveirajr.com.br\/index.php\/wp-json\/wp\/v2\/pages"}],"about":[{"href":"https:\/\/deputadotaveirajr.com.br\/index.php\/wp-json\/wp\/v2\/types\/page"}],"replies":[{"embeddable":true,"href":"https:\/\/deputadotaveirajr.com.br\/index.php\/wp-json\/wp\/v2\/comments?post=5127"}],"version-history":[{"count":1,"href":"https:\/\/deputadotaveirajr.com.br\/index.php\/wp-json\/wp\/v2\/pages\/5127\/revisions"}],"predecessor-version":[{"id":5129,"href":"https:\/\/deputadotaveirajr.com.br\/index.php\/wp-json\/wp\/v2\/pages\/5127\/revisions\/5129"}],"wp:featuredmedia":[{"embeddable":true,"href":"https:\/\/deputadotaveirajr.com.br\/index.php\/wp-json\/wp\/v2\/media\/5128"}],"wp:attachment":[{"href":"https:\/\/deputadotaveirajr.com.br\/index.php\/wp-json\/wp\/v2\/media?parent=5127"}],"curies":[{"name":"wp","href":"https:\/\/api.w.org\/{rel}","templated":true}]}}