{"id":5133,"date":"2024-04-05T14:31:46","date_gmt":"2024-04-05T17:31:46","guid":{"rendered":"https:\/\/deputadotaveirajr.com.br\/?page_id=5133"},"modified":"2024-04-05T14:31:46","modified_gmt":"2024-04-05T17:31:46","slug":"ministro-do-stf-suspende-decisao-do-tce-rn-sobre-prazo-para-aposentadoria-de-servidores-publicos-nao-concursados-ate-abril","status":"publish","type":"page","link":"https:\/\/deputadotaveirajr.com.br\/index.php\/ministro-do-stf-suspende-decisao-do-tce-rn-sobre-prazo-para-aposentadoria-de-servidores-publicos-nao-concursados-ate-abril\/","title":{"rendered":"Ministro do STF suspende decis\u00e3o do TCE-RN sobre prazo para aposentadoria de servidores p\u00fablicos n\u00e3o concursados at\u00e9 abril"},"content":{"rendered":"<p>     Nunes Marques havia negado recurso do governo do estado em fevereiro, mas mudou opini\u00e3o sobre o caso nesta quinta-feira (4).  Nunes Marques<br \/>\n Nelson Jr.\/SCO\/STF<br \/>\nO ministro do Supremo Tribunal Federal (STF), Nunes Marques, suspendeu o ac\u00f3rd\u00e3o do Tribunal de Contas do Estado (TCE) que dava prazo at\u00e9 25 de abril de 2024 para que servidores n\u00e3o concursados que garantiram estabilidade ap\u00f3s a Constitui\u00e7\u00e3o de 1988 se aposentassem pelos regimes pr\u00f3prios de previd\u00eancia do estado e dos munic\u00edpios do Rio Grande do Norte.<br \/>\nPassado o data-limite, segundo a decis\u00e3o do TCE-RN, os servidores deveriam se aposentar pelo regime de previd\u00eancia comum, administrado pelo INSS.<br \/>\nA decis\u00e3o liminar, que ainda ser\u00e1 analisada pelos demais ministros do STF, foi publicada nesta quinta-feira (4) e atende um pedido de reconsidera\u00e7\u00e3o feito pelo governo do Rio Grande do Norte. No in\u00edcio de mar\u00e7o, o ministro tinha negado o pedido e mantido a decis\u00e3o do TCE.<br \/>\nDe acordo com a Secretaria Estadual de Administra\u00e7\u00e3o, mais de 3,6 mil servidores seriam atingidos pela decis\u00e3o do TCE, &#8220;medida que poderia inviabilizar o servi\u00e7o de v\u00e1rios \u00f3rg\u00e3os da administra\u00e7\u00e3o direta e at\u00e9 mesmo a manuten\u00e7\u00e3o do atendimento no Instituto de Previd\u00eancia dos Servidores Estaduais (Ipern)&#8221;, disse o governo, por meio de nota.<br \/>\nAc\u00f3rd\u00e3o do TCE<br \/>\nO prazo de 25 de abril foi estabelecido pelo TCE-RN em uma decis\u00e3o proferida ap\u00f3s consultas realizadas por \u00f3rg\u00e3os p\u00fablicos no Rio Grande do Norte a respeito de uma decis\u00e3o do Supremo no ano passado.<br \/>\nEm julho de 2023, o STF decidiu de que servidores admitidos sem concurso p\u00fablico at\u00e9 a promulga\u00e7\u00e3o da Constitui\u00e7\u00e3o Federal de 1988 devem se vincular ao Regime Geral de Previd\u00eancia Social (RGPS) &#8211; administrado pelo INSS &#8211; e n\u00e3o sob as regras dos Regimes Pr\u00f3prios de Previd\u00eancia Social (RPPS).<br \/>\nSegundo o Tribunal de Contas do Estado, a data estabecida seguia outra decis\u00e3o do STF sobre o assunto e visava dar seguran\u00e7a jur\u00eddica aos \u00f3rg\u00e3os estaduais.<br \/>\nMinistro diz que TCE criou novo crit\u00e9rio<br \/>\nNo entanto, na nova an\u00e1lise, o ministro considerou que &#8220;o Tribunal de Contas do Estado do Rio Grande do Norte, a pretexto de operacionalizar o cumprimento da decis\u00e3o na ADPF 573, findou por criar crit\u00e9rio nela n\u00e3o previsto&#8221; e adotou par\u00e2metro mais restritivo.<br \/>\n&#8220;O entendimento a que chegou a Corte de Contas, nesse particular, al\u00e9m de desbordar do que decidido, pelo Supremo, no paradigma, contrariou hist\u00f3rica jurisprud\u00eancia do Tribunal, levada em considera\u00e7\u00e3o na modula\u00e7\u00e3o de efeitos, no sentido de que, embora n\u00e3o se admita direito adquirido a regime jur\u00eddico, cumpre assegurar a obten\u00e7\u00e3o do benef\u00edcio previdenci\u00e1rio \u00e0queles que, na vig\u00eancia de determinada norma, houverem preenchido os respectivos requisitos&#8221;, afirmou o ministro.<br \/>\nEm mar\u00e7o, o TCE negou recurso do governo do RN e manteve o prazo sobre aposentadoria de servidores p\u00fablicos n\u00e3o concursados at\u00e9 abril, alegando que n\u00e3o existia &#8220;qualquer esp\u00e9cie de compulsoriedade de aposentadoria como aduzido pelos recorrentes&#8221;.<br \/>\n&#8220;Em nenhum momento foi indicado \u2013 seja na fundamenta\u00e7\u00e3o do voto condutor do julgamento, seja no ac\u00f3rd\u00e3o \u2013 que haveria obrigatoriedade de os servidores se aposentarem na data fixada\u201d.<br \/>\nVeja os v\u00eddeos mais assistidos no g1 RN<\/p>","protected":false},"excerpt":{"rendered":"<p>Nunes Marques havia negado recurso do governo do estado em fevereiro, mas mudou opini\u00e3o sobre o caso nesta quinta-feira (4). Nunes Marques Nelson Jr.\/SCO\/STF O ministro do Supremo Tribunal Federal &#8230;<\/p>\n","protected":false},"author":0,"featured_media":5134,"parent":0,"menu_order":0,"comment_status":"closed","ping_status":"closed","template":"","meta":{"footnotes":""},"class_list":["post-5133","page","type-page","status-publish","has-post-thumbnail","hentry"],"yoast_head":"<!-- This site is optimized with the Yoast SEO plugin v27.1.1 - https:\/\/yoast.com\/product\/yoast-seo-wordpress\/ -->\n<title>Ministro do STF suspende decis\u00e3o do TCE-RN sobre prazo para aposentadoria de servidores p\u00fablicos n\u00e3o concursados at\u00e9 abril - Taveira Jr<\/title>\n<meta name=\"robots\" content=\"index, follow, max-snippet:-1, max-image-preview:large, max-video-preview:-1\" \/>\n<link rel=\"canonical\" href=\"https:\/\/deputadotaveirajr.com.br\/index.php\/ministro-do-stf-suspende-decisao-do-tce-rn-sobre-prazo-para-aposentadoria-de-servidores-publicos-nao-concursados-ate-abril\/\" \/>\n<meta property=\"og:locale\" content=\"pt_BR\" \/>\n<meta property=\"og:type\" content=\"article\" \/>\n<meta property=\"og:title\" content=\"Ministro do STF suspende decis\u00e3o do TCE-RN sobre prazo para aposentadoria de servidores p\u00fablicos n\u00e3o concursados at\u00e9 abril - Taveira Jr\" \/>\n<meta property=\"og:description\" content=\"Nunes Marques havia negado recurso do governo do estado em fevereiro, mas mudou opini\u00e3o sobre o caso nesta quinta-feira (4). Nunes Marques Nelson Jr.\/SCO\/STF O ministro do Supremo Tribunal Federal ...\" \/>\n<meta property=\"og:url\" content=\"https:\/\/deputadotaveirajr.com.br\/index.php\/ministro-do-stf-suspende-decisao-do-tce-rn-sobre-prazo-para-aposentadoria-de-servidores-publicos-nao-concursados-ate-abril\/\" \/>\n<meta property=\"og:site_name\" content=\"Taveira Jr\" \/>\n<meta property=\"og:image\" content=\"https:\/\/deputadotaveirajr.com.br\/wp-content\/uploads\/2024\/04\/bancoimagemfotoaudiencia-ap-484096-kxjqMt-scaled.jpeg\" \/>\n\t<meta property=\"og:image:width\" content=\"2560\" \/>\n\t<meta property=\"og:image:height\" content=\"1518\" \/>\n\t<meta property=\"og:image:type\" content=\"image\/jpeg\" \/>\n<meta name=\"twitter:card\" content=\"summary_large_image\" \/>\n<meta name=\"twitter:label1\" content=\"Est. tempo de leitura\" \/>\n\t<meta name=\"twitter:data1\" content=\"3 minutos\" \/>\n<script type=\"application\/ld+json\" class=\"yoast-schema-graph\">{\"@context\":\"https:\/\/schema.org\",\"@graph\":[{\"@type\":\"WebPage\",\"@id\":\"https:\/\/deputadotaveirajr.com.br\/index.php\/ministro-do-stf-suspende-decisao-do-tce-rn-sobre-prazo-para-aposentadoria-de-servidores-publicos-nao-concursados-ate-abril\/\",\"url\":\"https:\/\/deputadotaveirajr.com.br\/index.php\/ministro-do-stf-suspende-decisao-do-tce-rn-sobre-prazo-para-aposentadoria-de-servidores-publicos-nao-concursados-ate-abril\/\",\"name\":\"Ministro do STF suspende decis\u00e3o do TCE-RN sobre prazo para aposentadoria de servidores p\u00fablicos n\u00e3o concursados at\u00e9 abril - Taveira Jr\",\"isPartOf\":{\"@id\":\"https:\/\/deputadotaveirajr.com.br\/#website\"},\"primaryImageOfPage\":{\"@id\":\"https:\/\/deputadotaveirajr.com.br\/index.php\/ministro-do-stf-suspende-decisao-do-tce-rn-sobre-prazo-para-aposentadoria-de-servidores-publicos-nao-concursados-ate-abril\/#primaryimage\"},\"image\":{\"@id\":\"https:\/\/deputadotaveirajr.com.br\/index.php\/ministro-do-stf-suspende-decisao-do-tce-rn-sobre-prazo-para-aposentadoria-de-servidores-publicos-nao-concursados-ate-abril\/#primaryimage\"},\"thumbnailUrl\":\"https:\/\/deputadotaveirajr.com.br\/wp-content\/uploads\/2024\/04\/bancoimagemfotoaudiencia-ap-484096-kxjqMt-scaled.jpeg\",\"datePublished\":\"2024-04-05T17:31:46+00:00\",\"breadcrumb\":{\"@id\":\"https:\/\/deputadotaveirajr.com.br\/index.php\/ministro-do-stf-suspende-decisao-do-tce-rn-sobre-prazo-para-aposentadoria-de-servidores-publicos-nao-concursados-ate-abril\/#breadcrumb\"},\"inLanguage\":\"pt-BR\",\"potentialAction\":[{\"@type\":\"ReadAction\",\"target\":[\"https:\/\/deputadotaveirajr.com.br\/index.php\/ministro-do-stf-suspende-decisao-do-tce-rn-sobre-prazo-para-aposentadoria-de-servidores-publicos-nao-concursados-ate-abril\/\"]}]},{\"@type\":\"ImageObject\",\"inLanguage\":\"pt-BR\",\"@id\":\"https:\/\/deputadotaveirajr.com.br\/index.php\/ministro-do-stf-suspende-decisao-do-tce-rn-sobre-prazo-para-aposentadoria-de-servidores-publicos-nao-concursados-ate-abril\/#primaryimage\",\"url\":\"https:\/\/deputadotaveirajr.com.br\/wp-content\/uploads\/2024\/04\/bancoimagemfotoaudiencia-ap-484096-kxjqMt-scaled.jpeg\",\"contentUrl\":\"https:\/\/deputadotaveirajr.com.br\/wp-content\/uploads\/2024\/04\/bancoimagemfotoaudiencia-ap-484096-kxjqMt-scaled.jpeg\",\"width\":2560,\"height\":1518},{\"@type\":\"BreadcrumbList\",\"@id\":\"https:\/\/deputadotaveirajr.com.br\/index.php\/ministro-do-stf-suspende-decisao-do-tce-rn-sobre-prazo-para-aposentadoria-de-servidores-publicos-nao-concursados-ate-abril\/#breadcrumb\",\"itemListElement\":[{\"@type\":\"ListItem\",\"position\":1,\"name\":\"In\u00edcio\",\"item\":\"https:\/\/deputadotaveirajr.com.br\/\"},{\"@type\":\"ListItem\",\"position\":2,\"name\":\"Ministro do STF suspende decis\u00e3o do TCE-RN sobre prazo para aposentadoria de servidores p\u00fablicos n\u00e3o concursados at\u00e9 abril\"}]},{\"@type\":\"WebSite\",\"@id\":\"https:\/\/deputadotaveirajr.com.br\/#website\",\"url\":\"https:\/\/deputadotaveirajr.com.br\/\",\"name\":\"Taveira Jr\",\"description\":\"Deputado Estadual\",\"publisher\":{\"@id\":\"https:\/\/deputadotaveirajr.com.br\/#organization\"},\"potentialAction\":[{\"@type\":\"SearchAction\",\"target\":{\"@type\":\"EntryPoint\",\"urlTemplate\":\"https:\/\/deputadotaveirajr.com.br\/?s={search_term_string}\"},\"query-input\":{\"@type\":\"PropertyValueSpecification\",\"valueRequired\":true,\"valueName\":\"search_term_string\"}}],\"inLanguage\":\"pt-BR\"},{\"@type\":\"Organization\",\"@id\":\"https:\/\/deputadotaveirajr.com.br\/#organization\",\"name\":\"Taveira Jr\",\"url\":\"https:\/\/deputadotaveirajr.com.br\/\",\"logo\":{\"@type\":\"ImageObject\",\"inLanguage\":\"pt-BR\",\"@id\":\"https:\/\/deputadotaveirajr.com.br\/#\/schema\/logo\/image\/\",\"url\":\"https:\/\/deputadotaveirajr.com.br\/wp-content\/uploads\/2026\/01\/logolow2a.png\",\"contentUrl\":\"https:\/\/deputadotaveirajr.com.br\/wp-content\/uploads\/2026\/01\/logolow2a.png\",\"width\":290,\"height\":80,\"caption\":\"Taveira Jr\"},\"image\":{\"@id\":\"https:\/\/deputadotaveirajr.com.br\/#\/schema\/logo\/image\/\"}}]}<\/script>\n<!-- \/ Yoast SEO plugin. -->","yoast_head_json":{"title":"Ministro do STF suspende decis\u00e3o do TCE-RN sobre prazo para aposentadoria de servidores p\u00fablicos n\u00e3o concursados at\u00e9 abril - Taveira Jr","robots":{"index":"index","follow":"follow","max-snippet":"max-snippet:-1","max-image-preview":"max-image-preview:large","max-video-preview":"max-video-preview:-1"},"canonical":"https:\/\/deputadotaveirajr.com.br\/index.php\/ministro-do-stf-suspende-decisao-do-tce-rn-sobre-prazo-para-aposentadoria-de-servidores-publicos-nao-concursados-ate-abril\/","og_locale":"pt_BR","og_type":"article","og_title":"Ministro do STF suspende decis\u00e3o do TCE-RN sobre prazo para aposentadoria de servidores p\u00fablicos n\u00e3o concursados at\u00e9 abril - Taveira Jr","og_description":"Nunes Marques havia negado recurso do governo do estado em fevereiro, mas mudou opini\u00e3o sobre o caso nesta quinta-feira (4). Nunes Marques Nelson Jr.\/SCO\/STF O ministro do Supremo Tribunal Federal ...","og_url":"https:\/\/deputadotaveirajr.com.br\/index.php\/ministro-do-stf-suspende-decisao-do-tce-rn-sobre-prazo-para-aposentadoria-de-servidores-publicos-nao-concursados-ate-abril\/","og_site_name":"Taveira Jr","og_image":[{"width":2560,"height":1518,"url":"https:\/\/deputadotaveirajr.com.br\/wp-content\/uploads\/2024\/04\/bancoimagemfotoaudiencia-ap-484096-kxjqMt-scaled.jpeg","type":"image\/jpeg"}],"twitter_card":"summary_large_image","twitter_misc":{"Est. tempo de leitura":"3 minutos"},"schema":{"@context":"https:\/\/schema.org","@graph":[{"@type":"WebPage","@id":"https:\/\/deputadotaveirajr.com.br\/index.php\/ministro-do-stf-suspende-decisao-do-tce-rn-sobre-prazo-para-aposentadoria-de-servidores-publicos-nao-concursados-ate-abril\/","url":"https:\/\/deputadotaveirajr.com.br\/index.php\/ministro-do-stf-suspende-decisao-do-tce-rn-sobre-prazo-para-aposentadoria-de-servidores-publicos-nao-concursados-ate-abril\/","name":"Ministro do STF suspende decis\u00e3o do TCE-RN sobre prazo para aposentadoria de servidores p\u00fablicos n\u00e3o concursados at\u00e9 abril - Taveira Jr","isPartOf":{"@id":"https:\/\/deputadotaveirajr.com.br\/#website"},"primaryImageOfPage":{"@id":"https:\/\/deputadotaveirajr.com.br\/index.php\/ministro-do-stf-suspende-decisao-do-tce-rn-sobre-prazo-para-aposentadoria-de-servidores-publicos-nao-concursados-ate-abril\/#primaryimage"},"image":{"@id":"https:\/\/deputadotaveirajr.com.br\/index.php\/ministro-do-stf-suspende-decisao-do-tce-rn-sobre-prazo-para-aposentadoria-de-servidores-publicos-nao-concursados-ate-abril\/#primaryimage"},"thumbnailUrl":"https:\/\/deputadotaveirajr.com.br\/wp-content\/uploads\/2024\/04\/bancoimagemfotoaudiencia-ap-484096-kxjqMt-scaled.jpeg","datePublished":"2024-04-05T17:31:46+00:00","breadcrumb":{"@id":"https:\/\/deputadotaveirajr.com.br\/index.php\/ministro-do-stf-suspende-decisao-do-tce-rn-sobre-prazo-para-aposentadoria-de-servidores-publicos-nao-concursados-ate-abril\/#breadcrumb"},"inLanguage":"pt-BR","potentialAction":[{"@type":"ReadAction","target":["https:\/\/deputadotaveirajr.com.br\/index.php\/ministro-do-stf-suspende-decisao-do-tce-rn-sobre-prazo-para-aposentadoria-de-servidores-publicos-nao-concursados-ate-abril\/"]}]},{"@type":"ImageObject","inLanguage":"pt-BR","@id":"https:\/\/deputadotaveirajr.com.br\/index.php\/ministro-do-stf-suspende-decisao-do-tce-rn-sobre-prazo-para-aposentadoria-de-servidores-publicos-nao-concursados-ate-abril\/#primaryimage","url":"https:\/\/deputadotaveirajr.com.br\/wp-content\/uploads\/2024\/04\/bancoimagemfotoaudiencia-ap-484096-kxjqMt-scaled.jpeg","contentUrl":"https:\/\/deputadotaveirajr.com.br\/wp-content\/uploads\/2024\/04\/bancoimagemfotoaudiencia-ap-484096-kxjqMt-scaled.jpeg","width":2560,"height":1518},{"@type":"BreadcrumbList","@id":"https:\/\/deputadotaveirajr.com.br\/index.php\/ministro-do-stf-suspende-decisao-do-tce-rn-sobre-prazo-para-aposentadoria-de-servidores-publicos-nao-concursados-ate-abril\/#breadcrumb","itemListElement":[{"@type":"ListItem","position":1,"name":"In\u00edcio","item":"https:\/\/deputadotaveirajr.com.br\/"},{"@type":"ListItem","position":2,"name":"Ministro do STF suspende decis\u00e3o do TCE-RN sobre prazo para aposentadoria de servidores p\u00fablicos n\u00e3o concursados at\u00e9 abril"}]},{"@type":"WebSite","@id":"https:\/\/deputadotaveirajr.com.br\/#website","url":"https:\/\/deputadotaveirajr.com.br\/","name":"Taveira Jr","description":"Deputado Estadual","publisher":{"@id":"https:\/\/deputadotaveirajr.com.br\/#organization"},"potentialAction":[{"@type":"SearchAction","target":{"@type":"EntryPoint","urlTemplate":"https:\/\/deputadotaveirajr.com.br\/?s={search_term_string}"},"query-input":{"@type":"PropertyValueSpecification","valueRequired":true,"valueName":"search_term_string"}}],"inLanguage":"pt-BR"},{"@type":"Organization","@id":"https:\/\/deputadotaveirajr.com.br\/#organization","name":"Taveira Jr","url":"https:\/\/deputadotaveirajr.com.br\/","logo":{"@type":"ImageObject","inLanguage":"pt-BR","@id":"https:\/\/deputadotaveirajr.com.br\/#\/schema\/logo\/image\/","url":"https:\/\/deputadotaveirajr.com.br\/wp-content\/uploads\/2026\/01\/logolow2a.png","contentUrl":"https:\/\/deputadotaveirajr.com.br\/wp-content\/uploads\/2026\/01\/logolow2a.png","width":290,"height":80,"caption":"Taveira Jr"},"image":{"@id":"https:\/\/deputadotaveirajr.com.br\/#\/schema\/logo\/image\/"}}]}},"_links":{"self":[{"href":"https:\/\/deputadotaveirajr.com.br\/index.php\/wp-json\/wp\/v2\/pages\/5133","targetHints":{"allow":["GET"]}}],"collection":[{"href":"https:\/\/deputadotaveirajr.com.br\/index.php\/wp-json\/wp\/v2\/pages"}],"about":[{"href":"https:\/\/deputadotaveirajr.com.br\/index.php\/wp-json\/wp\/v2\/types\/page"}],"replies":[{"embeddable":true,"href":"https:\/\/deputadotaveirajr.com.br\/index.php\/wp-json\/wp\/v2\/comments?post=5133"}],"version-history":[{"count":1,"href":"https:\/\/deputadotaveirajr.com.br\/index.php\/wp-json\/wp\/v2\/pages\/5133\/revisions"}],"predecessor-version":[{"id":5139,"href":"https:\/\/deputadotaveirajr.com.br\/index.php\/wp-json\/wp\/v2\/pages\/5133\/revisions\/5139"}],"wp:featuredmedia":[{"embeddable":true,"href":"https:\/\/deputadotaveirajr.com.br\/index.php\/wp-json\/wp\/v2\/media\/5134"}],"wp:attachment":[{"href":"https:\/\/deputadotaveirajr.com.br\/index.php\/wp-json\/wp\/v2\/media?parent=5133"}],"curies":[{"name":"wp","href":"https:\/\/api.w.org\/{rel}","templated":true}]}}