{"id":5142,"date":"2024-04-05T19:04:13","date_gmt":"2024-04-05T22:04:13","guid":{"rendered":"https:\/\/deputadotaveirajr.com.br\/?page_id=5142"},"modified":"2024-04-05T19:04:13","modified_gmt":"2024-04-05T22:04:13","slug":"foragidos-recapturados-passam-por-audiencia-de-custodia-na-penitenciaria-federal-de-mossoro","status":"publish","type":"page","link":"https:\/\/deputadotaveirajr.com.br\/index.php\/foragidos-recapturados-passam-por-audiencia-de-custodia-na-penitenciaria-federal-de-mossoro\/","title":{"rendered":"Foragidos recapturados passam por audi\u00eancia de cust\u00f3dia na Penitenci\u00e1ria Federal de Mossor\u00f3"},"content":{"rendered":"<p>     Rog\u00e9rio da Silva Mendon\u00e7a e Deibson Cabral Nascimento retornaram na madrugada de sexta-feira (5), ap\u00f3s serem recapturados no Par\u00e1. Confira o passo a passo dos fugitivos de Mossor\u00f3 at\u00e9 sua pris\u00e3o<br \/>\nOs dois fugitivos da Penitenci\u00e1ria Federal de Mossor\u00f3, recapturados no Par\u00e1 nesta quinta-feira (4), passaram por audi\u00eancia de cust\u00f3dia na tarde desta sexta-feira (5), ap\u00f3s voltarem para a unidade. A audi\u00eancia foi realizada pelo juiz federal corregedor do pres\u00eddio, Walter Nunes.<br \/>\nO juiz corregedor foi at\u00e9 a penitenci\u00e1ria para ouvir os presos presencialmente. De acordo com a assessoria da Justi\u00e7a Federal do Rio Grande do Norte, nesse procedimento os questionamentos foram focados nas circunst\u00e2ncias sobre a recaptura dos dois fugitivos.<br \/>\n\ud83d\udcf3Participe do canal do g1 RN no WhatsApp<br \/>\nO juiz Walter Nunes explicou que buscou saber &#8220;se houve algum emprego de viol\u00eancia&#8221; ou algo que os fugitivos quisessem relatar sobre a recaptura, &#8220;al\u00e9m da necessidade do laudo de exame para saber se eventuais les\u00f5es teriam sido praticadas contra eles&#8221;.<br \/>\nSegundo o juiz, os laudos n\u00e3o apontaram les\u00f5es durante a recaptura, mas um dos fugitivos teria relatado que houve viol\u00eancia. &#8220;Um chegou a afirmar que teria havido uma viol\u00eancia, mas tem o contexto da captura, que pode explicar. Isso quem vai definir \u00e9, posteriormente, uma apura\u00e7\u00e3o&#8221;, disse.<br \/>\nOs fugitivos retornaram para o pres\u00eddio de Mossor\u00f3 durante a madrugada desta sexta-feira (5). A unidade teve a seguran\u00e7a refor\u00e7ada, dire\u00e7\u00e3o trocada, e os dois ficar\u00e3o em celas separadas, sob constante monitoramento, segundo o Minist\u00e9rio da Justi\u00e7a.<br \/>\nLEIA TAMB\u00c9M<br \/>\nVeja o que mudou na Penitenci\u00e1ria Federal de Mossor\u00f3 ap\u00f3s fuga<br \/>\nGoverno publica demiss\u00e3o de diretor da Penitenci\u00e1ria Federal de Mossor\u00f3<br \/>\nMossor\u00f3, L\u00e1zaro, PC Farias: relembre as capturas mais famosas envolvendo brasileiros<br \/>\nAs buscas pelos fugitivos duraram 51 dias. A recaptura aconteceu na tarde de quinta-feira (4), durante uma opera\u00e7\u00e3o da Pol\u00edcia Federal (PF) e da Pol\u00edcia Rodovi\u00e1ria Federal (PRF).<br \/>\nRog\u00e9rio e Deibson fugiram da pris\u00e3o no dia 14 de fevereiro. Nesta quinta-feira, a pol\u00edcia localizou os fugitivos a mais de 1.600 km de dist\u00e2ncia de Mossor\u00f3.<br \/>\nOs dois fugitivos ficaram em sil\u00eancio durante depoimento \u00e0 PF, ap\u00f3s a recaptura. Por volta das 21h30, ambos deixaram a delegacia de Marab\u00e1 e foram encaminhados at\u00e9 o aeroporto da cidade.<br \/>\nA aeronave da PF decolou do aeroporto de Marab\u00e1 por volta das 22h de quinta-feira, chegando a Mossor\u00f3 \u00e0 1h30 desta sexta-feira.<br \/>\nAp\u00f3s o desembarque, os fugitivos seguiram para o Instituto T\u00e9cnico-Cient\u00edfico de Per\u00edcia (Itep), onde fizeram exames de corpo de delito.<br \/>\nFuga<br \/>\nFugitivos de pres\u00eddio federal em Mossor\u00f3, em imagem ap\u00f3s a recaptura<br \/>\nReprodu\u00e7\u00e3o<br \/>\nRog\u00e9rio e Deibson fugiram da Penitenci\u00e1ria Federal de Mossor\u00f3 no dia 14 de fevereiro, uma Quarta-Feira de Cinzas. Os dois presos, originalmente do Acre, estavam na unidade desde setembro de 2023 e s\u00e3o do Comando Vermelho.<br \/>\nA fuga dos detentos foi a primeira registrada na hist\u00f3ria do sistema penitenci\u00e1rio federal, que inclui ainda as penitenci\u00e1rias de Bras\u00edlia (DF), Catanduvas (PR), Campo Grande (MS) e Porto Velho (RO).<br \/>\nPara deixar a cadeia, os detentos abriram uma passagem atr\u00e1s de uma lumin\u00e1ria do pres\u00eddio e cortaram duas cercas de arame. Segundo as investiga\u00e7\u00f5es, eles usaram ferramentas de uma obra que estava sendo feita na penitenci\u00e1ria.<br \/>\nAp\u00f3s a fuga, autoridades locais e federais criaram uma for\u00e7a-tarefa para capturar os fugitivos. O grupo incluiu agentes da Pol\u00edcia Federal, Pol\u00edcia Rodovi\u00e1ria Federal, Pol\u00edcia Civil e Pol\u00edcia Militar do estado.<br \/>\nLogo nos primeiros dias de fuga, Rog\u00e9rio e Deibson invadiram casas e fizeram uma fam\u00edlia ref\u00e9m. Al\u00e9m disso, a PF informou que uma fac\u00e7\u00e3o criminosa teria ajudado os fugitivos a pagar R$ 5 mil ao dono de uma fazenda que auxiliou na fuga.<br \/>\nA dupla conseguiu deixar o Rio Grande do Norte e, no dia 18 de mar\u00e7o, usou um barco pesqueiro para viajar de Icapu\u00ed (CE), a 202 km de Fortaleza, com dire\u00e7\u00e3o \u00e0 Ilha de Mosqueiro, em Bel\u00e9m do Par\u00e1.<br \/>\nA viagem pela costa brasileira durou seis dias, e os fugitivos chegaram a Bel\u00e9m no dia 24 de mar\u00e7o.<br \/>\nBastidores da pris\u00e3o<br \/>\nV\u00eddeo mostra o momento da pris\u00e3o dos fugitivos de pres\u00eddio de Mossor\u00f3<br \/>\nA TV Globo apurou que, por volta das 10h da manh\u00e3 desta quinta, um delegado da PF informou a PRF em Marab\u00e1 que os fugitivos passariam pela cidade de Tail\u00e2ndia (MA), a 300 km de Bel\u00e9m.<br \/>\nA pol\u00edcia, ent\u00e3o, come\u00e7ou a fazer o acompanhamento dos criminosos. Quando eles se aproximaram de Morada Nova, a 25 km de Marab\u00e1, os policiais fecharam dois lados de uma ponte, na BR-222.<br \/>\nUm fugitivo estava em um carro, e o outro em um segundo ve\u00edculo. Um terceiro carro, que dava apoio aos criminosos, tamb\u00e9m foi parado. Al\u00e9m dos fugitivos, quatro homens que os auxiliavam a fuga foram presos nesta quinta.<br \/>\nCom o grupo, foram apreendidos um fuzil com dois carregadores, dinheiro e oito celulares. O Minist\u00e9rio da Justi\u00e7a afirmou que os fugitivos queriam ir para o exterior.<br \/>\nSegundo um levantamento da GloboNews, apenas com as for\u00e7as federais, a opera\u00e7\u00e3o de busca custou R$ 2,1 milh\u00f5es aos cofres p\u00fablicos.<br \/>\nPasso a passo dos fugitivos de Mossor\u00f3 (RN) at\u00e9 sua pris\u00e3o, em Marab\u00e1 (PA)<br \/>\nArte: g1<br \/>\nV\u00cdDEOS: mais assistidos do g1<\/p>","protected":false},"excerpt":{"rendered":"<p>Rog\u00e9rio da Silva Mendon\u00e7a e Deibson Cabral Nascimento retornaram na madrugada de sexta-feira (5), ap\u00f3s serem recapturados no Par\u00e1. Confira o passo a passo dos fugitivos de Mossor\u00f3 at\u00e9 sua &#8230;<\/p>\n","protected":false},"author":0,"featured_media":5143,"parent":0,"menu_order":0,"comment_status":"closed","ping_status":"closed","template":"","meta":{"footnotes":""},"class_list":["post-5142","page","type-page","status-publish","has-post-thumbnail","hentry"],"yoast_head":"<!-- This site is optimized with the Yoast SEO plugin v27.1.1 - https:\/\/yoast.com\/product\/yoast-seo-wordpress\/ -->\n<title>Foragidos recapturados passam por audi\u00eancia de cust\u00f3dia na Penitenci\u00e1ria Federal de Mossor\u00f3 - Taveira Jr<\/title>\n<meta name=\"robots\" content=\"index, follow, max-snippet:-1, max-image-preview:large, max-video-preview:-1\" \/>\n<link rel=\"canonical\" href=\"https:\/\/deputadotaveirajr.com.br\/index.php\/foragidos-recapturados-passam-por-audiencia-de-custodia-na-penitenciaria-federal-de-mossoro\/\" \/>\n<meta property=\"og:locale\" content=\"pt_BR\" \/>\n<meta property=\"og:type\" content=\"article\" \/>\n<meta property=\"og:title\" content=\"Foragidos recapturados passam por audi\u00eancia de cust\u00f3dia na Penitenci\u00e1ria Federal de Mossor\u00f3 - Taveira Jr\" \/>\n<meta property=\"og:description\" content=\"Rog\u00e9rio da Silva Mendon\u00e7a e Deibson Cabral Nascimento retornaram na madrugada de sexta-feira (5), ap\u00f3s serem recapturados no Par\u00e1. Confira o passo a passo dos fugitivos de Mossor\u00f3 at\u00e9 sua ...\" \/>\n<meta property=\"og:url\" content=\"https:\/\/deputadotaveirajr.com.br\/index.php\/foragidos-recapturados-passam-por-audiencia-de-custodia-na-penitenciaria-federal-de-mossoro\/\" \/>\n<meta property=\"og:site_name\" content=\"Taveira Jr\" \/>\n<meta property=\"og:image\" content=\"https:\/\/deputadotaveirajr.com.br\/wp-content\/uploads\/2024\/04\/fugitivos-mossoro-zt7JVt.jpeg\" \/>\n\t<meta property=\"og:image:width\" content=\"1600\" \/>\n\t<meta property=\"og:image:height\" content=\"900\" \/>\n\t<meta property=\"og:image:type\" content=\"image\/jpeg\" \/>\n<meta name=\"twitter:card\" content=\"summary_large_image\" \/>\n<meta name=\"twitter:label1\" content=\"Est. tempo de leitura\" \/>\n\t<meta name=\"twitter:data1\" content=\"5 minutos\" \/>\n<script type=\"application\/ld+json\" class=\"yoast-schema-graph\">{\"@context\":\"https:\/\/schema.org\",\"@graph\":[{\"@type\":\"WebPage\",\"@id\":\"https:\/\/deputadotaveirajr.com.br\/index.php\/foragidos-recapturados-passam-por-audiencia-de-custodia-na-penitenciaria-federal-de-mossoro\/\",\"url\":\"https:\/\/deputadotaveirajr.com.br\/index.php\/foragidos-recapturados-passam-por-audiencia-de-custodia-na-penitenciaria-federal-de-mossoro\/\",\"name\":\"Foragidos recapturados passam por audi\u00eancia de cust\u00f3dia na Penitenci\u00e1ria Federal de Mossor\u00f3 - Taveira Jr\",\"isPartOf\":{\"@id\":\"https:\/\/deputadotaveirajr.com.br\/#website\"},\"primaryImageOfPage\":{\"@id\":\"https:\/\/deputadotaveirajr.com.br\/index.php\/foragidos-recapturados-passam-por-audiencia-de-custodia-na-penitenciaria-federal-de-mossoro\/#primaryimage\"},\"image\":{\"@id\":\"https:\/\/deputadotaveirajr.com.br\/index.php\/foragidos-recapturados-passam-por-audiencia-de-custodia-na-penitenciaria-federal-de-mossoro\/#primaryimage\"},\"thumbnailUrl\":\"https:\/\/deputadotaveirajr.com.br\/wp-content\/uploads\/2024\/04\/fugitivos-mossoro-zt7JVt.jpeg\",\"datePublished\":\"2024-04-05T22:04:13+00:00\",\"breadcrumb\":{\"@id\":\"https:\/\/deputadotaveirajr.com.br\/index.php\/foragidos-recapturados-passam-por-audiencia-de-custodia-na-penitenciaria-federal-de-mossoro\/#breadcrumb\"},\"inLanguage\":\"pt-BR\",\"potentialAction\":[{\"@type\":\"ReadAction\",\"target\":[\"https:\/\/deputadotaveirajr.com.br\/index.php\/foragidos-recapturados-passam-por-audiencia-de-custodia-na-penitenciaria-federal-de-mossoro\/\"]}]},{\"@type\":\"ImageObject\",\"inLanguage\":\"pt-BR\",\"@id\":\"https:\/\/deputadotaveirajr.com.br\/index.php\/foragidos-recapturados-passam-por-audiencia-de-custodia-na-penitenciaria-federal-de-mossoro\/#primaryimage\",\"url\":\"https:\/\/deputadotaveirajr.com.br\/wp-content\/uploads\/2024\/04\/fugitivos-mossoro-zt7JVt.jpeg\",\"contentUrl\":\"https:\/\/deputadotaveirajr.com.br\/wp-content\/uploads\/2024\/04\/fugitivos-mossoro-zt7JVt.jpeg\",\"width\":1600,\"height\":900},{\"@type\":\"BreadcrumbList\",\"@id\":\"https:\/\/deputadotaveirajr.com.br\/index.php\/foragidos-recapturados-passam-por-audiencia-de-custodia-na-penitenciaria-federal-de-mossoro\/#breadcrumb\",\"itemListElement\":[{\"@type\":\"ListItem\",\"position\":1,\"name\":\"In\u00edcio\",\"item\":\"https:\/\/deputadotaveirajr.com.br\/\"},{\"@type\":\"ListItem\",\"position\":2,\"name\":\"Foragidos recapturados passam por audi\u00eancia de cust\u00f3dia na Penitenci\u00e1ria Federal de Mossor\u00f3\"}]},{\"@type\":\"WebSite\",\"@id\":\"https:\/\/deputadotaveirajr.com.br\/#website\",\"url\":\"https:\/\/deputadotaveirajr.com.br\/\",\"name\":\"Taveira Jr\",\"description\":\"Deputado Estadual\",\"publisher\":{\"@id\":\"https:\/\/deputadotaveirajr.com.br\/#organization\"},\"potentialAction\":[{\"@type\":\"SearchAction\",\"target\":{\"@type\":\"EntryPoint\",\"urlTemplate\":\"https:\/\/deputadotaveirajr.com.br\/?s={search_term_string}\"},\"query-input\":{\"@type\":\"PropertyValueSpecification\",\"valueRequired\":true,\"valueName\":\"search_term_string\"}}],\"inLanguage\":\"pt-BR\"},{\"@type\":\"Organization\",\"@id\":\"https:\/\/deputadotaveirajr.com.br\/#organization\",\"name\":\"Taveira Jr\",\"url\":\"https:\/\/deputadotaveirajr.com.br\/\",\"logo\":{\"@type\":\"ImageObject\",\"inLanguage\":\"pt-BR\",\"@id\":\"https:\/\/deputadotaveirajr.com.br\/#\/schema\/logo\/image\/\",\"url\":\"https:\/\/deputadotaveirajr.com.br\/wp-content\/uploads\/2026\/01\/logolow2a.png\",\"contentUrl\":\"https:\/\/deputadotaveirajr.com.br\/wp-content\/uploads\/2026\/01\/logolow2a.png\",\"width\":290,\"height\":80,\"caption\":\"Taveira Jr\"},\"image\":{\"@id\":\"https:\/\/deputadotaveirajr.com.br\/#\/schema\/logo\/image\/\"}}]}<\/script>\n<!-- \/ Yoast SEO plugin. -->","yoast_head_json":{"title":"Foragidos recapturados passam por audi\u00eancia de cust\u00f3dia na Penitenci\u00e1ria Federal de Mossor\u00f3 - Taveira Jr","robots":{"index":"index","follow":"follow","max-snippet":"max-snippet:-1","max-image-preview":"max-image-preview:large","max-video-preview":"max-video-preview:-1"},"canonical":"https:\/\/deputadotaveirajr.com.br\/index.php\/foragidos-recapturados-passam-por-audiencia-de-custodia-na-penitenciaria-federal-de-mossoro\/","og_locale":"pt_BR","og_type":"article","og_title":"Foragidos recapturados passam por audi\u00eancia de cust\u00f3dia na Penitenci\u00e1ria Federal de Mossor\u00f3 - Taveira Jr","og_description":"Rog\u00e9rio da Silva Mendon\u00e7a e Deibson Cabral Nascimento retornaram na madrugada de sexta-feira (5), ap\u00f3s serem recapturados no Par\u00e1. Confira o passo a passo dos fugitivos de Mossor\u00f3 at\u00e9 sua ...","og_url":"https:\/\/deputadotaveirajr.com.br\/index.php\/foragidos-recapturados-passam-por-audiencia-de-custodia-na-penitenciaria-federal-de-mossoro\/","og_site_name":"Taveira Jr","og_image":[{"width":1600,"height":900,"url":"https:\/\/deputadotaveirajr.com.br\/wp-content\/uploads\/2024\/04\/fugitivos-mossoro-zt7JVt.jpeg","type":"image\/jpeg"}],"twitter_card":"summary_large_image","twitter_misc":{"Est. tempo de leitura":"5 minutos"},"schema":{"@context":"https:\/\/schema.org","@graph":[{"@type":"WebPage","@id":"https:\/\/deputadotaveirajr.com.br\/index.php\/foragidos-recapturados-passam-por-audiencia-de-custodia-na-penitenciaria-federal-de-mossoro\/","url":"https:\/\/deputadotaveirajr.com.br\/index.php\/foragidos-recapturados-passam-por-audiencia-de-custodia-na-penitenciaria-federal-de-mossoro\/","name":"Foragidos recapturados passam por audi\u00eancia de cust\u00f3dia na Penitenci\u00e1ria Federal de Mossor\u00f3 - Taveira Jr","isPartOf":{"@id":"https:\/\/deputadotaveirajr.com.br\/#website"},"primaryImageOfPage":{"@id":"https:\/\/deputadotaveirajr.com.br\/index.php\/foragidos-recapturados-passam-por-audiencia-de-custodia-na-penitenciaria-federal-de-mossoro\/#primaryimage"},"image":{"@id":"https:\/\/deputadotaveirajr.com.br\/index.php\/foragidos-recapturados-passam-por-audiencia-de-custodia-na-penitenciaria-federal-de-mossoro\/#primaryimage"},"thumbnailUrl":"https:\/\/deputadotaveirajr.com.br\/wp-content\/uploads\/2024\/04\/fugitivos-mossoro-zt7JVt.jpeg","datePublished":"2024-04-05T22:04:13+00:00","breadcrumb":{"@id":"https:\/\/deputadotaveirajr.com.br\/index.php\/foragidos-recapturados-passam-por-audiencia-de-custodia-na-penitenciaria-federal-de-mossoro\/#breadcrumb"},"inLanguage":"pt-BR","potentialAction":[{"@type":"ReadAction","target":["https:\/\/deputadotaveirajr.com.br\/index.php\/foragidos-recapturados-passam-por-audiencia-de-custodia-na-penitenciaria-federal-de-mossoro\/"]}]},{"@type":"ImageObject","inLanguage":"pt-BR","@id":"https:\/\/deputadotaveirajr.com.br\/index.php\/foragidos-recapturados-passam-por-audiencia-de-custodia-na-penitenciaria-federal-de-mossoro\/#primaryimage","url":"https:\/\/deputadotaveirajr.com.br\/wp-content\/uploads\/2024\/04\/fugitivos-mossoro-zt7JVt.jpeg","contentUrl":"https:\/\/deputadotaveirajr.com.br\/wp-content\/uploads\/2024\/04\/fugitivos-mossoro-zt7JVt.jpeg","width":1600,"height":900},{"@type":"BreadcrumbList","@id":"https:\/\/deputadotaveirajr.com.br\/index.php\/foragidos-recapturados-passam-por-audiencia-de-custodia-na-penitenciaria-federal-de-mossoro\/#breadcrumb","itemListElement":[{"@type":"ListItem","position":1,"name":"In\u00edcio","item":"https:\/\/deputadotaveirajr.com.br\/"},{"@type":"ListItem","position":2,"name":"Foragidos recapturados passam por audi\u00eancia de cust\u00f3dia na Penitenci\u00e1ria Federal de Mossor\u00f3"}]},{"@type":"WebSite","@id":"https:\/\/deputadotaveirajr.com.br\/#website","url":"https:\/\/deputadotaveirajr.com.br\/","name":"Taveira Jr","description":"Deputado Estadual","publisher":{"@id":"https:\/\/deputadotaveirajr.com.br\/#organization"},"potentialAction":[{"@type":"SearchAction","target":{"@type":"EntryPoint","urlTemplate":"https:\/\/deputadotaveirajr.com.br\/?s={search_term_string}"},"query-input":{"@type":"PropertyValueSpecification","valueRequired":true,"valueName":"search_term_string"}}],"inLanguage":"pt-BR"},{"@type":"Organization","@id":"https:\/\/deputadotaveirajr.com.br\/#organization","name":"Taveira Jr","url":"https:\/\/deputadotaveirajr.com.br\/","logo":{"@type":"ImageObject","inLanguage":"pt-BR","@id":"https:\/\/deputadotaveirajr.com.br\/#\/schema\/logo\/image\/","url":"https:\/\/deputadotaveirajr.com.br\/wp-content\/uploads\/2026\/01\/logolow2a.png","contentUrl":"https:\/\/deputadotaveirajr.com.br\/wp-content\/uploads\/2026\/01\/logolow2a.png","width":290,"height":80,"caption":"Taveira Jr"},"image":{"@id":"https:\/\/deputadotaveirajr.com.br\/#\/schema\/logo\/image\/"}}]}},"_links":{"self":[{"href":"https:\/\/deputadotaveirajr.com.br\/index.php\/wp-json\/wp\/v2\/pages\/5142","targetHints":{"allow":["GET"]}}],"collection":[{"href":"https:\/\/deputadotaveirajr.com.br\/index.php\/wp-json\/wp\/v2\/pages"}],"about":[{"href":"https:\/\/deputadotaveirajr.com.br\/index.php\/wp-json\/wp\/v2\/types\/page"}],"replies":[{"embeddable":true,"href":"https:\/\/deputadotaveirajr.com.br\/index.php\/wp-json\/wp\/v2\/comments?post=5142"}],"version-history":[{"count":1,"href":"https:\/\/deputadotaveirajr.com.br\/index.php\/wp-json\/wp\/v2\/pages\/5142\/revisions"}],"predecessor-version":[{"id":5146,"href":"https:\/\/deputadotaveirajr.com.br\/index.php\/wp-json\/wp\/v2\/pages\/5142\/revisions\/5146"}],"wp:featuredmedia":[{"embeddable":true,"href":"https:\/\/deputadotaveirajr.com.br\/index.php\/wp-json\/wp\/v2\/media\/5143"}],"wp:attachment":[{"href":"https:\/\/deputadotaveirajr.com.br\/index.php\/wp-json\/wp\/v2\/media?parent=5142"}],"curies":[{"name":"wp","href":"https:\/\/api.w.org\/{rel}","templated":true}]}}