{"id":5144,"date":"2024-04-05T20:24:30","date_gmt":"2024-04-05T23:24:30","guid":{"rendered":"https:\/\/deputadotaveirajr.com.br\/?page_id=5144"},"modified":"2024-04-05T20:24:30","modified_gmt":"2024-04-05T23:24:30","slug":"prf-monitorou-tres-rotas-e-fechou-ponte-para-evitar-tiroteio-com-fugitivos-de-mossoro-veja-detalhes","status":"publish","type":"page","link":"https:\/\/deputadotaveirajr.com.br\/index.php\/prf-monitorou-tres-rotas-e-fechou-ponte-para-evitar-tiroteio-com-fugitivos-de-mossoro-veja-detalhes\/","title":{"rendered":"PRF monitorou tr\u00eas rotas e fechou ponte para evitar tiroteio com fugitivos de Mossor\u00f3; veja detalhes"},"content":{"rendered":"<p>     Delegado respons\u00e1vel pela opera\u00e7\u00e3o, Heyder Nunes, contou ao Mais, da GloboNews, os passos para a recaptura de Rog\u00e9rio Mendon\u00e7a e Deibson Nascimento na quinta-feira (4) no Par\u00e1. PRF monitorou tr\u00eas rotas e fechou ponte para evitar tiroteio com fugitivos de Mossor\u00f3; vej<br \/>\nA &#8220;escolta do crime&#8221; que levava os fugitivos Rog\u00e9rio da Silva Mendon\u00e7a, de 35 anos, e Deibson Cabral Nascimento, de 33, planejou passar pela ponte na hora do almo\u00e7o, quando h\u00e1 menos policiais no local. Com informa\u00e7\u00f5es do trajeto dos criminosos enviados pela Pol\u00edcia Federal (PF), a Pol\u00edcia Rodovi\u00e1ria Federal (PRF) deslocou quatro equipes para o local, fechou a ponte que passa pelo rio Tocantins, realizou a revista de carros e, quando o grupo chegou, conseguiu intercept\u00e1-lo, afirmou o delegado respons\u00e1vel pela opera\u00e7\u00e3o de recaptura dos fugitivos, Heyder Nunes.<br \/>\nAo Mais, da GloboNews, ele explicou que, dos tr\u00eas ve\u00edculos, dois foram abordados antes de passarem pela ponte. O terceiro da escolta conseguiu seguir para fazer a travessia, mas foi abordado pela PF. Neste ve\u00edculo, um Jeep, estava Rog\u00e9rio, e a pol\u00edcia aprendeu o fuzil.<br \/>\nRog\u00e9rio e Deibson fugiram em 14 de fevereiro do pres\u00eddio federal de Mossor\u00f3 (RN). A fuga foi a primeira registrada no sistema de pres\u00eddios de seguran\u00e7a m\u00e1xima, que existe desde 2006 e \u00e9 administrado pelo governo federal. A opera\u00e7\u00e3o de recaptura durou 50 dias custou R$ 6 milh\u00f5es, segundo o Minist\u00e9rio da Justi\u00e7a.<br \/>\nOs homens s\u00e3o ligados ao Comando Vermelho, fac\u00e7\u00e3o de Fernandinho Beira-Mar, que estava preso na unidade federal de Mossor\u00f3 e, em 2 de mar\u00e7o, foi transferido para Catanduvas (PR).<br \/>\nComo foi a opera\u00e7\u00e3o, segundo o delegado da PRF:<br \/>\nPor volta de 9h da manh\u00e3 de quinta (4), PRF recebe informa\u00e7\u00f5es do deslocamento dos criminosos;<br \/>\nHavia tr\u00eas possibilidades de caminho que, ao longo do monitoramento, foram exclu\u00eddos, restando apenas a rota que envolvia cruzar a ponte do rio Tocantins;<br \/>\nA PRF bloqueou a ponte dos dois lados e come\u00e7ou a fazer revista dos ve\u00edculos;<br \/>\nPor volta das 13h, a escolta com os criminosos chegou no local. O hor\u00e1rio foi escolhido por ser hor\u00e1rio de almo\u00e7o dos policiais e ter menos contingente no local;<br \/>\nA PRF conseguiu abordar dois ve\u00edculos: o Classic onde estava Deibson e um Polo que fazia a escolta antes de cruzar a ponte. O Jeep em que estava Rog\u00e9rio tentou escapar e seguiu para a ponte, mas foi abordado pela PF;<br \/>\nNo Jeep em que Rog\u00e9rio estava a pol\u00edcia apreendeu um fuzil.<br \/>\n&#8220;O ve\u00edculo [onde estava Rog\u00e9rio] percebeu a pol\u00edcia e tentou fuga. Percebeu que a ponte estava fechada no outro lado e, assim, a PF fez a abordagem. Foi uma opera\u00e7\u00e3o bastante sens\u00edvel que tinha como o objetivo evitar confronto armado no local.&#8221;<br \/>\nO delegado explica que, ao fechar a ponte, conseguiram reduzir o fluxo de ve\u00edculos e, junto com a revista, foi reduzida a possibilidade de confronto armado entre policiais e criminosos. Ele disse ainda que, caso tivessem cruzado a ponte, a recaptura poderia ter sido mais dif\u00edcil por ser uma regi\u00e3o de bastante movimento.<br \/>\nO hor\u00e1rio escolhido pelos criminosos para atravessar a ponte tamb\u00e9m foi pensado, de acordo com o delegado. &#8220;Eles escolheram a hora do almo\u00e7o pois sabem que h\u00e1 menos policiais na regi\u00e3o.&#8221;<br \/>\nInfogr\u00e1fico mostra caminho dos foragidos de Mossor\u00f3 no dia da pris\u00e3o<br \/>\nEditoria de arte\/g1<br \/>\nDesde a manh\u00e3 de quinta (4), a PF e a PRF monitoravam os caminhos que a escolta dos criminosos poderia tomar. Segundo Nunes, havia tr\u00eas possibilidades que, que foram exclu\u00eddas conforme foram seguindo o grupo. Ainda, desde a abordagem ao depoimento na sede da PF, todos os presos ficaram calados.<br \/>\n&#8220;Estavam tranquilos e n\u00e3o esbo\u00e7aram nenhuma emo\u00e7\u00e3o. N\u00e3o parecia que se conheciam.&#8221;<br \/>\nOutros 4 presos<br \/>\nItalo Santos Sena, Juarez Pereira Feitosa, Jefferson Augusto Magno Favacho e Eliezer Bruno Pacheco dos Santos s\u00e3o os outro quatro homens presos juntos aos fugitivos. A Pol\u00edcia Federal (PF) informou que todos eles foram encaminhados ao sistema penitenci\u00e1rio do Par\u00e1. O delegado informou que tr\u00eas s\u00e3o de Bel\u00e9m e o quarto \u00e9 de Reden\u00e7\u00e3o, uma cidade ao sul do Par\u00e1.<br \/>\nNunes refor\u00e7ou que a inten\u00e7\u00e3o da dupla era sair do pa\u00eds. &#8220;Por Marab\u00e1 passam tr\u00eas rodovias federais importantes: a BR-222, onde foi feita a pris\u00e3o, a BR-230, que vai para Bras\u00edlia, e a BR-155, que vai para o Mato Grosso. Acreditamos que era para l\u00e1 que estavam tentando ir para conseguir atravessar a fronteira&#8221;.<br \/>\nUm ponto que chamou a aten\u00e7\u00e3o do delegado \u00e9 que todos os tr\u00eas carros apreendidos com os criminosos estavam legalizados. &#8220;Os ve\u00edculos n\u00e3o foram roubados ou furtados e estavam com a documenta\u00e7\u00e3o em dia, legalizados, isso para n\u00e3o chamar a aten\u00e7\u00e3o. Agora, a PF vai investigar quem s\u00e3o os donos destes carros.&#8221;<br \/>\nAgentes da PRF com os dois criminosos presos<br \/>\nJN<\/p>","protected":false},"excerpt":{"rendered":"<p>Delegado respons\u00e1vel pela opera\u00e7\u00e3o, Heyder Nunes, contou ao Mais, da GloboNews, os passos para a recaptura de Rog\u00e9rio Mendon\u00e7a e Deibson Nascimento na quinta-feira (4) no Par\u00e1. PRF monitorou tr\u00eas &#8230;<\/p>\n","protected":false},"author":0,"featured_media":5145,"parent":0,"menu_order":0,"comment_status":"closed","ping_status":"closed","template":"","meta":{"footnotes":""},"class_list":["post-5144","page","type-page","status-publish","has-post-thumbnail","hentry"],"yoast_head":"<!-- This site is optimized with the Yoast SEO plugin v27.1.1 - https:\/\/yoast.com\/product\/yoast-seo-wordpress\/ -->\n<title>PRF monitorou tr\u00eas rotas e fechou ponte para evitar tiroteio com fugitivos de Mossor\u00f3; veja detalhes - Taveira Jr<\/title>\n<meta name=\"robots\" content=\"index, follow, max-snippet:-1, max-image-preview:large, max-video-preview:-1\" \/>\n<link rel=\"canonical\" href=\"https:\/\/deputadotaveirajr.com.br\/index.php\/prf-monitorou-tres-rotas-e-fechou-ponte-para-evitar-tiroteio-com-fugitivos-de-mossoro-veja-detalhes\/\" \/>\n<meta property=\"og:locale\" content=\"pt_BR\" \/>\n<meta property=\"og:type\" content=\"article\" \/>\n<meta property=\"og:title\" content=\"PRF monitorou tr\u00eas rotas e fechou ponte para evitar tiroteio com fugitivos de Mossor\u00f3; veja detalhes - Taveira Jr\" \/>\n<meta property=\"og:description\" content=\"Delegado respons\u00e1vel pela opera\u00e7\u00e3o, Heyder Nunes, contou ao Mais, da GloboNews, os passos para a recaptura de Rog\u00e9rio Mendon\u00e7a e Deibson Nascimento na quinta-feira (4) no Par\u00e1. PRF monitorou tr\u00eas ...\" \/>\n<meta property=\"og:url\" content=\"https:\/\/deputadotaveirajr.com.br\/index.php\/prf-monitorou-tres-rotas-e-fechou-ponte-para-evitar-tiroteio-com-fugitivos-de-mossoro-veja-detalhes\/\" \/>\n<meta property=\"og:site_name\" content=\"Taveira Jr\" \/>\n<meta property=\"og:image\" content=\"https:\/\/deputadotaveirajr.com.br\/wp-content\/uploads\/2024\/04\/040424-mapapresos-mossoro-trajeto-2-thbsc2.jpeg\" \/>\n\t<meta property=\"og:image:width\" content=\"1200\" \/>\n\t<meta property=\"og:image:height\" content=\"2247\" \/>\n\t<meta property=\"og:image:type\" content=\"image\/jpeg\" \/>\n<meta name=\"twitter:card\" content=\"summary_large_image\" \/>\n<meta name=\"twitter:label1\" content=\"Est. tempo de leitura\" \/>\n\t<meta name=\"twitter:data1\" content=\"4 minutos\" \/>\n<script type=\"application\/ld+json\" class=\"yoast-schema-graph\">{\"@context\":\"https:\/\/schema.org\",\"@graph\":[{\"@type\":\"WebPage\",\"@id\":\"https:\/\/deputadotaveirajr.com.br\/index.php\/prf-monitorou-tres-rotas-e-fechou-ponte-para-evitar-tiroteio-com-fugitivos-de-mossoro-veja-detalhes\/\",\"url\":\"https:\/\/deputadotaveirajr.com.br\/index.php\/prf-monitorou-tres-rotas-e-fechou-ponte-para-evitar-tiroteio-com-fugitivos-de-mossoro-veja-detalhes\/\",\"name\":\"PRF monitorou tr\u00eas rotas e fechou ponte para evitar tiroteio com fugitivos de Mossor\u00f3; veja detalhes - Taveira Jr\",\"isPartOf\":{\"@id\":\"https:\/\/deputadotaveirajr.com.br\/#website\"},\"primaryImageOfPage\":{\"@id\":\"https:\/\/deputadotaveirajr.com.br\/index.php\/prf-monitorou-tres-rotas-e-fechou-ponte-para-evitar-tiroteio-com-fugitivos-de-mossoro-veja-detalhes\/#primaryimage\"},\"image\":{\"@id\":\"https:\/\/deputadotaveirajr.com.br\/index.php\/prf-monitorou-tres-rotas-e-fechou-ponte-para-evitar-tiroteio-com-fugitivos-de-mossoro-veja-detalhes\/#primaryimage\"},\"thumbnailUrl\":\"https:\/\/deputadotaveirajr.com.br\/wp-content\/uploads\/2024\/04\/040424-mapapresos-mossoro-trajeto-2-thbsc2.jpeg\",\"datePublished\":\"2024-04-05T23:24:30+00:00\",\"breadcrumb\":{\"@id\":\"https:\/\/deputadotaveirajr.com.br\/index.php\/prf-monitorou-tres-rotas-e-fechou-ponte-para-evitar-tiroteio-com-fugitivos-de-mossoro-veja-detalhes\/#breadcrumb\"},\"inLanguage\":\"pt-BR\",\"potentialAction\":[{\"@type\":\"ReadAction\",\"target\":[\"https:\/\/deputadotaveirajr.com.br\/index.php\/prf-monitorou-tres-rotas-e-fechou-ponte-para-evitar-tiroteio-com-fugitivos-de-mossoro-veja-detalhes\/\"]}]},{\"@type\":\"ImageObject\",\"inLanguage\":\"pt-BR\",\"@id\":\"https:\/\/deputadotaveirajr.com.br\/index.php\/prf-monitorou-tres-rotas-e-fechou-ponte-para-evitar-tiroteio-com-fugitivos-de-mossoro-veja-detalhes\/#primaryimage\",\"url\":\"https:\/\/deputadotaveirajr.com.br\/wp-content\/uploads\/2024\/04\/040424-mapapresos-mossoro-trajeto-2-thbsc2.jpeg\",\"contentUrl\":\"https:\/\/deputadotaveirajr.com.br\/wp-content\/uploads\/2024\/04\/040424-mapapresos-mossoro-trajeto-2-thbsc2.jpeg\",\"width\":1200,\"height\":2247},{\"@type\":\"BreadcrumbList\",\"@id\":\"https:\/\/deputadotaveirajr.com.br\/index.php\/prf-monitorou-tres-rotas-e-fechou-ponte-para-evitar-tiroteio-com-fugitivos-de-mossoro-veja-detalhes\/#breadcrumb\",\"itemListElement\":[{\"@type\":\"ListItem\",\"position\":1,\"name\":\"In\u00edcio\",\"item\":\"https:\/\/deputadotaveirajr.com.br\/\"},{\"@type\":\"ListItem\",\"position\":2,\"name\":\"PRF monitorou tr\u00eas rotas e fechou ponte para evitar tiroteio com fugitivos de Mossor\u00f3; veja detalhes\"}]},{\"@type\":\"WebSite\",\"@id\":\"https:\/\/deputadotaveirajr.com.br\/#website\",\"url\":\"https:\/\/deputadotaveirajr.com.br\/\",\"name\":\"Taveira Jr\",\"description\":\"Deputado Estadual\",\"publisher\":{\"@id\":\"https:\/\/deputadotaveirajr.com.br\/#organization\"},\"potentialAction\":[{\"@type\":\"SearchAction\",\"target\":{\"@type\":\"EntryPoint\",\"urlTemplate\":\"https:\/\/deputadotaveirajr.com.br\/?s={search_term_string}\"},\"query-input\":{\"@type\":\"PropertyValueSpecification\",\"valueRequired\":true,\"valueName\":\"search_term_string\"}}],\"inLanguage\":\"pt-BR\"},{\"@type\":\"Organization\",\"@id\":\"https:\/\/deputadotaveirajr.com.br\/#organization\",\"name\":\"Taveira Jr\",\"url\":\"https:\/\/deputadotaveirajr.com.br\/\",\"logo\":{\"@type\":\"ImageObject\",\"inLanguage\":\"pt-BR\",\"@id\":\"https:\/\/deputadotaveirajr.com.br\/#\/schema\/logo\/image\/\",\"url\":\"https:\/\/deputadotaveirajr.com.br\/wp-content\/uploads\/2026\/01\/logolow2a.png\",\"contentUrl\":\"https:\/\/deputadotaveirajr.com.br\/wp-content\/uploads\/2026\/01\/logolow2a.png\",\"width\":290,\"height\":80,\"caption\":\"Taveira Jr\"},\"image\":{\"@id\":\"https:\/\/deputadotaveirajr.com.br\/#\/schema\/logo\/image\/\"}}]}<\/script>\n<!-- \/ Yoast SEO plugin. -->","yoast_head_json":{"title":"PRF monitorou tr\u00eas rotas e fechou ponte para evitar tiroteio com fugitivos de Mossor\u00f3; veja detalhes - Taveira Jr","robots":{"index":"index","follow":"follow","max-snippet":"max-snippet:-1","max-image-preview":"max-image-preview:large","max-video-preview":"max-video-preview:-1"},"canonical":"https:\/\/deputadotaveirajr.com.br\/index.php\/prf-monitorou-tres-rotas-e-fechou-ponte-para-evitar-tiroteio-com-fugitivos-de-mossoro-veja-detalhes\/","og_locale":"pt_BR","og_type":"article","og_title":"PRF monitorou tr\u00eas rotas e fechou ponte para evitar tiroteio com fugitivos de Mossor\u00f3; veja detalhes - Taveira Jr","og_description":"Delegado respons\u00e1vel pela opera\u00e7\u00e3o, Heyder Nunes, contou ao Mais, da GloboNews, os passos para a recaptura de Rog\u00e9rio Mendon\u00e7a e Deibson Nascimento na quinta-feira (4) no Par\u00e1. PRF monitorou tr\u00eas ...","og_url":"https:\/\/deputadotaveirajr.com.br\/index.php\/prf-monitorou-tres-rotas-e-fechou-ponte-para-evitar-tiroteio-com-fugitivos-de-mossoro-veja-detalhes\/","og_site_name":"Taveira Jr","og_image":[{"width":1200,"height":2247,"url":"https:\/\/deputadotaveirajr.com.br\/wp-content\/uploads\/2024\/04\/040424-mapapresos-mossoro-trajeto-2-thbsc2.jpeg","type":"image\/jpeg"}],"twitter_card":"summary_large_image","twitter_misc":{"Est. tempo de leitura":"4 minutos"},"schema":{"@context":"https:\/\/schema.org","@graph":[{"@type":"WebPage","@id":"https:\/\/deputadotaveirajr.com.br\/index.php\/prf-monitorou-tres-rotas-e-fechou-ponte-para-evitar-tiroteio-com-fugitivos-de-mossoro-veja-detalhes\/","url":"https:\/\/deputadotaveirajr.com.br\/index.php\/prf-monitorou-tres-rotas-e-fechou-ponte-para-evitar-tiroteio-com-fugitivos-de-mossoro-veja-detalhes\/","name":"PRF monitorou tr\u00eas rotas e fechou ponte para evitar tiroteio com fugitivos de Mossor\u00f3; veja detalhes - Taveira Jr","isPartOf":{"@id":"https:\/\/deputadotaveirajr.com.br\/#website"},"primaryImageOfPage":{"@id":"https:\/\/deputadotaveirajr.com.br\/index.php\/prf-monitorou-tres-rotas-e-fechou-ponte-para-evitar-tiroteio-com-fugitivos-de-mossoro-veja-detalhes\/#primaryimage"},"image":{"@id":"https:\/\/deputadotaveirajr.com.br\/index.php\/prf-monitorou-tres-rotas-e-fechou-ponte-para-evitar-tiroteio-com-fugitivos-de-mossoro-veja-detalhes\/#primaryimage"},"thumbnailUrl":"https:\/\/deputadotaveirajr.com.br\/wp-content\/uploads\/2024\/04\/040424-mapapresos-mossoro-trajeto-2-thbsc2.jpeg","datePublished":"2024-04-05T23:24:30+00:00","breadcrumb":{"@id":"https:\/\/deputadotaveirajr.com.br\/index.php\/prf-monitorou-tres-rotas-e-fechou-ponte-para-evitar-tiroteio-com-fugitivos-de-mossoro-veja-detalhes\/#breadcrumb"},"inLanguage":"pt-BR","potentialAction":[{"@type":"ReadAction","target":["https:\/\/deputadotaveirajr.com.br\/index.php\/prf-monitorou-tres-rotas-e-fechou-ponte-para-evitar-tiroteio-com-fugitivos-de-mossoro-veja-detalhes\/"]}]},{"@type":"ImageObject","inLanguage":"pt-BR","@id":"https:\/\/deputadotaveirajr.com.br\/index.php\/prf-monitorou-tres-rotas-e-fechou-ponte-para-evitar-tiroteio-com-fugitivos-de-mossoro-veja-detalhes\/#primaryimage","url":"https:\/\/deputadotaveirajr.com.br\/wp-content\/uploads\/2024\/04\/040424-mapapresos-mossoro-trajeto-2-thbsc2.jpeg","contentUrl":"https:\/\/deputadotaveirajr.com.br\/wp-content\/uploads\/2024\/04\/040424-mapapresos-mossoro-trajeto-2-thbsc2.jpeg","width":1200,"height":2247},{"@type":"BreadcrumbList","@id":"https:\/\/deputadotaveirajr.com.br\/index.php\/prf-monitorou-tres-rotas-e-fechou-ponte-para-evitar-tiroteio-com-fugitivos-de-mossoro-veja-detalhes\/#breadcrumb","itemListElement":[{"@type":"ListItem","position":1,"name":"In\u00edcio","item":"https:\/\/deputadotaveirajr.com.br\/"},{"@type":"ListItem","position":2,"name":"PRF monitorou tr\u00eas rotas e fechou ponte para evitar tiroteio com fugitivos de Mossor\u00f3; veja detalhes"}]},{"@type":"WebSite","@id":"https:\/\/deputadotaveirajr.com.br\/#website","url":"https:\/\/deputadotaveirajr.com.br\/","name":"Taveira Jr","description":"Deputado Estadual","publisher":{"@id":"https:\/\/deputadotaveirajr.com.br\/#organization"},"potentialAction":[{"@type":"SearchAction","target":{"@type":"EntryPoint","urlTemplate":"https:\/\/deputadotaveirajr.com.br\/?s={search_term_string}"},"query-input":{"@type":"PropertyValueSpecification","valueRequired":true,"valueName":"search_term_string"}}],"inLanguage":"pt-BR"},{"@type":"Organization","@id":"https:\/\/deputadotaveirajr.com.br\/#organization","name":"Taveira Jr","url":"https:\/\/deputadotaveirajr.com.br\/","logo":{"@type":"ImageObject","inLanguage":"pt-BR","@id":"https:\/\/deputadotaveirajr.com.br\/#\/schema\/logo\/image\/","url":"https:\/\/deputadotaveirajr.com.br\/wp-content\/uploads\/2026\/01\/logolow2a.png","contentUrl":"https:\/\/deputadotaveirajr.com.br\/wp-content\/uploads\/2026\/01\/logolow2a.png","width":290,"height":80,"caption":"Taveira Jr"},"image":{"@id":"https:\/\/deputadotaveirajr.com.br\/#\/schema\/logo\/image\/"}}]}},"_links":{"self":[{"href":"https:\/\/deputadotaveirajr.com.br\/index.php\/wp-json\/wp\/v2\/pages\/5144","targetHints":{"allow":["GET"]}}],"collection":[{"href":"https:\/\/deputadotaveirajr.com.br\/index.php\/wp-json\/wp\/v2\/pages"}],"about":[{"href":"https:\/\/deputadotaveirajr.com.br\/index.php\/wp-json\/wp\/v2\/types\/page"}],"replies":[{"embeddable":true,"href":"https:\/\/deputadotaveirajr.com.br\/index.php\/wp-json\/wp\/v2\/comments?post=5144"}],"version-history":[{"count":1,"href":"https:\/\/deputadotaveirajr.com.br\/index.php\/wp-json\/wp\/v2\/pages\/5144\/revisions"}],"predecessor-version":[{"id":5148,"href":"https:\/\/deputadotaveirajr.com.br\/index.php\/wp-json\/wp\/v2\/pages\/5144\/revisions\/5148"}],"wp:featuredmedia":[{"embeddable":true,"href":"https:\/\/deputadotaveirajr.com.br\/index.php\/wp-json\/wp\/v2\/media\/5145"}],"wp:attachment":[{"href":"https:\/\/deputadotaveirajr.com.br\/index.php\/wp-json\/wp\/v2\/media?parent=5144"}],"curies":[{"name":"wp","href":"https:\/\/api.w.org\/{rel}","templated":true}]}}