{"id":5156,"date":"2024-04-06T16:37:44","date_gmt":"2024-04-06T19:37:44","guid":{"rendered":"https:\/\/deputadotaveirajr.com.br\/?page_id=5156"},"modified":"2024-04-06T16:37:44","modified_gmt":"2024-04-06T19:37:44","slug":"video-arvore-cai-dentro-de-rio-apos-margem-ceder-no-interior-do-rn","status":"publish","type":"page","link":"https:\/\/deputadotaveirajr.com.br\/index.php\/video-arvore-cai-dentro-de-rio-apos-margem-ceder-no-interior-do-rn\/","title":{"rendered":"V\u00cdDEO: \u00c1rvore cai dentro de rio ap\u00f3s margem ceder no interior do RN"},"content":{"rendered":"<p>     Caso aconteceu no munic\u00edpio de Ielmo Marinho, na comunidade Boa Vista, na manh\u00e3 deste s\u00e1bado (6). Morador disse que \u00e1rvore era uma mangueira e que ela estava no local h\u00e1 40 anos. \u00c1rvore cai dentro de rio ap\u00f3s margem ceder no interior do RN<br \/>\nUma \u00e1rvore caiu dentro do Rio Potengi na manh\u00e3 deste s\u00e1bado (6) ap\u00f3s parte da margem ceder no munic\u00edpio de Ielmo Marinho, distante cerca de 60 quil\u00f4metros de Natal.<br \/>\nUm v\u00eddeo gravado pelo morador da cidade, Alcilei Sobrinho, e enviado \u00e0 Inter TV Cabugi registrou o exato momento em que a \u00e1rvore caiu. O fato se deu na comunidade Boa Vista.<br \/>\nO morador contou que a \u00e1rvore era uma mangueira e que ele lembra dela h\u00e1 pelo menos 40 anos no local.<br \/>\nNas imagens \u00e9 poss\u00edvel ver toda a \u00e1rvore despencando em poucos segundos junto assim que h\u00e1 o desmoronamento de terra \u00e0s margens do rio.<br \/>\nNo primeiro trimestre deste ano, segundo o departamento de meteorologia da Empresa de Pesquisa Agropecu\u00e1ria do RN (Emparn), o Rio Grande do Norte recebeu 45% a mais de chuvas do que o esperado.<br \/>\nAs chuvas provocaram transtornos &#8211; como a queda de uma ponte na BR-304 e o alagamento de bairros em Ipangua\u00e7u -, mas tamb\u00e9m encheram reservat\u00f3rios h\u00eddricos, como foi o caso do A\u00e7ude de Gargalheiras, em Acari, que voltou a sangrar ap\u00f3s 13 anos.<br \/>\n\u00c1rvore caiu em rio em Ielmo Marinho<br \/>\nAlcilei Sobrinho<br \/>\nV\u00eddeos mais assistidos do g1 RN<\/p>","protected":false},"excerpt":{"rendered":"<p>Caso aconteceu no munic\u00edpio de Ielmo Marinho, na comunidade Boa Vista, na manh\u00e3 deste s\u00e1bado (6). Morador disse que \u00e1rvore era uma mangueira e que ela estava no local h\u00e1 &#8230;<\/p>\n","protected":false},"author":0,"featured_media":5157,"parent":0,"menu_order":0,"comment_status":"closed","ping_status":"closed","template":"","meta":{"footnotes":""},"class_list":["post-5156","page","type-page","status-publish","has-post-thumbnail","hentry"],"yoast_head":"<!-- This site is optimized with the Yoast SEO plugin v27.1.1 - https:\/\/yoast.com\/product\/yoast-seo-wordpress\/ -->\n<title>V\u00cdDEO: \u00c1rvore cai dentro de rio ap\u00f3s margem ceder no interior do RN - Taveira Jr<\/title>\n<meta name=\"robots\" content=\"index, follow, max-snippet:-1, max-image-preview:large, max-video-preview:-1\" \/>\n<link rel=\"canonical\" href=\"https:\/\/deputadotaveirajr.com.br\/index.php\/video-arvore-cai-dentro-de-rio-apos-margem-ceder-no-interior-do-rn\/\" \/>\n<meta property=\"og:locale\" content=\"pt_BR\" \/>\n<meta property=\"og:type\" content=\"article\" \/>\n<meta property=\"og:title\" content=\"V\u00cdDEO: \u00c1rvore cai dentro de rio ap\u00f3s margem ceder no interior do RN - Taveira Jr\" \/>\n<meta property=\"og:description\" content=\"Caso aconteceu no munic\u00edpio de Ielmo Marinho, na comunidade Boa Vista, na manh\u00e3 deste s\u00e1bado (6). Morador disse que \u00e1rvore era uma mangueira e que ela estava no local h\u00e1 ...\" \/>\n<meta property=\"og:url\" content=\"https:\/\/deputadotaveirajr.com.br\/index.php\/video-arvore-cai-dentro-de-rio-apos-margem-ceder-no-interior-do-rn\/\" \/>\n<meta property=\"og:site_name\" content=\"Taveira Jr\" \/>\n<meta property=\"og:image\" content=\"https:\/\/deputadotaveirajr.com.br\/wp-content\/uploads\/2024\/04\/arvore-caiu-gyIhVJ.jpeg\" \/>\n\t<meta property=\"og:image:width\" content=\"668\" \/>\n\t<meta property=\"og:image:height\" content=\"655\" \/>\n\t<meta property=\"og:image:type\" content=\"image\/jpeg\" \/>\n<meta name=\"twitter:card\" content=\"summary_large_image\" \/>\n<meta name=\"twitter:label1\" content=\"Est. tempo de leitura\" \/>\n\t<meta name=\"twitter:data1\" content=\"1 minuto\" \/>\n<script type=\"application\/ld+json\" class=\"yoast-schema-graph\">{\"@context\":\"https:\/\/schema.org\",\"@graph\":[{\"@type\":\"WebPage\",\"@id\":\"https:\/\/deputadotaveirajr.com.br\/index.php\/video-arvore-cai-dentro-de-rio-apos-margem-ceder-no-interior-do-rn\/\",\"url\":\"https:\/\/deputadotaveirajr.com.br\/index.php\/video-arvore-cai-dentro-de-rio-apos-margem-ceder-no-interior-do-rn\/\",\"name\":\"V\u00cdDEO: \u00c1rvore cai dentro de rio ap\u00f3s margem ceder no interior do RN - Taveira Jr\",\"isPartOf\":{\"@id\":\"https:\/\/deputadotaveirajr.com.br\/#website\"},\"primaryImageOfPage\":{\"@id\":\"https:\/\/deputadotaveirajr.com.br\/index.php\/video-arvore-cai-dentro-de-rio-apos-margem-ceder-no-interior-do-rn\/#primaryimage\"},\"image\":{\"@id\":\"https:\/\/deputadotaveirajr.com.br\/index.php\/video-arvore-cai-dentro-de-rio-apos-margem-ceder-no-interior-do-rn\/#primaryimage\"},\"thumbnailUrl\":\"https:\/\/deputadotaveirajr.com.br\/wp-content\/uploads\/2024\/04\/arvore-caiu-gyIhVJ.jpeg\",\"datePublished\":\"2024-04-06T19:37:44+00:00\",\"breadcrumb\":{\"@id\":\"https:\/\/deputadotaveirajr.com.br\/index.php\/video-arvore-cai-dentro-de-rio-apos-margem-ceder-no-interior-do-rn\/#breadcrumb\"},\"inLanguage\":\"pt-BR\",\"potentialAction\":[{\"@type\":\"ReadAction\",\"target\":[\"https:\/\/deputadotaveirajr.com.br\/index.php\/video-arvore-cai-dentro-de-rio-apos-margem-ceder-no-interior-do-rn\/\"]}]},{\"@type\":\"ImageObject\",\"inLanguage\":\"pt-BR\",\"@id\":\"https:\/\/deputadotaveirajr.com.br\/index.php\/video-arvore-cai-dentro-de-rio-apos-margem-ceder-no-interior-do-rn\/#primaryimage\",\"url\":\"https:\/\/deputadotaveirajr.com.br\/wp-content\/uploads\/2024\/04\/arvore-caiu-gyIhVJ.jpeg\",\"contentUrl\":\"https:\/\/deputadotaveirajr.com.br\/wp-content\/uploads\/2024\/04\/arvore-caiu-gyIhVJ.jpeg\",\"width\":668,\"height\":655},{\"@type\":\"BreadcrumbList\",\"@id\":\"https:\/\/deputadotaveirajr.com.br\/index.php\/video-arvore-cai-dentro-de-rio-apos-margem-ceder-no-interior-do-rn\/#breadcrumb\",\"itemListElement\":[{\"@type\":\"ListItem\",\"position\":1,\"name\":\"In\u00edcio\",\"item\":\"https:\/\/deputadotaveirajr.com.br\/\"},{\"@type\":\"ListItem\",\"position\":2,\"name\":\"V\u00cdDEO: \u00c1rvore cai dentro de rio ap\u00f3s margem ceder no interior do RN\"}]},{\"@type\":\"WebSite\",\"@id\":\"https:\/\/deputadotaveirajr.com.br\/#website\",\"url\":\"https:\/\/deputadotaveirajr.com.br\/\",\"name\":\"Taveira Jr\",\"description\":\"Deputado Estadual\",\"publisher\":{\"@id\":\"https:\/\/deputadotaveirajr.com.br\/#organization\"},\"potentialAction\":[{\"@type\":\"SearchAction\",\"target\":{\"@type\":\"EntryPoint\",\"urlTemplate\":\"https:\/\/deputadotaveirajr.com.br\/?s={search_term_string}\"},\"query-input\":{\"@type\":\"PropertyValueSpecification\",\"valueRequired\":true,\"valueName\":\"search_term_string\"}}],\"inLanguage\":\"pt-BR\"},{\"@type\":\"Organization\",\"@id\":\"https:\/\/deputadotaveirajr.com.br\/#organization\",\"name\":\"Taveira Jr\",\"url\":\"https:\/\/deputadotaveirajr.com.br\/\",\"logo\":{\"@type\":\"ImageObject\",\"inLanguage\":\"pt-BR\",\"@id\":\"https:\/\/deputadotaveirajr.com.br\/#\/schema\/logo\/image\/\",\"url\":\"https:\/\/deputadotaveirajr.com.br\/wp-content\/uploads\/2026\/01\/logolow2a.png\",\"contentUrl\":\"https:\/\/deputadotaveirajr.com.br\/wp-content\/uploads\/2026\/01\/logolow2a.png\",\"width\":290,\"height\":80,\"caption\":\"Taveira Jr\"},\"image\":{\"@id\":\"https:\/\/deputadotaveirajr.com.br\/#\/schema\/logo\/image\/\"}}]}<\/script>\n<!-- \/ Yoast SEO plugin. -->","yoast_head_json":{"title":"V\u00cdDEO: \u00c1rvore cai dentro de rio ap\u00f3s margem ceder no interior do RN - Taveira Jr","robots":{"index":"index","follow":"follow","max-snippet":"max-snippet:-1","max-image-preview":"max-image-preview:large","max-video-preview":"max-video-preview:-1"},"canonical":"https:\/\/deputadotaveirajr.com.br\/index.php\/video-arvore-cai-dentro-de-rio-apos-margem-ceder-no-interior-do-rn\/","og_locale":"pt_BR","og_type":"article","og_title":"V\u00cdDEO: \u00c1rvore cai dentro de rio ap\u00f3s margem ceder no interior do RN - Taveira Jr","og_description":"Caso aconteceu no munic\u00edpio de Ielmo Marinho, na comunidade Boa Vista, na manh\u00e3 deste s\u00e1bado (6). Morador disse que \u00e1rvore era uma mangueira e que ela estava no local h\u00e1 ...","og_url":"https:\/\/deputadotaveirajr.com.br\/index.php\/video-arvore-cai-dentro-de-rio-apos-margem-ceder-no-interior-do-rn\/","og_site_name":"Taveira Jr","og_image":[{"width":668,"height":655,"url":"https:\/\/deputadotaveirajr.com.br\/wp-content\/uploads\/2024\/04\/arvore-caiu-gyIhVJ.jpeg","type":"image\/jpeg"}],"twitter_card":"summary_large_image","twitter_misc":{"Est. tempo de leitura":"1 minuto"},"schema":{"@context":"https:\/\/schema.org","@graph":[{"@type":"WebPage","@id":"https:\/\/deputadotaveirajr.com.br\/index.php\/video-arvore-cai-dentro-de-rio-apos-margem-ceder-no-interior-do-rn\/","url":"https:\/\/deputadotaveirajr.com.br\/index.php\/video-arvore-cai-dentro-de-rio-apos-margem-ceder-no-interior-do-rn\/","name":"V\u00cdDEO: \u00c1rvore cai dentro de rio ap\u00f3s margem ceder no interior do RN - Taveira Jr","isPartOf":{"@id":"https:\/\/deputadotaveirajr.com.br\/#website"},"primaryImageOfPage":{"@id":"https:\/\/deputadotaveirajr.com.br\/index.php\/video-arvore-cai-dentro-de-rio-apos-margem-ceder-no-interior-do-rn\/#primaryimage"},"image":{"@id":"https:\/\/deputadotaveirajr.com.br\/index.php\/video-arvore-cai-dentro-de-rio-apos-margem-ceder-no-interior-do-rn\/#primaryimage"},"thumbnailUrl":"https:\/\/deputadotaveirajr.com.br\/wp-content\/uploads\/2024\/04\/arvore-caiu-gyIhVJ.jpeg","datePublished":"2024-04-06T19:37:44+00:00","breadcrumb":{"@id":"https:\/\/deputadotaveirajr.com.br\/index.php\/video-arvore-cai-dentro-de-rio-apos-margem-ceder-no-interior-do-rn\/#breadcrumb"},"inLanguage":"pt-BR","potentialAction":[{"@type":"ReadAction","target":["https:\/\/deputadotaveirajr.com.br\/index.php\/video-arvore-cai-dentro-de-rio-apos-margem-ceder-no-interior-do-rn\/"]}]},{"@type":"ImageObject","inLanguage":"pt-BR","@id":"https:\/\/deputadotaveirajr.com.br\/index.php\/video-arvore-cai-dentro-de-rio-apos-margem-ceder-no-interior-do-rn\/#primaryimage","url":"https:\/\/deputadotaveirajr.com.br\/wp-content\/uploads\/2024\/04\/arvore-caiu-gyIhVJ.jpeg","contentUrl":"https:\/\/deputadotaveirajr.com.br\/wp-content\/uploads\/2024\/04\/arvore-caiu-gyIhVJ.jpeg","width":668,"height":655},{"@type":"BreadcrumbList","@id":"https:\/\/deputadotaveirajr.com.br\/index.php\/video-arvore-cai-dentro-de-rio-apos-margem-ceder-no-interior-do-rn\/#breadcrumb","itemListElement":[{"@type":"ListItem","position":1,"name":"In\u00edcio","item":"https:\/\/deputadotaveirajr.com.br\/"},{"@type":"ListItem","position":2,"name":"V\u00cdDEO: \u00c1rvore cai dentro de rio ap\u00f3s margem ceder no interior do RN"}]},{"@type":"WebSite","@id":"https:\/\/deputadotaveirajr.com.br\/#website","url":"https:\/\/deputadotaveirajr.com.br\/","name":"Taveira Jr","description":"Deputado Estadual","publisher":{"@id":"https:\/\/deputadotaveirajr.com.br\/#organization"},"potentialAction":[{"@type":"SearchAction","target":{"@type":"EntryPoint","urlTemplate":"https:\/\/deputadotaveirajr.com.br\/?s={search_term_string}"},"query-input":{"@type":"PropertyValueSpecification","valueRequired":true,"valueName":"search_term_string"}}],"inLanguage":"pt-BR"},{"@type":"Organization","@id":"https:\/\/deputadotaveirajr.com.br\/#organization","name":"Taveira Jr","url":"https:\/\/deputadotaveirajr.com.br\/","logo":{"@type":"ImageObject","inLanguage":"pt-BR","@id":"https:\/\/deputadotaveirajr.com.br\/#\/schema\/logo\/image\/","url":"https:\/\/deputadotaveirajr.com.br\/wp-content\/uploads\/2026\/01\/logolow2a.png","contentUrl":"https:\/\/deputadotaveirajr.com.br\/wp-content\/uploads\/2026\/01\/logolow2a.png","width":290,"height":80,"caption":"Taveira Jr"},"image":{"@id":"https:\/\/deputadotaveirajr.com.br\/#\/schema\/logo\/image\/"}}]}},"_links":{"self":[{"href":"https:\/\/deputadotaveirajr.com.br\/index.php\/wp-json\/wp\/v2\/pages\/5156","targetHints":{"allow":["GET"]}}],"collection":[{"href":"https:\/\/deputadotaveirajr.com.br\/index.php\/wp-json\/wp\/v2\/pages"}],"about":[{"href":"https:\/\/deputadotaveirajr.com.br\/index.php\/wp-json\/wp\/v2\/types\/page"}],"replies":[{"embeddable":true,"href":"https:\/\/deputadotaveirajr.com.br\/index.php\/wp-json\/wp\/v2\/comments?post=5156"}],"version-history":[{"count":1,"href":"https:\/\/deputadotaveirajr.com.br\/index.php\/wp-json\/wp\/v2\/pages\/5156\/revisions"}],"predecessor-version":[{"id":5162,"href":"https:\/\/deputadotaveirajr.com.br\/index.php\/wp-json\/wp\/v2\/pages\/5156\/revisions\/5162"}],"wp:featuredmedia":[{"embeddable":true,"href":"https:\/\/deputadotaveirajr.com.br\/index.php\/wp-json\/wp\/v2\/media\/5157"}],"wp:attachment":[{"href":"https:\/\/deputadotaveirajr.com.br\/index.php\/wp-json\/wp\/v2\/media?parent=5156"}],"curies":[{"name":"wp","href":"https:\/\/api.w.org\/{rel}","templated":true}]}}

VÍDEO: Árvore cai dentro de rio após margem ceder no interior do RN

<p>     Caso aconteceu no município de Ielmo Marinho, na comunidade Boa Vista, na manhã deste sábado (6). Morador disse que árvore era uma mangueira e que ela estava no local há 40 anos. Árvore cai dentro de rio após margem ceder no interior do RN<br />
Uma árvore caiu dentro do Rio Potengi na manhã deste sábado (6) após parte da margem ceder no município de Ielmo Marinho, distante cerca de 60 quilômetros de Natal.<br />
Um vídeo gravado pelo morador da cidade, Alcilei Sobrinho, e enviado à Inter TV Cabugi registrou o exato momento em que a árvore caiu. O fato se deu na comunidade Boa Vista.<br />
O morador contou que a árvore era uma mangueira e que ele lembra dela há pelo menos 40 anos no local.<br />
Nas imagens é possível ver toda a árvore despencando em poucos segundos junto assim que há o desmoronamento de terra às margens do rio.<br />
No primeiro trimestre deste ano, segundo o departamento de meteorologia da Empresa de Pesquisa Agropecuária do RN (Emparn), o Rio Grande do Norte recebeu 45% a mais de chuvas do que o esperado.<br />
As chuvas provocaram transtornos &#8211; como a queda de uma ponte na BR-304 e o alagamento de bairros em Ipanguaçu -, mas também encheram reservatórios hídricos, como foi o caso do Açude de Gargalheiras, em Acari, que voltou a sangrar após 13 anos.<br />
Árvore caiu em rio em Ielmo Marinho<br />
Alcilei Sobrinho<br />
Vídeos mais assistidos do g1 RN</p>

<p>Caso aconteceu no município de Ielmo Marinho, na comunidade Boa Vista, na manhã deste sábado (6). Morador disse que árvore era uma mangueira e que ela estava no local há &#8230;</p>

<!-- This site is optimized with the Yoast SEO plugin v27.1.1 - https://yoast.com/product/yoast-seo-wordpress/ -->
<title>VÍDEO: Árvore cai dentro de rio após margem ceder no interior do RN - Taveira Jr</title>
<meta name="robots" content="index, follow, max-snippet:-1, max-image-preview:large, max-video-preview:-1" />
<link rel="canonical" href="https://deputadotaveirajr.com.br/index.php/video-arvore-cai-dentro-de-rio-apos-margem-ceder-no-interior-do-rn/" />
<meta property="og:locale" content="pt_BR" />
<meta property="og:type" content="article" />
<meta property="og:title" content="VÍDEO: Árvore cai dentro de rio após margem ceder no interior do RN - Taveira Jr" />
<meta property="og:description" content="Caso aconteceu no município de Ielmo Marinho, na comunidade Boa Vista, na manhã deste sábado (6). Morador disse que árvore era uma mangueira e que ela estava no local há ..." />
<meta property="og:url" content="https://deputadotaveirajr.com.br/index.php/video-arvore-cai-dentro-de-rio-apos-margem-ceder-no-interior-do-rn/" />
<meta property="og:site_name" content="Taveira Jr" />
<meta property="og:image" content="https://deputadotaveirajr.com.br/wp-content/uploads/2024/04/arvore-caiu-gyIhVJ.jpeg" />
	<meta property="og:image:width" content="668" />
	<meta property="og:image:height" content="655" />
	<meta property="og:image:type" content="image/jpeg" />
<meta name="twitter:card" content="summary_large_image" />
<meta name="twitter:label1" content="Est. tempo de leitura" />
	<meta name="twitter:data1" content="1 minuto" />
<script type="application/ld+json" class="yoast-schema-graph">{"@context":"https://schema.org","@graph":[{"@type":"WebPage","@id":"https://deputadotaveirajr.com.br/index.php/video-arvore-cai-dentro-de-rio-apos-margem-ceder-no-interior-do-rn/","url":"https://deputadotaveirajr.com.br/index.php/video-arvore-cai-dentro-de-rio-apos-margem-ceder-no-interior-do-rn/","name":"VÍDEO: Árvore cai dentro de rio após margem ceder no interior do RN - Taveira Jr","isPartOf":{"@id":"https://deputadotaveirajr.com.br/#website"},"primaryImageOfPage":{"@id":"https://deputadotaveirajr.com.br/index.php/video-arvore-cai-dentro-de-rio-apos-margem-ceder-no-interior-do-rn/#primaryimage"},"image":{"@id":"https://deputadotaveirajr.com.br/index.php/video-arvore-cai-dentro-de-rio-apos-margem-ceder-no-interior-do-rn/#primaryimage"},"thumbnailUrl":"https://deputadotaveirajr.com.br/wp-content/uploads/2024/04/arvore-caiu-gyIhVJ.jpeg","datePublished":"2024-04-06T19:37:44+00:00","breadcrumb":{"@id":"https://deputadotaveirajr.com.br/index.php/video-arvore-cai-dentro-de-rio-apos-margem-ceder-no-interior-do-rn/#breadcrumb"},"inLanguage":"pt-BR","potentialAction":[{"@type":"ReadAction","target":["https://deputadotaveirajr.com.br/index.php/video-arvore-cai-dentro-de-rio-apos-margem-ceder-no-interior-do-rn/"]}]},{"@type":"ImageObject","inLanguage":"pt-BR","@id":"https://deputadotaveirajr.com.br/index.php/video-arvore-cai-dentro-de-rio-apos-margem-ceder-no-interior-do-rn/#primaryimage","url":"https://deputadotaveirajr.com.br/wp-content/uploads/2024/04/arvore-caiu-gyIhVJ.jpeg","contentUrl":"https://deputadotaveirajr.com.br/wp-content/uploads/2024/04/arvore-caiu-gyIhVJ.jpeg","width":668,"height":655},{"@type":"BreadcrumbList","@id":"https://deputadotaveirajr.com.br/index.php/video-arvore-cai-dentro-de-rio-apos-margem-ceder-no-interior-do-rn/#breadcrumb","itemListElement":[{"@type":"ListItem","position":1,"name":"Início","item":"https://deputadotaveirajr.com.br/"},{"@type":"ListItem","position":2,"name":"VÍDEO: Árvore cai dentro de rio após margem ceder no interior do RN"}]},{"@type":"WebSite","@id":"https://deputadotaveirajr.com.br/#website","url":"https://deputadotaveirajr.com.br/","name":"Taveira Jr","description":"Deputado Estadual","publisher":{"@id":"https://deputadotaveirajr.com.br/#organization"},"potentialAction":[{"@type":"SearchAction","target":{"@type":"EntryPoint","urlTemplate":"https://deputadotaveirajr.com.br/?s={search_term_string}"},"query-input":{"@type":"PropertyValueSpecification","valueRequired":true,"valueName":"search_term_string"}}],"inLanguage":"pt-BR"},{"@type":"Organization","@id":"https://deputadotaveirajr.com.br/#organization","name":"Taveira Jr","url":"https://deputadotaveirajr.com.br/","logo":{"@type":"ImageObject","inLanguage":"pt-BR","@id":"https://deputadotaveirajr.com.br/#/schema/logo/image/","url":"https://deputadotaveirajr.com.br/wp-content/uploads/2026/01/logolow2a.png","contentUrl":"https://deputadotaveirajr.com.br/wp-content/uploads/2026/01/logolow2a.png","width":290,"height":80,"caption":"Taveira Jr"},"image":{"@id":"https://deputadotaveirajr.com.br/#/schema/logo/image/"}}]}</script>
<!-- / Yoast SEO plugin. -->

VÍDEO: Árvore cai dentro de rio após margem ceder no interior do RN - Taveira Jr

Caso aconteceu no município de Ielmo Marinho, na comunidade Boa Vista, na manhã deste sábado (6). Morador disse que árvore era uma mangueira e que ela estava no local há ...

Início
