{"id":5165,"date":"2024-04-07T12:07:24","date_gmt":"2024-04-07T15:07:24","guid":{"rendered":"https:\/\/deputadotaveirajr.com.br\/?page_id=5165"},"modified":"2024-04-07T12:07:24","modified_gmt":"2024-04-07T15:07:24","slug":"etapa-natal-do-circuito-food-jazz-comeca-na-quinta-feira-11","status":"publish","type":"page","link":"https:\/\/deputadotaveirajr.com.br\/index.php\/etapa-natal-do-circuito-food-jazz-comeca-na-quinta-feira-11\/","title":{"rendered":"Etapa Natal do Circuito Food &amp; Jazz come\u00e7a na quinta-feira (11)"},"content":{"rendered":"<p>     Estabelecimentos da capital oferecem pratos com pre\u00e7os promocionais. Arena montada em Ponta Negra contar\u00e1 com Cozinha Show e apresenta\u00e7\u00f5es musicais nos dias 19 e 20. Etapa Natal do Circuito Food &amp; Jazz come\u00e7a na quinta-feira (11)<br \/>\nDivulga\u00e7\u00e3o<br \/>\nDepois de passar por Mossor\u00f3 e Caic\u00f3, o Circuito Food e Jazz chega a Natal nesta quinta-feira (11). Durante 10 dias, o p\u00fablico poder\u00e1 conhecer e degustar, nos estabelecimentos da capital potiguar, entradas, pratos principais, drinks e sobremesas criadas exclusivamente para o evento e que ser\u00e3o comercializados por pre\u00e7os promocionais e fixos.<br \/>\nInspirado no legado de Lu\u00eds da C\u00e2mara Cascudo, renomado folclorista e autor de &#8220;Hist\u00f3ria da Alimenta\u00e7\u00e3o no Brasil&#8221;, o evento homenagear\u00e1 as ra\u00edzes ind\u00edgenas, africanas, e europeias presentes na culin\u00e1ria brasileira.<br \/>\nAp\u00f3s a abertura do festival nos estabelecimentos parceiros, o Food &amp; Jazz vai realizar a\u00e7\u00f5es de divulga\u00e7\u00e3o no espa\u00e7o Alpendre, do Natal Shopping, com cortejos da Street Band nos corredores do shopping. Na sexta-feira (12) e no s\u00e1bado (13), o palco do Alpendre recebe um bate-papo entre chefs convidados e apresenta\u00e7\u00f5es musicais.<br \/>\nNos dias 19 e 20 de abril, o evento ganha uma arena montada na Pra\u00e7a Ecol\u00f3gica de Ponta Negra, com pra\u00e7a de alimenta\u00e7\u00e3o, feira de artesanato e mais apresenta\u00e7\u00f5es musicais, al\u00e9m do &#8220;Cozinha Show&#8221;, com a realiza\u00e7\u00e3o de seis aulas de chefs convidados, seguidas sempre de degusta\u00e7\u00e3o. O acesso \u00e9 gratuito.<br \/>\nEtapa Natal do Circuito Food &amp; Jazz come\u00e7a na quinta-feira (11)<br \/>\nDivulga\u00e7\u00e3o<br \/>\nCircuito Food &amp; Jazz em Caico\u0301<br \/>\nVeja os v\u00eddeos mais assistidos no g1 RN<br \/>\nV\u00cdDEOS: Mais assistidos do Rio Grande do Norte nos \u00faltimos 7 dias| em G1 \/ RN \/ Rio Grande do Norte<\/p>","protected":false},"excerpt":{"rendered":"<p>Estabelecimentos da capital oferecem pratos com pre\u00e7os promocionais. Arena montada em Ponta Negra contar\u00e1 com Cozinha Show e apresenta\u00e7\u00f5es musicais nos dias 19 e 20. Etapa Natal do Circuito Food &#8230;<\/p>\n","protected":false},"author":0,"featured_media":5166,"parent":0,"menu_order":0,"comment_status":"closed","ping_status":"closed","template":"","meta":{"footnotes":""},"class_list":["post-5165","page","type-page","status-publish","has-post-thumbnail","hentry"],"yoast_head":"<!-- This site is optimized with the Yoast SEO plugin v27.1.1 - https:\/\/yoast.com\/product\/yoast-seo-wordpress\/ -->\n<title>Etapa Natal do Circuito Food &amp; Jazz come\u00e7a na quinta-feira (11) - Taveira Jr<\/title>\n<meta name=\"robots\" content=\"index, follow, max-snippet:-1, max-image-preview:large, max-video-preview:-1\" \/>\n<link rel=\"canonical\" href=\"https:\/\/deputadotaveirajr.com.br\/index.php\/etapa-natal-do-circuito-food-jazz-comeca-na-quinta-feira-11\/\" \/>\n<meta property=\"og:locale\" content=\"pt_BR\" \/>\n<meta property=\"og:type\" content=\"article\" \/>\n<meta property=\"og:title\" content=\"Etapa Natal do Circuito Food &amp; Jazz come\u00e7a na quinta-feira (11) - Taveira Jr\" \/>\n<meta property=\"og:description\" content=\"Estabelecimentos da capital oferecem pratos com pre\u00e7os promocionais. Arena montada em Ponta Negra contar\u00e1 com Cozinha Show e apresenta\u00e7\u00f5es musicais nos dias 19 e 20. Etapa Natal do Circuito Food ...\" \/>\n<meta property=\"og:url\" content=\"https:\/\/deputadotaveirajr.com.br\/index.php\/etapa-natal-do-circuito-food-jazz-comeca-na-quinta-feira-11\/\" \/>\n<meta property=\"og:site_name\" content=\"Taveira Jr\" \/>\n<meta property=\"og:image\" content=\"https:\/\/deputadotaveirajr.com.br\/wp-content\/uploads\/2024\/04\/circuito-3-lZeCP4-scaled.jpeg\" \/>\n\t<meta property=\"og:image:width\" content=\"2560\" \/>\n\t<meta property=\"og:image:height\" content=\"1702\" \/>\n\t<meta property=\"og:image:type\" content=\"image\/jpeg\" \/>\n<meta name=\"twitter:card\" content=\"summary_large_image\" \/>\n<meta name=\"twitter:label1\" content=\"Est. tempo de leitura\" \/>\n\t<meta name=\"twitter:data1\" content=\"1 minuto\" \/>\n<script type=\"application\/ld+json\" class=\"yoast-schema-graph\">{\"@context\":\"https:\/\/schema.org\",\"@graph\":[{\"@type\":\"WebPage\",\"@id\":\"https:\/\/deputadotaveirajr.com.br\/index.php\/etapa-natal-do-circuito-food-jazz-comeca-na-quinta-feira-11\/\",\"url\":\"https:\/\/deputadotaveirajr.com.br\/index.php\/etapa-natal-do-circuito-food-jazz-comeca-na-quinta-feira-11\/\",\"name\":\"Etapa Natal do Circuito Food &amp; Jazz come\u00e7a na quinta-feira (11) - Taveira Jr\",\"isPartOf\":{\"@id\":\"https:\/\/deputadotaveirajr.com.br\/#website\"},\"primaryImageOfPage\":{\"@id\":\"https:\/\/deputadotaveirajr.com.br\/index.php\/etapa-natal-do-circuito-food-jazz-comeca-na-quinta-feira-11\/#primaryimage\"},\"image\":{\"@id\":\"https:\/\/deputadotaveirajr.com.br\/index.php\/etapa-natal-do-circuito-food-jazz-comeca-na-quinta-feira-11\/#primaryimage\"},\"thumbnailUrl\":\"https:\/\/deputadotaveirajr.com.br\/wp-content\/uploads\/2024\/04\/circuito-3-lZeCP4-scaled.jpeg\",\"datePublished\":\"2024-04-07T15:07:24+00:00\",\"breadcrumb\":{\"@id\":\"https:\/\/deputadotaveirajr.com.br\/index.php\/etapa-natal-do-circuito-food-jazz-comeca-na-quinta-feira-11\/#breadcrumb\"},\"inLanguage\":\"pt-BR\",\"potentialAction\":[{\"@type\":\"ReadAction\",\"target\":[\"https:\/\/deputadotaveirajr.com.br\/index.php\/etapa-natal-do-circuito-food-jazz-comeca-na-quinta-feira-11\/\"]}]},{\"@type\":\"ImageObject\",\"inLanguage\":\"pt-BR\",\"@id\":\"https:\/\/deputadotaveirajr.com.br\/index.php\/etapa-natal-do-circuito-food-jazz-comeca-na-quinta-feira-11\/#primaryimage\",\"url\":\"https:\/\/deputadotaveirajr.com.br\/wp-content\/uploads\/2024\/04\/circuito-3-lZeCP4-scaled.jpeg\",\"contentUrl\":\"https:\/\/deputadotaveirajr.com.br\/wp-content\/uploads\/2024\/04\/circuito-3-lZeCP4-scaled.jpeg\",\"width\":2560,\"height\":1702},{\"@type\":\"BreadcrumbList\",\"@id\":\"https:\/\/deputadotaveirajr.com.br\/index.php\/etapa-natal-do-circuito-food-jazz-comeca-na-quinta-feira-11\/#breadcrumb\",\"itemListElement\":[{\"@type\":\"ListItem\",\"position\":1,\"name\":\"In\u00edcio\",\"item\":\"https:\/\/deputadotaveirajr.com.br\/\"},{\"@type\":\"ListItem\",\"position\":2,\"name\":\"Etapa Natal do Circuito Food &amp; Jazz come\u00e7a na quinta-feira (11)\"}]},{\"@type\":\"WebSite\",\"@id\":\"https:\/\/deputadotaveirajr.com.br\/#website\",\"url\":\"https:\/\/deputadotaveirajr.com.br\/\",\"name\":\"Taveira Jr\",\"description\":\"Deputado Estadual\",\"publisher\":{\"@id\":\"https:\/\/deputadotaveirajr.com.br\/#organization\"},\"potentialAction\":[{\"@type\":\"SearchAction\",\"target\":{\"@type\":\"EntryPoint\",\"urlTemplate\":\"https:\/\/deputadotaveirajr.com.br\/?s={search_term_string}\"},\"query-input\":{\"@type\":\"PropertyValueSpecification\",\"valueRequired\":true,\"valueName\":\"search_term_string\"}}],\"inLanguage\":\"pt-BR\"},{\"@type\":\"Organization\",\"@id\":\"https:\/\/deputadotaveirajr.com.br\/#organization\",\"name\":\"Taveira Jr\",\"url\":\"https:\/\/deputadotaveirajr.com.br\/\",\"logo\":{\"@type\":\"ImageObject\",\"inLanguage\":\"pt-BR\",\"@id\":\"https:\/\/deputadotaveirajr.com.br\/#\/schema\/logo\/image\/\",\"url\":\"https:\/\/deputadotaveirajr.com.br\/wp-content\/uploads\/2026\/01\/logolow2a.png\",\"contentUrl\":\"https:\/\/deputadotaveirajr.com.br\/wp-content\/uploads\/2026\/01\/logolow2a.png\",\"width\":290,\"height\":80,\"caption\":\"Taveira Jr\"},\"image\":{\"@id\":\"https:\/\/deputadotaveirajr.com.br\/#\/schema\/logo\/image\/\"}}]}<\/script>\n<!-- \/ Yoast SEO plugin. -->","yoast_head_json":{"title":"Etapa Natal do Circuito Food &amp; Jazz come\u00e7a na quinta-feira (11) - Taveira Jr","robots":{"index":"index","follow":"follow","max-snippet":"max-snippet:-1","max-image-preview":"max-image-preview:large","max-video-preview":"max-video-preview:-1"},"canonical":"https:\/\/deputadotaveirajr.com.br\/index.php\/etapa-natal-do-circuito-food-jazz-comeca-na-quinta-feira-11\/","og_locale":"pt_BR","og_type":"article","og_title":"Etapa Natal do Circuito Food &amp; Jazz come\u00e7a na quinta-feira (11) - Taveira Jr","og_description":"Estabelecimentos da capital oferecem pratos com pre\u00e7os promocionais. Arena montada em Ponta Negra contar\u00e1 com Cozinha Show e apresenta\u00e7\u00f5es musicais nos dias 19 e 20. Etapa Natal do Circuito Food ...","og_url":"https:\/\/deputadotaveirajr.com.br\/index.php\/etapa-natal-do-circuito-food-jazz-comeca-na-quinta-feira-11\/","og_site_name":"Taveira Jr","og_image":[{"width":2560,"height":1702,"url":"https:\/\/deputadotaveirajr.com.br\/wp-content\/uploads\/2024\/04\/circuito-3-lZeCP4-scaled.jpeg","type":"image\/jpeg"}],"twitter_card":"summary_large_image","twitter_misc":{"Est. tempo de leitura":"1 minuto"},"schema":{"@context":"https:\/\/schema.org","@graph":[{"@type":"WebPage","@id":"https:\/\/deputadotaveirajr.com.br\/index.php\/etapa-natal-do-circuito-food-jazz-comeca-na-quinta-feira-11\/","url":"https:\/\/deputadotaveirajr.com.br\/index.php\/etapa-natal-do-circuito-food-jazz-comeca-na-quinta-feira-11\/","name":"Etapa Natal do Circuito Food &amp; Jazz come\u00e7a na quinta-feira (11) - Taveira Jr","isPartOf":{"@id":"https:\/\/deputadotaveirajr.com.br\/#website"},"primaryImageOfPage":{"@id":"https:\/\/deputadotaveirajr.com.br\/index.php\/etapa-natal-do-circuito-food-jazz-comeca-na-quinta-feira-11\/#primaryimage"},"image":{"@id":"https:\/\/deputadotaveirajr.com.br\/index.php\/etapa-natal-do-circuito-food-jazz-comeca-na-quinta-feira-11\/#primaryimage"},"thumbnailUrl":"https:\/\/deputadotaveirajr.com.br\/wp-content\/uploads\/2024\/04\/circuito-3-lZeCP4-scaled.jpeg","datePublished":"2024-04-07T15:07:24+00:00","breadcrumb":{"@id":"https:\/\/deputadotaveirajr.com.br\/index.php\/etapa-natal-do-circuito-food-jazz-comeca-na-quinta-feira-11\/#breadcrumb"},"inLanguage":"pt-BR","potentialAction":[{"@type":"ReadAction","target":["https:\/\/deputadotaveirajr.com.br\/index.php\/etapa-natal-do-circuito-food-jazz-comeca-na-quinta-feira-11\/"]}]},{"@type":"ImageObject","inLanguage":"pt-BR","@id":"https:\/\/deputadotaveirajr.com.br\/index.php\/etapa-natal-do-circuito-food-jazz-comeca-na-quinta-feira-11\/#primaryimage","url":"https:\/\/deputadotaveirajr.com.br\/wp-content\/uploads\/2024\/04\/circuito-3-lZeCP4-scaled.jpeg","contentUrl":"https:\/\/deputadotaveirajr.com.br\/wp-content\/uploads\/2024\/04\/circuito-3-lZeCP4-scaled.jpeg","width":2560,"height":1702},{"@type":"BreadcrumbList","@id":"https:\/\/deputadotaveirajr.com.br\/index.php\/etapa-natal-do-circuito-food-jazz-comeca-na-quinta-feira-11\/#breadcrumb","itemListElement":[{"@type":"ListItem","position":1,"name":"In\u00edcio","item":"https:\/\/deputadotaveirajr.com.br\/"},{"@type":"ListItem","position":2,"name":"Etapa Natal do Circuito Food &amp; Jazz come\u00e7a na quinta-feira (11)"}]},{"@type":"WebSite","@id":"https:\/\/deputadotaveirajr.com.br\/#website","url":"https:\/\/deputadotaveirajr.com.br\/","name":"Taveira Jr","description":"Deputado Estadual","publisher":{"@id":"https:\/\/deputadotaveirajr.com.br\/#organization"},"potentialAction":[{"@type":"SearchAction","target":{"@type":"EntryPoint","urlTemplate":"https:\/\/deputadotaveirajr.com.br\/?s={search_term_string}"},"query-input":{"@type":"PropertyValueSpecification","valueRequired":true,"valueName":"search_term_string"}}],"inLanguage":"pt-BR"},{"@type":"Organization","@id":"https:\/\/deputadotaveirajr.com.br\/#organization","name":"Taveira Jr","url":"https:\/\/deputadotaveirajr.com.br\/","logo":{"@type":"ImageObject","inLanguage":"pt-BR","@id":"https:\/\/deputadotaveirajr.com.br\/#\/schema\/logo\/image\/","url":"https:\/\/deputadotaveirajr.com.br\/wp-content\/uploads\/2026\/01\/logolow2a.png","contentUrl":"https:\/\/deputadotaveirajr.com.br\/wp-content\/uploads\/2026\/01\/logolow2a.png","width":290,"height":80,"caption":"Taveira Jr"},"image":{"@id":"https:\/\/deputadotaveirajr.com.br\/#\/schema\/logo\/image\/"}}]}},"_links":{"self":[{"href":"https:\/\/deputadotaveirajr.com.br\/index.php\/wp-json\/wp\/v2\/pages\/5165","targetHints":{"allow":["GET"]}}],"collection":[{"href":"https:\/\/deputadotaveirajr.com.br\/index.php\/wp-json\/wp\/v2\/pages"}],"about":[{"href":"https:\/\/deputadotaveirajr.com.br\/index.php\/wp-json\/wp\/v2\/types\/page"}],"replies":[{"embeddable":true,"href":"https:\/\/deputadotaveirajr.com.br\/index.php\/wp-json\/wp\/v2\/comments?post=5165"}],"version-history":[{"count":1,"href":"https:\/\/deputadotaveirajr.com.br\/index.php\/wp-json\/wp\/v2\/pages\/5165\/revisions"}],"predecessor-version":[{"id":5170,"href":"https:\/\/deputadotaveirajr.com.br\/index.php\/wp-json\/wp\/v2\/pages\/5165\/revisions\/5170"}],"wp:featuredmedia":[{"embeddable":true,"href":"https:\/\/deputadotaveirajr.com.br\/index.php\/wp-json\/wp\/v2\/media\/5166"}],"wp:attachment":[{"href":"https:\/\/deputadotaveirajr.com.br\/index.php\/wp-json\/wp\/v2\/media?parent=5165"}],"curies":[{"name":"wp","href":"https:\/\/api.w.org\/{rel}","templated":true}]}}

Etapa Natal do Circuito Food &amp; Jazz começa na quinta-feira (11)

<p>     Estabelecimentos da capital oferecem pratos com preços promocionais. Arena montada em Ponta Negra contará com Cozinha Show e apresentações musicais nos dias 19 e 20. Etapa Natal do Circuito Food &amp; Jazz começa na quinta-feira (11)<br />
Divulgação<br />
Depois de passar por Mossoró e Caicó, o Circuito Food e Jazz chega a Natal nesta quinta-feira (11). Durante 10 dias, o público poderá conhecer e degustar, nos estabelecimentos da capital potiguar, entradas, pratos principais, drinks e sobremesas criadas exclusivamente para o evento e que serão comercializados por preços promocionais e fixos.<br />
Inspirado no legado de Luís da Câmara Cascudo, renomado folclorista e autor de &#8220;História da Alimentação no Brasil&#8221;, o evento homenageará as raízes indígenas, africanas, e europeias presentes na culinária brasileira.<br />
Após a abertura do festival nos estabelecimentos parceiros, o Food &amp; Jazz vai realizar ações de divulgação no espaço Alpendre, do Natal Shopping, com cortejos da Street Band nos corredores do shopping. Na sexta-feira (12) e no sábado (13), o palco do Alpendre recebe um bate-papo entre chefs convidados e apresentações musicais.<br />
Nos dias 19 e 20 de abril, o evento ganha uma arena montada na Praça Ecológica de Ponta Negra, com praça de alimentação, feira de artesanato e mais apresentações musicais, além do &#8220;Cozinha Show&#8221;, com a realização de seis aulas de chefs convidados, seguidas sempre de degustação. O acesso é gratuito.<br />
Etapa Natal do Circuito Food &amp; Jazz começa na quinta-feira (11)<br />
Divulgação<br />
Circuito Food &amp; Jazz em Caicó<br />
Veja os vídeos mais assistidos no g1 RN<br />
VÍDEOS: Mais assistidos do Rio Grande do Norte nos últimos 7 dias| em G1 / RN / Rio Grande do Norte</p>

<p>Estabelecimentos da capital oferecem pratos com preços promocionais. Arena montada em Ponta Negra contará com Cozinha Show e apresentações musicais nos dias 19 e 20. Etapa Natal do Circuito Food &#8230;</p>

<!-- This site is optimized with the Yoast SEO plugin v27.1.1 - https://yoast.com/product/yoast-seo-wordpress/ -->
<title>Etapa Natal do Circuito Food &amp; Jazz começa na quinta-feira (11) - Taveira Jr</title>
<meta name="robots" content="index, follow, max-snippet:-1, max-image-preview:large, max-video-preview:-1" />
<link rel="canonical" href="https://deputadotaveirajr.com.br/index.php/etapa-natal-do-circuito-food-jazz-comeca-na-quinta-feira-11/" />
<meta property="og:locale" content="pt_BR" />
<meta property="og:type" content="article" />
<meta property="og:title" content="Etapa Natal do Circuito Food &amp; Jazz começa na quinta-feira (11) - Taveira Jr" />
<meta property="og:description" content="Estabelecimentos da capital oferecem pratos com preços promocionais. Arena montada em Ponta Negra contará com Cozinha Show e apresentações musicais nos dias 19 e 20. Etapa Natal do Circuito Food ..." />
<meta property="og:url" content="https://deputadotaveirajr.com.br/index.php/etapa-natal-do-circuito-food-jazz-comeca-na-quinta-feira-11/" />
<meta property="og:site_name" content="Taveira Jr" />
<meta property="og:image" content="https://deputadotaveirajr.com.br/wp-content/uploads/2024/04/circuito-3-lZeCP4-scaled.jpeg" />
	<meta property="og:image:width" content="2560" />
	<meta property="og:image:height" content="1702" />
	<meta property="og:image:type" content="image/jpeg" />
<meta name="twitter:card" content="summary_large_image" />
<meta name="twitter:label1" content="Est. tempo de leitura" />
	<meta name="twitter:data1" content="1 minuto" />
<script type="application/ld+json" class="yoast-schema-graph">{"@context":"https://schema.org","@graph":[{"@type":"WebPage","@id":"https://deputadotaveirajr.com.br/index.php/etapa-natal-do-circuito-food-jazz-comeca-na-quinta-feira-11/","url":"https://deputadotaveirajr.com.br/index.php/etapa-natal-do-circuito-food-jazz-comeca-na-quinta-feira-11/","name":"Etapa Natal do Circuito Food &amp; Jazz começa na quinta-feira (11) - Taveira Jr","isPartOf":{"@id":"https://deputadotaveirajr.com.br/#website"},"primaryImageOfPage":{"@id":"https://deputadotaveirajr.com.br/index.php/etapa-natal-do-circuito-food-jazz-comeca-na-quinta-feira-11/#primaryimage"},"image":{"@id":"https://deputadotaveirajr.com.br/index.php/etapa-natal-do-circuito-food-jazz-comeca-na-quinta-feira-11/#primaryimage"},"thumbnailUrl":"https://deputadotaveirajr.com.br/wp-content/uploads/2024/04/circuito-3-lZeCP4-scaled.jpeg","datePublished":"2024-04-07T15:07:24+00:00","breadcrumb":{"@id":"https://deputadotaveirajr.com.br/index.php/etapa-natal-do-circuito-food-jazz-comeca-na-quinta-feira-11/#breadcrumb"},"inLanguage":"pt-BR","potentialAction":[{"@type":"ReadAction","target":["https://deputadotaveirajr.com.br/index.php/etapa-natal-do-circuito-food-jazz-comeca-na-quinta-feira-11/"]}]},{"@type":"ImageObject","inLanguage":"pt-BR","@id":"https://deputadotaveirajr.com.br/index.php/etapa-natal-do-circuito-food-jazz-comeca-na-quinta-feira-11/#primaryimage","url":"https://deputadotaveirajr.com.br/wp-content/uploads/2024/04/circuito-3-lZeCP4-scaled.jpeg","contentUrl":"https://deputadotaveirajr.com.br/wp-content/uploads/2024/04/circuito-3-lZeCP4-scaled.jpeg","width":2560,"height":1702},{"@type":"BreadcrumbList","@id":"https://deputadotaveirajr.com.br/index.php/etapa-natal-do-circuito-food-jazz-comeca-na-quinta-feira-11/#breadcrumb","itemListElement":[{"@type":"ListItem","position":1,"name":"Início","item":"https://deputadotaveirajr.com.br/"},{"@type":"ListItem","position":2,"name":"Etapa Natal do Circuito Food &amp; Jazz começa na quinta-feira (11)"}]},{"@type":"WebSite","@id":"https://deputadotaveirajr.com.br/#website","url":"https://deputadotaveirajr.com.br/","name":"Taveira Jr","description":"Deputado Estadual","publisher":{"@id":"https://deputadotaveirajr.com.br/#organization"},"potentialAction":[{"@type":"SearchAction","target":{"@type":"EntryPoint","urlTemplate":"https://deputadotaveirajr.com.br/?s={search_term_string}"},"query-input":{"@type":"PropertyValueSpecification","valueRequired":true,"valueName":"search_term_string"}}],"inLanguage":"pt-BR"},{"@type":"Organization","@id":"https://deputadotaveirajr.com.br/#organization","name":"Taveira Jr","url":"https://deputadotaveirajr.com.br/","logo":{"@type":"ImageObject","inLanguage":"pt-BR","@id":"https://deputadotaveirajr.com.br/#/schema/logo/image/","url":"https://deputadotaveirajr.com.br/wp-content/uploads/2026/01/logolow2a.png","contentUrl":"https://deputadotaveirajr.com.br/wp-content/uploads/2026/01/logolow2a.png","width":290,"height":80,"caption":"Taveira Jr"},"image":{"@id":"https://deputadotaveirajr.com.br/#/schema/logo/image/"}}]}</script>
<!-- / Yoast SEO plugin. -->

Etapa Natal do Circuito Food &amp; Jazz começa na quinta-feira (11) - Taveira Jr

Estabelecimentos da capital oferecem pratos com preços promocionais. Arena montada em Ponta Negra contará com Cozinha Show e apresentações musicais nos dias 19 e 20. Etapa Natal do Circuito Food ...

Início
