{"id":5181,"date":"2024-04-08T13:46:36","date_gmt":"2024-04-08T16:46:36","guid":{"rendered":"https:\/\/deputadotaveirajr.com.br\/?page_id=5181"},"modified":"2024-04-08T13:46:36","modified_gmt":"2024-04-08T16:46:36","slug":"gerente-obrigada-a-andar-sobre-brasa-quente-por-nao-cumprir-meta-ganha-acao-na-justica-contra-empresa-no-rn","status":"publish","type":"page","link":"https:\/\/deputadotaveirajr.com.br\/index.php\/gerente-obrigada-a-andar-sobre-brasa-quente-por-nao-cumprir-meta-ganha-acao-na-justica-contra-empresa-no-rn\/","title":{"rendered":"Gerente obrigada a andar sobre brasa quente por n\u00e3o cumprir meta ganha a\u00e7\u00e3o na Justi\u00e7a contra empresa no RN"},"content":{"rendered":"<p>     De acordo com a a\u00e7\u00e3o, funcion\u00e1ria era submetida a tratamento degradante e vexat\u00f3rio durante treinamentos motivacionais promovidos pela empresa.  Tribunal Regional do Trabalho (TRT) da 21\u00aa Regi\u00e3o &#8211; Natal, RN<br \/>\nDivulga\u00e7\u00e3o\/TRT<br \/>\nUma loja de enxovais foi condenada pelo Tribunal Regional do Trabalho (TRT-RN) a pagar R$ 50 mil de indeniza\u00e7\u00e3o por danos morais a uma ex-gerente submetida a &#8220;tratamento degradante e vexat\u00f3rio durante treinamentos motivacionais promovidos pela empresa&#8221;.<br \/>\nDe acordo com o TRT, entre esses treinamentos impostos aos empregados estava andar sobre um caminho de carv\u00e3o de brasa quente.<br \/>\nNa a\u00e7\u00e3o que tramita na 5\u00aa Vara do Trabalho de Natal, a ex-gerente explica que trabalhou na empresa a partir de julho 2009, inicialmente como assistente de vendas e, depois, foi promovida a gerente de loja. Ela foi demitida sem justa causa, em julho de 2021.<br \/>\nSegundo relato na a\u00e7\u00e3o trabalhista, em um treinamento os gerentes ficaram tr\u00eas dias incomunic\u00e1veis em uma fazenda de propriedade do dono da empresa e foram obrigados a andar descal\u00e7os sobre brasas quentes e gritar \u201cfire walker\u201d (caminhante do fogo) ao final da caminhada.<br \/>\nSegundo a ex-gerente, em outro treinamento foi realizado um jogo denominado Meta ou Morte. Nele, os gerentes passaram a noite acordados e amarrados pelos pulsos uns dos outros, procurando pistas em um jogo de ca\u00e7a ao tesouro, num lugar ermo, no meio do mato, ouvindo gritos e xingamentos depreciando o desempenho funcional da gerente.<br \/>\nDe acordo com a funcion\u00e1ria, o dono da empresa chegou a colocar pessoalmente uma cruz no local da reuni\u00e3o e afirmar que o gerente que n\u00e3o batesse a meta teria seu nome colocado na cruz, simbolizando que aquela pessoa \u201cmorreu\u201d para a empresa.<br \/>\nSegundo a ex-gerente, em outra atividade, a equipe deveria ficar sentada, sem falar, olhar pro lado ou tocar o encosto da cadeira, sob pena de receber um balde de \u00e1gua na cabe\u00e7a.<br \/>\nO Tribunal Regional do Trabalho informou que testemunhas ouvidas durante o processo atestaram que a ex-gerente era, de fato, exposta a situa\u00e7\u00f5es vexat\u00f3rias nos \u201ctreinamentos motivacionais\u201d promovidos pela empresa.<br \/>\nA empresa, no entanto, contestou a ex-gerente alegando que a empresa \u201cn\u00e3o pratica abusos de ordem moral no trato com seus funcion\u00e1rios, zelando pela \u00e9tica, bons costumes e sem exageros ou constrangimentos\u201d.<br \/>\nA empresa recorreu da decis\u00e3o ao TRT-RN, mas o recurso foi negado. O juiz convocado D\u00e9cio Teixeira de Carvalho Junior avaliou que houve \u201cextrapola\u00e7\u00e3o do espa\u00e7o de liberdade patronal que lhe \u00e9 conferido pelo poder diretivo, configurando-se conduta abusiva, que d\u00e1 ensejo \u00e0 repara\u00e7\u00e3o civil pela m\u00e1cula aos atributos da dignidade da pessoa humana do empregado\u201d.<br \/>\nO magistrado concluiu que, \u201cpor toda prova produzida, restaram comprovados excessos do empregador, visto que suas atitudes configuram verdadeiras amea\u00e7as ao emprego da autora\u201d.<br \/>\nBaseado nesse fato, o juiz convocado manteve a indeniza\u00e7\u00e3o por danos morais em favor da ex-gerente no valor de R$ 50 mil e foi acompanhado, \u00e0 unanimidade, pelos desembargadores da Primeira Turma.<br \/>\nV\u00cdDEOS: Mais vistos do RN nos \u00faltimos 7 dias<\/p>","protected":false},"excerpt":{"rendered":"<p>De acordo com a a\u00e7\u00e3o, funcion\u00e1ria era submetida a tratamento degradante e vexat\u00f3rio durante treinamentos motivacionais promovidos pela empresa. Tribunal Regional do Trabalho (TRT) da 21\u00aa Regi\u00e3o &#8211; Natal, RN &#8230;<\/p>\n","protected":false},"author":0,"featured_media":5182,"parent":0,"menu_order":0,"comment_status":"closed","ping_status":"closed","template":"","meta":{"footnotes":""},"class_list":["post-5181","page","type-page","status-publish","has-post-thumbnail","hentry"],"yoast_head":"<!-- This site is optimized with the Yoast SEO plugin v27.1.1 - https:\/\/yoast.com\/product\/yoast-seo-wordpress\/ -->\n<title>Gerente obrigada a andar sobre brasa quente por n\u00e3o cumprir meta ganha a\u00e7\u00e3o na Justi\u00e7a contra empresa no RN - Taveira Jr<\/title>\n<meta name=\"robots\" content=\"index, follow, max-snippet:-1, max-image-preview:large, max-video-preview:-1\" \/>\n<link rel=\"canonical\" href=\"https:\/\/deputadotaveirajr.com.br\/index.php\/gerente-obrigada-a-andar-sobre-brasa-quente-por-nao-cumprir-meta-ganha-acao-na-justica-contra-empresa-no-rn\/\" \/>\n<meta property=\"og:locale\" content=\"pt_BR\" \/>\n<meta property=\"og:type\" content=\"article\" \/>\n<meta property=\"og:title\" content=\"Gerente obrigada a andar sobre brasa quente por n\u00e3o cumprir meta ganha a\u00e7\u00e3o na Justi\u00e7a contra empresa no RN - Taveira Jr\" \/>\n<meta property=\"og:description\" content=\"De acordo com a a\u00e7\u00e3o, funcion\u00e1ria era submetida a tratamento degradante e vexat\u00f3rio durante treinamentos motivacionais promovidos pela empresa. Tribunal Regional do Trabalho (TRT) da 21\u00aa Regi\u00e3o &#8211; Natal, RN ...\" \/>\n<meta property=\"og:url\" content=\"https:\/\/deputadotaveirajr.com.br\/index.php\/gerente-obrigada-a-andar-sobre-brasa-quente-por-nao-cumprir-meta-ganha-acao-na-justica-contra-empresa-no-rn\/\" \/>\n<meta property=\"og:site_name\" content=\"Taveira Jr\" \/>\n<meta property=\"og:image\" content=\"https:\/\/deputadotaveirajr.com.br\/wp-content\/uploads\/2024\/04\/design-sem-nome-68-Vr9M5T.jpeg\" \/>\n\t<meta property=\"og:image:width\" content=\"1920\" \/>\n\t<meta property=\"og:image:height\" content=\"1080\" \/>\n\t<meta property=\"og:image:type\" content=\"image\/jpeg\" \/>\n<meta name=\"twitter:card\" content=\"summary_large_image\" \/>\n<meta name=\"twitter:label1\" content=\"Est. tempo de leitura\" \/>\n\t<meta name=\"twitter:data1\" content=\"3 minutos\" \/>\n<script type=\"application\/ld+json\" class=\"yoast-schema-graph\">{\"@context\":\"https:\/\/schema.org\",\"@graph\":[{\"@type\":\"WebPage\",\"@id\":\"https:\/\/deputadotaveirajr.com.br\/index.php\/gerente-obrigada-a-andar-sobre-brasa-quente-por-nao-cumprir-meta-ganha-acao-na-justica-contra-empresa-no-rn\/\",\"url\":\"https:\/\/deputadotaveirajr.com.br\/index.php\/gerente-obrigada-a-andar-sobre-brasa-quente-por-nao-cumprir-meta-ganha-acao-na-justica-contra-empresa-no-rn\/\",\"name\":\"Gerente obrigada a andar sobre brasa quente por n\u00e3o cumprir meta ganha a\u00e7\u00e3o na Justi\u00e7a contra empresa no RN - Taveira Jr\",\"isPartOf\":{\"@id\":\"https:\/\/deputadotaveirajr.com.br\/#website\"},\"primaryImageOfPage\":{\"@id\":\"https:\/\/deputadotaveirajr.com.br\/index.php\/gerente-obrigada-a-andar-sobre-brasa-quente-por-nao-cumprir-meta-ganha-acao-na-justica-contra-empresa-no-rn\/#primaryimage\"},\"image\":{\"@id\":\"https:\/\/deputadotaveirajr.com.br\/index.php\/gerente-obrigada-a-andar-sobre-brasa-quente-por-nao-cumprir-meta-ganha-acao-na-justica-contra-empresa-no-rn\/#primaryimage\"},\"thumbnailUrl\":\"https:\/\/deputadotaveirajr.com.br\/wp-content\/uploads\/2024\/04\/design-sem-nome-68-Vr9M5T.jpeg\",\"datePublished\":\"2024-04-08T16:46:36+00:00\",\"breadcrumb\":{\"@id\":\"https:\/\/deputadotaveirajr.com.br\/index.php\/gerente-obrigada-a-andar-sobre-brasa-quente-por-nao-cumprir-meta-ganha-acao-na-justica-contra-empresa-no-rn\/#breadcrumb\"},\"inLanguage\":\"pt-BR\",\"potentialAction\":[{\"@type\":\"ReadAction\",\"target\":[\"https:\/\/deputadotaveirajr.com.br\/index.php\/gerente-obrigada-a-andar-sobre-brasa-quente-por-nao-cumprir-meta-ganha-acao-na-justica-contra-empresa-no-rn\/\"]}]},{\"@type\":\"ImageObject\",\"inLanguage\":\"pt-BR\",\"@id\":\"https:\/\/deputadotaveirajr.com.br\/index.php\/gerente-obrigada-a-andar-sobre-brasa-quente-por-nao-cumprir-meta-ganha-acao-na-justica-contra-empresa-no-rn\/#primaryimage\",\"url\":\"https:\/\/deputadotaveirajr.com.br\/wp-content\/uploads\/2024\/04\/design-sem-nome-68-Vr9M5T.jpeg\",\"contentUrl\":\"https:\/\/deputadotaveirajr.com.br\/wp-content\/uploads\/2024\/04\/design-sem-nome-68-Vr9M5T.jpeg\",\"width\":1920,\"height\":1080},{\"@type\":\"BreadcrumbList\",\"@id\":\"https:\/\/deputadotaveirajr.com.br\/index.php\/gerente-obrigada-a-andar-sobre-brasa-quente-por-nao-cumprir-meta-ganha-acao-na-justica-contra-empresa-no-rn\/#breadcrumb\",\"itemListElement\":[{\"@type\":\"ListItem\",\"position\":1,\"name\":\"In\u00edcio\",\"item\":\"https:\/\/deputadotaveirajr.com.br\/\"},{\"@type\":\"ListItem\",\"position\":2,\"name\":\"Gerente obrigada a andar sobre brasa quente por n\u00e3o cumprir meta ganha a\u00e7\u00e3o na Justi\u00e7a contra empresa no RN\"}]},{\"@type\":\"WebSite\",\"@id\":\"https:\/\/deputadotaveirajr.com.br\/#website\",\"url\":\"https:\/\/deputadotaveirajr.com.br\/\",\"name\":\"Taveira Jr\",\"description\":\"Deputado Estadual\",\"publisher\":{\"@id\":\"https:\/\/deputadotaveirajr.com.br\/#organization\"},\"potentialAction\":[{\"@type\":\"SearchAction\",\"target\":{\"@type\":\"EntryPoint\",\"urlTemplate\":\"https:\/\/deputadotaveirajr.com.br\/?s={search_term_string}\"},\"query-input\":{\"@type\":\"PropertyValueSpecification\",\"valueRequired\":true,\"valueName\":\"search_term_string\"}}],\"inLanguage\":\"pt-BR\"},{\"@type\":\"Organization\",\"@id\":\"https:\/\/deputadotaveirajr.com.br\/#organization\",\"name\":\"Taveira Jr\",\"url\":\"https:\/\/deputadotaveirajr.com.br\/\",\"logo\":{\"@type\":\"ImageObject\",\"inLanguage\":\"pt-BR\",\"@id\":\"https:\/\/deputadotaveirajr.com.br\/#\/schema\/logo\/image\/\",\"url\":\"https:\/\/deputadotaveirajr.com.br\/wp-content\/uploads\/2026\/01\/logolow2a.png\",\"contentUrl\":\"https:\/\/deputadotaveirajr.com.br\/wp-content\/uploads\/2026\/01\/logolow2a.png\",\"width\":290,\"height\":80,\"caption\":\"Taveira Jr\"},\"image\":{\"@id\":\"https:\/\/deputadotaveirajr.com.br\/#\/schema\/logo\/image\/\"}}]}<\/script>\n<!-- \/ Yoast SEO plugin. -->","yoast_head_json":{"title":"Gerente obrigada a andar sobre brasa quente por n\u00e3o cumprir meta ganha a\u00e7\u00e3o na Justi\u00e7a contra empresa no RN - Taveira Jr","robots":{"index":"index","follow":"follow","max-snippet":"max-snippet:-1","max-image-preview":"max-image-preview:large","max-video-preview":"max-video-preview:-1"},"canonical":"https:\/\/deputadotaveirajr.com.br\/index.php\/gerente-obrigada-a-andar-sobre-brasa-quente-por-nao-cumprir-meta-ganha-acao-na-justica-contra-empresa-no-rn\/","og_locale":"pt_BR","og_type":"article","og_title":"Gerente obrigada a andar sobre brasa quente por n\u00e3o cumprir meta ganha a\u00e7\u00e3o na Justi\u00e7a contra empresa no RN - Taveira Jr","og_description":"De acordo com a a\u00e7\u00e3o, funcion\u00e1ria era submetida a tratamento degradante e vexat\u00f3rio durante treinamentos motivacionais promovidos pela empresa. Tribunal Regional do Trabalho (TRT) da 21\u00aa Regi\u00e3o &#8211; Natal, RN ...","og_url":"https:\/\/deputadotaveirajr.com.br\/index.php\/gerente-obrigada-a-andar-sobre-brasa-quente-por-nao-cumprir-meta-ganha-acao-na-justica-contra-empresa-no-rn\/","og_site_name":"Taveira Jr","og_image":[{"width":1920,"height":1080,"url":"https:\/\/deputadotaveirajr.com.br\/wp-content\/uploads\/2024\/04\/design-sem-nome-68-Vr9M5T.jpeg","type":"image\/jpeg"}],"twitter_card":"summary_large_image","twitter_misc":{"Est. tempo de leitura":"3 minutos"},"schema":{"@context":"https:\/\/schema.org","@graph":[{"@type":"WebPage","@id":"https:\/\/deputadotaveirajr.com.br\/index.php\/gerente-obrigada-a-andar-sobre-brasa-quente-por-nao-cumprir-meta-ganha-acao-na-justica-contra-empresa-no-rn\/","url":"https:\/\/deputadotaveirajr.com.br\/index.php\/gerente-obrigada-a-andar-sobre-brasa-quente-por-nao-cumprir-meta-ganha-acao-na-justica-contra-empresa-no-rn\/","name":"Gerente obrigada a andar sobre brasa quente por n\u00e3o cumprir meta ganha a\u00e7\u00e3o na Justi\u00e7a contra empresa no RN - Taveira Jr","isPartOf":{"@id":"https:\/\/deputadotaveirajr.com.br\/#website"},"primaryImageOfPage":{"@id":"https:\/\/deputadotaveirajr.com.br\/index.php\/gerente-obrigada-a-andar-sobre-brasa-quente-por-nao-cumprir-meta-ganha-acao-na-justica-contra-empresa-no-rn\/#primaryimage"},"image":{"@id":"https:\/\/deputadotaveirajr.com.br\/index.php\/gerente-obrigada-a-andar-sobre-brasa-quente-por-nao-cumprir-meta-ganha-acao-na-justica-contra-empresa-no-rn\/#primaryimage"},"thumbnailUrl":"https:\/\/deputadotaveirajr.com.br\/wp-content\/uploads\/2024\/04\/design-sem-nome-68-Vr9M5T.jpeg","datePublished":"2024-04-08T16:46:36+00:00","breadcrumb":{"@id":"https:\/\/deputadotaveirajr.com.br\/index.php\/gerente-obrigada-a-andar-sobre-brasa-quente-por-nao-cumprir-meta-ganha-acao-na-justica-contra-empresa-no-rn\/#breadcrumb"},"inLanguage":"pt-BR","potentialAction":[{"@type":"ReadAction","target":["https:\/\/deputadotaveirajr.com.br\/index.php\/gerente-obrigada-a-andar-sobre-brasa-quente-por-nao-cumprir-meta-ganha-acao-na-justica-contra-empresa-no-rn\/"]}]},{"@type":"ImageObject","inLanguage":"pt-BR","@id":"https:\/\/deputadotaveirajr.com.br\/index.php\/gerente-obrigada-a-andar-sobre-brasa-quente-por-nao-cumprir-meta-ganha-acao-na-justica-contra-empresa-no-rn\/#primaryimage","url":"https:\/\/deputadotaveirajr.com.br\/wp-content\/uploads\/2024\/04\/design-sem-nome-68-Vr9M5T.jpeg","contentUrl":"https:\/\/deputadotaveirajr.com.br\/wp-content\/uploads\/2024\/04\/design-sem-nome-68-Vr9M5T.jpeg","width":1920,"height":1080},{"@type":"BreadcrumbList","@id":"https:\/\/deputadotaveirajr.com.br\/index.php\/gerente-obrigada-a-andar-sobre-brasa-quente-por-nao-cumprir-meta-ganha-acao-na-justica-contra-empresa-no-rn\/#breadcrumb","itemListElement":[{"@type":"ListItem","position":1,"name":"In\u00edcio","item":"https:\/\/deputadotaveirajr.com.br\/"},{"@type":"ListItem","position":2,"name":"Gerente obrigada a andar sobre brasa quente por n\u00e3o cumprir meta ganha a\u00e7\u00e3o na Justi\u00e7a contra empresa no RN"}]},{"@type":"WebSite","@id":"https:\/\/deputadotaveirajr.com.br\/#website","url":"https:\/\/deputadotaveirajr.com.br\/","name":"Taveira Jr","description":"Deputado Estadual","publisher":{"@id":"https:\/\/deputadotaveirajr.com.br\/#organization"},"potentialAction":[{"@type":"SearchAction","target":{"@type":"EntryPoint","urlTemplate":"https:\/\/deputadotaveirajr.com.br\/?s={search_term_string}"},"query-input":{"@type":"PropertyValueSpecification","valueRequired":true,"valueName":"search_term_string"}}],"inLanguage":"pt-BR"},{"@type":"Organization","@id":"https:\/\/deputadotaveirajr.com.br\/#organization","name":"Taveira Jr","url":"https:\/\/deputadotaveirajr.com.br\/","logo":{"@type":"ImageObject","inLanguage":"pt-BR","@id":"https:\/\/deputadotaveirajr.com.br\/#\/schema\/logo\/image\/","url":"https:\/\/deputadotaveirajr.com.br\/wp-content\/uploads\/2026\/01\/logolow2a.png","contentUrl":"https:\/\/deputadotaveirajr.com.br\/wp-content\/uploads\/2026\/01\/logolow2a.png","width":290,"height":80,"caption":"Taveira Jr"},"image":{"@id":"https:\/\/deputadotaveirajr.com.br\/#\/schema\/logo\/image\/"}}]}},"_links":{"self":[{"href":"https:\/\/deputadotaveirajr.com.br\/index.php\/wp-json\/wp\/v2\/pages\/5181","targetHints":{"allow":["GET"]}}],"collection":[{"href":"https:\/\/deputadotaveirajr.com.br\/index.php\/wp-json\/wp\/v2\/pages"}],"about":[{"href":"https:\/\/deputadotaveirajr.com.br\/index.php\/wp-json\/wp\/v2\/types\/page"}],"replies":[{"embeddable":true,"href":"https:\/\/deputadotaveirajr.com.br\/index.php\/wp-json\/wp\/v2\/comments?post=5181"}],"version-history":[{"count":1,"href":"https:\/\/deputadotaveirajr.com.br\/index.php\/wp-json\/wp\/v2\/pages\/5181\/revisions"}],"predecessor-version":[{"id":5185,"href":"https:\/\/deputadotaveirajr.com.br\/index.php\/wp-json\/wp\/v2\/pages\/5181\/revisions\/5185"}],"wp:featuredmedia":[{"embeddable":true,"href":"https:\/\/deputadotaveirajr.com.br\/index.php\/wp-json\/wp\/v2\/media\/5182"}],"wp:attachment":[{"href":"https:\/\/deputadotaveirajr.com.br\/index.php\/wp-json\/wp\/v2\/media?parent=5181"}],"curies":[{"name":"wp","href":"https:\/\/api.w.org\/{rel}","templated":true}]}}