{"id":5291,"date":"2024-04-11T16:27:05","date_gmt":"2024-04-11T19:27:05","guid":{"rendered":"https:\/\/deputadotaveirajr.com.br\/?page_id=5291"},"modified":"2024-04-11T16:27:05","modified_gmt":"2024-04-11T19:27:05","slug":"ministerio-da-justica-muda-direcao-da-penitenciaria-federal-de-mossoro-uma-semana-apos-recaptura-de-foragidos","status":"publish","type":"page","link":"https:\/\/deputadotaveirajr.com.br\/index.php\/ministerio-da-justica-muda-direcao-da-penitenciaria-federal-de-mossoro-uma-semana-apos-recaptura-de-foragidos\/","title":{"rendered":"Minist\u00e9rio da Justi\u00e7a muda dire\u00e7\u00e3o da Penitenci\u00e1ria Federal de Mossor\u00f3 uma semana ap\u00f3s recaptura de foragidos"},"content":{"rendered":"<p>     Nomeado como interino logo ap\u00f3s a fuga, Carlos Luis Vieira Pires foi substitu\u00eddo por Roderick Ordakowski nesta quinta-feira (11), segundo o Minist\u00e9rio da Justi\u00e7a.   Viatura da Pol\u00edcia Penal deixa penitenci\u00e1ria federal de Mossor\u00f3<br \/>\nPedro Hugo\/Inter TV Costa Branca<br \/>\nO Minist\u00e9rio da Justi\u00e7a trocou a dire\u00e7\u00e3o da Penitenci\u00e1ria Federal de Mossor\u00f3 nesta quinta-feira (11), uma semana ap\u00f3s a recaptura de Rog\u00e9rio Mendon\u00e7a e Deibson Nascimento, que protagonizarem a primeira fuga da hist\u00f3ria do sistema penitenci\u00e1rio federal.<br \/>\nSegundo a portaria divulgada pelo governo, Carlos Luis Vieira Pires, que foi nomeado como interino em fevereiro, logo ap\u00f3s a fuga, foi trocado na fun\u00e7\u00e3o de diretor substituto por Roderick Ordakowski, que estava na dire\u00e7\u00e3o da Penitenci\u00e1rio de Porto Velho.<br \/>\nNa \u00faltima sexta-feira (5), um dia ap\u00f3s a recaptura dos foragidos, o Minist\u00e9rio da Justi\u00e7a dispensou definitivamente do cargo Humberto Gleydson Fontinele Alencar, que era o diretor da Penitenci\u00e1ria de Mossor\u00f3 e estava afastado desde a fuga da dupla.<br \/>\nJusti\u00e7a solta suspeitos de integrarem rede de apoio a fugitivos da Penitenci\u00e1ria Federal de Mossor\u00f3<br \/>\nMais dois homens apontados como ajudantes dos fugitivos de Mossor\u00f3 s\u00e3o presos no Par\u00e1<br \/>\nNovo diretor, Roderick ingressou no Sistema Penitenci\u00e1rio Federal em 2009 e \u00e9 bacharel em direito, com p\u00f3s-gradua\u00e7\u00f5es na \u00e1rea.<br \/>\nNo curr\u00edculo do servidor, consta participa\u00e7\u00e3o na For\u00e7a-Tarefa de Interven\u00e7\u00e3o Penitenci\u00e1ria que atuou na Penitenci\u00e1ria de Alca\u00e7uz, tamb\u00e9m no Rio Grande do Norte, em 2007.<br \/>\nImagens exclusivas mostram a pris\u00e3o dos fugitivos de Mossor\u00f3<br \/>\nVeja os v\u00eddeos mais assistidos no g1 RN<\/p>","protected":false},"excerpt":{"rendered":"<p>Nomeado como interino logo ap\u00f3s a fuga, Carlos Luis Vieira Pires foi substitu\u00eddo por Roderick Ordakowski nesta quinta-feira (11), segundo o Minist\u00e9rio da Justi\u00e7a. Viatura da Pol\u00edcia Penal deixa penitenci\u00e1ria &#8230;<\/p>\n","protected":false},"author":0,"featured_media":5292,"parent":0,"menu_order":0,"comment_status":"closed","ping_status":"closed","template":"","meta":{"footnotes":""},"class_list":["post-5291","page","type-page","status-publish","has-post-thumbnail","hentry"],"yoast_head":"<!-- This site is optimized with the Yoast SEO plugin v27.1.1 - https:\/\/yoast.com\/product\/yoast-seo-wordpress\/ -->\n<title>Minist\u00e9rio da Justi\u00e7a muda dire\u00e7\u00e3o da Penitenci\u00e1ria Federal de Mossor\u00f3 uma semana ap\u00f3s recaptura de foragidos - Taveira Jr<\/title>\n<meta name=\"robots\" content=\"index, follow, max-snippet:-1, max-image-preview:large, max-video-preview:-1\" \/>\n<link rel=\"canonical\" href=\"https:\/\/deputadotaveirajr.com.br\/index.php\/ministerio-da-justica-muda-direcao-da-penitenciaria-federal-de-mossoro-uma-semana-apos-recaptura-de-foragidos\/\" \/>\n<meta property=\"og:locale\" content=\"pt_BR\" \/>\n<meta property=\"og:type\" content=\"article\" \/>\n<meta property=\"og:title\" content=\"Minist\u00e9rio da Justi\u00e7a muda dire\u00e7\u00e3o da Penitenci\u00e1ria Federal de Mossor\u00f3 uma semana ap\u00f3s recaptura de foragidos - Taveira Jr\" \/>\n<meta property=\"og:description\" content=\"Nomeado como interino logo ap\u00f3s a fuga, Carlos Luis Vieira Pires foi substitu\u00eddo por Roderick Ordakowski nesta quinta-feira (11), segundo o Minist\u00e9rio da Justi\u00e7a. Viatura da Pol\u00edcia Penal deixa penitenci\u00e1ria ...\" \/>\n<meta property=\"og:url\" content=\"https:\/\/deputadotaveirajr.com.br\/index.php\/ministerio-da-justica-muda-direcao-da-penitenciaria-federal-de-mossoro-uma-semana-apos-recaptura-de-foragidos\/\" \/>\n<meta property=\"og:site_name\" content=\"Taveira Jr\" \/>\n<meta property=\"og:image\" content=\"https:\/\/deputadotaveirajr.com.br\/wp-content\/uploads\/2024\/04\/presidio-federal-VRDDyg.jpeg\" \/>\n\t<meta property=\"og:image:width\" content=\"1327\" \/>\n\t<meta property=\"og:image:height\" content=\"767\" \/>\n\t<meta property=\"og:image:type\" content=\"image\/jpeg\" \/>\n<meta name=\"twitter:card\" content=\"summary_large_image\" \/>\n<meta name=\"twitter:label1\" content=\"Est. tempo de leitura\" \/>\n\t<meta name=\"twitter:data1\" content=\"1 minuto\" \/>\n<script type=\"application\/ld+json\" class=\"yoast-schema-graph\">{\"@context\":\"https:\/\/schema.org\",\"@graph\":[{\"@type\":\"WebPage\",\"@id\":\"https:\/\/deputadotaveirajr.com.br\/index.php\/ministerio-da-justica-muda-direcao-da-penitenciaria-federal-de-mossoro-uma-semana-apos-recaptura-de-foragidos\/\",\"url\":\"https:\/\/deputadotaveirajr.com.br\/index.php\/ministerio-da-justica-muda-direcao-da-penitenciaria-federal-de-mossoro-uma-semana-apos-recaptura-de-foragidos\/\",\"name\":\"Minist\u00e9rio da Justi\u00e7a muda dire\u00e7\u00e3o da Penitenci\u00e1ria Federal de Mossor\u00f3 uma semana ap\u00f3s recaptura de foragidos - Taveira Jr\",\"isPartOf\":{\"@id\":\"https:\/\/deputadotaveirajr.com.br\/#website\"},\"primaryImageOfPage\":{\"@id\":\"https:\/\/deputadotaveirajr.com.br\/index.php\/ministerio-da-justica-muda-direcao-da-penitenciaria-federal-de-mossoro-uma-semana-apos-recaptura-de-foragidos\/#primaryimage\"},\"image\":{\"@id\":\"https:\/\/deputadotaveirajr.com.br\/index.php\/ministerio-da-justica-muda-direcao-da-penitenciaria-federal-de-mossoro-uma-semana-apos-recaptura-de-foragidos\/#primaryimage\"},\"thumbnailUrl\":\"https:\/\/deputadotaveirajr.com.br\/wp-content\/uploads\/2024\/04\/presidio-federal-VRDDyg.jpeg\",\"datePublished\":\"2024-04-11T19:27:05+00:00\",\"breadcrumb\":{\"@id\":\"https:\/\/deputadotaveirajr.com.br\/index.php\/ministerio-da-justica-muda-direcao-da-penitenciaria-federal-de-mossoro-uma-semana-apos-recaptura-de-foragidos\/#breadcrumb\"},\"inLanguage\":\"pt-BR\",\"potentialAction\":[{\"@type\":\"ReadAction\",\"target\":[\"https:\/\/deputadotaveirajr.com.br\/index.php\/ministerio-da-justica-muda-direcao-da-penitenciaria-federal-de-mossoro-uma-semana-apos-recaptura-de-foragidos\/\"]}]},{\"@type\":\"ImageObject\",\"inLanguage\":\"pt-BR\",\"@id\":\"https:\/\/deputadotaveirajr.com.br\/index.php\/ministerio-da-justica-muda-direcao-da-penitenciaria-federal-de-mossoro-uma-semana-apos-recaptura-de-foragidos\/#primaryimage\",\"url\":\"https:\/\/deputadotaveirajr.com.br\/wp-content\/uploads\/2024\/04\/presidio-federal-VRDDyg.jpeg\",\"contentUrl\":\"https:\/\/deputadotaveirajr.com.br\/wp-content\/uploads\/2024\/04\/presidio-federal-VRDDyg.jpeg\",\"width\":1327,\"height\":767},{\"@type\":\"BreadcrumbList\",\"@id\":\"https:\/\/deputadotaveirajr.com.br\/index.php\/ministerio-da-justica-muda-direcao-da-penitenciaria-federal-de-mossoro-uma-semana-apos-recaptura-de-foragidos\/#breadcrumb\",\"itemListElement\":[{\"@type\":\"ListItem\",\"position\":1,\"name\":\"In\u00edcio\",\"item\":\"https:\/\/deputadotaveirajr.com.br\/\"},{\"@type\":\"ListItem\",\"position\":2,\"name\":\"Minist\u00e9rio da Justi\u00e7a muda dire\u00e7\u00e3o da Penitenci\u00e1ria Federal de Mossor\u00f3 uma semana ap\u00f3s recaptura de foragidos\"}]},{\"@type\":\"WebSite\",\"@id\":\"https:\/\/deputadotaveirajr.com.br\/#website\",\"url\":\"https:\/\/deputadotaveirajr.com.br\/\",\"name\":\"Taveira Jr\",\"description\":\"Deputado Estadual\",\"publisher\":{\"@id\":\"https:\/\/deputadotaveirajr.com.br\/#organization\"},\"potentialAction\":[{\"@type\":\"SearchAction\",\"target\":{\"@type\":\"EntryPoint\",\"urlTemplate\":\"https:\/\/deputadotaveirajr.com.br\/?s={search_term_string}\"},\"query-input\":{\"@type\":\"PropertyValueSpecification\",\"valueRequired\":true,\"valueName\":\"search_term_string\"}}],\"inLanguage\":\"pt-BR\"},{\"@type\":\"Organization\",\"@id\":\"https:\/\/deputadotaveirajr.com.br\/#organization\",\"name\":\"Taveira Jr\",\"url\":\"https:\/\/deputadotaveirajr.com.br\/\",\"logo\":{\"@type\":\"ImageObject\",\"inLanguage\":\"pt-BR\",\"@id\":\"https:\/\/deputadotaveirajr.com.br\/#\/schema\/logo\/image\/\",\"url\":\"https:\/\/deputadotaveirajr.com.br\/wp-content\/uploads\/2026\/01\/logolow2a.png\",\"contentUrl\":\"https:\/\/deputadotaveirajr.com.br\/wp-content\/uploads\/2026\/01\/logolow2a.png\",\"width\":290,\"height\":80,\"caption\":\"Taveira Jr\"},\"image\":{\"@id\":\"https:\/\/deputadotaveirajr.com.br\/#\/schema\/logo\/image\/\"}}]}<\/script>\n<!-- \/ Yoast SEO plugin. -->","yoast_head_json":{"title":"Minist\u00e9rio da Justi\u00e7a muda dire\u00e7\u00e3o da Penitenci\u00e1ria Federal de Mossor\u00f3 uma semana ap\u00f3s recaptura de foragidos - Taveira Jr","robots":{"index":"index","follow":"follow","max-snippet":"max-snippet:-1","max-image-preview":"max-image-preview:large","max-video-preview":"max-video-preview:-1"},"canonical":"https:\/\/deputadotaveirajr.com.br\/index.php\/ministerio-da-justica-muda-direcao-da-penitenciaria-federal-de-mossoro-uma-semana-apos-recaptura-de-foragidos\/","og_locale":"pt_BR","og_type":"article","og_title":"Minist\u00e9rio da Justi\u00e7a muda dire\u00e7\u00e3o da Penitenci\u00e1ria Federal de Mossor\u00f3 uma semana ap\u00f3s recaptura de foragidos - Taveira Jr","og_description":"Nomeado como interino logo ap\u00f3s a fuga, Carlos Luis Vieira Pires foi substitu\u00eddo por Roderick Ordakowski nesta quinta-feira (11), segundo o Minist\u00e9rio da Justi\u00e7a. Viatura da Pol\u00edcia Penal deixa penitenci\u00e1ria ...","og_url":"https:\/\/deputadotaveirajr.com.br\/index.php\/ministerio-da-justica-muda-direcao-da-penitenciaria-federal-de-mossoro-uma-semana-apos-recaptura-de-foragidos\/","og_site_name":"Taveira Jr","og_image":[{"width":1327,"height":767,"url":"https:\/\/deputadotaveirajr.com.br\/wp-content\/uploads\/2024\/04\/presidio-federal-VRDDyg.jpeg","type":"image\/jpeg"}],"twitter_card":"summary_large_image","twitter_misc":{"Est. tempo de leitura":"1 minuto"},"schema":{"@context":"https:\/\/schema.org","@graph":[{"@type":"WebPage","@id":"https:\/\/deputadotaveirajr.com.br\/index.php\/ministerio-da-justica-muda-direcao-da-penitenciaria-federal-de-mossoro-uma-semana-apos-recaptura-de-foragidos\/","url":"https:\/\/deputadotaveirajr.com.br\/index.php\/ministerio-da-justica-muda-direcao-da-penitenciaria-federal-de-mossoro-uma-semana-apos-recaptura-de-foragidos\/","name":"Minist\u00e9rio da Justi\u00e7a muda dire\u00e7\u00e3o da Penitenci\u00e1ria Federal de Mossor\u00f3 uma semana ap\u00f3s recaptura de foragidos - Taveira Jr","isPartOf":{"@id":"https:\/\/deputadotaveirajr.com.br\/#website"},"primaryImageOfPage":{"@id":"https:\/\/deputadotaveirajr.com.br\/index.php\/ministerio-da-justica-muda-direcao-da-penitenciaria-federal-de-mossoro-uma-semana-apos-recaptura-de-foragidos\/#primaryimage"},"image":{"@id":"https:\/\/deputadotaveirajr.com.br\/index.php\/ministerio-da-justica-muda-direcao-da-penitenciaria-federal-de-mossoro-uma-semana-apos-recaptura-de-foragidos\/#primaryimage"},"thumbnailUrl":"https:\/\/deputadotaveirajr.com.br\/wp-content\/uploads\/2024\/04\/presidio-federal-VRDDyg.jpeg","datePublished":"2024-04-11T19:27:05+00:00","breadcrumb":{"@id":"https:\/\/deputadotaveirajr.com.br\/index.php\/ministerio-da-justica-muda-direcao-da-penitenciaria-federal-de-mossoro-uma-semana-apos-recaptura-de-foragidos\/#breadcrumb"},"inLanguage":"pt-BR","potentialAction":[{"@type":"ReadAction","target":["https:\/\/deputadotaveirajr.com.br\/index.php\/ministerio-da-justica-muda-direcao-da-penitenciaria-federal-de-mossoro-uma-semana-apos-recaptura-de-foragidos\/"]}]},{"@type":"ImageObject","inLanguage":"pt-BR","@id":"https:\/\/deputadotaveirajr.com.br\/index.php\/ministerio-da-justica-muda-direcao-da-penitenciaria-federal-de-mossoro-uma-semana-apos-recaptura-de-foragidos\/#primaryimage","url":"https:\/\/deputadotaveirajr.com.br\/wp-content\/uploads\/2024\/04\/presidio-federal-VRDDyg.jpeg","contentUrl":"https:\/\/deputadotaveirajr.com.br\/wp-content\/uploads\/2024\/04\/presidio-federal-VRDDyg.jpeg","width":1327,"height":767},{"@type":"BreadcrumbList","@id":"https:\/\/deputadotaveirajr.com.br\/index.php\/ministerio-da-justica-muda-direcao-da-penitenciaria-federal-de-mossoro-uma-semana-apos-recaptura-de-foragidos\/#breadcrumb","itemListElement":[{"@type":"ListItem","position":1,"name":"In\u00edcio","item":"https:\/\/deputadotaveirajr.com.br\/"},{"@type":"ListItem","position":2,"name":"Minist\u00e9rio da Justi\u00e7a muda dire\u00e7\u00e3o da Penitenci\u00e1ria Federal de Mossor\u00f3 uma semana ap\u00f3s recaptura de foragidos"}]},{"@type":"WebSite","@id":"https:\/\/deputadotaveirajr.com.br\/#website","url":"https:\/\/deputadotaveirajr.com.br\/","name":"Taveira Jr","description":"Deputado Estadual","publisher":{"@id":"https:\/\/deputadotaveirajr.com.br\/#organization"},"potentialAction":[{"@type":"SearchAction","target":{"@type":"EntryPoint","urlTemplate":"https:\/\/deputadotaveirajr.com.br\/?s={search_term_string}"},"query-input":{"@type":"PropertyValueSpecification","valueRequired":true,"valueName":"search_term_string"}}],"inLanguage":"pt-BR"},{"@type":"Organization","@id":"https:\/\/deputadotaveirajr.com.br\/#organization","name":"Taveira Jr","url":"https:\/\/deputadotaveirajr.com.br\/","logo":{"@type":"ImageObject","inLanguage":"pt-BR","@id":"https:\/\/deputadotaveirajr.com.br\/#\/schema\/logo\/image\/","url":"https:\/\/deputadotaveirajr.com.br\/wp-content\/uploads\/2026\/01\/logolow2a.png","contentUrl":"https:\/\/deputadotaveirajr.com.br\/wp-content\/uploads\/2026\/01\/logolow2a.png","width":290,"height":80,"caption":"Taveira Jr"},"image":{"@id":"https:\/\/deputadotaveirajr.com.br\/#\/schema\/logo\/image\/"}}]}},"_links":{"self":[{"href":"https:\/\/deputadotaveirajr.com.br\/index.php\/wp-json\/wp\/v2\/pages\/5291","targetHints":{"allow":["GET"]}}],"collection":[{"href":"https:\/\/deputadotaveirajr.com.br\/index.php\/wp-json\/wp\/v2\/pages"}],"about":[{"href":"https:\/\/deputadotaveirajr.com.br\/index.php\/wp-json\/wp\/v2\/types\/page"}],"replies":[{"embeddable":true,"href":"https:\/\/deputadotaveirajr.com.br\/index.php\/wp-json\/wp\/v2\/comments?post=5291"}],"version-history":[{"count":1,"href":"https:\/\/deputadotaveirajr.com.br\/index.php\/wp-json\/wp\/v2\/pages\/5291\/revisions"}],"predecessor-version":[{"id":5300,"href":"https:\/\/deputadotaveirajr.com.br\/index.php\/wp-json\/wp\/v2\/pages\/5291\/revisions\/5300"}],"wp:featuredmedia":[{"embeddable":true,"href":"https:\/\/deputadotaveirajr.com.br\/index.php\/wp-json\/wp\/v2\/media\/5292"}],"wp:attachment":[{"href":"https:\/\/deputadotaveirajr.com.br\/index.php\/wp-json\/wp\/v2\/media?parent=5291"}],"curies":[{"name":"wp","href":"https:\/\/api.w.org\/{rel}","templated":true}]}}