{"id":5343,"date":"2024-04-13T16:04:20","date_gmt":"2024-04-13T19:04:20","guid":{"rendered":"https:\/\/deputadotaveirajr.com.br\/?page_id=5343"},"modified":"2024-04-13T16:04:20","modified_gmt":"2024-04-13T19:04:20","slug":"idema-reinstala-placas-e-cerca-para-evitar-acesso-de-pessoas-ao-morro-do-careca-em-natal","status":"publish","type":"page","link":"https:\/\/deputadotaveirajr.com.br\/index.php\/idema-reinstala-placas-e-cerca-para-evitar-acesso-de-pessoas-ao-morro-do-careca-em-natal\/","title":{"rendered":"Idema reinstala placas e cerca para evitar acesso de pessoas ao Morro do Careca em Natal"},"content":{"rendered":"<p>     Subida na duna \u00e9 proibida desde 1997. A\u00e7\u00e3o humana \u00e9 uma das causas de eros\u00e3o no cart\u00e3o-postal da capital. Placas e cerca reinstaladas na praia de Ponta Negra, em Natal<br \/>\nIdema<br \/>\nO Instituto de Desenvolvimento Sustent\u00e1vel e Meio Ambiente (Idema) finalizou nesta sexta-feira (12) a reinstala\u00e7\u00e3o da cerca de prote\u00e7\u00e3o e a instala\u00e7\u00e3o de novas placas informativas no Morro do Careca, um dos principais cart\u00f5es-postais de Natal e do Rio Grande do Norte.<br \/>\nA medida tem objetivo de orientar o p\u00fablico e evitar a subida de banhistas e turistas \u00e0 duna, que causa a eros\u00e3o do cart\u00e3o-postal. A subida ao morro \u00e9 proibida desde 1997, por\u00e9m, segundo vendedores da praia, a cerca estava danificada h\u00e1 cerca de um ano.<br \/>\n&#8220;N\u00f3s temos dimens\u00e3o da import\u00e2ncia ambiental, c\u00eanica-paisag\u00edstica e para a pr\u00f3pria economia do Estado que o Morro do Careca tem. Ent\u00e3o, pedimos encarecidamente a popula\u00e7\u00e3o que preserve, respeite e admire um patrim\u00f4nio que \u00e9 de todos&#8221;, destacou o diretor-geral do Idema Werner Farkatt.<br \/>\nIdema instala placas e cercas no entorno da praia de Ponta Negra, em Natal<br \/>\nIdema<br \/>\nAl\u00e9m das a\u00e7\u00f5es humanas, a eros\u00e3o do Morro do Careca tamb\u00e9m \u00e9 causada pelo avan\u00e7o do mar na praia de Ponta Negra.<br \/>\nA Prefeitura de Natal aponta como solu\u00e7\u00e3o para a eros\u00e3o, o alargamento da praia. O projeto de engorda da praia teve licita\u00e7\u00e3o conclu\u00edda nesta semana.<br \/>\nVeja os v\u00eddeos mais assistidos no g1 RN<\/p>","protected":false},"excerpt":{"rendered":"<p>Subida na duna \u00e9 proibida desde 1997. A\u00e7\u00e3o humana \u00e9 uma das causas de eros\u00e3o no cart\u00e3o-postal da capital. Placas e cerca reinstaladas na praia de Ponta Negra, em Natal &#8230;<\/p>\n","protected":false},"author":0,"featured_media":5344,"parent":0,"menu_order":0,"comment_status":"closed","ping_status":"closed","template":"","meta":{"footnotes":""},"class_list":["post-5343","page","type-page","status-publish","has-post-thumbnail","hentry"],"yoast_head":"<!-- This site is optimized with the Yoast SEO plugin v27.1.1 - https:\/\/yoast.com\/product\/yoast-seo-wordpress\/ -->\n<title>Idema reinstala placas e cerca para evitar acesso de pessoas ao Morro do Careca em Natal - Taveira Jr<\/title>\n<meta name=\"robots\" content=\"index, follow, max-snippet:-1, max-image-preview:large, max-video-preview:-1\" \/>\n<link rel=\"canonical\" href=\"https:\/\/deputadotaveirajr.com.br\/index.php\/idema-reinstala-placas-e-cerca-para-evitar-acesso-de-pessoas-ao-morro-do-careca-em-natal\/\" \/>\n<meta property=\"og:locale\" content=\"pt_BR\" \/>\n<meta property=\"og:type\" content=\"article\" \/>\n<meta property=\"og:title\" content=\"Idema reinstala placas e cerca para evitar acesso de pessoas ao Morro do Careca em Natal - Taveira Jr\" \/>\n<meta property=\"og:description\" content=\"Subida na duna \u00e9 proibida desde 1997. A\u00e7\u00e3o humana \u00e9 uma das causas de eros\u00e3o no cart\u00e3o-postal da capital. Placas e cerca reinstaladas na praia de Ponta Negra, em Natal ...\" \/>\n<meta property=\"og:url\" content=\"https:\/\/deputadotaveirajr.com.br\/index.php\/idema-reinstala-placas-e-cerca-para-evitar-acesso-de-pessoas-ao-morro-do-careca-em-natal\/\" \/>\n<meta property=\"og:site_name\" content=\"Taveira Jr\" \/>\n<meta property=\"og:image\" content=\"https:\/\/deputadotaveirajr.com.br\/wp-content\/uploads\/2024\/04\/placas-KwQZPr.jpeg\" \/>\n\t<meta property=\"og:image:width\" content=\"1280\" \/>\n\t<meta property=\"og:image:height\" content=\"720\" \/>\n\t<meta property=\"og:image:type\" content=\"image\/jpeg\" \/>\n<meta name=\"twitter:card\" content=\"summary_large_image\" \/>\n<meta name=\"twitter:label1\" content=\"Est. tempo de leitura\" \/>\n\t<meta name=\"twitter:data1\" content=\"1 minuto\" \/>\n<script type=\"application\/ld+json\" class=\"yoast-schema-graph\">{\"@context\":\"https:\/\/schema.org\",\"@graph\":[{\"@type\":\"WebPage\",\"@id\":\"https:\/\/deputadotaveirajr.com.br\/index.php\/idema-reinstala-placas-e-cerca-para-evitar-acesso-de-pessoas-ao-morro-do-careca-em-natal\/\",\"url\":\"https:\/\/deputadotaveirajr.com.br\/index.php\/idema-reinstala-placas-e-cerca-para-evitar-acesso-de-pessoas-ao-morro-do-careca-em-natal\/\",\"name\":\"Idema reinstala placas e cerca para evitar acesso de pessoas ao Morro do Careca em Natal - Taveira Jr\",\"isPartOf\":{\"@id\":\"https:\/\/deputadotaveirajr.com.br\/#website\"},\"primaryImageOfPage\":{\"@id\":\"https:\/\/deputadotaveirajr.com.br\/index.php\/idema-reinstala-placas-e-cerca-para-evitar-acesso-de-pessoas-ao-morro-do-careca-em-natal\/#primaryimage\"},\"image\":{\"@id\":\"https:\/\/deputadotaveirajr.com.br\/index.php\/idema-reinstala-placas-e-cerca-para-evitar-acesso-de-pessoas-ao-morro-do-careca-em-natal\/#primaryimage\"},\"thumbnailUrl\":\"https:\/\/deputadotaveirajr.com.br\/wp-content\/uploads\/2024\/04\/placas-KwQZPr.jpeg\",\"datePublished\":\"2024-04-13T19:04:20+00:00\",\"breadcrumb\":{\"@id\":\"https:\/\/deputadotaveirajr.com.br\/index.php\/idema-reinstala-placas-e-cerca-para-evitar-acesso-de-pessoas-ao-morro-do-careca-em-natal\/#breadcrumb\"},\"inLanguage\":\"pt-BR\",\"potentialAction\":[{\"@type\":\"ReadAction\",\"target\":[\"https:\/\/deputadotaveirajr.com.br\/index.php\/idema-reinstala-placas-e-cerca-para-evitar-acesso-de-pessoas-ao-morro-do-careca-em-natal\/\"]}]},{\"@type\":\"ImageObject\",\"inLanguage\":\"pt-BR\",\"@id\":\"https:\/\/deputadotaveirajr.com.br\/index.php\/idema-reinstala-placas-e-cerca-para-evitar-acesso-de-pessoas-ao-morro-do-careca-em-natal\/#primaryimage\",\"url\":\"https:\/\/deputadotaveirajr.com.br\/wp-content\/uploads\/2024\/04\/placas-KwQZPr.jpeg\",\"contentUrl\":\"https:\/\/deputadotaveirajr.com.br\/wp-content\/uploads\/2024\/04\/placas-KwQZPr.jpeg\",\"width\":1280,\"height\":720},{\"@type\":\"BreadcrumbList\",\"@id\":\"https:\/\/deputadotaveirajr.com.br\/index.php\/idema-reinstala-placas-e-cerca-para-evitar-acesso-de-pessoas-ao-morro-do-careca-em-natal\/#breadcrumb\",\"itemListElement\":[{\"@type\":\"ListItem\",\"position\":1,\"name\":\"In\u00edcio\",\"item\":\"https:\/\/deputadotaveirajr.com.br\/\"},{\"@type\":\"ListItem\",\"position\":2,\"name\":\"Idema reinstala placas e cerca para evitar acesso de pessoas ao Morro do Careca em Natal\"}]},{\"@type\":\"WebSite\",\"@id\":\"https:\/\/deputadotaveirajr.com.br\/#website\",\"url\":\"https:\/\/deputadotaveirajr.com.br\/\",\"name\":\"Taveira Jr\",\"description\":\"Deputado Estadual\",\"publisher\":{\"@id\":\"https:\/\/deputadotaveirajr.com.br\/#organization\"},\"potentialAction\":[{\"@type\":\"SearchAction\",\"target\":{\"@type\":\"EntryPoint\",\"urlTemplate\":\"https:\/\/deputadotaveirajr.com.br\/?s={search_term_string}\"},\"query-input\":{\"@type\":\"PropertyValueSpecification\",\"valueRequired\":true,\"valueName\":\"search_term_string\"}}],\"inLanguage\":\"pt-BR\"},{\"@type\":\"Organization\",\"@id\":\"https:\/\/deputadotaveirajr.com.br\/#organization\",\"name\":\"Taveira Jr\",\"url\":\"https:\/\/deputadotaveirajr.com.br\/\",\"logo\":{\"@type\":\"ImageObject\",\"inLanguage\":\"pt-BR\",\"@id\":\"https:\/\/deputadotaveirajr.com.br\/#\/schema\/logo\/image\/\",\"url\":\"https:\/\/deputadotaveirajr.com.br\/wp-content\/uploads\/2026\/01\/logolow2a.png\",\"contentUrl\":\"https:\/\/deputadotaveirajr.com.br\/wp-content\/uploads\/2026\/01\/logolow2a.png\",\"width\":290,\"height\":80,\"caption\":\"Taveira Jr\"},\"image\":{\"@id\":\"https:\/\/deputadotaveirajr.com.br\/#\/schema\/logo\/image\/\"}}]}<\/script>\n<!-- \/ Yoast SEO plugin. -->","yoast_head_json":{"title":"Idema reinstala placas e cerca para evitar acesso de pessoas ao Morro do Careca em Natal - Taveira Jr","robots":{"index":"index","follow":"follow","max-snippet":"max-snippet:-1","max-image-preview":"max-image-preview:large","max-video-preview":"max-video-preview:-1"},"canonical":"https:\/\/deputadotaveirajr.com.br\/index.php\/idema-reinstala-placas-e-cerca-para-evitar-acesso-de-pessoas-ao-morro-do-careca-em-natal\/","og_locale":"pt_BR","og_type":"article","og_title":"Idema reinstala placas e cerca para evitar acesso de pessoas ao Morro do Careca em Natal - Taveira Jr","og_description":"Subida na duna \u00e9 proibida desde 1997. A\u00e7\u00e3o humana \u00e9 uma das causas de eros\u00e3o no cart\u00e3o-postal da capital. Placas e cerca reinstaladas na praia de Ponta Negra, em Natal ...","og_url":"https:\/\/deputadotaveirajr.com.br\/index.php\/idema-reinstala-placas-e-cerca-para-evitar-acesso-de-pessoas-ao-morro-do-careca-em-natal\/","og_site_name":"Taveira Jr","og_image":[{"width":1280,"height":720,"url":"https:\/\/deputadotaveirajr.com.br\/wp-content\/uploads\/2024\/04\/placas-KwQZPr.jpeg","type":"image\/jpeg"}],"twitter_card":"summary_large_image","twitter_misc":{"Est. tempo de leitura":"1 minuto"},"schema":{"@context":"https:\/\/schema.org","@graph":[{"@type":"WebPage","@id":"https:\/\/deputadotaveirajr.com.br\/index.php\/idema-reinstala-placas-e-cerca-para-evitar-acesso-de-pessoas-ao-morro-do-careca-em-natal\/","url":"https:\/\/deputadotaveirajr.com.br\/index.php\/idema-reinstala-placas-e-cerca-para-evitar-acesso-de-pessoas-ao-morro-do-careca-em-natal\/","name":"Idema reinstala placas e cerca para evitar acesso de pessoas ao Morro do Careca em Natal - Taveira Jr","isPartOf":{"@id":"https:\/\/deputadotaveirajr.com.br\/#website"},"primaryImageOfPage":{"@id":"https:\/\/deputadotaveirajr.com.br\/index.php\/idema-reinstala-placas-e-cerca-para-evitar-acesso-de-pessoas-ao-morro-do-careca-em-natal\/#primaryimage"},"image":{"@id":"https:\/\/deputadotaveirajr.com.br\/index.php\/idema-reinstala-placas-e-cerca-para-evitar-acesso-de-pessoas-ao-morro-do-careca-em-natal\/#primaryimage"},"thumbnailUrl":"https:\/\/deputadotaveirajr.com.br\/wp-content\/uploads\/2024\/04\/placas-KwQZPr.jpeg","datePublished":"2024-04-13T19:04:20+00:00","breadcrumb":{"@id":"https:\/\/deputadotaveirajr.com.br\/index.php\/idema-reinstala-placas-e-cerca-para-evitar-acesso-de-pessoas-ao-morro-do-careca-em-natal\/#breadcrumb"},"inLanguage":"pt-BR","potentialAction":[{"@type":"ReadAction","target":["https:\/\/deputadotaveirajr.com.br\/index.php\/idema-reinstala-placas-e-cerca-para-evitar-acesso-de-pessoas-ao-morro-do-careca-em-natal\/"]}]},{"@type":"ImageObject","inLanguage":"pt-BR","@id":"https:\/\/deputadotaveirajr.com.br\/index.php\/idema-reinstala-placas-e-cerca-para-evitar-acesso-de-pessoas-ao-morro-do-careca-em-natal\/#primaryimage","url":"https:\/\/deputadotaveirajr.com.br\/wp-content\/uploads\/2024\/04\/placas-KwQZPr.jpeg","contentUrl":"https:\/\/deputadotaveirajr.com.br\/wp-content\/uploads\/2024\/04\/placas-KwQZPr.jpeg","width":1280,"height":720},{"@type":"BreadcrumbList","@id":"https:\/\/deputadotaveirajr.com.br\/index.php\/idema-reinstala-placas-e-cerca-para-evitar-acesso-de-pessoas-ao-morro-do-careca-em-natal\/#breadcrumb","itemListElement":[{"@type":"ListItem","position":1,"name":"In\u00edcio","item":"https:\/\/deputadotaveirajr.com.br\/"},{"@type":"ListItem","position":2,"name":"Idema reinstala placas e cerca para evitar acesso de pessoas ao Morro do Careca em Natal"}]},{"@type":"WebSite","@id":"https:\/\/deputadotaveirajr.com.br\/#website","url":"https:\/\/deputadotaveirajr.com.br\/","name":"Taveira Jr","description":"Deputado Estadual","publisher":{"@id":"https:\/\/deputadotaveirajr.com.br\/#organization"},"potentialAction":[{"@type":"SearchAction","target":{"@type":"EntryPoint","urlTemplate":"https:\/\/deputadotaveirajr.com.br\/?s={search_term_string}"},"query-input":{"@type":"PropertyValueSpecification","valueRequired":true,"valueName":"search_term_string"}}],"inLanguage":"pt-BR"},{"@type":"Organization","@id":"https:\/\/deputadotaveirajr.com.br\/#organization","name":"Taveira Jr","url":"https:\/\/deputadotaveirajr.com.br\/","logo":{"@type":"ImageObject","inLanguage":"pt-BR","@id":"https:\/\/deputadotaveirajr.com.br\/#\/schema\/logo\/image\/","url":"https:\/\/deputadotaveirajr.com.br\/wp-content\/uploads\/2026\/01\/logolow2a.png","contentUrl":"https:\/\/deputadotaveirajr.com.br\/wp-content\/uploads\/2026\/01\/logolow2a.png","width":290,"height":80,"caption":"Taveira Jr"},"image":{"@id":"https:\/\/deputadotaveirajr.com.br\/#\/schema\/logo\/image\/"}}]}},"_links":{"self":[{"href":"https:\/\/deputadotaveirajr.com.br\/index.php\/wp-json\/wp\/v2\/pages\/5343","targetHints":{"allow":["GET"]}}],"collection":[{"href":"https:\/\/deputadotaveirajr.com.br\/index.php\/wp-json\/wp\/v2\/pages"}],"about":[{"href":"https:\/\/deputadotaveirajr.com.br\/index.php\/wp-json\/wp\/v2\/types\/page"}],"replies":[{"embeddable":true,"href":"https:\/\/deputadotaveirajr.com.br\/index.php\/wp-json\/wp\/v2\/comments?post=5343"}],"version-history":[{"count":1,"href":"https:\/\/deputadotaveirajr.com.br\/index.php\/wp-json\/wp\/v2\/pages\/5343\/revisions"}],"predecessor-version":[{"id":5348,"href":"https:\/\/deputadotaveirajr.com.br\/index.php\/wp-json\/wp\/v2\/pages\/5343\/revisions\/5348"}],"wp:featuredmedia":[{"embeddable":true,"href":"https:\/\/deputadotaveirajr.com.br\/index.php\/wp-json\/wp\/v2\/media\/5344"}],"wp:attachment":[{"href":"https:\/\/deputadotaveirajr.com.br\/index.php\/wp-json\/wp\/v2\/media?parent=5343"}],"curies":[{"name":"wp","href":"https:\/\/api.w.org\/{rel}","templated":true}]}}

<p>     Subida na duna é proibida desde 1997. Ação humana é uma das causas de erosão no cartão-postal da capital. Placas e cerca reinstaladas na praia de Ponta Negra, em Natal<br />
Idema<br />
O Instituto de Desenvolvimento Sustentável e Meio Ambiente (Idema) finalizou nesta sexta-feira (12) a reinstalação da cerca de proteção e a instalação de novas placas informativas no Morro do Careca, um dos principais cartões-postais de Natal e do Rio Grande do Norte.<br />
A medida tem objetivo de orientar o público e evitar a subida de banhistas e turistas à duna, que causa a erosão do cartão-postal. A subida ao morro é proibida desde 1997, porém, segundo vendedores da praia, a cerca estava danificada há cerca de um ano.<br />
&#8220;Nós temos dimensão da importância ambiental, cênica-paisagística e para a própria economia do Estado que o Morro do Careca tem. Então, pedimos encarecidamente a população que preserve, respeite e admire um patrimônio que é de todos&#8221;, destacou o diretor-geral do Idema Werner Farkatt.<br />
Idema instala placas e cercas no entorno da praia de Ponta Negra, em Natal<br />
Idema<br />
Além das ações humanas, a erosão do Morro do Careca também é causada pelo avanço do mar na praia de Ponta Negra.<br />
A Prefeitura de Natal aponta como solução para a erosão, o alargamento da praia. O projeto de engorda da praia teve licitação concluída nesta semana.<br />
Veja os vídeos mais assistidos no g1 RN</p>

<p>Subida na duna é proibida desde 1997. Ação humana é uma das causas de erosão no cartão-postal da capital. Placas e cerca reinstaladas na praia de Ponta Negra, em Natal &#8230;</p>

<!-- This site is optimized with the Yoast SEO plugin v27.1.1 - https://yoast.com/product/yoast-seo-wordpress/ -->
<title>Idema reinstala placas e cerca para evitar acesso de pessoas ao Morro do Careca em Natal - Taveira Jr</title>
<meta name="robots" content="index, follow, max-snippet:-1, max-image-preview:large, max-video-preview:-1" />
<link rel="canonical" href="https://deputadotaveirajr.com.br/index.php/idema-reinstala-placas-e-cerca-para-evitar-acesso-de-pessoas-ao-morro-do-careca-em-natal/" />
<meta property="og:locale" content="pt_BR" />
<meta property="og:type" content="article" />
<meta property="og:title" content="Idema reinstala placas e cerca para evitar acesso de pessoas ao Morro do Careca em Natal - Taveira Jr" />
<meta property="og:description" content="Subida na duna é proibida desde 1997. Ação humana é uma das causas de erosão no cartão-postal da capital. Placas e cerca reinstaladas na praia de Ponta Negra, em Natal ..." />
<meta property="og:url" content="https://deputadotaveirajr.com.br/index.php/idema-reinstala-placas-e-cerca-para-evitar-acesso-de-pessoas-ao-morro-do-careca-em-natal/" />
<meta property="og:site_name" content="Taveira Jr" />
<meta property="og:image" content="https://deputadotaveirajr.com.br/wp-content/uploads/2024/04/placas-KwQZPr.jpeg" />
	<meta property="og:image:width" content="1280" />
	<meta property="og:image:height" content="720" />
	<meta property="og:image:type" content="image/jpeg" />
<meta name="twitter:card" content="summary_large_image" />
<meta name="twitter:label1" content="Est. tempo de leitura" />
	<meta name="twitter:data1" content="1 minuto" />
<script type="application/ld+json" class="yoast-schema-graph">{"@context":"https://schema.org","@graph":[{"@type":"WebPage","@id":"https://deputadotaveirajr.com.br/index.php/idema-reinstala-placas-e-cerca-para-evitar-acesso-de-pessoas-ao-morro-do-careca-em-natal/","url":"https://deputadotaveirajr.com.br/index.php/idema-reinstala-placas-e-cerca-para-evitar-acesso-de-pessoas-ao-morro-do-careca-em-natal/","name":"Idema reinstala placas e cerca para evitar acesso de pessoas ao Morro do Careca em Natal - Taveira Jr","isPartOf":{"@id":"https://deputadotaveirajr.com.br/#website"},"primaryImageOfPage":{"@id":"https://deputadotaveirajr.com.br/index.php/idema-reinstala-placas-e-cerca-para-evitar-acesso-de-pessoas-ao-morro-do-careca-em-natal/#primaryimage"},"image":{"@id":"https://deputadotaveirajr.com.br/index.php/idema-reinstala-placas-e-cerca-para-evitar-acesso-de-pessoas-ao-morro-do-careca-em-natal/#primaryimage"},"thumbnailUrl":"https://deputadotaveirajr.com.br/wp-content/uploads/2024/04/placas-KwQZPr.jpeg","datePublished":"2024-04-13T19:04:20+00:00","breadcrumb":{"@id":"https://deputadotaveirajr.com.br/index.php/idema-reinstala-placas-e-cerca-para-evitar-acesso-de-pessoas-ao-morro-do-careca-em-natal/#breadcrumb"},"inLanguage":"pt-BR","potentialAction":[{"@type":"ReadAction","target":["https://deputadotaveirajr.com.br/index.php/idema-reinstala-placas-e-cerca-para-evitar-acesso-de-pessoas-ao-morro-do-careca-em-natal/"]}]},{"@type":"ImageObject","inLanguage":"pt-BR","@id":"https://deputadotaveirajr.com.br/index.php/idema-reinstala-placas-e-cerca-para-evitar-acesso-de-pessoas-ao-morro-do-careca-em-natal/#primaryimage","url":"https://deputadotaveirajr.com.br/wp-content/uploads/2024/04/placas-KwQZPr.jpeg","contentUrl":"https://deputadotaveirajr.com.br/wp-content/uploads/2024/04/placas-KwQZPr.jpeg","width":1280,"height":720},{"@type":"BreadcrumbList","@id":"https://deputadotaveirajr.com.br/index.php/idema-reinstala-placas-e-cerca-para-evitar-acesso-de-pessoas-ao-morro-do-careca-em-natal/#breadcrumb","itemListElement":[{"@type":"ListItem","position":1,"name":"Início","item":"https://deputadotaveirajr.com.br/"},{"@type":"ListItem","position":2,"name":"Idema reinstala placas e cerca para evitar acesso de pessoas ao Morro do Careca em Natal"}]},{"@type":"WebSite","@id":"https://deputadotaveirajr.com.br/#website","url":"https://deputadotaveirajr.com.br/","name":"Taveira Jr","description":"Deputado Estadual","publisher":{"@id":"https://deputadotaveirajr.com.br/#organization"},"potentialAction":[{"@type":"SearchAction","target":{"@type":"EntryPoint","urlTemplate":"https://deputadotaveirajr.com.br/?s={search_term_string}"},"query-input":{"@type":"PropertyValueSpecification","valueRequired":true,"valueName":"search_term_string"}}],"inLanguage":"pt-BR"},{"@type":"Organization","@id":"https://deputadotaveirajr.com.br/#organization","name":"Taveira Jr","url":"https://deputadotaveirajr.com.br/","logo":{"@type":"ImageObject","inLanguage":"pt-BR","@id":"https://deputadotaveirajr.com.br/#/schema/logo/image/","url":"https://deputadotaveirajr.com.br/wp-content/uploads/2026/01/logolow2a.png","contentUrl":"https://deputadotaveirajr.com.br/wp-content/uploads/2026/01/logolow2a.png","width":290,"height":80,"caption":"Taveira Jr"},"image":{"@id":"https://deputadotaveirajr.com.br/#/schema/logo/image/"}}]}</script>
<!-- / Yoast SEO plugin. -->

Subida na duna é proibida desde 1997. Ação humana é uma das causas de erosão no cartão-postal da capital. Placas e cerca reinstaladas na praia de Ponta Negra, em Natal ...

Início
