{"id":5352,"date":"2024-04-14T12:07:42","date_gmt":"2024-04-14T15:07:42","guid":{"rendered":"https:\/\/deputadotaveirajr.com.br\/?page_id=5352"},"modified":"2024-04-14T12:07:42","modified_gmt":"2024-04-14T15:07:42","slug":"feirante-morre-apos-ser-atingida-por-motociclista-que-empinava-moto-em-avenida-em-natal-video","status":"publish","type":"page","link":"https:\/\/deputadotaveirajr.com.br\/index.php\/feirante-morre-apos-ser-atingida-por-motociclista-que-empinava-moto-em-avenida-em-natal-video\/","title":{"rendered":"Feirante morre ap\u00f3s ser atingida por motociclista que empinava moto em avenida em Natal; V\u00cdDEO"},"content":{"rendered":"<p>     Acidente aconteceu na Avenida Jo\u00e3o Medeiros Filho, na Zona Norte de Natal, na tarde de s\u00e1bado (13). Maria do Socorro Carvalho morreu na hora. V\u00eddeo mostra momento em que feirante \u00e9 atingida por motociclista em Natal<br \/>\nUma feirante morreu na tarde deste s\u00e1bado (13) ap\u00f3s ser atingida por um motociclista no momento em que ele empinava uma moto na Avenida Doutor Jo\u00e3o Medeiros Filho, uma das vias mais movimentadas da Zona Norte de Natal.<br \/>\nC\u00e2meras de seguran\u00e7a da regi\u00e3o registraram o acidente (veja acima). Por conta do impacto do acidente, o v\u00eddeo foi editado no exato ponto em que a v\u00edtima \u00e9 atingida.<br \/>\nA v\u00edtima, Maria do Socorro Carvalho, de 54 anos, atravessava a avenida ap\u00f3s sair de uma farm\u00e1cia no bairro Potengi, quando foi atingida.<br \/>\nAs imagens registradas mostraram que Maria do Socorro foi arremessada para o outro lado da pista com o impacto da colis\u00e3o. Ela morreu no local do acidente.<br \/>\n\ud83d\udcf3Participe do canal do g1 RN no WhatsApp<br \/>\nO motociclista que empinava a moto caiu no asfalto e se feriu. Ele foi mantido no local do acidente por uma pessoa que presenciou a colis\u00e3o e foi preso em flagrante por policiais militares do Comando de Policiamento Rodovi\u00e1rio Estadual (CPRE). O ve\u00edculo foi apreendido para investiga\u00e7\u00e3o.<br \/>\nDe acordo com o CPRE, o motociclista, que tem 24 anos de idade e \u00e9 empres\u00e1rio, realizou o teste do baf\u00f4metro ap\u00f3s o acidente, e o resultado deu negativo. O caso ser\u00e1 investigado pela Pol\u00edcia Civil.<br \/>\nSegundo o C\u00f3digo de Tr\u00e2nsito Brasileiro (CBT), empinar moto \u00e9 infra\u00e7\u00e3o grav\u00edssima, com multa prevista de R$ 293,47 e suspens\u00e3o da Carteira Nacional de Habilita\u00e7\u00e3o (CNH).<br \/>\nAcidente aconteceu em movimentada avenida na Zona Norte de Natal<br \/>\nDivulga\u00e7\u00e3o<br \/>\nV\u00eddeos mais assistidos do g1 RN<\/p>","protected":false},"excerpt":{"rendered":"<p>Acidente aconteceu na Avenida Jo\u00e3o Medeiros Filho, na Zona Norte de Natal, na tarde de s\u00e1bado (13). Maria do Socorro Carvalho morreu na hora. V\u00eddeo mostra momento em que feirante &#8230;<\/p>\n","protected":false},"author":0,"featured_media":5353,"parent":0,"menu_order":0,"comment_status":"closed","ping_status":"closed","template":"","meta":{"footnotes":""},"class_list":["post-5352","page","type-page","status-publish","has-post-thumbnail","hentry"],"yoast_head":"<!-- This site is optimized with the Yoast SEO plugin v27.1.1 - https:\/\/yoast.com\/product\/yoast-seo-wordpress\/ -->\n<title>Feirante morre ap\u00f3s ser atingida por motociclista que empinava moto em avenida em Natal; V\u00cdDEO - Taveira Jr<\/title>\n<meta name=\"robots\" content=\"index, follow, max-snippet:-1, max-image-preview:large, max-video-preview:-1\" \/>\n<link rel=\"canonical\" href=\"https:\/\/deputadotaveirajr.com.br\/index.php\/feirante-morre-apos-ser-atingida-por-motociclista-que-empinava-moto-em-avenida-em-natal-video\/\" \/>\n<meta property=\"og:locale\" content=\"pt_BR\" \/>\n<meta property=\"og:type\" content=\"article\" \/>\n<meta property=\"og:title\" content=\"Feirante morre ap\u00f3s ser atingida por motociclista que empinava moto em avenida em Natal; V\u00cdDEO - Taveira Jr\" \/>\n<meta property=\"og:description\" content=\"Acidente aconteceu na Avenida Jo\u00e3o Medeiros Filho, na Zona Norte de Natal, na tarde de s\u00e1bado (13). Maria do Socorro Carvalho morreu na hora. V\u00eddeo mostra momento em que feirante ...\" \/>\n<meta property=\"og:url\" content=\"https:\/\/deputadotaveirajr.com.br\/index.php\/feirante-morre-apos-ser-atingida-por-motociclista-que-empinava-moto-em-avenida-em-natal-video\/\" \/>\n<meta property=\"og:site_name\" content=\"Taveira Jr\" \/>\n<meta property=\"og:image\" content=\"https:\/\/deputadotaveirajr.com.br\/wp-content\/uploads\/2024\/04\/acidente-RCGqj1.jpeg\" \/>\n\t<meta property=\"og:image:width\" content=\"600\" \/>\n\t<meta property=\"og:image:height\" content=\"401\" \/>\n\t<meta property=\"og:image:type\" content=\"image\/jpeg\" \/>\n<meta name=\"twitter:card\" content=\"summary_large_image\" \/>\n<meta name=\"twitter:label1\" content=\"Est. tempo de leitura\" \/>\n\t<meta name=\"twitter:data1\" content=\"2 minutos\" \/>\n<script type=\"application\/ld+json\" class=\"yoast-schema-graph\">{\"@context\":\"https:\/\/schema.org\",\"@graph\":[{\"@type\":\"WebPage\",\"@id\":\"https:\/\/deputadotaveirajr.com.br\/index.php\/feirante-morre-apos-ser-atingida-por-motociclista-que-empinava-moto-em-avenida-em-natal-video\/\",\"url\":\"https:\/\/deputadotaveirajr.com.br\/index.php\/feirante-morre-apos-ser-atingida-por-motociclista-que-empinava-moto-em-avenida-em-natal-video\/\",\"name\":\"Feirante morre ap\u00f3s ser atingida por motociclista que empinava moto em avenida em Natal; V\u00cdDEO - Taveira Jr\",\"isPartOf\":{\"@id\":\"https:\/\/deputadotaveirajr.com.br\/#website\"},\"primaryImageOfPage\":{\"@id\":\"https:\/\/deputadotaveirajr.com.br\/index.php\/feirante-morre-apos-ser-atingida-por-motociclista-que-empinava-moto-em-avenida-em-natal-video\/#primaryimage\"},\"image\":{\"@id\":\"https:\/\/deputadotaveirajr.com.br\/index.php\/feirante-morre-apos-ser-atingida-por-motociclista-que-empinava-moto-em-avenida-em-natal-video\/#primaryimage\"},\"thumbnailUrl\":\"https:\/\/deputadotaveirajr.com.br\/wp-content\/uploads\/2024\/04\/acidente-RCGqj1.jpeg\",\"datePublished\":\"2024-04-14T15:07:42+00:00\",\"breadcrumb\":{\"@id\":\"https:\/\/deputadotaveirajr.com.br\/index.php\/feirante-morre-apos-ser-atingida-por-motociclista-que-empinava-moto-em-avenida-em-natal-video\/#breadcrumb\"},\"inLanguage\":\"pt-BR\",\"potentialAction\":[{\"@type\":\"ReadAction\",\"target\":[\"https:\/\/deputadotaveirajr.com.br\/index.php\/feirante-morre-apos-ser-atingida-por-motociclista-que-empinava-moto-em-avenida-em-natal-video\/\"]}]},{\"@type\":\"ImageObject\",\"inLanguage\":\"pt-BR\",\"@id\":\"https:\/\/deputadotaveirajr.com.br\/index.php\/feirante-morre-apos-ser-atingida-por-motociclista-que-empinava-moto-em-avenida-em-natal-video\/#primaryimage\",\"url\":\"https:\/\/deputadotaveirajr.com.br\/wp-content\/uploads\/2024\/04\/acidente-RCGqj1.jpeg\",\"contentUrl\":\"https:\/\/deputadotaveirajr.com.br\/wp-content\/uploads\/2024\/04\/acidente-RCGqj1.jpeg\",\"width\":600,\"height\":401},{\"@type\":\"BreadcrumbList\",\"@id\":\"https:\/\/deputadotaveirajr.com.br\/index.php\/feirante-morre-apos-ser-atingida-por-motociclista-que-empinava-moto-em-avenida-em-natal-video\/#breadcrumb\",\"itemListElement\":[{\"@type\":\"ListItem\",\"position\":1,\"name\":\"In\u00edcio\",\"item\":\"https:\/\/deputadotaveirajr.com.br\/\"},{\"@type\":\"ListItem\",\"position\":2,\"name\":\"Feirante morre ap\u00f3s ser atingida por motociclista que empinava moto em avenida em Natal; V\u00cdDEO\"}]},{\"@type\":\"WebSite\",\"@id\":\"https:\/\/deputadotaveirajr.com.br\/#website\",\"url\":\"https:\/\/deputadotaveirajr.com.br\/\",\"name\":\"Taveira Jr\",\"description\":\"Deputado Estadual\",\"publisher\":{\"@id\":\"https:\/\/deputadotaveirajr.com.br\/#organization\"},\"potentialAction\":[{\"@type\":\"SearchAction\",\"target\":{\"@type\":\"EntryPoint\",\"urlTemplate\":\"https:\/\/deputadotaveirajr.com.br\/?s={search_term_string}\"},\"query-input\":{\"@type\":\"PropertyValueSpecification\",\"valueRequired\":true,\"valueName\":\"search_term_string\"}}],\"inLanguage\":\"pt-BR\"},{\"@type\":\"Organization\",\"@id\":\"https:\/\/deputadotaveirajr.com.br\/#organization\",\"name\":\"Taveira Jr\",\"url\":\"https:\/\/deputadotaveirajr.com.br\/\",\"logo\":{\"@type\":\"ImageObject\",\"inLanguage\":\"pt-BR\",\"@id\":\"https:\/\/deputadotaveirajr.com.br\/#\/schema\/logo\/image\/\",\"url\":\"https:\/\/deputadotaveirajr.com.br\/wp-content\/uploads\/2026\/01\/logolow2a.png\",\"contentUrl\":\"https:\/\/deputadotaveirajr.com.br\/wp-content\/uploads\/2026\/01\/logolow2a.png\",\"width\":290,\"height\":80,\"caption\":\"Taveira Jr\"},\"image\":{\"@id\":\"https:\/\/deputadotaveirajr.com.br\/#\/schema\/logo\/image\/\"}}]}<\/script>\n<!-- \/ Yoast SEO plugin. -->","yoast_head_json":{"title":"Feirante morre ap\u00f3s ser atingida por motociclista que empinava moto em avenida em Natal; V\u00cdDEO - Taveira Jr","robots":{"index":"index","follow":"follow","max-snippet":"max-snippet:-1","max-image-preview":"max-image-preview:large","max-video-preview":"max-video-preview:-1"},"canonical":"https:\/\/deputadotaveirajr.com.br\/index.php\/feirante-morre-apos-ser-atingida-por-motociclista-que-empinava-moto-em-avenida-em-natal-video\/","og_locale":"pt_BR","og_type":"article","og_title":"Feirante morre ap\u00f3s ser atingida por motociclista que empinava moto em avenida em Natal; V\u00cdDEO - Taveira Jr","og_description":"Acidente aconteceu na Avenida Jo\u00e3o Medeiros Filho, na Zona Norte de Natal, na tarde de s\u00e1bado (13). Maria do Socorro Carvalho morreu na hora. V\u00eddeo mostra momento em que feirante ...","og_url":"https:\/\/deputadotaveirajr.com.br\/index.php\/feirante-morre-apos-ser-atingida-por-motociclista-que-empinava-moto-em-avenida-em-natal-video\/","og_site_name":"Taveira Jr","og_image":[{"width":600,"height":401,"url":"https:\/\/deputadotaveirajr.com.br\/wp-content\/uploads\/2024\/04\/acidente-RCGqj1.jpeg","type":"image\/jpeg"}],"twitter_card":"summary_large_image","twitter_misc":{"Est. tempo de leitura":"2 minutos"},"schema":{"@context":"https:\/\/schema.org","@graph":[{"@type":"WebPage","@id":"https:\/\/deputadotaveirajr.com.br\/index.php\/feirante-morre-apos-ser-atingida-por-motociclista-que-empinava-moto-em-avenida-em-natal-video\/","url":"https:\/\/deputadotaveirajr.com.br\/index.php\/feirante-morre-apos-ser-atingida-por-motociclista-que-empinava-moto-em-avenida-em-natal-video\/","name":"Feirante morre ap\u00f3s ser atingida por motociclista que empinava moto em avenida em Natal; V\u00cdDEO - Taveira Jr","isPartOf":{"@id":"https:\/\/deputadotaveirajr.com.br\/#website"},"primaryImageOfPage":{"@id":"https:\/\/deputadotaveirajr.com.br\/index.php\/feirante-morre-apos-ser-atingida-por-motociclista-que-empinava-moto-em-avenida-em-natal-video\/#primaryimage"},"image":{"@id":"https:\/\/deputadotaveirajr.com.br\/index.php\/feirante-morre-apos-ser-atingida-por-motociclista-que-empinava-moto-em-avenida-em-natal-video\/#primaryimage"},"thumbnailUrl":"https:\/\/deputadotaveirajr.com.br\/wp-content\/uploads\/2024\/04\/acidente-RCGqj1.jpeg","datePublished":"2024-04-14T15:07:42+00:00","breadcrumb":{"@id":"https:\/\/deputadotaveirajr.com.br\/index.php\/feirante-morre-apos-ser-atingida-por-motociclista-que-empinava-moto-em-avenida-em-natal-video\/#breadcrumb"},"inLanguage":"pt-BR","potentialAction":[{"@type":"ReadAction","target":["https:\/\/deputadotaveirajr.com.br\/index.php\/feirante-morre-apos-ser-atingida-por-motociclista-que-empinava-moto-em-avenida-em-natal-video\/"]}]},{"@type":"ImageObject","inLanguage":"pt-BR","@id":"https:\/\/deputadotaveirajr.com.br\/index.php\/feirante-morre-apos-ser-atingida-por-motociclista-que-empinava-moto-em-avenida-em-natal-video\/#primaryimage","url":"https:\/\/deputadotaveirajr.com.br\/wp-content\/uploads\/2024\/04\/acidente-RCGqj1.jpeg","contentUrl":"https:\/\/deputadotaveirajr.com.br\/wp-content\/uploads\/2024\/04\/acidente-RCGqj1.jpeg","width":600,"height":401},{"@type":"BreadcrumbList","@id":"https:\/\/deputadotaveirajr.com.br\/index.php\/feirante-morre-apos-ser-atingida-por-motociclista-que-empinava-moto-em-avenida-em-natal-video\/#breadcrumb","itemListElement":[{"@type":"ListItem","position":1,"name":"In\u00edcio","item":"https:\/\/deputadotaveirajr.com.br\/"},{"@type":"ListItem","position":2,"name":"Feirante morre ap\u00f3s ser atingida por motociclista que empinava moto em avenida em Natal; V\u00cdDEO"}]},{"@type":"WebSite","@id":"https:\/\/deputadotaveirajr.com.br\/#website","url":"https:\/\/deputadotaveirajr.com.br\/","name":"Taveira Jr","description":"Deputado Estadual","publisher":{"@id":"https:\/\/deputadotaveirajr.com.br\/#organization"},"potentialAction":[{"@type":"SearchAction","target":{"@type":"EntryPoint","urlTemplate":"https:\/\/deputadotaveirajr.com.br\/?s={search_term_string}"},"query-input":{"@type":"PropertyValueSpecification","valueRequired":true,"valueName":"search_term_string"}}],"inLanguage":"pt-BR"},{"@type":"Organization","@id":"https:\/\/deputadotaveirajr.com.br\/#organization","name":"Taveira Jr","url":"https:\/\/deputadotaveirajr.com.br\/","logo":{"@type":"ImageObject","inLanguage":"pt-BR","@id":"https:\/\/deputadotaveirajr.com.br\/#\/schema\/logo\/image\/","url":"https:\/\/deputadotaveirajr.com.br\/wp-content\/uploads\/2026\/01\/logolow2a.png","contentUrl":"https:\/\/deputadotaveirajr.com.br\/wp-content\/uploads\/2026\/01\/logolow2a.png","width":290,"height":80,"caption":"Taveira Jr"},"image":{"@id":"https:\/\/deputadotaveirajr.com.br\/#\/schema\/logo\/image\/"}}]}},"_links":{"self":[{"href":"https:\/\/deputadotaveirajr.com.br\/index.php\/wp-json\/wp\/v2\/pages\/5352","targetHints":{"allow":["GET"]}}],"collection":[{"href":"https:\/\/deputadotaveirajr.com.br\/index.php\/wp-json\/wp\/v2\/pages"}],"about":[{"href":"https:\/\/deputadotaveirajr.com.br\/index.php\/wp-json\/wp\/v2\/types\/page"}],"replies":[{"embeddable":true,"href":"https:\/\/deputadotaveirajr.com.br\/index.php\/wp-json\/wp\/v2\/comments?post=5352"}],"version-history":[{"count":1,"href":"https:\/\/deputadotaveirajr.com.br\/index.php\/wp-json\/wp\/v2\/pages\/5352\/revisions"}],"predecessor-version":[{"id":5357,"href":"https:\/\/deputadotaveirajr.com.br\/index.php\/wp-json\/wp\/v2\/pages\/5352\/revisions\/5357"}],"wp:featuredmedia":[{"embeddable":true,"href":"https:\/\/deputadotaveirajr.com.br\/index.php\/wp-json\/wp\/v2\/media\/5353"}],"wp:attachment":[{"href":"https:\/\/deputadotaveirajr.com.br\/index.php\/wp-json\/wp\/v2\/media?parent=5352"}],"curies":[{"name":"wp","href":"https:\/\/api.w.org\/{rel}","templated":true}]}}