{"id":5631,"date":"2024-04-18T11:42:44","date_gmt":"2024-04-18T14:42:44","guid":{"rendered":"https:\/\/deputadotaveirajr.com.br\/?page_id=5631"},"modified":"2024-04-18T11:42:44","modified_gmt":"2024-04-18T14:42:44","slug":"eleicoes-2024-veja-quem-sao-os-pre-candidatos-a-prefeito-de-natal","status":"publish","type":"page","link":"https:\/\/deputadotaveirajr.com.br\/index.php\/eleicoes-2024-veja-quem-sao-os-pre-candidatos-a-prefeito-de-natal\/","title":{"rendered":"Elei\u00e7\u00f5es 2024: veja quem s\u00e3o os pr\u00e9-candidatos a prefeito de Natal"},"content":{"rendered":"<p>     Per\u00edodo para os partidos realizarem conven\u00e7\u00f5es e decidirem seus candidatos vai de 20 de julho a 5 de agosto. Veja quais s\u00e3o os pr\u00e9-candidatos j\u00e1 anunciados. Urna eletr\u00f4nica<br \/>\nJusti\u00e7a Eleitoral<br \/>\nO primeiro turno das elei\u00e7\u00f5es municipais de 2024 est\u00e1 marcado para 6 de outubro, mas as negocia\u00e7\u00f5es por alian\u00e7as e o lan\u00e7amento de pr\u00e9-candidaturas j\u00e1 acontece em todo o pa\u00eds. Capital do Rio Grande do Norte, Natal tem pelo menos quatro pr\u00e9-candidatos a prefeito bem definidos.<br \/>\nDe acordo com a Justi\u00e7a Eleitoral, o per\u00edodo para os partidos realizarem conven\u00e7\u00f5es e decidirem seus candidatos vai de 20 de julho a 5 de agosto. O pedido de registro da candidatura deve ser feito at\u00e9 15 de agosto.<br \/>\nConfira a lista de quem, at\u00e9 aqui, \u00e9 pr\u00e9-candidato (em ordem alfab\u00e9tica):<br \/>\nCarlos Eduardo (PSD)<br \/>\nCarlos Eduardo (PDT), candidato a senador no Rio Grande do Norte<br \/>\nPedro Trindade\/Inter TV Cabugi<br \/>\nCarlos Eduardo Alves \u00e9 advogado e j\u00e1 foi deputado estadual e prefeito de Natal. Eleito para o cargo de vice-prefeito em 2000, ele assumiu a prefeitura em 2002 ap\u00f3s a sa\u00edda de Wilma de Faria para concorrer ao governo do RN. Foi reeleito em 2004 e permaneceu no cargo at\u00e9 2008. O pol\u00edtico voltou ser eleito e reeleito como prefeito da capital em 2012 e 2016, em primeiro turno. Ele deixou o cargo de prefeito em 2018 para concorrer ao governo do estado, mas acabou derrotado nas urnas. Tamb\u00e9m perdeu a elei\u00e7\u00e3o para o Senado em 2022.<br \/>\nNat\u00e1lia Bonavides (PT)<br \/>\nDeputada federal, Nat\u00e1lia Bonavides \u00e9 pr\u00e9-candidata a prefeita de Natal<br \/>\nZeca Ribeiro\/C\u00e2mara dos Deputados<br \/>\nNat\u00e1lia Bonavides \u00e9 advogada e defendeu juridicamente diferentes movimentos sociais e sindicatos do RN. A pol\u00edtica garantiu seu primeiro cargo eletivo ap\u00f3s vencer a campanha para a C\u00e2mara Municipal de Natal em 2016, assumindo o mandado de vereadora no ano seguinte. Dois anos depois, em 2018, foi eleita deputada federal. Ap\u00f3s o primeiro mandato, em Bras\u00edlia, foi reeleita deputada federal em 2022, como a candidata mais votada do Rio Grande do Norte, com mais de 157 mil votos.<br \/>\nPaulinho Freire (Uni\u00e3o Brasil)<br \/>\nDeputado federal Paulinho Freire \u00e9 pr\u00e9-candidato a prefeito de Natal<br \/>\nZeca Ribeiro\/C\u00e2mara dos Deputados<br \/>\nO empres\u00e1rio Paulinho Freire foi eleito vereador de Natal pela primeira vez em 1992 e reeleito em 1996. De 1997 e 2002, foi presidente da C\u00e2mara Municipal. Assumiu mandato de deputado estadual em 2003 e em 2008 foi eleito vice-prefeito da capital potiguar, na chapa da prefeita Micarla de Sousa. Chegou a assumir a prefeitura por mais de um m\u00eas, em 2012, ap\u00f3s afastamento da gestora, mas deixou o cargo para assumir um novo mandato de vereador. Em 2022 foi eleito deputado federal deixou a presid\u00eancia do Legislativo municipal para assumir ao novo cargo em 2023.<br \/>\nRafael Motta (Avante)<br \/>\nRafael Motta \u00e9 pr\u00e9-candidato a prefeito de Natal<br \/>\nPablo Valadares\/C\u00e2mara dos Deputados<br \/>\nEngenheiro de produ\u00e7\u00e3o, Rafael Motta j\u00e1 foi vereador de Natal e deputado federal pelo Rio Grande do Norte. A primeira campanha vencida, para a C\u00e2mara Municipal, ocorreu em 2012. Dois anos depois, em 2014, Motta foi eleito para a C\u00e2mara Federal. Reeleito em 2018, ele permaneceu no cargo em Bras\u00edlia at\u00e9 o in\u00edcio de 2023. Em 2022, Rafael Motta disputou uma vaga ao Senado, mas n\u00e3o ganhou. Em novembro de 2023, ele foi nomeado secret\u00e1rio de esportes da capital e deixou o cargo em mar\u00e7o deste ano, para lan\u00e7ar sua pr\u00e9-candidatura a prefeito.<br \/>\nVeja os v\u00eddeos mais assistidos no g1 RN<\/p>","protected":false},"excerpt":{"rendered":"<p>Per\u00edodo para os partidos realizarem conven\u00e7\u00f5es e decidirem seus candidatos vai de 20 de julho a 5 de agosto. Veja quais s\u00e3o os pr\u00e9-candidatos j\u00e1 anunciados. Urna eletr\u00f4nica Justi\u00e7a Eleitoral &#8230;<\/p>\n","protected":false},"author":0,"featured_media":5632,"parent":0,"menu_order":0,"comment_status":"closed","ping_status":"closed","template":"","meta":{"footnotes":""},"class_list":["post-5631","page","type-page","status-publish","has-post-thumbnail","hentry"],"yoast_head":"<!-- This site is optimized with the Yoast SEO plugin v27.1.1 - https:\/\/yoast.com\/product\/yoast-seo-wordpress\/ -->\n<title>Elei\u00e7\u00f5es 2024: veja quem s\u00e3o os pr\u00e9-candidatos a prefeito de Natal - Taveira Jr<\/title>\n<meta name=\"robots\" content=\"index, follow, max-snippet:-1, max-image-preview:large, max-video-preview:-1\" \/>\n<link rel=\"canonical\" href=\"https:\/\/deputadotaveirajr.com.br\/index.php\/eleicoes-2024-veja-quem-sao-os-pre-candidatos-a-prefeito-de-natal\/\" \/>\n<meta property=\"og:locale\" content=\"pt_BR\" \/>\n<meta property=\"og:type\" content=\"article\" \/>\n<meta property=\"og:title\" content=\"Elei\u00e7\u00f5es 2024: veja quem s\u00e3o os pr\u00e9-candidatos a prefeito de Natal - Taveira Jr\" \/>\n<meta property=\"og:description\" content=\"Per\u00edodo para os partidos realizarem conven\u00e7\u00f5es e decidirem seus candidatos vai de 20 de julho a 5 de agosto. Veja quais s\u00e3o os pr\u00e9-candidatos j\u00e1 anunciados. Urna eletr\u00f4nica Justi\u00e7a Eleitoral ...\" \/>\n<meta property=\"og:url\" content=\"https:\/\/deputadotaveirajr.com.br\/index.php\/eleicoes-2024-veja-quem-sao-os-pre-candidatos-a-prefeito-de-natal\/\" \/>\n<meta property=\"og:site_name\" content=\"Taveira Jr\" \/>\n<meta property=\"og:image\" content=\"https:\/\/deputadotaveirajr.com.br\/wp-content\/uploads\/2024\/04\/urna-eletronica-CuFtAJ.jpeg\" \/>\n\t<meta property=\"og:image:width\" content=\"740\" \/>\n\t<meta property=\"og:image:height\" content=\"493\" \/>\n\t<meta property=\"og:image:type\" content=\"image\/jpeg\" \/>\n<meta name=\"twitter:card\" content=\"summary_large_image\" \/>\n<meta name=\"twitter:label1\" content=\"Est. tempo de leitura\" \/>\n\t<meta name=\"twitter:data1\" content=\"3 minutos\" \/>\n<script type=\"application\/ld+json\" class=\"yoast-schema-graph\">{\"@context\":\"https:\/\/schema.org\",\"@graph\":[{\"@type\":\"WebPage\",\"@id\":\"https:\/\/deputadotaveirajr.com.br\/index.php\/eleicoes-2024-veja-quem-sao-os-pre-candidatos-a-prefeito-de-natal\/\",\"url\":\"https:\/\/deputadotaveirajr.com.br\/index.php\/eleicoes-2024-veja-quem-sao-os-pre-candidatos-a-prefeito-de-natal\/\",\"name\":\"Elei\u00e7\u00f5es 2024: veja quem s\u00e3o os pr\u00e9-candidatos a prefeito de Natal - Taveira Jr\",\"isPartOf\":{\"@id\":\"https:\/\/deputadotaveirajr.com.br\/#website\"},\"primaryImageOfPage\":{\"@id\":\"https:\/\/deputadotaveirajr.com.br\/index.php\/eleicoes-2024-veja-quem-sao-os-pre-candidatos-a-prefeito-de-natal\/#primaryimage\"},\"image\":{\"@id\":\"https:\/\/deputadotaveirajr.com.br\/index.php\/eleicoes-2024-veja-quem-sao-os-pre-candidatos-a-prefeito-de-natal\/#primaryimage\"},\"thumbnailUrl\":\"https:\/\/deputadotaveirajr.com.br\/wp-content\/uploads\/2024\/04\/urna-eletronica-CuFtAJ.jpeg\",\"datePublished\":\"2024-04-18T14:42:44+00:00\",\"breadcrumb\":{\"@id\":\"https:\/\/deputadotaveirajr.com.br\/index.php\/eleicoes-2024-veja-quem-sao-os-pre-candidatos-a-prefeito-de-natal\/#breadcrumb\"},\"inLanguage\":\"pt-BR\",\"potentialAction\":[{\"@type\":\"ReadAction\",\"target\":[\"https:\/\/deputadotaveirajr.com.br\/index.php\/eleicoes-2024-veja-quem-sao-os-pre-candidatos-a-prefeito-de-natal\/\"]}]},{\"@type\":\"ImageObject\",\"inLanguage\":\"pt-BR\",\"@id\":\"https:\/\/deputadotaveirajr.com.br\/index.php\/eleicoes-2024-veja-quem-sao-os-pre-candidatos-a-prefeito-de-natal\/#primaryimage\",\"url\":\"https:\/\/deputadotaveirajr.com.br\/wp-content\/uploads\/2024\/04\/urna-eletronica-CuFtAJ.jpeg\",\"contentUrl\":\"https:\/\/deputadotaveirajr.com.br\/wp-content\/uploads\/2024\/04\/urna-eletronica-CuFtAJ.jpeg\",\"width\":740,\"height\":493},{\"@type\":\"BreadcrumbList\",\"@id\":\"https:\/\/deputadotaveirajr.com.br\/index.php\/eleicoes-2024-veja-quem-sao-os-pre-candidatos-a-prefeito-de-natal\/#breadcrumb\",\"itemListElement\":[{\"@type\":\"ListItem\",\"position\":1,\"name\":\"In\u00edcio\",\"item\":\"https:\/\/deputadotaveirajr.com.br\/\"},{\"@type\":\"ListItem\",\"position\":2,\"name\":\"Elei\u00e7\u00f5es 2024: veja quem s\u00e3o os pr\u00e9-candidatos a prefeito de Natal\"}]},{\"@type\":\"WebSite\",\"@id\":\"https:\/\/deputadotaveirajr.com.br\/#website\",\"url\":\"https:\/\/deputadotaveirajr.com.br\/\",\"name\":\"Taveira Jr\",\"description\":\"Deputado Estadual\",\"publisher\":{\"@id\":\"https:\/\/deputadotaveirajr.com.br\/#organization\"},\"potentialAction\":[{\"@type\":\"SearchAction\",\"target\":{\"@type\":\"EntryPoint\",\"urlTemplate\":\"https:\/\/deputadotaveirajr.com.br\/?s={search_term_string}\"},\"query-input\":{\"@type\":\"PropertyValueSpecification\",\"valueRequired\":true,\"valueName\":\"search_term_string\"}}],\"inLanguage\":\"pt-BR\"},{\"@type\":\"Organization\",\"@id\":\"https:\/\/deputadotaveirajr.com.br\/#organization\",\"name\":\"Taveira Jr\",\"url\":\"https:\/\/deputadotaveirajr.com.br\/\",\"logo\":{\"@type\":\"ImageObject\",\"inLanguage\":\"pt-BR\",\"@id\":\"https:\/\/deputadotaveirajr.com.br\/#\/schema\/logo\/image\/\",\"url\":\"https:\/\/deputadotaveirajr.com.br\/wp-content\/uploads\/2026\/01\/logolow2a.png\",\"contentUrl\":\"https:\/\/deputadotaveirajr.com.br\/wp-content\/uploads\/2026\/01\/logolow2a.png\",\"width\":290,\"height\":80,\"caption\":\"Taveira Jr\"},\"image\":{\"@id\":\"https:\/\/deputadotaveirajr.com.br\/#\/schema\/logo\/image\/\"}}]}<\/script>\n<!-- \/ Yoast SEO plugin. -->","yoast_head_json":{"title":"Elei\u00e7\u00f5es 2024: veja quem s\u00e3o os pr\u00e9-candidatos a prefeito de Natal - Taveira Jr","robots":{"index":"index","follow":"follow","max-snippet":"max-snippet:-1","max-image-preview":"max-image-preview:large","max-video-preview":"max-video-preview:-1"},"canonical":"https:\/\/deputadotaveirajr.com.br\/index.php\/eleicoes-2024-veja-quem-sao-os-pre-candidatos-a-prefeito-de-natal\/","og_locale":"pt_BR","og_type":"article","og_title":"Elei\u00e7\u00f5es 2024: veja quem s\u00e3o os pr\u00e9-candidatos a prefeito de Natal - Taveira Jr","og_description":"Per\u00edodo para os partidos realizarem conven\u00e7\u00f5es e decidirem seus candidatos vai de 20 de julho a 5 de agosto. Veja quais s\u00e3o os pr\u00e9-candidatos j\u00e1 anunciados. Urna eletr\u00f4nica Justi\u00e7a Eleitoral ...","og_url":"https:\/\/deputadotaveirajr.com.br\/index.php\/eleicoes-2024-veja-quem-sao-os-pre-candidatos-a-prefeito-de-natal\/","og_site_name":"Taveira Jr","og_image":[{"width":740,"height":493,"url":"https:\/\/deputadotaveirajr.com.br\/wp-content\/uploads\/2024\/04\/urna-eletronica-CuFtAJ.jpeg","type":"image\/jpeg"}],"twitter_card":"summary_large_image","twitter_misc":{"Est. tempo de leitura":"3 minutos"},"schema":{"@context":"https:\/\/schema.org","@graph":[{"@type":"WebPage","@id":"https:\/\/deputadotaveirajr.com.br\/index.php\/eleicoes-2024-veja-quem-sao-os-pre-candidatos-a-prefeito-de-natal\/","url":"https:\/\/deputadotaveirajr.com.br\/index.php\/eleicoes-2024-veja-quem-sao-os-pre-candidatos-a-prefeito-de-natal\/","name":"Elei\u00e7\u00f5es 2024: veja quem s\u00e3o os pr\u00e9-candidatos a prefeito de Natal - Taveira Jr","isPartOf":{"@id":"https:\/\/deputadotaveirajr.com.br\/#website"},"primaryImageOfPage":{"@id":"https:\/\/deputadotaveirajr.com.br\/index.php\/eleicoes-2024-veja-quem-sao-os-pre-candidatos-a-prefeito-de-natal\/#primaryimage"},"image":{"@id":"https:\/\/deputadotaveirajr.com.br\/index.php\/eleicoes-2024-veja-quem-sao-os-pre-candidatos-a-prefeito-de-natal\/#primaryimage"},"thumbnailUrl":"https:\/\/deputadotaveirajr.com.br\/wp-content\/uploads\/2024\/04\/urna-eletronica-CuFtAJ.jpeg","datePublished":"2024-04-18T14:42:44+00:00","breadcrumb":{"@id":"https:\/\/deputadotaveirajr.com.br\/index.php\/eleicoes-2024-veja-quem-sao-os-pre-candidatos-a-prefeito-de-natal\/#breadcrumb"},"inLanguage":"pt-BR","potentialAction":[{"@type":"ReadAction","target":["https:\/\/deputadotaveirajr.com.br\/index.php\/eleicoes-2024-veja-quem-sao-os-pre-candidatos-a-prefeito-de-natal\/"]}]},{"@type":"ImageObject","inLanguage":"pt-BR","@id":"https:\/\/deputadotaveirajr.com.br\/index.php\/eleicoes-2024-veja-quem-sao-os-pre-candidatos-a-prefeito-de-natal\/#primaryimage","url":"https:\/\/deputadotaveirajr.com.br\/wp-content\/uploads\/2024\/04\/urna-eletronica-CuFtAJ.jpeg","contentUrl":"https:\/\/deputadotaveirajr.com.br\/wp-content\/uploads\/2024\/04\/urna-eletronica-CuFtAJ.jpeg","width":740,"height":493},{"@type":"BreadcrumbList","@id":"https:\/\/deputadotaveirajr.com.br\/index.php\/eleicoes-2024-veja-quem-sao-os-pre-candidatos-a-prefeito-de-natal\/#breadcrumb","itemListElement":[{"@type":"ListItem","position":1,"name":"In\u00edcio","item":"https:\/\/deputadotaveirajr.com.br\/"},{"@type":"ListItem","position":2,"name":"Elei\u00e7\u00f5es 2024: veja quem s\u00e3o os pr\u00e9-candidatos a prefeito de Natal"}]},{"@type":"WebSite","@id":"https:\/\/deputadotaveirajr.com.br\/#website","url":"https:\/\/deputadotaveirajr.com.br\/","name":"Taveira Jr","description":"Deputado Estadual","publisher":{"@id":"https:\/\/deputadotaveirajr.com.br\/#organization"},"potentialAction":[{"@type":"SearchAction","target":{"@type":"EntryPoint","urlTemplate":"https:\/\/deputadotaveirajr.com.br\/?s={search_term_string}"},"query-input":{"@type":"PropertyValueSpecification","valueRequired":true,"valueName":"search_term_string"}}],"inLanguage":"pt-BR"},{"@type":"Organization","@id":"https:\/\/deputadotaveirajr.com.br\/#organization","name":"Taveira Jr","url":"https:\/\/deputadotaveirajr.com.br\/","logo":{"@type":"ImageObject","inLanguage":"pt-BR","@id":"https:\/\/deputadotaveirajr.com.br\/#\/schema\/logo\/image\/","url":"https:\/\/deputadotaveirajr.com.br\/wp-content\/uploads\/2026\/01\/logolow2a.png","contentUrl":"https:\/\/deputadotaveirajr.com.br\/wp-content\/uploads\/2026\/01\/logolow2a.png","width":290,"height":80,"caption":"Taveira Jr"},"image":{"@id":"https:\/\/deputadotaveirajr.com.br\/#\/schema\/logo\/image\/"}}]}},"_links":{"self":[{"href":"https:\/\/deputadotaveirajr.com.br\/index.php\/wp-json\/wp\/v2\/pages\/5631","targetHints":{"allow":["GET"]}}],"collection":[{"href":"https:\/\/deputadotaveirajr.com.br\/index.php\/wp-json\/wp\/v2\/pages"}],"about":[{"href":"https:\/\/deputadotaveirajr.com.br\/index.php\/wp-json\/wp\/v2\/types\/page"}],"replies":[{"embeddable":true,"href":"https:\/\/deputadotaveirajr.com.br\/index.php\/wp-json\/wp\/v2\/comments?post=5631"}],"version-history":[{"count":1,"href":"https:\/\/deputadotaveirajr.com.br\/index.php\/wp-json\/wp\/v2\/pages\/5631\/revisions"}],"predecessor-version":[{"id":5634,"href":"https:\/\/deputadotaveirajr.com.br\/index.php\/wp-json\/wp\/v2\/pages\/5631\/revisions\/5634"}],"wp:featuredmedia":[{"embeddable":true,"href":"https:\/\/deputadotaveirajr.com.br\/index.php\/wp-json\/wp\/v2\/media\/5632"}],"wp:attachment":[{"href":"https:\/\/deputadotaveirajr.com.br\/index.php\/wp-json\/wp\/v2\/media?parent=5631"}],"curies":[{"name":"wp","href":"https:\/\/api.w.org\/{rel}","templated":true}]}}