{"id":5711,"date":"2024-04-22T15:39:44","date_gmt":"2024-04-22T18:39:44","guid":{"rendered":"https:\/\/deputadotaveirajr.com.br\/?page_id=5711"},"modified":"2024-04-22T15:39:44","modified_gmt":"2024-04-22T18:39:44","slug":"mulher-e-presa-ao-tentar-fraudar-prova-de-concurso-da-uern-outros-quatro-candidatos-sao-desclassificados","status":"publish","type":"page","link":"https:\/\/deputadotaveirajr.com.br\/index.php\/mulher-e-presa-ao-tentar-fraudar-prova-de-concurso-da-uern-outros-quatro-candidatos-sao-desclassificados\/","title":{"rendered":"Mulher \u00e9 presa ao tentar fraudar prova de concurso da Uern; outros quatro candidatos s\u00e3o desclassificados"},"content":{"rendered":"<p>     Provas foram realizadas neste domingo (21) em Mossor\u00f3, no Oeste potiguar.  Provas do concurso da Uern foram realizadas neste domingo (21) em Mossor\u00f3<br \/>\nUern\/Divulga\u00e7\u00e3o<br \/>\nUma mulher foi presa ao tentar fraudar a prova do concurso p\u00fablico da Universidade Estadual do Rio Grande do Norte (Uern), realizada neste domingo (21) em Mossor\u00f3, no Oeste potiguar.<br \/>\nSegundo a universidade, a candidata foi flagrada tentando passar as respostas das quest\u00f5es por meio de um aplicativo de mensagens. De acordo com a organiza\u00e7\u00e3o do concurso, os ficais agiram antes que ela conseguisse enviar qualquer informa\u00e7\u00e3o.<br \/>\nO boletim de ocorr\u00eancia registrado na Pol\u00edcia Civil aponta que a mulher \u00e9 uma enfermeira pernambucana de 36 anos. Ela fazia a prova em uma sala da Universidade Federal Rural do Semi\u00e1rido (Ufersa) e pediu para ir ao banheiro, por\u00e9m, ao passar pelo detector de metais, foi descoberta com um aparelho eletr\u00f4nico e um smartphone.<br \/>\nDe acordo com o Idecan, respons\u00e1vel pela prova, a candidata confessou que estava colaborando com uma quadrilha que pretendia fraudar o concurso. Al\u00e9m de ser desclassificada, ela foi encaminhada por policiais militares \u00e0 delegacia de plant\u00e3o do munic\u00edpio.<br \/>\nOutros declassificados<br \/>\nSegundo a universidade, a banca organizadora do concurso informou que outros quatro candidatos foram desclassificados por burlar as regras do concurso \u2013 tr\u00eas tentando manter os celulares ligados e um tentando sair do local com o caderno de provas escondido.<br \/>\nPara os cargos de t\u00e9cnico de Audiovisual e T\u00e9cnico Programador visual, ocorreu um incidente de troca de provas. O caso foi resolvido pelo Idecan, com acompanhamento da Comiss\u00e3o do Concurso, e os candidatos tiveram um tempo extra.<br \/>\nO concurso oferecia 106 vagas para t\u00e9cnicos e docentes da universidade estadual e contou com mais de 19 mil candidatos inscritos, por\u00e9m cerca de 35,9% n\u00e3o compareceram \u00e0s provas.<br \/>\nVeja os v\u00eddeos mais assistidos no g1 RN<\/p>","protected":false},"excerpt":{"rendered":"<p>Provas foram realizadas neste domingo (21) em Mossor\u00f3, no Oeste potiguar. Provas do concurso da Uern foram realizadas neste domingo (21) em Mossor\u00f3 Uern\/Divulga\u00e7\u00e3o Uma mulher foi presa ao tentar &#8230;<\/p>\n","protected":false},"author":0,"featured_media":5712,"parent":0,"menu_order":0,"comment_status":"closed","ping_status":"closed","template":"","meta":{"footnotes":""},"class_list":["post-5711","page","type-page","status-publish","has-post-thumbnail","hentry"],"yoast_head":"<!-- This site is optimized with the Yoast SEO plugin v27.1.1 - https:\/\/yoast.com\/product\/yoast-seo-wordpress\/ -->\n<title>Mulher \u00e9 presa ao tentar fraudar prova de concurso da Uern; outros quatro candidatos s\u00e3o desclassificados - Taveira Jr<\/title>\n<meta name=\"robots\" content=\"index, follow, max-snippet:-1, max-image-preview:large, max-video-preview:-1\" \/>\n<link rel=\"canonical\" href=\"https:\/\/deputadotaveirajr.com.br\/index.php\/mulher-e-presa-ao-tentar-fraudar-prova-de-concurso-da-uern-outros-quatro-candidatos-sao-desclassificados\/\" \/>\n<meta property=\"og:locale\" content=\"pt_BR\" \/>\n<meta property=\"og:type\" content=\"article\" \/>\n<meta property=\"og:title\" content=\"Mulher \u00e9 presa ao tentar fraudar prova de concurso da Uern; outros quatro candidatos s\u00e3o desclassificados - Taveira Jr\" \/>\n<meta property=\"og:description\" content=\"Provas foram realizadas neste domingo (21) em Mossor\u00f3, no Oeste potiguar. Provas do concurso da Uern foram realizadas neste domingo (21) em Mossor\u00f3 Uern\/Divulga\u00e7\u00e3o Uma mulher foi presa ao tentar ...\" \/>\n<meta property=\"og:url\" content=\"https:\/\/deputadotaveirajr.com.br\/index.php\/mulher-e-presa-ao-tentar-fraudar-prova-de-concurso-da-uern-outros-quatro-candidatos-sao-desclassificados\/\" \/>\n<meta property=\"og:site_name\" content=\"Taveira Jr\" \/>\n<meta property=\"og:image\" content=\"https:\/\/deputadotaveirajr.com.br\/wp-content\/uploads\/2024\/04\/uern-mc4RUN.jpeg\" \/>\n\t<meta property=\"og:image:width\" content=\"2560\" \/>\n\t<meta property=\"og:image:height\" content=\"1707\" \/>\n\t<meta property=\"og:image:type\" content=\"image\/jpeg\" \/>\n<meta name=\"twitter:card\" content=\"summary_large_image\" \/>\n<meta name=\"twitter:label1\" content=\"Est. tempo de leitura\" \/>\n\t<meta name=\"twitter:data1\" content=\"2 minutos\" \/>\n<script type=\"application\/ld+json\" class=\"yoast-schema-graph\">{\"@context\":\"https:\/\/schema.org\",\"@graph\":[{\"@type\":\"WebPage\",\"@id\":\"https:\/\/deputadotaveirajr.com.br\/index.php\/mulher-e-presa-ao-tentar-fraudar-prova-de-concurso-da-uern-outros-quatro-candidatos-sao-desclassificados\/\",\"url\":\"https:\/\/deputadotaveirajr.com.br\/index.php\/mulher-e-presa-ao-tentar-fraudar-prova-de-concurso-da-uern-outros-quatro-candidatos-sao-desclassificados\/\",\"name\":\"Mulher \u00e9 presa ao tentar fraudar prova de concurso da Uern; outros quatro candidatos s\u00e3o desclassificados - Taveira Jr\",\"isPartOf\":{\"@id\":\"https:\/\/deputadotaveirajr.com.br\/#website\"},\"primaryImageOfPage\":{\"@id\":\"https:\/\/deputadotaveirajr.com.br\/index.php\/mulher-e-presa-ao-tentar-fraudar-prova-de-concurso-da-uern-outros-quatro-candidatos-sao-desclassificados\/#primaryimage\"},\"image\":{\"@id\":\"https:\/\/deputadotaveirajr.com.br\/index.php\/mulher-e-presa-ao-tentar-fraudar-prova-de-concurso-da-uern-outros-quatro-candidatos-sao-desclassificados\/#primaryimage\"},\"thumbnailUrl\":\"https:\/\/deputadotaveirajr.com.br\/wp-content\/uploads\/2024\/04\/uern-mc4RUN.jpeg\",\"datePublished\":\"2024-04-22T18:39:44+00:00\",\"breadcrumb\":{\"@id\":\"https:\/\/deputadotaveirajr.com.br\/index.php\/mulher-e-presa-ao-tentar-fraudar-prova-de-concurso-da-uern-outros-quatro-candidatos-sao-desclassificados\/#breadcrumb\"},\"inLanguage\":\"pt-BR\",\"potentialAction\":[{\"@type\":\"ReadAction\",\"target\":[\"https:\/\/deputadotaveirajr.com.br\/index.php\/mulher-e-presa-ao-tentar-fraudar-prova-de-concurso-da-uern-outros-quatro-candidatos-sao-desclassificados\/\"]}]},{\"@type\":\"ImageObject\",\"inLanguage\":\"pt-BR\",\"@id\":\"https:\/\/deputadotaveirajr.com.br\/index.php\/mulher-e-presa-ao-tentar-fraudar-prova-de-concurso-da-uern-outros-quatro-candidatos-sao-desclassificados\/#primaryimage\",\"url\":\"https:\/\/deputadotaveirajr.com.br\/wp-content\/uploads\/2024\/04\/uern-mc4RUN.jpeg\",\"contentUrl\":\"https:\/\/deputadotaveirajr.com.br\/wp-content\/uploads\/2024\/04\/uern-mc4RUN.jpeg\",\"width\":2560,\"height\":1707},{\"@type\":\"BreadcrumbList\",\"@id\":\"https:\/\/deputadotaveirajr.com.br\/index.php\/mulher-e-presa-ao-tentar-fraudar-prova-de-concurso-da-uern-outros-quatro-candidatos-sao-desclassificados\/#breadcrumb\",\"itemListElement\":[{\"@type\":\"ListItem\",\"position\":1,\"name\":\"In\u00edcio\",\"item\":\"https:\/\/deputadotaveirajr.com.br\/\"},{\"@type\":\"ListItem\",\"position\":2,\"name\":\"Mulher \u00e9 presa ao tentar fraudar prova de concurso da Uern; outros quatro candidatos s\u00e3o desclassificados\"}]},{\"@type\":\"WebSite\",\"@id\":\"https:\/\/deputadotaveirajr.com.br\/#website\",\"url\":\"https:\/\/deputadotaveirajr.com.br\/\",\"name\":\"Taveira Jr\",\"description\":\"Deputado Estadual\",\"publisher\":{\"@id\":\"https:\/\/deputadotaveirajr.com.br\/#organization\"},\"potentialAction\":[{\"@type\":\"SearchAction\",\"target\":{\"@type\":\"EntryPoint\",\"urlTemplate\":\"https:\/\/deputadotaveirajr.com.br\/?s={search_term_string}\"},\"query-input\":{\"@type\":\"PropertyValueSpecification\",\"valueRequired\":true,\"valueName\":\"search_term_string\"}}],\"inLanguage\":\"pt-BR\"},{\"@type\":\"Organization\",\"@id\":\"https:\/\/deputadotaveirajr.com.br\/#organization\",\"name\":\"Taveira Jr\",\"url\":\"https:\/\/deputadotaveirajr.com.br\/\",\"logo\":{\"@type\":\"ImageObject\",\"inLanguage\":\"pt-BR\",\"@id\":\"https:\/\/deputadotaveirajr.com.br\/#\/schema\/logo\/image\/\",\"url\":\"https:\/\/deputadotaveirajr.com.br\/wp-content\/uploads\/2026\/01\/logolow2a.png\",\"contentUrl\":\"https:\/\/deputadotaveirajr.com.br\/wp-content\/uploads\/2026\/01\/logolow2a.png\",\"width\":290,\"height\":80,\"caption\":\"Taveira Jr\"},\"image\":{\"@id\":\"https:\/\/deputadotaveirajr.com.br\/#\/schema\/logo\/image\/\"}}]}<\/script>\n<!-- \/ Yoast SEO plugin. -->","yoast_head_json":{"title":"Mulher \u00e9 presa ao tentar fraudar prova de concurso da Uern; outros quatro candidatos s\u00e3o desclassificados - Taveira Jr","robots":{"index":"index","follow":"follow","max-snippet":"max-snippet:-1","max-image-preview":"max-image-preview:large","max-video-preview":"max-video-preview:-1"},"canonical":"https:\/\/deputadotaveirajr.com.br\/index.php\/mulher-e-presa-ao-tentar-fraudar-prova-de-concurso-da-uern-outros-quatro-candidatos-sao-desclassificados\/","og_locale":"pt_BR","og_type":"article","og_title":"Mulher \u00e9 presa ao tentar fraudar prova de concurso da Uern; outros quatro candidatos s\u00e3o desclassificados - Taveira Jr","og_description":"Provas foram realizadas neste domingo (21) em Mossor\u00f3, no Oeste potiguar. Provas do concurso da Uern foram realizadas neste domingo (21) em Mossor\u00f3 Uern\/Divulga\u00e7\u00e3o Uma mulher foi presa ao tentar ...","og_url":"https:\/\/deputadotaveirajr.com.br\/index.php\/mulher-e-presa-ao-tentar-fraudar-prova-de-concurso-da-uern-outros-quatro-candidatos-sao-desclassificados\/","og_site_name":"Taveira Jr","og_image":[{"width":2560,"height":1707,"url":"https:\/\/deputadotaveirajr.com.br\/wp-content\/uploads\/2024\/04\/uern-mc4RUN.jpeg","type":"image\/jpeg"}],"twitter_card":"summary_large_image","twitter_misc":{"Est. tempo de leitura":"2 minutos"},"schema":{"@context":"https:\/\/schema.org","@graph":[{"@type":"WebPage","@id":"https:\/\/deputadotaveirajr.com.br\/index.php\/mulher-e-presa-ao-tentar-fraudar-prova-de-concurso-da-uern-outros-quatro-candidatos-sao-desclassificados\/","url":"https:\/\/deputadotaveirajr.com.br\/index.php\/mulher-e-presa-ao-tentar-fraudar-prova-de-concurso-da-uern-outros-quatro-candidatos-sao-desclassificados\/","name":"Mulher \u00e9 presa ao tentar fraudar prova de concurso da Uern; outros quatro candidatos s\u00e3o desclassificados - Taveira Jr","isPartOf":{"@id":"https:\/\/deputadotaveirajr.com.br\/#website"},"primaryImageOfPage":{"@id":"https:\/\/deputadotaveirajr.com.br\/index.php\/mulher-e-presa-ao-tentar-fraudar-prova-de-concurso-da-uern-outros-quatro-candidatos-sao-desclassificados\/#primaryimage"},"image":{"@id":"https:\/\/deputadotaveirajr.com.br\/index.php\/mulher-e-presa-ao-tentar-fraudar-prova-de-concurso-da-uern-outros-quatro-candidatos-sao-desclassificados\/#primaryimage"},"thumbnailUrl":"https:\/\/deputadotaveirajr.com.br\/wp-content\/uploads\/2024\/04\/uern-mc4RUN.jpeg","datePublished":"2024-04-22T18:39:44+00:00","breadcrumb":{"@id":"https:\/\/deputadotaveirajr.com.br\/index.php\/mulher-e-presa-ao-tentar-fraudar-prova-de-concurso-da-uern-outros-quatro-candidatos-sao-desclassificados\/#breadcrumb"},"inLanguage":"pt-BR","potentialAction":[{"@type":"ReadAction","target":["https:\/\/deputadotaveirajr.com.br\/index.php\/mulher-e-presa-ao-tentar-fraudar-prova-de-concurso-da-uern-outros-quatro-candidatos-sao-desclassificados\/"]}]},{"@type":"ImageObject","inLanguage":"pt-BR","@id":"https:\/\/deputadotaveirajr.com.br\/index.php\/mulher-e-presa-ao-tentar-fraudar-prova-de-concurso-da-uern-outros-quatro-candidatos-sao-desclassificados\/#primaryimage","url":"https:\/\/deputadotaveirajr.com.br\/wp-content\/uploads\/2024\/04\/uern-mc4RUN.jpeg","contentUrl":"https:\/\/deputadotaveirajr.com.br\/wp-content\/uploads\/2024\/04\/uern-mc4RUN.jpeg","width":2560,"height":1707},{"@type":"BreadcrumbList","@id":"https:\/\/deputadotaveirajr.com.br\/index.php\/mulher-e-presa-ao-tentar-fraudar-prova-de-concurso-da-uern-outros-quatro-candidatos-sao-desclassificados\/#breadcrumb","itemListElement":[{"@type":"ListItem","position":1,"name":"In\u00edcio","item":"https:\/\/deputadotaveirajr.com.br\/"},{"@type":"ListItem","position":2,"name":"Mulher \u00e9 presa ao tentar fraudar prova de concurso da Uern; outros quatro candidatos s\u00e3o desclassificados"}]},{"@type":"WebSite","@id":"https:\/\/deputadotaveirajr.com.br\/#website","url":"https:\/\/deputadotaveirajr.com.br\/","name":"Taveira Jr","description":"Deputado Estadual","publisher":{"@id":"https:\/\/deputadotaveirajr.com.br\/#organization"},"potentialAction":[{"@type":"SearchAction","target":{"@type":"EntryPoint","urlTemplate":"https:\/\/deputadotaveirajr.com.br\/?s={search_term_string}"},"query-input":{"@type":"PropertyValueSpecification","valueRequired":true,"valueName":"search_term_string"}}],"inLanguage":"pt-BR"},{"@type":"Organization","@id":"https:\/\/deputadotaveirajr.com.br\/#organization","name":"Taveira Jr","url":"https:\/\/deputadotaveirajr.com.br\/","logo":{"@type":"ImageObject","inLanguage":"pt-BR","@id":"https:\/\/deputadotaveirajr.com.br\/#\/schema\/logo\/image\/","url":"https:\/\/deputadotaveirajr.com.br\/wp-content\/uploads\/2026\/01\/logolow2a.png","contentUrl":"https:\/\/deputadotaveirajr.com.br\/wp-content\/uploads\/2026\/01\/logolow2a.png","width":290,"height":80,"caption":"Taveira Jr"},"image":{"@id":"https:\/\/deputadotaveirajr.com.br\/#\/schema\/logo\/image\/"}}]}},"_links":{"self":[{"href":"https:\/\/deputadotaveirajr.com.br\/index.php\/wp-json\/wp\/v2\/pages\/5711","targetHints":{"allow":["GET"]}}],"collection":[{"href":"https:\/\/deputadotaveirajr.com.br\/index.php\/wp-json\/wp\/v2\/pages"}],"about":[{"href":"https:\/\/deputadotaveirajr.com.br\/index.php\/wp-json\/wp\/v2\/types\/page"}],"replies":[{"embeddable":true,"href":"https:\/\/deputadotaveirajr.com.br\/index.php\/wp-json\/wp\/v2\/comments?post=5711"}],"version-history":[{"count":1,"href":"https:\/\/deputadotaveirajr.com.br\/index.php\/wp-json\/wp\/v2\/pages\/5711\/revisions"}],"predecessor-version":[{"id":5718,"href":"https:\/\/deputadotaveirajr.com.br\/index.php\/wp-json\/wp\/v2\/pages\/5711\/revisions\/5718"}],"wp:featuredmedia":[{"embeddable":true,"href":"https:\/\/deputadotaveirajr.com.br\/index.php\/wp-json\/wp\/v2\/media\/5712"}],"wp:attachment":[{"href":"https:\/\/deputadotaveirajr.com.br\/index.php\/wp-json\/wp\/v2\/media?parent=5711"}],"curies":[{"name":"wp","href":"https:\/\/api.w.org\/{rel}","templated":true}]}}