{"id":5796,"date":"2024-04-25T22:19:12","date_gmt":"2024-04-26T01:19:12","guid":{"rendered":"https:\/\/deputadotaveirajr.com.br\/?page_id=5796"},"modified":"2024-04-25T22:19:12","modified_gmt":"2024-04-26T01:19:12","slug":"policiais-civis-encerram-greve-e-reabrem-delegacias-no-rio-grande-do-norte","status":"publish","type":"page","link":"https:\/\/deputadotaveirajr.com.br\/index.php\/policiais-civis-encerram-greve-e-reabrem-delegacias-no-rio-grande-do-norte\/","title":{"rendered":"Policiais civis encerram greve e reabrem delegacias no Rio Grande do Norte"},"content":{"rendered":"<p>     Paralisa\u00e7\u00e3o come\u00e7ou na ter\u00e7a (23) e foi encerrada ap\u00f3s acordo com o governo para reajuste m\u00e9dio de 7% para a categoria. Delegacias voltam a abrir nesta sexta (26). Central de Flagrantes &#8211; 1\u00aa Delegacia de Plant\u00e3o<br \/>\nDivulga\u00e7\u00e3o \/ Pol\u00edcia Civil RN\/Arquivo<br \/>\nOs policiais civis do Rio Grande do Norte decidiram nesta quinta-feira (25) encerrar a greve que havia sido iniciada na ter\u00e7a-feira (23). Os servidores aceitaram proposta do governo do RN ap\u00f3s uma nova rodada de negocia\u00e7\u00e3o.<br \/>\nCom isso, o Sindicato de Policiais Civis do RN (Sinpol) informou que a partir desta sexta (25) as delegacias do estado v\u00e3o funcionar no expediente normal. As delegacias de Plant\u00e3o das zonas Sul e Norte, segundo o Sinpol, v\u00e3o retornar durante a noite desta quinta (25).<br \/>\n\ud83d\udcf3Participe do canal do g1 RN no WhatsApp<br \/>\nO Sinpol, no entanto, disse que as di\u00e1rias operacionais de servi\u00e7o extraordin\u00e1rio &#8220;seguir\u00e3o paralisadas at\u00e9 que acordo com o Executivo seja concretizado e assinado&#8221;.  Isso, segundo o presidente do Sinpol, Nilton Arruda, prejudica as delegacias regionais espalhadas pelo estado.<br \/>\nDesde o in\u00edcio da negocia\u00e7\u00e3o, os policiais civis buscavam uma proposta de reajuste salarial de 10%. O acordo fechado com o governo foi, em m\u00e9dia, de 9% de reajuste para os policiais antigos e de 6% para os que entraram nas novas turmas.<br \/>\n&#8220;A proposta coloca um percentual m\u00e9dio de 7% nas classes policiais&#8221;, explicou o presidente do Sinpol, Nilton Arruda.<br \/>\nO acordo foi fechado ap\u00f3s uma reuni\u00e3o com o secret\u00e1rio de Seguran\u00e7a e Defesa Social do RN, Coronel Francisco Ara\u00fajo, e com outros representantes do governo. \u00c0 tarde, a categoria aceitou a proposta em assembleia.<br \/>\nTerceiro dia de greve da Poli\u0301cia Civil do RN<br \/>\nLEIA TAMB\u00c9M<br \/>\nGREVE DA PC: Fam\u00edlia n\u00e3o consegue registrar BO e corpo de idoso fica 24 horas &#8216;preso&#8217; em hospital em Natal<br \/>\nO retorno tamb\u00e9m foi condicionado \u00e0 uma promessa da implanta\u00e7\u00e3o do aux\u00edlio-alimenta\u00e7\u00e3o.<br \/>\n&#8220;Todas as categorias de seguran\u00e7a recebem aux\u00edlio-alimenta\u00e7\u00e3o. A \u00fanica que n\u00e3o recebe \u00e9 a Pol\u00edcia Civil. E a gente vai querer um tratamento igual pra poder aceitar essa tabela que nos foi acertada hoje&#8221;, disse Nilton. .<br \/>\nDurante os dias de greve, as delegacias do Rio Grande do Norte ficaram fechadas, tendo sido abertas apenas algumas delegacias de plant\u00e3o.<br \/>\nA Justi\u00e7a do Rio Grande do Norte havia determinado na quarta (24) o retorno imediato dos policiais civis, ap\u00f3s pedido do Minist\u00e9rio P\u00fablico.  O direito de greve por parte da Pol\u00edcia Civil ou de profissionais de qualquer carreira policial \u00e9 inconstitucional, segundo decis\u00e3o do Supremo Tribunal Federal (STF) de 2017.<br \/>\nV\u00eddeos mais assistidos do g1 RN<\/p>","protected":false},"excerpt":{"rendered":"<p>Paralisa\u00e7\u00e3o come\u00e7ou na ter\u00e7a (23) e foi encerrada ap\u00f3s acordo com o governo para reajuste m\u00e9dio de 7% para a categoria. Delegacias voltam a abrir nesta sexta (26). Central de &#8230;<\/p>\n","protected":false},"author":0,"featured_media":5797,"parent":0,"menu_order":0,"comment_status":"closed","ping_status":"closed","template":"","meta":{"footnotes":""},"class_list":["post-5796","page","type-page","status-publish","has-post-thumbnail","hentry"],"yoast_head":"<!-- This site is optimized with the Yoast SEO plugin v27.1.1 - https:\/\/yoast.com\/product\/yoast-seo-wordpress\/ -->\n<title>Policiais civis encerram greve e reabrem delegacias no Rio Grande do Norte - Taveira Jr<\/title>\n<meta name=\"robots\" content=\"index, follow, max-snippet:-1, max-image-preview:large, max-video-preview:-1\" \/>\n<link rel=\"canonical\" href=\"https:\/\/deputadotaveirajr.com.br\/index.php\/policiais-civis-encerram-greve-e-reabrem-delegacias-no-rio-grande-do-norte\/\" \/>\n<meta property=\"og:locale\" content=\"pt_BR\" \/>\n<meta property=\"og:type\" content=\"article\" \/>\n<meta property=\"og:title\" content=\"Policiais civis encerram greve e reabrem delegacias no Rio Grande do Norte - Taveira Jr\" \/>\n<meta property=\"og:description\" content=\"Paralisa\u00e7\u00e3o come\u00e7ou na ter\u00e7a (23) e foi encerrada ap\u00f3s acordo com o governo para reajuste m\u00e9dio de 7% para a categoria. Delegacias voltam a abrir nesta sexta (26). Central de ...\" \/>\n<meta property=\"og:url\" content=\"https:\/\/deputadotaveirajr.com.br\/index.php\/policiais-civis-encerram-greve-e-reabrem-delegacias-no-rio-grande-do-norte\/\" \/>\n<meta property=\"og:site_name\" content=\"Taveira Jr\" \/>\n<meta property=\"og:image\" content=\"https:\/\/deputadotaveirajr.com.br\/wp-content\/uploads\/2024\/04\/central-de-flagrantes-zona-sul-nova-AFC3MK.jpeg\" \/>\n\t<meta property=\"og:image:width\" content=\"1536\" \/>\n\t<meta property=\"og:image:height\" content=\"1023\" \/>\n\t<meta property=\"og:image:type\" content=\"image\/jpeg\" \/>\n<meta name=\"twitter:card\" content=\"summary_large_image\" \/>\n<meta name=\"twitter:label1\" content=\"Est. tempo de leitura\" \/>\n\t<meta name=\"twitter:data1\" content=\"2 minutos\" \/>\n<script type=\"application\/ld+json\" class=\"yoast-schema-graph\">{\"@context\":\"https:\/\/schema.org\",\"@graph\":[{\"@type\":\"WebPage\",\"@id\":\"https:\/\/deputadotaveirajr.com.br\/index.php\/policiais-civis-encerram-greve-e-reabrem-delegacias-no-rio-grande-do-norte\/\",\"url\":\"https:\/\/deputadotaveirajr.com.br\/index.php\/policiais-civis-encerram-greve-e-reabrem-delegacias-no-rio-grande-do-norte\/\",\"name\":\"Policiais civis encerram greve e reabrem delegacias no Rio Grande do Norte - Taveira Jr\",\"isPartOf\":{\"@id\":\"https:\/\/deputadotaveirajr.com.br\/#website\"},\"primaryImageOfPage\":{\"@id\":\"https:\/\/deputadotaveirajr.com.br\/index.php\/policiais-civis-encerram-greve-e-reabrem-delegacias-no-rio-grande-do-norte\/#primaryimage\"},\"image\":{\"@id\":\"https:\/\/deputadotaveirajr.com.br\/index.php\/policiais-civis-encerram-greve-e-reabrem-delegacias-no-rio-grande-do-norte\/#primaryimage\"},\"thumbnailUrl\":\"https:\/\/deputadotaveirajr.com.br\/wp-content\/uploads\/2024\/04\/central-de-flagrantes-zona-sul-nova-AFC3MK.jpeg\",\"datePublished\":\"2024-04-26T01:19:12+00:00\",\"breadcrumb\":{\"@id\":\"https:\/\/deputadotaveirajr.com.br\/index.php\/policiais-civis-encerram-greve-e-reabrem-delegacias-no-rio-grande-do-norte\/#breadcrumb\"},\"inLanguage\":\"pt-BR\",\"potentialAction\":[{\"@type\":\"ReadAction\",\"target\":[\"https:\/\/deputadotaveirajr.com.br\/index.php\/policiais-civis-encerram-greve-e-reabrem-delegacias-no-rio-grande-do-norte\/\"]}]},{\"@type\":\"ImageObject\",\"inLanguage\":\"pt-BR\",\"@id\":\"https:\/\/deputadotaveirajr.com.br\/index.php\/policiais-civis-encerram-greve-e-reabrem-delegacias-no-rio-grande-do-norte\/#primaryimage\",\"url\":\"https:\/\/deputadotaveirajr.com.br\/wp-content\/uploads\/2024\/04\/central-de-flagrantes-zona-sul-nova-AFC3MK.jpeg\",\"contentUrl\":\"https:\/\/deputadotaveirajr.com.br\/wp-content\/uploads\/2024\/04\/central-de-flagrantes-zona-sul-nova-AFC3MK.jpeg\",\"width\":1536,\"height\":1023},{\"@type\":\"BreadcrumbList\",\"@id\":\"https:\/\/deputadotaveirajr.com.br\/index.php\/policiais-civis-encerram-greve-e-reabrem-delegacias-no-rio-grande-do-norte\/#breadcrumb\",\"itemListElement\":[{\"@type\":\"ListItem\",\"position\":1,\"name\":\"In\u00edcio\",\"item\":\"https:\/\/deputadotaveirajr.com.br\/\"},{\"@type\":\"ListItem\",\"position\":2,\"name\":\"Policiais civis encerram greve e reabrem delegacias no Rio Grande do Norte\"}]},{\"@type\":\"WebSite\",\"@id\":\"https:\/\/deputadotaveirajr.com.br\/#website\",\"url\":\"https:\/\/deputadotaveirajr.com.br\/\",\"name\":\"Taveira Jr\",\"description\":\"Deputado Estadual\",\"publisher\":{\"@id\":\"https:\/\/deputadotaveirajr.com.br\/#organization\"},\"potentialAction\":[{\"@type\":\"SearchAction\",\"target\":{\"@type\":\"EntryPoint\",\"urlTemplate\":\"https:\/\/deputadotaveirajr.com.br\/?s={search_term_string}\"},\"query-input\":{\"@type\":\"PropertyValueSpecification\",\"valueRequired\":true,\"valueName\":\"search_term_string\"}}],\"inLanguage\":\"pt-BR\"},{\"@type\":\"Organization\",\"@id\":\"https:\/\/deputadotaveirajr.com.br\/#organization\",\"name\":\"Taveira Jr\",\"url\":\"https:\/\/deputadotaveirajr.com.br\/\",\"logo\":{\"@type\":\"ImageObject\",\"inLanguage\":\"pt-BR\",\"@id\":\"https:\/\/deputadotaveirajr.com.br\/#\/schema\/logo\/image\/\",\"url\":\"https:\/\/deputadotaveirajr.com.br\/wp-content\/uploads\/2026\/01\/logolow2a.png\",\"contentUrl\":\"https:\/\/deputadotaveirajr.com.br\/wp-content\/uploads\/2026\/01\/logolow2a.png\",\"width\":290,\"height\":80,\"caption\":\"Taveira Jr\"},\"image\":{\"@id\":\"https:\/\/deputadotaveirajr.com.br\/#\/schema\/logo\/image\/\"}}]}<\/script>\n<!-- \/ Yoast SEO plugin. -->","yoast_head_json":{"title":"Policiais civis encerram greve e reabrem delegacias no Rio Grande do Norte - Taveira Jr","robots":{"index":"index","follow":"follow","max-snippet":"max-snippet:-1","max-image-preview":"max-image-preview:large","max-video-preview":"max-video-preview:-1"},"canonical":"https:\/\/deputadotaveirajr.com.br\/index.php\/policiais-civis-encerram-greve-e-reabrem-delegacias-no-rio-grande-do-norte\/","og_locale":"pt_BR","og_type":"article","og_title":"Policiais civis encerram greve e reabrem delegacias no Rio Grande do Norte - Taveira Jr","og_description":"Paralisa\u00e7\u00e3o come\u00e7ou na ter\u00e7a (23) e foi encerrada ap\u00f3s acordo com o governo para reajuste m\u00e9dio de 7% para a categoria. Delegacias voltam a abrir nesta sexta (26). Central de ...","og_url":"https:\/\/deputadotaveirajr.com.br\/index.php\/policiais-civis-encerram-greve-e-reabrem-delegacias-no-rio-grande-do-norte\/","og_site_name":"Taveira Jr","og_image":[{"width":1536,"height":1023,"url":"https:\/\/deputadotaveirajr.com.br\/wp-content\/uploads\/2024\/04\/central-de-flagrantes-zona-sul-nova-AFC3MK.jpeg","type":"image\/jpeg"}],"twitter_card":"summary_large_image","twitter_misc":{"Est. tempo de leitura":"2 minutos"},"schema":{"@context":"https:\/\/schema.org","@graph":[{"@type":"WebPage","@id":"https:\/\/deputadotaveirajr.com.br\/index.php\/policiais-civis-encerram-greve-e-reabrem-delegacias-no-rio-grande-do-norte\/","url":"https:\/\/deputadotaveirajr.com.br\/index.php\/policiais-civis-encerram-greve-e-reabrem-delegacias-no-rio-grande-do-norte\/","name":"Policiais civis encerram greve e reabrem delegacias no Rio Grande do Norte - Taveira Jr","isPartOf":{"@id":"https:\/\/deputadotaveirajr.com.br\/#website"},"primaryImageOfPage":{"@id":"https:\/\/deputadotaveirajr.com.br\/index.php\/policiais-civis-encerram-greve-e-reabrem-delegacias-no-rio-grande-do-norte\/#primaryimage"},"image":{"@id":"https:\/\/deputadotaveirajr.com.br\/index.php\/policiais-civis-encerram-greve-e-reabrem-delegacias-no-rio-grande-do-norte\/#primaryimage"},"thumbnailUrl":"https:\/\/deputadotaveirajr.com.br\/wp-content\/uploads\/2024\/04\/central-de-flagrantes-zona-sul-nova-AFC3MK.jpeg","datePublished":"2024-04-26T01:19:12+00:00","breadcrumb":{"@id":"https:\/\/deputadotaveirajr.com.br\/index.php\/policiais-civis-encerram-greve-e-reabrem-delegacias-no-rio-grande-do-norte\/#breadcrumb"},"inLanguage":"pt-BR","potentialAction":[{"@type":"ReadAction","target":["https:\/\/deputadotaveirajr.com.br\/index.php\/policiais-civis-encerram-greve-e-reabrem-delegacias-no-rio-grande-do-norte\/"]}]},{"@type":"ImageObject","inLanguage":"pt-BR","@id":"https:\/\/deputadotaveirajr.com.br\/index.php\/policiais-civis-encerram-greve-e-reabrem-delegacias-no-rio-grande-do-norte\/#primaryimage","url":"https:\/\/deputadotaveirajr.com.br\/wp-content\/uploads\/2024\/04\/central-de-flagrantes-zona-sul-nova-AFC3MK.jpeg","contentUrl":"https:\/\/deputadotaveirajr.com.br\/wp-content\/uploads\/2024\/04\/central-de-flagrantes-zona-sul-nova-AFC3MK.jpeg","width":1536,"height":1023},{"@type":"BreadcrumbList","@id":"https:\/\/deputadotaveirajr.com.br\/index.php\/policiais-civis-encerram-greve-e-reabrem-delegacias-no-rio-grande-do-norte\/#breadcrumb","itemListElement":[{"@type":"ListItem","position":1,"name":"In\u00edcio","item":"https:\/\/deputadotaveirajr.com.br\/"},{"@type":"ListItem","position":2,"name":"Policiais civis encerram greve e reabrem delegacias no Rio Grande do Norte"}]},{"@type":"WebSite","@id":"https:\/\/deputadotaveirajr.com.br\/#website","url":"https:\/\/deputadotaveirajr.com.br\/","name":"Taveira Jr","description":"Deputado Estadual","publisher":{"@id":"https:\/\/deputadotaveirajr.com.br\/#organization"},"potentialAction":[{"@type":"SearchAction","target":{"@type":"EntryPoint","urlTemplate":"https:\/\/deputadotaveirajr.com.br\/?s={search_term_string}"},"query-input":{"@type":"PropertyValueSpecification","valueRequired":true,"valueName":"search_term_string"}}],"inLanguage":"pt-BR"},{"@type":"Organization","@id":"https:\/\/deputadotaveirajr.com.br\/#organization","name":"Taveira Jr","url":"https:\/\/deputadotaveirajr.com.br\/","logo":{"@type":"ImageObject","inLanguage":"pt-BR","@id":"https:\/\/deputadotaveirajr.com.br\/#\/schema\/logo\/image\/","url":"https:\/\/deputadotaveirajr.com.br\/wp-content\/uploads\/2026\/01\/logolow2a.png","contentUrl":"https:\/\/deputadotaveirajr.com.br\/wp-content\/uploads\/2026\/01\/logolow2a.png","width":290,"height":80,"caption":"Taveira Jr"},"image":{"@id":"https:\/\/deputadotaveirajr.com.br\/#\/schema\/logo\/image\/"}}]}},"_links":{"self":[{"href":"https:\/\/deputadotaveirajr.com.br\/index.php\/wp-json\/wp\/v2\/pages\/5796","targetHints":{"allow":["GET"]}}],"collection":[{"href":"https:\/\/deputadotaveirajr.com.br\/index.php\/wp-json\/wp\/v2\/pages"}],"about":[{"href":"https:\/\/deputadotaveirajr.com.br\/index.php\/wp-json\/wp\/v2\/types\/page"}],"replies":[{"embeddable":true,"href":"https:\/\/deputadotaveirajr.com.br\/index.php\/wp-json\/wp\/v2\/comments?post=5796"}],"version-history":[{"count":1,"href":"https:\/\/deputadotaveirajr.com.br\/index.php\/wp-json\/wp\/v2\/pages\/5796\/revisions"}],"predecessor-version":[{"id":5802,"href":"https:\/\/deputadotaveirajr.com.br\/index.php\/wp-json\/wp\/v2\/pages\/5796\/revisions\/5802"}],"wp:featuredmedia":[{"embeddable":true,"href":"https:\/\/deputadotaveirajr.com.br\/index.php\/wp-json\/wp\/v2\/media\/5797"}],"wp:attachment":[{"href":"https:\/\/deputadotaveirajr.com.br\/index.php\/wp-json\/wp\/v2\/media?parent=5796"}],"curies":[{"name":"wp","href":"https:\/\/api.w.org\/{rel}","templated":true}]}}