{"id":5856,"date":"2024-04-28T15:40:43","date_gmt":"2024-04-28T18:40:43","guid":{"rendered":"https:\/\/deputadotaveirajr.com.br\/?page_id=5856"},"modified":"2024-04-28T15:40:43","modified_gmt":"2024-04-28T18:40:43","slug":"natal-recebe-turne-do-sorriso-maroto-em-maio","status":"publish","type":"page","link":"https:\/\/deputadotaveirajr.com.br\/index.php\/natal-recebe-turne-do-sorriso-maroto-em-maio\/","title":{"rendered":"Natal recebe turn\u00ea do Sorriso Maroto em maio"},"content":{"rendered":"<p>     Projeto &#8216;Sorriso &#8211; As Antigas&#8217; re\u00fane sucessos de toda a trajet\u00f3ria do grupo. Show ser\u00e1 no dia 25 de maio, na Arena das Dunas. Sorriso Maroto volta a Natal com turn\u00ea &#8216;Sorriso &#8211; As Antigas&#8217;<br \/>\nDivulga\u00e7\u00e3o<br \/>\nO projeto &#8220;Sorriso Maroto &#8211; As Antigas&#8221; desembarca na Arena das Dunas, em Natal, no dia 25 de maio. A turn\u00ea re\u00fane sucessos antigos do grupo Sorriso Maroto e tem reunido grandes p\u00fablicos por onde passou no pa\u00eds.<br \/>\nOs ingressos est\u00e3o \u00e0 venda pela internet e na loja Grand Optical (Midway Mall).<br \/>\nEm Natal, o projeto tem duas \u00e1reas: o Lounge &#8220;Me olha nos olhos&#8221; (\u00e1rea coberta, banheiros exclusivos, pra\u00e7a de alimenta\u00e7\u00e3o com marcas exclusivas, bar de drinks e ativa\u00e7\u00f5es) e o VIP &#8220;Diz que quer ficar&#8221; (frente ao palco, banheiros, pra\u00e7a de alimenta\u00e7\u00e3o e bares).<br \/>\nA festa \u00e9 uma experi\u00eancia \u00fanica, que vai al\u00e9m dos palcos, e inclui ativa\u00e7\u00f5es que v\u00e3o criar um momento diferenciado para o p\u00fablico. O show que tem quase quatro horas de dura\u00e7\u00e3o.<br \/>\nSoweto 30 anos<br \/>\nNatal tamb\u00e9m est\u00e1 entre as cidades que v\u00e3o receber a turn\u00ea do Soweto 30 Anos. O show est\u00e1 confirmado para 3 de agosto, na Arena das Dunas. A venda de ingressos \u00e9 feita pela internet.<br \/>\nAp\u00f3s 23 anos, o grupo se re\u00fane com o cantor Belo para uma turn\u00ea comemorativa dos 30 anos da banda, que \u00e9 um dos pilares do pagode dos anos 1990. A turn\u00ea Sow3t0 traz grandes sucessos como &#8220;Mundo de Oz&#8221;, &#8220;Tempo de Aprender&#8221;, &#8220;Der\u00ea&#8221; e &#8220;Farol das Estrelas&#8221;.<br \/>\nV\u00eddeos mais assistidos do g1 RN<br \/>\ni<\/p>","protected":false},"excerpt":{"rendered":"<p>Projeto &#8216;Sorriso &#8211; As Antigas&#8217; re\u00fane sucessos de toda a trajet\u00f3ria do grupo. Show ser\u00e1 no dia 25 de maio, na Arena das Dunas. Sorriso Maroto volta a Natal com &#8230;<\/p>\n","protected":false},"author":0,"featured_media":5857,"parent":0,"menu_order":0,"comment_status":"closed","ping_status":"closed","template":"","meta":{"footnotes":""},"class_list":["post-5856","page","type-page","status-publish","has-post-thumbnail","hentry"],"yoast_head":"<!-- This site is optimized with the Yoast SEO plugin v27.1.1 - https:\/\/yoast.com\/product\/yoast-seo-wordpress\/ -->\n<title>Natal recebe turn\u00ea do Sorriso Maroto em maio - Taveira Jr<\/title>\n<meta name=\"robots\" content=\"index, follow, max-snippet:-1, max-image-preview:large, max-video-preview:-1\" \/>\n<link rel=\"canonical\" href=\"https:\/\/deputadotaveirajr.com.br\/index.php\/natal-recebe-turne-do-sorriso-maroto-em-maio\/\" \/>\n<meta property=\"og:locale\" content=\"pt_BR\" \/>\n<meta property=\"og:type\" content=\"article\" \/>\n<meta property=\"og:title\" content=\"Natal recebe turn\u00ea do Sorriso Maroto em maio - Taveira Jr\" \/>\n<meta property=\"og:description\" content=\"Projeto &#8216;Sorriso &#8211; As Antigas&#8217; re\u00fane sucessos de toda a trajet\u00f3ria do grupo. Show ser\u00e1 no dia 25 de maio, na Arena das Dunas. Sorriso Maroto volta a Natal com ...\" \/>\n<meta property=\"og:url\" content=\"https:\/\/deputadotaveirajr.com.br\/index.php\/natal-recebe-turne-do-sorriso-maroto-em-maio\/\" \/>\n<meta property=\"og:site_name\" content=\"Taveira Jr\" \/>\n<meta property=\"og:image\" content=\"https:\/\/deputadotaveirajr.com.br\/wp-content\/uploads\/2024\/04\/sorriso-maroto-1-YzqYfc.jpeg\" \/>\n\t<meta property=\"og:image:width\" content=\"1600\" \/>\n\t<meta property=\"og:image:height\" content=\"1066\" \/>\n\t<meta property=\"og:image:type\" content=\"image\/jpeg\" \/>\n<meta name=\"twitter:card\" content=\"summary_large_image\" \/>\n<meta name=\"twitter:label1\" content=\"Est. tempo de leitura\" \/>\n\t<meta name=\"twitter:data1\" content=\"1 minuto\" \/>\n<script type=\"application\/ld+json\" class=\"yoast-schema-graph\">{\"@context\":\"https:\/\/schema.org\",\"@graph\":[{\"@type\":\"WebPage\",\"@id\":\"https:\/\/deputadotaveirajr.com.br\/index.php\/natal-recebe-turne-do-sorriso-maroto-em-maio\/\",\"url\":\"https:\/\/deputadotaveirajr.com.br\/index.php\/natal-recebe-turne-do-sorriso-maroto-em-maio\/\",\"name\":\"Natal recebe turn\u00ea do Sorriso Maroto em maio - Taveira Jr\",\"isPartOf\":{\"@id\":\"https:\/\/deputadotaveirajr.com.br\/#website\"},\"primaryImageOfPage\":{\"@id\":\"https:\/\/deputadotaveirajr.com.br\/index.php\/natal-recebe-turne-do-sorriso-maroto-em-maio\/#primaryimage\"},\"image\":{\"@id\":\"https:\/\/deputadotaveirajr.com.br\/index.php\/natal-recebe-turne-do-sorriso-maroto-em-maio\/#primaryimage\"},\"thumbnailUrl\":\"https:\/\/deputadotaveirajr.com.br\/wp-content\/uploads\/2024\/04\/sorriso-maroto-1-YzqYfc.jpeg\",\"datePublished\":\"2024-04-28T18:40:43+00:00\",\"breadcrumb\":{\"@id\":\"https:\/\/deputadotaveirajr.com.br\/index.php\/natal-recebe-turne-do-sorriso-maroto-em-maio\/#breadcrumb\"},\"inLanguage\":\"pt-BR\",\"potentialAction\":[{\"@type\":\"ReadAction\",\"target\":[\"https:\/\/deputadotaveirajr.com.br\/index.php\/natal-recebe-turne-do-sorriso-maroto-em-maio\/\"]}]},{\"@type\":\"ImageObject\",\"inLanguage\":\"pt-BR\",\"@id\":\"https:\/\/deputadotaveirajr.com.br\/index.php\/natal-recebe-turne-do-sorriso-maroto-em-maio\/#primaryimage\",\"url\":\"https:\/\/deputadotaveirajr.com.br\/wp-content\/uploads\/2024\/04\/sorriso-maroto-1-YzqYfc.jpeg\",\"contentUrl\":\"https:\/\/deputadotaveirajr.com.br\/wp-content\/uploads\/2024\/04\/sorriso-maroto-1-YzqYfc.jpeg\",\"width\":1600,\"height\":1066},{\"@type\":\"BreadcrumbList\",\"@id\":\"https:\/\/deputadotaveirajr.com.br\/index.php\/natal-recebe-turne-do-sorriso-maroto-em-maio\/#breadcrumb\",\"itemListElement\":[{\"@type\":\"ListItem\",\"position\":1,\"name\":\"In\u00edcio\",\"item\":\"https:\/\/deputadotaveirajr.com.br\/\"},{\"@type\":\"ListItem\",\"position\":2,\"name\":\"Natal recebe turn\u00ea do Sorriso Maroto em maio\"}]},{\"@type\":\"WebSite\",\"@id\":\"https:\/\/deputadotaveirajr.com.br\/#website\",\"url\":\"https:\/\/deputadotaveirajr.com.br\/\",\"name\":\"Taveira Jr\",\"description\":\"Deputado Estadual\",\"publisher\":{\"@id\":\"https:\/\/deputadotaveirajr.com.br\/#organization\"},\"potentialAction\":[{\"@type\":\"SearchAction\",\"target\":{\"@type\":\"EntryPoint\",\"urlTemplate\":\"https:\/\/deputadotaveirajr.com.br\/?s={search_term_string}\"},\"query-input\":{\"@type\":\"PropertyValueSpecification\",\"valueRequired\":true,\"valueName\":\"search_term_string\"}}],\"inLanguage\":\"pt-BR\"},{\"@type\":\"Organization\",\"@id\":\"https:\/\/deputadotaveirajr.com.br\/#organization\",\"name\":\"Taveira Jr\",\"url\":\"https:\/\/deputadotaveirajr.com.br\/\",\"logo\":{\"@type\":\"ImageObject\",\"inLanguage\":\"pt-BR\",\"@id\":\"https:\/\/deputadotaveirajr.com.br\/#\/schema\/logo\/image\/\",\"url\":\"https:\/\/deputadotaveirajr.com.br\/wp-content\/uploads\/2026\/01\/logolow2a.png\",\"contentUrl\":\"https:\/\/deputadotaveirajr.com.br\/wp-content\/uploads\/2026\/01\/logolow2a.png\",\"width\":290,\"height\":80,\"caption\":\"Taveira Jr\"},\"image\":{\"@id\":\"https:\/\/deputadotaveirajr.com.br\/#\/schema\/logo\/image\/\"}}]}<\/script>\n<!-- \/ Yoast SEO plugin. -->","yoast_head_json":{"title":"Natal recebe turn\u00ea do Sorriso Maroto em maio - Taveira Jr","robots":{"index":"index","follow":"follow","max-snippet":"max-snippet:-1","max-image-preview":"max-image-preview:large","max-video-preview":"max-video-preview:-1"},"canonical":"https:\/\/deputadotaveirajr.com.br\/index.php\/natal-recebe-turne-do-sorriso-maroto-em-maio\/","og_locale":"pt_BR","og_type":"article","og_title":"Natal recebe turn\u00ea do Sorriso Maroto em maio - Taveira Jr","og_description":"Projeto &#8216;Sorriso &#8211; As Antigas&#8217; re\u00fane sucessos de toda a trajet\u00f3ria do grupo. Show ser\u00e1 no dia 25 de maio, na Arena das Dunas. Sorriso Maroto volta a Natal com ...","og_url":"https:\/\/deputadotaveirajr.com.br\/index.php\/natal-recebe-turne-do-sorriso-maroto-em-maio\/","og_site_name":"Taveira Jr","og_image":[{"width":1600,"height":1066,"url":"https:\/\/deputadotaveirajr.com.br\/wp-content\/uploads\/2024\/04\/sorriso-maroto-1-YzqYfc.jpeg","type":"image\/jpeg"}],"twitter_card":"summary_large_image","twitter_misc":{"Est. tempo de leitura":"1 minuto"},"schema":{"@context":"https:\/\/schema.org","@graph":[{"@type":"WebPage","@id":"https:\/\/deputadotaveirajr.com.br\/index.php\/natal-recebe-turne-do-sorriso-maroto-em-maio\/","url":"https:\/\/deputadotaveirajr.com.br\/index.php\/natal-recebe-turne-do-sorriso-maroto-em-maio\/","name":"Natal recebe turn\u00ea do Sorriso Maroto em maio - Taveira Jr","isPartOf":{"@id":"https:\/\/deputadotaveirajr.com.br\/#website"},"primaryImageOfPage":{"@id":"https:\/\/deputadotaveirajr.com.br\/index.php\/natal-recebe-turne-do-sorriso-maroto-em-maio\/#primaryimage"},"image":{"@id":"https:\/\/deputadotaveirajr.com.br\/index.php\/natal-recebe-turne-do-sorriso-maroto-em-maio\/#primaryimage"},"thumbnailUrl":"https:\/\/deputadotaveirajr.com.br\/wp-content\/uploads\/2024\/04\/sorriso-maroto-1-YzqYfc.jpeg","datePublished":"2024-04-28T18:40:43+00:00","breadcrumb":{"@id":"https:\/\/deputadotaveirajr.com.br\/index.php\/natal-recebe-turne-do-sorriso-maroto-em-maio\/#breadcrumb"},"inLanguage":"pt-BR","potentialAction":[{"@type":"ReadAction","target":["https:\/\/deputadotaveirajr.com.br\/index.php\/natal-recebe-turne-do-sorriso-maroto-em-maio\/"]}]},{"@type":"ImageObject","inLanguage":"pt-BR","@id":"https:\/\/deputadotaveirajr.com.br\/index.php\/natal-recebe-turne-do-sorriso-maroto-em-maio\/#primaryimage","url":"https:\/\/deputadotaveirajr.com.br\/wp-content\/uploads\/2024\/04\/sorriso-maroto-1-YzqYfc.jpeg","contentUrl":"https:\/\/deputadotaveirajr.com.br\/wp-content\/uploads\/2024\/04\/sorriso-maroto-1-YzqYfc.jpeg","width":1600,"height":1066},{"@type":"BreadcrumbList","@id":"https:\/\/deputadotaveirajr.com.br\/index.php\/natal-recebe-turne-do-sorriso-maroto-em-maio\/#breadcrumb","itemListElement":[{"@type":"ListItem","position":1,"name":"In\u00edcio","item":"https:\/\/deputadotaveirajr.com.br\/"},{"@type":"ListItem","position":2,"name":"Natal recebe turn\u00ea do Sorriso Maroto em maio"}]},{"@type":"WebSite","@id":"https:\/\/deputadotaveirajr.com.br\/#website","url":"https:\/\/deputadotaveirajr.com.br\/","name":"Taveira Jr","description":"Deputado Estadual","publisher":{"@id":"https:\/\/deputadotaveirajr.com.br\/#organization"},"potentialAction":[{"@type":"SearchAction","target":{"@type":"EntryPoint","urlTemplate":"https:\/\/deputadotaveirajr.com.br\/?s={search_term_string}"},"query-input":{"@type":"PropertyValueSpecification","valueRequired":true,"valueName":"search_term_string"}}],"inLanguage":"pt-BR"},{"@type":"Organization","@id":"https:\/\/deputadotaveirajr.com.br\/#organization","name":"Taveira Jr","url":"https:\/\/deputadotaveirajr.com.br\/","logo":{"@type":"ImageObject","inLanguage":"pt-BR","@id":"https:\/\/deputadotaveirajr.com.br\/#\/schema\/logo\/image\/","url":"https:\/\/deputadotaveirajr.com.br\/wp-content\/uploads\/2026\/01\/logolow2a.png","contentUrl":"https:\/\/deputadotaveirajr.com.br\/wp-content\/uploads\/2026\/01\/logolow2a.png","width":290,"height":80,"caption":"Taveira Jr"},"image":{"@id":"https:\/\/deputadotaveirajr.com.br\/#\/schema\/logo\/image\/"}}]}},"_links":{"self":[{"href":"https:\/\/deputadotaveirajr.com.br\/index.php\/wp-json\/wp\/v2\/pages\/5856","targetHints":{"allow":["GET"]}}],"collection":[{"href":"https:\/\/deputadotaveirajr.com.br\/index.php\/wp-json\/wp\/v2\/pages"}],"about":[{"href":"https:\/\/deputadotaveirajr.com.br\/index.php\/wp-json\/wp\/v2\/types\/page"}],"replies":[{"embeddable":true,"href":"https:\/\/deputadotaveirajr.com.br\/index.php\/wp-json\/wp\/v2\/comments?post=5856"}],"version-history":[{"count":1,"href":"https:\/\/deputadotaveirajr.com.br\/index.php\/wp-json\/wp\/v2\/pages\/5856\/revisions"}],"predecessor-version":[{"id":5865,"href":"https:\/\/deputadotaveirajr.com.br\/index.php\/wp-json\/wp\/v2\/pages\/5856\/revisions\/5865"}],"wp:featuredmedia":[{"embeddable":true,"href":"https:\/\/deputadotaveirajr.com.br\/index.php\/wp-json\/wp\/v2\/media\/5857"}],"wp:attachment":[{"href":"https:\/\/deputadotaveirajr.com.br\/index.php\/wp-json\/wp\/v2\/media?parent=5856"}],"curies":[{"name":"wp","href":"https:\/\/api.w.org\/{rel}","templated":true}]}}