{"id":5860,"date":"2024-04-28T13:18:43","date_gmt":"2024-04-28T16:18:43","guid":{"rendered":"https:\/\/deputadotaveirajr.com.br\/?page_id=5860"},"modified":"2024-04-28T13:18:43","modified_gmt":"2024-04-28T16:18:43","slug":"incendio-atinge-apartamento-em-hotel-na-zona-sul-de-natal","status":"publish","type":"page","link":"https:\/\/deputadotaveirajr.com.br\/index.php\/incendio-atinge-apartamento-em-hotel-na-zona-sul-de-natal\/","title":{"rendered":"Inc\u00eandio atinge apartamento em hotel na Zona Sul de Natal"},"content":{"rendered":"<p>     Corpo de Bombeiros atendeu ocorr\u00eancia na noite de s\u00e1bado (27) e fez o controle das chamas em pr\u00e9dio localizado no bairro de Ponta Negra. Ningu\u00e9m se feriu. Inc\u00eandio atinge apartamento em hotel na Zona Sul de Natal<br \/>\nCedida<br \/>\nUm inc\u00eandio atingiu um quarto de um hotel localizado na Zona Sul de Natal, na noite de s\u00e1bado (27). Ningu\u00e9m se feriu. O pr\u00e9dio precisou ser evacuado.<br \/>\nO Corpo de Bombeiros Militar foi acionado para atender a ocorr\u00eancia por volta das 18h45 e fez o isolamento do local, auxiliando que h\u00f3spedes, funcion\u00e1rios e colaboradores sa\u00edssem em seguran\u00e7a.<br \/>\n\ud83d\udcf3Participe do canal do g1 RN no WhatsApp<br \/>\nO fogo consumiu um dos apartamentos do hotel que fica na Avenida Praia de Tibau, no bairro de Ponta Negra. A fuma\u00e7a preta chamou aten\u00e7\u00e3o na regi\u00e3o. Segundo o Corpo de Bombeiros, o controle das chamas foi feito em 15 minutos.<br \/>\nAinda n\u00e3o foi poss\u00edvel determinar o que teria motivado o inc\u00eandio.<\/p>","protected":false},"excerpt":{"rendered":"<p>Corpo de Bombeiros atendeu ocorr\u00eancia na noite de s\u00e1bado (27) e fez o controle das chamas em pr\u00e9dio localizado no bairro de Ponta Negra. Ningu\u00e9m se feriu. Inc\u00eandio atinge apartamento &#8230;<\/p>\n","protected":false},"author":0,"featured_media":5861,"parent":0,"menu_order":0,"comment_status":"closed","ping_status":"closed","template":"","meta":{"footnotes":""},"class_list":["post-5860","page","type-page","status-publish","has-post-thumbnail","hentry"],"yoast_head":"<!-- This site is optimized with the Yoast SEO plugin v27.1.1 - https:\/\/yoast.com\/product\/yoast-seo-wordpress\/ -->\n<title>Inc\u00eandio atinge apartamento em hotel na Zona Sul de Natal - Taveira Jr<\/title>\n<meta name=\"robots\" content=\"index, follow, max-snippet:-1, max-image-preview:large, max-video-preview:-1\" \/>\n<link rel=\"canonical\" href=\"https:\/\/deputadotaveirajr.com.br\/index.php\/incendio-atinge-apartamento-em-hotel-na-zona-sul-de-natal\/\" \/>\n<meta property=\"og:locale\" content=\"pt_BR\" \/>\n<meta property=\"og:type\" content=\"article\" \/>\n<meta property=\"og:title\" content=\"Inc\u00eandio atinge apartamento em hotel na Zona Sul de Natal - Taveira Jr\" \/>\n<meta property=\"og:description\" content=\"Corpo de Bombeiros atendeu ocorr\u00eancia na noite de s\u00e1bado (27) e fez o controle das chamas em pr\u00e9dio localizado no bairro de Ponta Negra. Ningu\u00e9m se feriu. Inc\u00eandio atinge apartamento ...\" \/>\n<meta property=\"og:url\" content=\"https:\/\/deputadotaveirajr.com.br\/index.php\/incendio-atinge-apartamento-em-hotel-na-zona-sul-de-natal\/\" \/>\n<meta property=\"og:site_name\" content=\"Taveira Jr\" \/>\n<meta property=\"og:image\" content=\"https:\/\/deputadotaveirajr.com.br\/wp-content\/uploads\/2024\/04\/bombeiros-UHBa6t.jpeg\" \/>\n\t<meta property=\"og:image:width\" content=\"1600\" \/>\n\t<meta property=\"og:image:height\" content=\"900\" \/>\n\t<meta property=\"og:image:type\" content=\"image\/jpeg\" \/>\n<meta name=\"twitter:card\" content=\"summary_large_image\" \/>\n<meta name=\"twitter:label1\" content=\"Est. tempo de leitura\" \/>\n\t<meta name=\"twitter:data1\" content=\"1 minuto\" \/>\n<script type=\"application\/ld+json\" class=\"yoast-schema-graph\">{\"@context\":\"https:\/\/schema.org\",\"@graph\":[{\"@type\":\"WebPage\",\"@id\":\"https:\/\/deputadotaveirajr.com.br\/index.php\/incendio-atinge-apartamento-em-hotel-na-zona-sul-de-natal\/\",\"url\":\"https:\/\/deputadotaveirajr.com.br\/index.php\/incendio-atinge-apartamento-em-hotel-na-zona-sul-de-natal\/\",\"name\":\"Inc\u00eandio atinge apartamento em hotel na Zona Sul de Natal - Taveira Jr\",\"isPartOf\":{\"@id\":\"https:\/\/deputadotaveirajr.com.br\/#website\"},\"primaryImageOfPage\":{\"@id\":\"https:\/\/deputadotaveirajr.com.br\/index.php\/incendio-atinge-apartamento-em-hotel-na-zona-sul-de-natal\/#primaryimage\"},\"image\":{\"@id\":\"https:\/\/deputadotaveirajr.com.br\/index.php\/incendio-atinge-apartamento-em-hotel-na-zona-sul-de-natal\/#primaryimage\"},\"thumbnailUrl\":\"https:\/\/deputadotaveirajr.com.br\/wp-content\/uploads\/2024\/04\/bombeiros-UHBa6t.jpeg\",\"datePublished\":\"2024-04-28T16:18:43+00:00\",\"breadcrumb\":{\"@id\":\"https:\/\/deputadotaveirajr.com.br\/index.php\/incendio-atinge-apartamento-em-hotel-na-zona-sul-de-natal\/#breadcrumb\"},\"inLanguage\":\"pt-BR\",\"potentialAction\":[{\"@type\":\"ReadAction\",\"target\":[\"https:\/\/deputadotaveirajr.com.br\/index.php\/incendio-atinge-apartamento-em-hotel-na-zona-sul-de-natal\/\"]}]},{\"@type\":\"ImageObject\",\"inLanguage\":\"pt-BR\",\"@id\":\"https:\/\/deputadotaveirajr.com.br\/index.php\/incendio-atinge-apartamento-em-hotel-na-zona-sul-de-natal\/#primaryimage\",\"url\":\"https:\/\/deputadotaveirajr.com.br\/wp-content\/uploads\/2024\/04\/bombeiros-UHBa6t.jpeg\",\"contentUrl\":\"https:\/\/deputadotaveirajr.com.br\/wp-content\/uploads\/2024\/04\/bombeiros-UHBa6t.jpeg\",\"width\":1600,\"height\":900},{\"@type\":\"BreadcrumbList\",\"@id\":\"https:\/\/deputadotaveirajr.com.br\/index.php\/incendio-atinge-apartamento-em-hotel-na-zona-sul-de-natal\/#breadcrumb\",\"itemListElement\":[{\"@type\":\"ListItem\",\"position\":1,\"name\":\"In\u00edcio\",\"item\":\"https:\/\/deputadotaveirajr.com.br\/\"},{\"@type\":\"ListItem\",\"position\":2,\"name\":\"Inc\u00eandio atinge apartamento em hotel na Zona Sul de Natal\"}]},{\"@type\":\"WebSite\",\"@id\":\"https:\/\/deputadotaveirajr.com.br\/#website\",\"url\":\"https:\/\/deputadotaveirajr.com.br\/\",\"name\":\"Taveira Jr\",\"description\":\"Deputado Estadual\",\"publisher\":{\"@id\":\"https:\/\/deputadotaveirajr.com.br\/#organization\"},\"potentialAction\":[{\"@type\":\"SearchAction\",\"target\":{\"@type\":\"EntryPoint\",\"urlTemplate\":\"https:\/\/deputadotaveirajr.com.br\/?s={search_term_string}\"},\"query-input\":{\"@type\":\"PropertyValueSpecification\",\"valueRequired\":true,\"valueName\":\"search_term_string\"}}],\"inLanguage\":\"pt-BR\"},{\"@type\":\"Organization\",\"@id\":\"https:\/\/deputadotaveirajr.com.br\/#organization\",\"name\":\"Taveira Jr\",\"url\":\"https:\/\/deputadotaveirajr.com.br\/\",\"logo\":{\"@type\":\"ImageObject\",\"inLanguage\":\"pt-BR\",\"@id\":\"https:\/\/deputadotaveirajr.com.br\/#\/schema\/logo\/image\/\",\"url\":\"https:\/\/deputadotaveirajr.com.br\/wp-content\/uploads\/2026\/01\/logolow2a.png\",\"contentUrl\":\"https:\/\/deputadotaveirajr.com.br\/wp-content\/uploads\/2026\/01\/logolow2a.png\",\"width\":290,\"height\":80,\"caption\":\"Taveira Jr\"},\"image\":{\"@id\":\"https:\/\/deputadotaveirajr.com.br\/#\/schema\/logo\/image\/\"}}]}<\/script>\n<!-- \/ Yoast SEO plugin. -->","yoast_head_json":{"title":"Inc\u00eandio atinge apartamento em hotel na Zona Sul de Natal - Taveira Jr","robots":{"index":"index","follow":"follow","max-snippet":"max-snippet:-1","max-image-preview":"max-image-preview:large","max-video-preview":"max-video-preview:-1"},"canonical":"https:\/\/deputadotaveirajr.com.br\/index.php\/incendio-atinge-apartamento-em-hotel-na-zona-sul-de-natal\/","og_locale":"pt_BR","og_type":"article","og_title":"Inc\u00eandio atinge apartamento em hotel na Zona Sul de Natal - Taveira Jr","og_description":"Corpo de Bombeiros atendeu ocorr\u00eancia na noite de s\u00e1bado (27) e fez o controle das chamas em pr\u00e9dio localizado no bairro de Ponta Negra. Ningu\u00e9m se feriu. Inc\u00eandio atinge apartamento ...","og_url":"https:\/\/deputadotaveirajr.com.br\/index.php\/incendio-atinge-apartamento-em-hotel-na-zona-sul-de-natal\/","og_site_name":"Taveira Jr","og_image":[{"width":1600,"height":900,"url":"https:\/\/deputadotaveirajr.com.br\/wp-content\/uploads\/2024\/04\/bombeiros-UHBa6t.jpeg","type":"image\/jpeg"}],"twitter_card":"summary_large_image","twitter_misc":{"Est. tempo de leitura":"1 minuto"},"schema":{"@context":"https:\/\/schema.org","@graph":[{"@type":"WebPage","@id":"https:\/\/deputadotaveirajr.com.br\/index.php\/incendio-atinge-apartamento-em-hotel-na-zona-sul-de-natal\/","url":"https:\/\/deputadotaveirajr.com.br\/index.php\/incendio-atinge-apartamento-em-hotel-na-zona-sul-de-natal\/","name":"Inc\u00eandio atinge apartamento em hotel na Zona Sul de Natal - Taveira Jr","isPartOf":{"@id":"https:\/\/deputadotaveirajr.com.br\/#website"},"primaryImageOfPage":{"@id":"https:\/\/deputadotaveirajr.com.br\/index.php\/incendio-atinge-apartamento-em-hotel-na-zona-sul-de-natal\/#primaryimage"},"image":{"@id":"https:\/\/deputadotaveirajr.com.br\/index.php\/incendio-atinge-apartamento-em-hotel-na-zona-sul-de-natal\/#primaryimage"},"thumbnailUrl":"https:\/\/deputadotaveirajr.com.br\/wp-content\/uploads\/2024\/04\/bombeiros-UHBa6t.jpeg","datePublished":"2024-04-28T16:18:43+00:00","breadcrumb":{"@id":"https:\/\/deputadotaveirajr.com.br\/index.php\/incendio-atinge-apartamento-em-hotel-na-zona-sul-de-natal\/#breadcrumb"},"inLanguage":"pt-BR","potentialAction":[{"@type":"ReadAction","target":["https:\/\/deputadotaveirajr.com.br\/index.php\/incendio-atinge-apartamento-em-hotel-na-zona-sul-de-natal\/"]}]},{"@type":"ImageObject","inLanguage":"pt-BR","@id":"https:\/\/deputadotaveirajr.com.br\/index.php\/incendio-atinge-apartamento-em-hotel-na-zona-sul-de-natal\/#primaryimage","url":"https:\/\/deputadotaveirajr.com.br\/wp-content\/uploads\/2024\/04\/bombeiros-UHBa6t.jpeg","contentUrl":"https:\/\/deputadotaveirajr.com.br\/wp-content\/uploads\/2024\/04\/bombeiros-UHBa6t.jpeg","width":1600,"height":900},{"@type":"BreadcrumbList","@id":"https:\/\/deputadotaveirajr.com.br\/index.php\/incendio-atinge-apartamento-em-hotel-na-zona-sul-de-natal\/#breadcrumb","itemListElement":[{"@type":"ListItem","position":1,"name":"In\u00edcio","item":"https:\/\/deputadotaveirajr.com.br\/"},{"@type":"ListItem","position":2,"name":"Inc\u00eandio atinge apartamento em hotel na Zona Sul de Natal"}]},{"@type":"WebSite","@id":"https:\/\/deputadotaveirajr.com.br\/#website","url":"https:\/\/deputadotaveirajr.com.br\/","name":"Taveira Jr","description":"Deputado Estadual","publisher":{"@id":"https:\/\/deputadotaveirajr.com.br\/#organization"},"potentialAction":[{"@type":"SearchAction","target":{"@type":"EntryPoint","urlTemplate":"https:\/\/deputadotaveirajr.com.br\/?s={search_term_string}"},"query-input":{"@type":"PropertyValueSpecification","valueRequired":true,"valueName":"search_term_string"}}],"inLanguage":"pt-BR"},{"@type":"Organization","@id":"https:\/\/deputadotaveirajr.com.br\/#organization","name":"Taveira Jr","url":"https:\/\/deputadotaveirajr.com.br\/","logo":{"@type":"ImageObject","inLanguage":"pt-BR","@id":"https:\/\/deputadotaveirajr.com.br\/#\/schema\/logo\/image\/","url":"https:\/\/deputadotaveirajr.com.br\/wp-content\/uploads\/2026\/01\/logolow2a.png","contentUrl":"https:\/\/deputadotaveirajr.com.br\/wp-content\/uploads\/2026\/01\/logolow2a.png","width":290,"height":80,"caption":"Taveira Jr"},"image":{"@id":"https:\/\/deputadotaveirajr.com.br\/#\/schema\/logo\/image\/"}}]}},"_links":{"self":[{"href":"https:\/\/deputadotaveirajr.com.br\/index.php\/wp-json\/wp\/v2\/pages\/5860","targetHints":{"allow":["GET"]}}],"collection":[{"href":"https:\/\/deputadotaveirajr.com.br\/index.php\/wp-json\/wp\/v2\/pages"}],"about":[{"href":"https:\/\/deputadotaveirajr.com.br\/index.php\/wp-json\/wp\/v2\/types\/page"}],"replies":[{"embeddable":true,"href":"https:\/\/deputadotaveirajr.com.br\/index.php\/wp-json\/wp\/v2\/comments?post=5860"}],"version-history":[{"count":1,"href":"https:\/\/deputadotaveirajr.com.br\/index.php\/wp-json\/wp\/v2\/pages\/5860\/revisions"}],"predecessor-version":[{"id":5863,"href":"https:\/\/deputadotaveirajr.com.br\/index.php\/wp-json\/wp\/v2\/pages\/5860\/revisions\/5863"}],"wp:featuredmedia":[{"embeddable":true,"href":"https:\/\/deputadotaveirajr.com.br\/index.php\/wp-json\/wp\/v2\/media\/5861"}],"wp:attachment":[{"href":"https:\/\/deputadotaveirajr.com.br\/index.php\/wp-json\/wp\/v2\/media?parent=5860"}],"curies":[{"name":"wp","href":"https:\/\/api.w.org\/{rel}","templated":true}]}}