{"id":5952,"date":"2024-05-02T22:25:01","date_gmt":"2024-05-03T01:25:01","guid":{"rendered":"https:\/\/deputadotaveirajr.com.br\/?page_id=5952"},"modified":"2024-05-02T22:25:01","modified_gmt":"2024-05-03T01:25:01","slug":"videos-mostram-fuga-de-presos-de-penitenciaria-estadual-na-grande-natal","status":"publish","type":"page","link":"https:\/\/deputadotaveirajr.com.br\/index.php\/videos-mostram-fuga-de-presos-de-penitenciaria-estadual-na-grande-natal\/","title":{"rendered":"V\u00eddeos mostram fuga de presos de penitenci\u00e1ria estadual na Grande Natal"},"content":{"rendered":"<p>     Dupla fugiu da penitenci\u00e1ria Rog\u00e9rio Coutinho Madruga, em N\u00edsia Floresta, na ter\u00e7a-feira passada (30). Secret\u00e1rio diz que v\u00eddeos mostram &#8216;aparente facilidade&#8217; para dois escaparem.  V\u00eddeos mostram fuga de presos de penitenci\u00e1ria estadual na Grande Natal<br \/>\nC\u00e2meras de seguran\u00e7a da Penitenci\u00e1ria Rog\u00e9rio Coutinho Madruga, em N\u00edsia Floresta, flagraram o exato momento em que dois presos conseguiram fugir do pres\u00eddio (veja v\u00eddeo). As imagens foram divulgadas pela Secretaria Estadual de Administra\u00e7\u00e3o Penitenci\u00e1ria (Seap) nesta quinta-feira (2).<br \/>\nA fuga aconteceu na ter\u00e7a-feira passada (30), por volta das 12h15. A Sesap informou que afastou quatro policiais penais e que abriu uma sindic\u00e2ncia e um processo administrativo disciplinar para apurar se houve neglig\u00eancia por parte dos policiais penais.<br \/>\nUm v\u00eddeo anterior j\u00e1 havia mostrado os dois fugitivos em um bicicleta que eles furtaram de uma casa na comunidade Alca\u00e7uz, a poucos metros do pres\u00eddio.<br \/>\nPresos fugindo da penitenci\u00e1ria na Grande Natal<br \/>\nDivulga\u00e7\u00e3o\/Seap<br \/>\nOs fugitivos s\u00e3o:<br \/>\nGustavo da Rocha Dias, 30 anos; e<br \/>\nRicardo Campelo da Silva, 43 anos.<br \/>\nAt\u00e9 a atualiza\u00e7\u00e3o mais recente desta mat\u00e9ria, os dois presos continuavam foragidos. O governo do Rio Grande do Norte est\u00e1 oferecendo uma recompensa de at\u00e9 R$ 10 mil por informa\u00e7\u00f5es que levem \u00e0 pris\u00e3o dos dois fugitivos.<br \/>\nGoverno oferece R$ 5 mil por informa\u00e7\u00f5es que levem a pris\u00e3o de cada um dos fugitivos da Penitenci\u00e1ria Rog\u00e9rio Coutinho Madruga<br \/>\nReprodu\u00e7\u00e3o<br \/>\n&#8216;Aparente facilidade&#8217;, diz secret\u00e1rio<br \/>\nSegundo o secret\u00e1rio de Administra\u00e7\u00e3o Penitenci\u00e1ria, os v\u00eddeos mostram uma &#8220;aparente facilidade&#8221; na abertura de uma porta de uma cela especial, e na forma com a qual os presos trafegam dentro da unidade prisional em seguida.<br \/>\n&#8220;H\u00e1 uma certa facilidade de se abrir, fica muito claro nas imagens. Uma outra evid\u00eancia que a gente v\u00ea \u00e9 que eles trafegam livremente dentro da unidade, sem acompanhamento. \u00c9 outra coisa que a gente tem que responder. Os presos se deslocam mais de 50 metros e ningu\u00e9m viu?&#8221;, falou.<br \/>\nOs dois estavam em uma cela especial porque trabalhavam naquele momento em uma obra no pres\u00eddio.  O secret\u00e1rio disse ainda que n\u00e3o descarta o afastamento da dire\u00e7\u00e3o do pres\u00eddio, mas que no momento &#8220;n\u00e3o tem motivos&#8221; para isso.<br \/>\nO caso segue sendo apurado. &#8220;Existe uma suposta neglig\u00eancia. Ent\u00e3o algumas perguntas precisam ser esclarecidas, porque pessoas que deveriam estar fazendo o seu trabalho n\u00e3o se encontravam&#8221;, disse.<br \/>\nPresos fugiram em uma bicicleta<br \/>\nDivulga\u00e7\u00e3o<br \/>\nBuscas pelos fugitivos<br \/>\nHelton Edi Xavier disse ainda que a \u00faltima informa\u00e7\u00e3o que teve, em rela\u00e7\u00e3o \u00e0s buscas, \u00e9 que os apenados estavam na praia de Cotovelo, em Parnamirim, na Grande Natal.<br \/>\nA fuga mais recente no complexo penitenci\u00e1rio de Alca\u00e7uz havia ocorrido em julho de 2021, quando 12 presos escaparam do pres\u00eddio.<br \/>\nDois presos fogem do pres\u00eddio Rog\u00e9rio Coutinho Madruga<br \/>\nInforma\u00e7\u00f5es que possam levar a recaptura dos foragidos devem ser repassadas atrav\u00e9s do Disque Den\u00fancia 181 ou pelo 190.<br \/>\nV\u00eddeos mais assistidos do g1 RN<\/p>","protected":false},"excerpt":{"rendered":"<p>Dupla fugiu da penitenci\u00e1ria Rog\u00e9rio Coutinho Madruga, em N\u00edsia Floresta, na ter\u00e7a-feira passada (30). Secret\u00e1rio diz que v\u00eddeos mostram &#8216;aparente facilidade&#8217; para dois escaparem. V\u00eddeos mostram fuga de presos de &#8230;<\/p>\n","protected":false},"author":0,"featured_media":5953,"parent":0,"menu_order":0,"comment_status":"closed","ping_status":"closed","template":"","meta":{"footnotes":""},"class_list":["post-5952","page","type-page","status-publish","has-post-thumbnail","hentry"],"yoast_head":"<!-- This site is optimized with the Yoast SEO plugin v27.1.1 - https:\/\/yoast.com\/product\/yoast-seo-wordpress\/ -->\n<title>V\u00eddeos mostram fuga de presos de penitenci\u00e1ria estadual na Grande Natal - Taveira Jr<\/title>\n<meta name=\"robots\" content=\"index, follow, max-snippet:-1, max-image-preview:large, max-video-preview:-1\" \/>\n<link rel=\"canonical\" href=\"https:\/\/deputadotaveirajr.com.br\/index.php\/videos-mostram-fuga-de-presos-de-penitenciaria-estadual-na-grande-natal\/\" \/>\n<meta property=\"og:locale\" content=\"pt_BR\" \/>\n<meta property=\"og:type\" content=\"article\" \/>\n<meta property=\"og:title\" content=\"V\u00eddeos mostram fuga de presos de penitenci\u00e1ria estadual na Grande Natal - Taveira Jr\" \/>\n<meta property=\"og:description\" content=\"Dupla fugiu da penitenci\u00e1ria Rog\u00e9rio Coutinho Madruga, em N\u00edsia Floresta, na ter\u00e7a-feira passada (30). Secret\u00e1rio diz que v\u00eddeos mostram &#8216;aparente facilidade&#8217; para dois escaparem. V\u00eddeos mostram fuga de presos de ...\" \/>\n<meta property=\"og:url\" content=\"https:\/\/deputadotaveirajr.com.br\/index.php\/videos-mostram-fuga-de-presos-de-penitenciaria-estadual-na-grande-natal\/\" \/>\n<meta property=\"og:site_name\" content=\"Taveira Jr\" \/>\n<meta property=\"og:image\" content=\"https:\/\/deputadotaveirajr.com.br\/wp-content\/uploads\/2024\/05\/captura-de-tela-2024-05-02-192114-CPBz1a.jpeg\" \/>\n\t<meta property=\"og:image:width\" content=\"973\" \/>\n\t<meta property=\"og:image:height\" content=\"745\" \/>\n\t<meta property=\"og:image:type\" content=\"image\/jpeg\" \/>\n<meta name=\"twitter:card\" content=\"summary_large_image\" \/>\n<meta name=\"twitter:label1\" content=\"Est. tempo de leitura\" \/>\n\t<meta name=\"twitter:data1\" content=\"3 minutos\" \/>\n<script type=\"application\/ld+json\" class=\"yoast-schema-graph\">{\"@context\":\"https:\/\/schema.org\",\"@graph\":[{\"@type\":\"WebPage\",\"@id\":\"https:\/\/deputadotaveirajr.com.br\/index.php\/videos-mostram-fuga-de-presos-de-penitenciaria-estadual-na-grande-natal\/\",\"url\":\"https:\/\/deputadotaveirajr.com.br\/index.php\/videos-mostram-fuga-de-presos-de-penitenciaria-estadual-na-grande-natal\/\",\"name\":\"V\u00eddeos mostram fuga de presos de penitenci\u00e1ria estadual na Grande Natal - Taveira Jr\",\"isPartOf\":{\"@id\":\"https:\/\/deputadotaveirajr.com.br\/#website\"},\"primaryImageOfPage\":{\"@id\":\"https:\/\/deputadotaveirajr.com.br\/index.php\/videos-mostram-fuga-de-presos-de-penitenciaria-estadual-na-grande-natal\/#primaryimage\"},\"image\":{\"@id\":\"https:\/\/deputadotaveirajr.com.br\/index.php\/videos-mostram-fuga-de-presos-de-penitenciaria-estadual-na-grande-natal\/#primaryimage\"},\"thumbnailUrl\":\"https:\/\/deputadotaveirajr.com.br\/wp-content\/uploads\/2024\/05\/captura-de-tela-2024-05-02-192114-CPBz1a.jpeg\",\"datePublished\":\"2024-05-03T01:25:01+00:00\",\"breadcrumb\":{\"@id\":\"https:\/\/deputadotaveirajr.com.br\/index.php\/videos-mostram-fuga-de-presos-de-penitenciaria-estadual-na-grande-natal\/#breadcrumb\"},\"inLanguage\":\"pt-BR\",\"potentialAction\":[{\"@type\":\"ReadAction\",\"target\":[\"https:\/\/deputadotaveirajr.com.br\/index.php\/videos-mostram-fuga-de-presos-de-penitenciaria-estadual-na-grande-natal\/\"]}]},{\"@type\":\"ImageObject\",\"inLanguage\":\"pt-BR\",\"@id\":\"https:\/\/deputadotaveirajr.com.br\/index.php\/videos-mostram-fuga-de-presos-de-penitenciaria-estadual-na-grande-natal\/#primaryimage\",\"url\":\"https:\/\/deputadotaveirajr.com.br\/wp-content\/uploads\/2024\/05\/captura-de-tela-2024-05-02-192114-CPBz1a.jpeg\",\"contentUrl\":\"https:\/\/deputadotaveirajr.com.br\/wp-content\/uploads\/2024\/05\/captura-de-tela-2024-05-02-192114-CPBz1a.jpeg\",\"width\":973,\"height\":745},{\"@type\":\"BreadcrumbList\",\"@id\":\"https:\/\/deputadotaveirajr.com.br\/index.php\/videos-mostram-fuga-de-presos-de-penitenciaria-estadual-na-grande-natal\/#breadcrumb\",\"itemListElement\":[{\"@type\":\"ListItem\",\"position\":1,\"name\":\"In\u00edcio\",\"item\":\"https:\/\/deputadotaveirajr.com.br\/\"},{\"@type\":\"ListItem\",\"position\":2,\"name\":\"V\u00eddeos mostram fuga de presos de penitenci\u00e1ria estadual na Grande Natal\"}]},{\"@type\":\"WebSite\",\"@id\":\"https:\/\/deputadotaveirajr.com.br\/#website\",\"url\":\"https:\/\/deputadotaveirajr.com.br\/\",\"name\":\"Taveira Jr\",\"description\":\"Deputado Estadual\",\"publisher\":{\"@id\":\"https:\/\/deputadotaveirajr.com.br\/#organization\"},\"potentialAction\":[{\"@type\":\"SearchAction\",\"target\":{\"@type\":\"EntryPoint\",\"urlTemplate\":\"https:\/\/deputadotaveirajr.com.br\/?s={search_term_string}\"},\"query-input\":{\"@type\":\"PropertyValueSpecification\",\"valueRequired\":true,\"valueName\":\"search_term_string\"}}],\"inLanguage\":\"pt-BR\"},{\"@type\":\"Organization\",\"@id\":\"https:\/\/deputadotaveirajr.com.br\/#organization\",\"name\":\"Taveira Jr\",\"url\":\"https:\/\/deputadotaveirajr.com.br\/\",\"logo\":{\"@type\":\"ImageObject\",\"inLanguage\":\"pt-BR\",\"@id\":\"https:\/\/deputadotaveirajr.com.br\/#\/schema\/logo\/image\/\",\"url\":\"https:\/\/deputadotaveirajr.com.br\/wp-content\/uploads\/2026\/01\/logolow2a.png\",\"contentUrl\":\"https:\/\/deputadotaveirajr.com.br\/wp-content\/uploads\/2026\/01\/logolow2a.png\",\"width\":290,\"height\":80,\"caption\":\"Taveira Jr\"},\"image\":{\"@id\":\"https:\/\/deputadotaveirajr.com.br\/#\/schema\/logo\/image\/\"}}]}<\/script>\n<!-- \/ Yoast SEO plugin. -->","yoast_head_json":{"title":"V\u00eddeos mostram fuga de presos de penitenci\u00e1ria estadual na Grande Natal - Taveira Jr","robots":{"index":"index","follow":"follow","max-snippet":"max-snippet:-1","max-image-preview":"max-image-preview:large","max-video-preview":"max-video-preview:-1"},"canonical":"https:\/\/deputadotaveirajr.com.br\/index.php\/videos-mostram-fuga-de-presos-de-penitenciaria-estadual-na-grande-natal\/","og_locale":"pt_BR","og_type":"article","og_title":"V\u00eddeos mostram fuga de presos de penitenci\u00e1ria estadual na Grande Natal - Taveira Jr","og_description":"Dupla fugiu da penitenci\u00e1ria Rog\u00e9rio Coutinho Madruga, em N\u00edsia Floresta, na ter\u00e7a-feira passada (30). Secret\u00e1rio diz que v\u00eddeos mostram &#8216;aparente facilidade&#8217; para dois escaparem. V\u00eddeos mostram fuga de presos de ...","og_url":"https:\/\/deputadotaveirajr.com.br\/index.php\/videos-mostram-fuga-de-presos-de-penitenciaria-estadual-na-grande-natal\/","og_site_name":"Taveira Jr","og_image":[{"width":973,"height":745,"url":"https:\/\/deputadotaveirajr.com.br\/wp-content\/uploads\/2024\/05\/captura-de-tela-2024-05-02-192114-CPBz1a.jpeg","type":"image\/jpeg"}],"twitter_card":"summary_large_image","twitter_misc":{"Est. tempo de leitura":"3 minutos"},"schema":{"@context":"https:\/\/schema.org","@graph":[{"@type":"WebPage","@id":"https:\/\/deputadotaveirajr.com.br\/index.php\/videos-mostram-fuga-de-presos-de-penitenciaria-estadual-na-grande-natal\/","url":"https:\/\/deputadotaveirajr.com.br\/index.php\/videos-mostram-fuga-de-presos-de-penitenciaria-estadual-na-grande-natal\/","name":"V\u00eddeos mostram fuga de presos de penitenci\u00e1ria estadual na Grande Natal - Taveira Jr","isPartOf":{"@id":"https:\/\/deputadotaveirajr.com.br\/#website"},"primaryImageOfPage":{"@id":"https:\/\/deputadotaveirajr.com.br\/index.php\/videos-mostram-fuga-de-presos-de-penitenciaria-estadual-na-grande-natal\/#primaryimage"},"image":{"@id":"https:\/\/deputadotaveirajr.com.br\/index.php\/videos-mostram-fuga-de-presos-de-penitenciaria-estadual-na-grande-natal\/#primaryimage"},"thumbnailUrl":"https:\/\/deputadotaveirajr.com.br\/wp-content\/uploads\/2024\/05\/captura-de-tela-2024-05-02-192114-CPBz1a.jpeg","datePublished":"2024-05-03T01:25:01+00:00","breadcrumb":{"@id":"https:\/\/deputadotaveirajr.com.br\/index.php\/videos-mostram-fuga-de-presos-de-penitenciaria-estadual-na-grande-natal\/#breadcrumb"},"inLanguage":"pt-BR","potentialAction":[{"@type":"ReadAction","target":["https:\/\/deputadotaveirajr.com.br\/index.php\/videos-mostram-fuga-de-presos-de-penitenciaria-estadual-na-grande-natal\/"]}]},{"@type":"ImageObject","inLanguage":"pt-BR","@id":"https:\/\/deputadotaveirajr.com.br\/index.php\/videos-mostram-fuga-de-presos-de-penitenciaria-estadual-na-grande-natal\/#primaryimage","url":"https:\/\/deputadotaveirajr.com.br\/wp-content\/uploads\/2024\/05\/captura-de-tela-2024-05-02-192114-CPBz1a.jpeg","contentUrl":"https:\/\/deputadotaveirajr.com.br\/wp-content\/uploads\/2024\/05\/captura-de-tela-2024-05-02-192114-CPBz1a.jpeg","width":973,"height":745},{"@type":"BreadcrumbList","@id":"https:\/\/deputadotaveirajr.com.br\/index.php\/videos-mostram-fuga-de-presos-de-penitenciaria-estadual-na-grande-natal\/#breadcrumb","itemListElement":[{"@type":"ListItem","position":1,"name":"In\u00edcio","item":"https:\/\/deputadotaveirajr.com.br\/"},{"@type":"ListItem","position":2,"name":"V\u00eddeos mostram fuga de presos de penitenci\u00e1ria estadual na Grande Natal"}]},{"@type":"WebSite","@id":"https:\/\/deputadotaveirajr.com.br\/#website","url":"https:\/\/deputadotaveirajr.com.br\/","name":"Taveira Jr","description":"Deputado Estadual","publisher":{"@id":"https:\/\/deputadotaveirajr.com.br\/#organization"},"potentialAction":[{"@type":"SearchAction","target":{"@type":"EntryPoint","urlTemplate":"https:\/\/deputadotaveirajr.com.br\/?s={search_term_string}"},"query-input":{"@type":"PropertyValueSpecification","valueRequired":true,"valueName":"search_term_string"}}],"inLanguage":"pt-BR"},{"@type":"Organization","@id":"https:\/\/deputadotaveirajr.com.br\/#organization","name":"Taveira Jr","url":"https:\/\/deputadotaveirajr.com.br\/","logo":{"@type":"ImageObject","inLanguage":"pt-BR","@id":"https:\/\/deputadotaveirajr.com.br\/#\/schema\/logo\/image\/","url":"https:\/\/deputadotaveirajr.com.br\/wp-content\/uploads\/2026\/01\/logolow2a.png","contentUrl":"https:\/\/deputadotaveirajr.com.br\/wp-content\/uploads\/2026\/01\/logolow2a.png","width":290,"height":80,"caption":"Taveira Jr"},"image":{"@id":"https:\/\/deputadotaveirajr.com.br\/#\/schema\/logo\/image\/"}}]}},"_links":{"self":[{"href":"https:\/\/deputadotaveirajr.com.br\/index.php\/wp-json\/wp\/v2\/pages\/5952","targetHints":{"allow":["GET"]}}],"collection":[{"href":"https:\/\/deputadotaveirajr.com.br\/index.php\/wp-json\/wp\/v2\/pages"}],"about":[{"href":"https:\/\/deputadotaveirajr.com.br\/index.php\/wp-json\/wp\/v2\/types\/page"}],"replies":[{"embeddable":true,"href":"https:\/\/deputadotaveirajr.com.br\/index.php\/wp-json\/wp\/v2\/comments?post=5952"}],"version-history":[{"count":1,"href":"https:\/\/deputadotaveirajr.com.br\/index.php\/wp-json\/wp\/v2\/pages\/5952\/revisions"}],"predecessor-version":[{"id":5957,"href":"https:\/\/deputadotaveirajr.com.br\/index.php\/wp-json\/wp\/v2\/pages\/5952\/revisions\/5957"}],"wp:featuredmedia":[{"embeddable":true,"href":"https:\/\/deputadotaveirajr.com.br\/index.php\/wp-json\/wp\/v2\/media\/5953"}],"wp:attachment":[{"href":"https:\/\/deputadotaveirajr.com.br\/index.php\/wp-json\/wp\/v2\/media?parent=5952"}],"curies":[{"name":"wp","href":"https:\/\/api.w.org\/{rel}","templated":true}]}}