{"id":6006,"date":"2024-05-06T16:10:47","date_gmt":"2024-05-06T19:10:47","guid":{"rendered":"https:\/\/deputadotaveirajr.com.br\/?page_id=6006"},"modified":"2024-05-06T16:10:47","modified_gmt":"2024-05-06T19:10:47","slug":"show-de-ivete-sangalo-em-natal-tem-ingressos-a-partir-de-r-50","status":"publish","type":"page","link":"https:\/\/deputadotaveirajr.com.br\/index.php\/show-de-ivete-sangalo-em-natal-tem-ingressos-a-partir-de-r-50\/","title":{"rendered":"Show de Ivete Sangalo em Natal tem ingressos a partir de R$ 50"},"content":{"rendered":"<p>     Show acontece no dia 31 de agosto, na Arena das Dunas, e faz parte da turn\u00ea A Festa que celebra os 30 anos de carreira da cantora. Ivete Sangalo no Festival de Ver\u00e3o Salvador<br \/>\nJorge Jesus<br \/>\nA cantora Ivete Sangalo traz para Natal a turn\u00ea &#8220;A Festa&#8221;, que comemora os seus 30 anos de carreira.<br \/>\nO show acontece no dia 31 de agosto, na Arena das Dunas, e tem ingressos a partir de R$ 50.<br \/>\n\ud83d\udcf3Participe do canal do g1 Rio Grande do Norte no WhatsApp<br \/>\nOs ingressos est\u00e3o \u00e0 venda pela internet.<br \/>\nAl\u00e9m de Natal, a cantora baiana levar\u00e1 o show para outras 29 cidades do Brasil entre 2024 e 2025.<br \/>\nServi\u00e7o<br \/>\nTurn\u00ea A Festa<br \/>\nData: 31 de agosto<br \/>\nLocal: Arena das Dunas<br \/>\nIngressos: \u00e0 venda na loja Jorge Bischoff, no piso L2 do Natal Shopping, no site da turn\u00ea e tamb\u00e9m na Eventim<\/p>","protected":false},"excerpt":{"rendered":"<p>Show acontece no dia 31 de agosto, na Arena das Dunas, e faz parte da turn\u00ea A Festa que celebra os 30 anos de carreira da cantora. Ivete Sangalo no &#8230;<\/p>\n","protected":false},"author":0,"featured_media":6007,"parent":0,"menu_order":0,"comment_status":"closed","ping_status":"closed","template":"","meta":{"footnotes":""},"class_list":["post-6006","page","type-page","status-publish","has-post-thumbnail","hentry"],"yoast_head":"<!-- This site is optimized with the Yoast SEO plugin v27.1.1 - https:\/\/yoast.com\/product\/yoast-seo-wordpress\/ -->\n<title>Show de Ivete Sangalo em Natal tem ingressos a partir de R$ 50 - Taveira Jr<\/title>\n<meta name=\"robots\" content=\"index, follow, max-snippet:-1, max-image-preview:large, max-video-preview:-1\" \/>\n<link rel=\"canonical\" href=\"https:\/\/deputadotaveirajr.com.br\/index.php\/show-de-ivete-sangalo-em-natal-tem-ingressos-a-partir-de-r-50\/\" \/>\n<meta property=\"og:locale\" content=\"pt_BR\" \/>\n<meta property=\"og:type\" content=\"article\" \/>\n<meta property=\"og:title\" content=\"Show de Ivete Sangalo em Natal tem ingressos a partir de R$ 50 - Taveira Jr\" \/>\n<meta property=\"og:description\" content=\"Show acontece no dia 31 de agosto, na Arena das Dunas, e faz parte da turn\u00ea A Festa que celebra os 30 anos de carreira da cantora. Ivete Sangalo no ...\" \/>\n<meta property=\"og:url\" content=\"https:\/\/deputadotaveirajr.com.br\/index.php\/show-de-ivete-sangalo-em-natal-tem-ingressos-a-partir-de-r-50\/\" \/>\n<meta property=\"og:site_name\" content=\"Taveira Jr\" \/>\n<meta property=\"og:image\" content=\"https:\/\/deputadotaveirajr.com.br\/wp-content\/uploads\/2024\/05\/whatsapp-image-2024-01-27-at-22.10.08-1-Irtrny-scaled.jpeg\" \/>\n\t<meta property=\"og:image:width\" content=\"2560\" \/>\n\t<meta property=\"og:image:height\" content=\"1706\" \/>\n\t<meta property=\"og:image:type\" content=\"image\/jpeg\" \/>\n<meta name=\"twitter:card\" content=\"summary_large_image\" \/>\n<meta name=\"twitter:label1\" content=\"Est. tempo de leitura\" \/>\n\t<meta name=\"twitter:data1\" content=\"1 minuto\" \/>\n<script type=\"application\/ld+json\" class=\"yoast-schema-graph\">{\"@context\":\"https:\/\/schema.org\",\"@graph\":[{\"@type\":\"WebPage\",\"@id\":\"https:\/\/deputadotaveirajr.com.br\/index.php\/show-de-ivete-sangalo-em-natal-tem-ingressos-a-partir-de-r-50\/\",\"url\":\"https:\/\/deputadotaveirajr.com.br\/index.php\/show-de-ivete-sangalo-em-natal-tem-ingressos-a-partir-de-r-50\/\",\"name\":\"Show de Ivete Sangalo em Natal tem ingressos a partir de R$ 50 - Taveira Jr\",\"isPartOf\":{\"@id\":\"https:\/\/deputadotaveirajr.com.br\/#website\"},\"primaryImageOfPage\":{\"@id\":\"https:\/\/deputadotaveirajr.com.br\/index.php\/show-de-ivete-sangalo-em-natal-tem-ingressos-a-partir-de-r-50\/#primaryimage\"},\"image\":{\"@id\":\"https:\/\/deputadotaveirajr.com.br\/index.php\/show-de-ivete-sangalo-em-natal-tem-ingressos-a-partir-de-r-50\/#primaryimage\"},\"thumbnailUrl\":\"https:\/\/deputadotaveirajr.com.br\/wp-content\/uploads\/2024\/05\/whatsapp-image-2024-01-27-at-22.10.08-1-Irtrny-scaled.jpeg\",\"datePublished\":\"2024-05-06T19:10:47+00:00\",\"breadcrumb\":{\"@id\":\"https:\/\/deputadotaveirajr.com.br\/index.php\/show-de-ivete-sangalo-em-natal-tem-ingressos-a-partir-de-r-50\/#breadcrumb\"},\"inLanguage\":\"pt-BR\",\"potentialAction\":[{\"@type\":\"ReadAction\",\"target\":[\"https:\/\/deputadotaveirajr.com.br\/index.php\/show-de-ivete-sangalo-em-natal-tem-ingressos-a-partir-de-r-50\/\"]}]},{\"@type\":\"ImageObject\",\"inLanguage\":\"pt-BR\",\"@id\":\"https:\/\/deputadotaveirajr.com.br\/index.php\/show-de-ivete-sangalo-em-natal-tem-ingressos-a-partir-de-r-50\/#primaryimage\",\"url\":\"https:\/\/deputadotaveirajr.com.br\/wp-content\/uploads\/2024\/05\/whatsapp-image-2024-01-27-at-22.10.08-1-Irtrny-scaled.jpeg\",\"contentUrl\":\"https:\/\/deputadotaveirajr.com.br\/wp-content\/uploads\/2024\/05\/whatsapp-image-2024-01-27-at-22.10.08-1-Irtrny-scaled.jpeg\",\"width\":2560,\"height\":1706},{\"@type\":\"BreadcrumbList\",\"@id\":\"https:\/\/deputadotaveirajr.com.br\/index.php\/show-de-ivete-sangalo-em-natal-tem-ingressos-a-partir-de-r-50\/#breadcrumb\",\"itemListElement\":[{\"@type\":\"ListItem\",\"position\":1,\"name\":\"In\u00edcio\",\"item\":\"https:\/\/deputadotaveirajr.com.br\/\"},{\"@type\":\"ListItem\",\"position\":2,\"name\":\"Show de Ivete Sangalo em Natal tem ingressos a partir de R$ 50\"}]},{\"@type\":\"WebSite\",\"@id\":\"https:\/\/deputadotaveirajr.com.br\/#website\",\"url\":\"https:\/\/deputadotaveirajr.com.br\/\",\"name\":\"Taveira Jr\",\"description\":\"Deputado Estadual\",\"publisher\":{\"@id\":\"https:\/\/deputadotaveirajr.com.br\/#organization\"},\"potentialAction\":[{\"@type\":\"SearchAction\",\"target\":{\"@type\":\"EntryPoint\",\"urlTemplate\":\"https:\/\/deputadotaveirajr.com.br\/?s={search_term_string}\"},\"query-input\":{\"@type\":\"PropertyValueSpecification\",\"valueRequired\":true,\"valueName\":\"search_term_string\"}}],\"inLanguage\":\"pt-BR\"},{\"@type\":\"Organization\",\"@id\":\"https:\/\/deputadotaveirajr.com.br\/#organization\",\"name\":\"Taveira Jr\",\"url\":\"https:\/\/deputadotaveirajr.com.br\/\",\"logo\":{\"@type\":\"ImageObject\",\"inLanguage\":\"pt-BR\",\"@id\":\"https:\/\/deputadotaveirajr.com.br\/#\/schema\/logo\/image\/\",\"url\":\"https:\/\/deputadotaveirajr.com.br\/wp-content\/uploads\/2026\/01\/logolow2a.png\",\"contentUrl\":\"https:\/\/deputadotaveirajr.com.br\/wp-content\/uploads\/2026\/01\/logolow2a.png\",\"width\":290,\"height\":80,\"caption\":\"Taveira Jr\"},\"image\":{\"@id\":\"https:\/\/deputadotaveirajr.com.br\/#\/schema\/logo\/image\/\"}}]}<\/script>\n<!-- \/ Yoast SEO plugin. -->","yoast_head_json":{"title":"Show de Ivete Sangalo em Natal tem ingressos a partir de R$ 50 - Taveira Jr","robots":{"index":"index","follow":"follow","max-snippet":"max-snippet:-1","max-image-preview":"max-image-preview:large","max-video-preview":"max-video-preview:-1"},"canonical":"https:\/\/deputadotaveirajr.com.br\/index.php\/show-de-ivete-sangalo-em-natal-tem-ingressos-a-partir-de-r-50\/","og_locale":"pt_BR","og_type":"article","og_title":"Show de Ivete Sangalo em Natal tem ingressos a partir de R$ 50 - Taveira Jr","og_description":"Show acontece no dia 31 de agosto, na Arena das Dunas, e faz parte da turn\u00ea A Festa que celebra os 30 anos de carreira da cantora. Ivete Sangalo no ...","og_url":"https:\/\/deputadotaveirajr.com.br\/index.php\/show-de-ivete-sangalo-em-natal-tem-ingressos-a-partir-de-r-50\/","og_site_name":"Taveira Jr","og_image":[{"width":2560,"height":1706,"url":"https:\/\/deputadotaveirajr.com.br\/wp-content\/uploads\/2024\/05\/whatsapp-image-2024-01-27-at-22.10.08-1-Irtrny-scaled.jpeg","type":"image\/jpeg"}],"twitter_card":"summary_large_image","twitter_misc":{"Est. tempo de leitura":"1 minuto"},"schema":{"@context":"https:\/\/schema.org","@graph":[{"@type":"WebPage","@id":"https:\/\/deputadotaveirajr.com.br\/index.php\/show-de-ivete-sangalo-em-natal-tem-ingressos-a-partir-de-r-50\/","url":"https:\/\/deputadotaveirajr.com.br\/index.php\/show-de-ivete-sangalo-em-natal-tem-ingressos-a-partir-de-r-50\/","name":"Show de Ivete Sangalo em Natal tem ingressos a partir de R$ 50 - Taveira Jr","isPartOf":{"@id":"https:\/\/deputadotaveirajr.com.br\/#website"},"primaryImageOfPage":{"@id":"https:\/\/deputadotaveirajr.com.br\/index.php\/show-de-ivete-sangalo-em-natal-tem-ingressos-a-partir-de-r-50\/#primaryimage"},"image":{"@id":"https:\/\/deputadotaveirajr.com.br\/index.php\/show-de-ivete-sangalo-em-natal-tem-ingressos-a-partir-de-r-50\/#primaryimage"},"thumbnailUrl":"https:\/\/deputadotaveirajr.com.br\/wp-content\/uploads\/2024\/05\/whatsapp-image-2024-01-27-at-22.10.08-1-Irtrny-scaled.jpeg","datePublished":"2024-05-06T19:10:47+00:00","breadcrumb":{"@id":"https:\/\/deputadotaveirajr.com.br\/index.php\/show-de-ivete-sangalo-em-natal-tem-ingressos-a-partir-de-r-50\/#breadcrumb"},"inLanguage":"pt-BR","potentialAction":[{"@type":"ReadAction","target":["https:\/\/deputadotaveirajr.com.br\/index.php\/show-de-ivete-sangalo-em-natal-tem-ingressos-a-partir-de-r-50\/"]}]},{"@type":"ImageObject","inLanguage":"pt-BR","@id":"https:\/\/deputadotaveirajr.com.br\/index.php\/show-de-ivete-sangalo-em-natal-tem-ingressos-a-partir-de-r-50\/#primaryimage","url":"https:\/\/deputadotaveirajr.com.br\/wp-content\/uploads\/2024\/05\/whatsapp-image-2024-01-27-at-22.10.08-1-Irtrny-scaled.jpeg","contentUrl":"https:\/\/deputadotaveirajr.com.br\/wp-content\/uploads\/2024\/05\/whatsapp-image-2024-01-27-at-22.10.08-1-Irtrny-scaled.jpeg","width":2560,"height":1706},{"@type":"BreadcrumbList","@id":"https:\/\/deputadotaveirajr.com.br\/index.php\/show-de-ivete-sangalo-em-natal-tem-ingressos-a-partir-de-r-50\/#breadcrumb","itemListElement":[{"@type":"ListItem","position":1,"name":"In\u00edcio","item":"https:\/\/deputadotaveirajr.com.br\/"},{"@type":"ListItem","position":2,"name":"Show de Ivete Sangalo em Natal tem ingressos a partir de R$ 50"}]},{"@type":"WebSite","@id":"https:\/\/deputadotaveirajr.com.br\/#website","url":"https:\/\/deputadotaveirajr.com.br\/","name":"Taveira Jr","description":"Deputado Estadual","publisher":{"@id":"https:\/\/deputadotaveirajr.com.br\/#organization"},"potentialAction":[{"@type":"SearchAction","target":{"@type":"EntryPoint","urlTemplate":"https:\/\/deputadotaveirajr.com.br\/?s={search_term_string}"},"query-input":{"@type":"PropertyValueSpecification","valueRequired":true,"valueName":"search_term_string"}}],"inLanguage":"pt-BR"},{"@type":"Organization","@id":"https:\/\/deputadotaveirajr.com.br\/#organization","name":"Taveira Jr","url":"https:\/\/deputadotaveirajr.com.br\/","logo":{"@type":"ImageObject","inLanguage":"pt-BR","@id":"https:\/\/deputadotaveirajr.com.br\/#\/schema\/logo\/image\/","url":"https:\/\/deputadotaveirajr.com.br\/wp-content\/uploads\/2026\/01\/logolow2a.png","contentUrl":"https:\/\/deputadotaveirajr.com.br\/wp-content\/uploads\/2026\/01\/logolow2a.png","width":290,"height":80,"caption":"Taveira Jr"},"image":{"@id":"https:\/\/deputadotaveirajr.com.br\/#\/schema\/logo\/image\/"}}]}},"_links":{"self":[{"href":"https:\/\/deputadotaveirajr.com.br\/index.php\/wp-json\/wp\/v2\/pages\/6006","targetHints":{"allow":["GET"]}}],"collection":[{"href":"https:\/\/deputadotaveirajr.com.br\/index.php\/wp-json\/wp\/v2\/pages"}],"about":[{"href":"https:\/\/deputadotaveirajr.com.br\/index.php\/wp-json\/wp\/v2\/types\/page"}],"replies":[{"embeddable":true,"href":"https:\/\/deputadotaveirajr.com.br\/index.php\/wp-json\/wp\/v2\/comments?post=6006"}],"version-history":[{"count":1,"href":"https:\/\/deputadotaveirajr.com.br\/index.php\/wp-json\/wp\/v2\/pages\/6006\/revisions"}],"predecessor-version":[{"id":6012,"href":"https:\/\/deputadotaveirajr.com.br\/index.php\/wp-json\/wp\/v2\/pages\/6006\/revisions\/6012"}],"wp:featuredmedia":[{"embeddable":true,"href":"https:\/\/deputadotaveirajr.com.br\/index.php\/wp-json\/wp\/v2\/media\/6007"}],"wp:attachment":[{"href":"https:\/\/deputadotaveirajr.com.br\/index.php\/wp-json\/wp\/v2\/media?parent=6006"}],"curies":[{"name":"wp","href":"https:\/\/api.w.org\/{rel}","templated":true}]}}

<p>     Show acontece no dia 31 de agosto, na Arena das Dunas, e faz parte da turnê A Festa que celebra os 30 anos de carreira da cantora. Ivete Sangalo no Festival de Verão Salvador<br />
Jorge Jesus<br />
A cantora Ivete Sangalo traz para Natal a turnê &#8220;A Festa&#8221;, que comemora os seus 30 anos de carreira.<br />
O show acontece no dia 31 de agosto, na Arena das Dunas, e tem ingressos a partir de R$ 50.<br />
📳Participe do canal do g1 Rio Grande do Norte no WhatsApp<br />
Os ingressos estão à venda pela internet.<br />
Além de Natal, a cantora baiana levará o show para outras 29 cidades do Brasil entre 2024 e 2025.<br />
Serviço<br />
Turnê A Festa<br />
Data: 31 de agosto<br />
Local: Arena das Dunas<br />
Ingressos: à venda na loja Jorge Bischoff, no piso L2 do Natal Shopping, no site da turnê e também na Eventim</p>

<p>Show acontece no dia 31 de agosto, na Arena das Dunas, e faz parte da turnê A Festa que celebra os 30 anos de carreira da cantora. Ivete Sangalo no &#8230;</p>

<!-- This site is optimized with the Yoast SEO plugin v27.1.1 - https://yoast.com/product/yoast-seo-wordpress/ -->
<title>Show de Ivete Sangalo em Natal tem ingressos a partir de R$ 50 - Taveira Jr</title>
<meta name="robots" content="index, follow, max-snippet:-1, max-image-preview:large, max-video-preview:-1" />
<link rel="canonical" href="https://deputadotaveirajr.com.br/index.php/show-de-ivete-sangalo-em-natal-tem-ingressos-a-partir-de-r-50/" />
<meta property="og:locale" content="pt_BR" />
<meta property="og:type" content="article" />
<meta property="og:title" content="Show de Ivete Sangalo em Natal tem ingressos a partir de R$ 50 - Taveira Jr" />
<meta property="og:description" content="Show acontece no dia 31 de agosto, na Arena das Dunas, e faz parte da turnê A Festa que celebra os 30 anos de carreira da cantora. Ivete Sangalo no ..." />
<meta property="og:url" content="https://deputadotaveirajr.com.br/index.php/show-de-ivete-sangalo-em-natal-tem-ingressos-a-partir-de-r-50/" />
<meta property="og:site_name" content="Taveira Jr" />
<meta property="og:image" content="https://deputadotaveirajr.com.br/wp-content/uploads/2024/05/whatsapp-image-2024-01-27-at-22.10.08-1-Irtrny-scaled.jpeg" />
	<meta property="og:image:width" content="2560" />
	<meta property="og:image:height" content="1706" />
	<meta property="og:image:type" content="image/jpeg" />
<meta name="twitter:card" content="summary_large_image" />
<meta name="twitter:label1" content="Est. tempo de leitura" />
	<meta name="twitter:data1" content="1 minuto" />
<script type="application/ld+json" class="yoast-schema-graph">{"@context":"https://schema.org","@graph":[{"@type":"WebPage","@id":"https://deputadotaveirajr.com.br/index.php/show-de-ivete-sangalo-em-natal-tem-ingressos-a-partir-de-r-50/","url":"https://deputadotaveirajr.com.br/index.php/show-de-ivete-sangalo-em-natal-tem-ingressos-a-partir-de-r-50/","name":"Show de Ivete Sangalo em Natal tem ingressos a partir de R$ 50 - Taveira Jr","isPartOf":{"@id":"https://deputadotaveirajr.com.br/#website"},"primaryImageOfPage":{"@id":"https://deputadotaveirajr.com.br/index.php/show-de-ivete-sangalo-em-natal-tem-ingressos-a-partir-de-r-50/#primaryimage"},"image":{"@id":"https://deputadotaveirajr.com.br/index.php/show-de-ivete-sangalo-em-natal-tem-ingressos-a-partir-de-r-50/#primaryimage"},"thumbnailUrl":"https://deputadotaveirajr.com.br/wp-content/uploads/2024/05/whatsapp-image-2024-01-27-at-22.10.08-1-Irtrny-scaled.jpeg","datePublished":"2024-05-06T19:10:47+00:00","breadcrumb":{"@id":"https://deputadotaveirajr.com.br/index.php/show-de-ivete-sangalo-em-natal-tem-ingressos-a-partir-de-r-50/#breadcrumb"},"inLanguage":"pt-BR","potentialAction":[{"@type":"ReadAction","target":["https://deputadotaveirajr.com.br/index.php/show-de-ivete-sangalo-em-natal-tem-ingressos-a-partir-de-r-50/"]}]},{"@type":"ImageObject","inLanguage":"pt-BR","@id":"https://deputadotaveirajr.com.br/index.php/show-de-ivete-sangalo-em-natal-tem-ingressos-a-partir-de-r-50/#primaryimage","url":"https://deputadotaveirajr.com.br/wp-content/uploads/2024/05/whatsapp-image-2024-01-27-at-22.10.08-1-Irtrny-scaled.jpeg","contentUrl":"https://deputadotaveirajr.com.br/wp-content/uploads/2024/05/whatsapp-image-2024-01-27-at-22.10.08-1-Irtrny-scaled.jpeg","width":2560,"height":1706},{"@type":"BreadcrumbList","@id":"https://deputadotaveirajr.com.br/index.php/show-de-ivete-sangalo-em-natal-tem-ingressos-a-partir-de-r-50/#breadcrumb","itemListElement":[{"@type":"ListItem","position":1,"name":"Início","item":"https://deputadotaveirajr.com.br/"},{"@type":"ListItem","position":2,"name":"Show de Ivete Sangalo em Natal tem ingressos a partir de R$ 50"}]},{"@type":"WebSite","@id":"https://deputadotaveirajr.com.br/#website","url":"https://deputadotaveirajr.com.br/","name":"Taveira Jr","description":"Deputado Estadual","publisher":{"@id":"https://deputadotaveirajr.com.br/#organization"},"potentialAction":[{"@type":"SearchAction","target":{"@type":"EntryPoint","urlTemplate":"https://deputadotaveirajr.com.br/?s={search_term_string}"},"query-input":{"@type":"PropertyValueSpecification","valueRequired":true,"valueName":"search_term_string"}}],"inLanguage":"pt-BR"},{"@type":"Organization","@id":"https://deputadotaveirajr.com.br/#organization","name":"Taveira Jr","url":"https://deputadotaveirajr.com.br/","logo":{"@type":"ImageObject","inLanguage":"pt-BR","@id":"https://deputadotaveirajr.com.br/#/schema/logo/image/","url":"https://deputadotaveirajr.com.br/wp-content/uploads/2026/01/logolow2a.png","contentUrl":"https://deputadotaveirajr.com.br/wp-content/uploads/2026/01/logolow2a.png","width":290,"height":80,"caption":"Taveira Jr"},"image":{"@id":"https://deputadotaveirajr.com.br/#/schema/logo/image/"}}]}</script>
<!-- / Yoast SEO plugin. -->

Show acontece no dia 31 de agosto, na Arena das Dunas, e faz parte da turnê A Festa que celebra os 30 anos de carreira da cantora. Ivete Sangalo no ...

Início
