{"id":6087,"date":"2024-05-10T13:03:01","date_gmt":"2024-05-10T16:03:01","guid":{"rendered":"https:\/\/deputadotaveirajr.com.br\/?page_id=6087"},"modified":"2024-05-10T13:03:01","modified_gmt":"2024-05-10T16:03:01","slug":"onze-bombeiros-do-rn-embarcam-para-auxiliar-vitimas-das-enchentes-no-rio-grande-do-sul","status":"publish","type":"page","link":"https:\/\/deputadotaveirajr.com.br\/index.php\/onze-bombeiros-do-rn-embarcam-para-auxiliar-vitimas-das-enchentes-no-rio-grande-do-sul\/","title":{"rendered":"Onze bombeiros do RN embarcam para auxiliar v\u00edtimas das enchentes no Rio Grande do Sul"},"content":{"rendered":"<p>     Ao todo, foram enviados 11 bombeiros militares, al\u00e9m de equipamentos de resgate e salvamento, quatro embarca\u00e7\u00f5es, duas pick-ups, e kit\u2019s de atendimento pr\u00e9-hospitalar. Onze bombeiros do RN embarcam para auxiliar v\u00edtimas das enchentes no Rio Grande do Sul<br \/>\nVinicius Marinho\/Inter TV Cabugi<br \/>\nO Corpo de Bombeiros Militar do Rio Grande do Norte (CBMRN) enviou, nesta sexta-feira (10), os bombeiros militares, equipamentos e ve\u00edculos para auxiliar as v\u00edtimas das enchentes no estado do Rio Grande do Sul.<br \/>\nAo todo, foram enviados 11 bombeiros militares, al\u00e9m de equipamentos de resgate e salvamento, quatro embarca\u00e7\u00f5es, duas pick-ups, e kit\u2019s de atendimento pr\u00e9-hospitalar.<br \/>\n\ud83d\udcf3Participe do canal do g1 RN no WhatsApp<br \/>\nA equipe do Corpo de Bombeiros saiu de\u00a0Natal, rumo ao Rio Grande do Sul, por volta das 7h desta sexta-feira. A previs\u00e3o de dura\u00e7\u00e3o da viagem \u00e9 de cinco dias.<br \/>\n\u201cNesse momento de crise que o Rio Grande do Sul passa, manifestamos toda nossa solidariedade ao povo ga\u00facho, e estamos com toda nossa Corpora\u00e7\u00e3o \u00e0 disposi\u00e7\u00e3o para atuarem nas diversas frentes que for necess\u00e1rio\u201d, disse o comandante-geral.<br \/>\nEnchentes no RS<br \/>\nCarros deixados em rua alagada de Canoas<br \/>\nCarlos Macedo\/AP<br \/>\nAt\u00e9 a manh\u00e3 desta sexta-feira (10) foram confirmadas 113 mortes por causa dos temporais que atingiram o Rio Grande do Sul. As chuvas come\u00e7aram em 27 de abril e ganharam for\u00e7a no dia 29.<br \/>\nO n\u00famero de pessoas fora de casa pelos temporais chegou a 406,7 mil. H\u00e1, no total, 69.617 pessoas recebendo acolhimento em abrigos e outras 337.116 abrigadas nas casas de amigos ou parentes. H\u00e1 756 feridos e 146 desaparecidos.<br \/>\nO RS tem 435 dos seus 497 munic\u00edpios com algum relato de problema relacionado aos temporais, com 1,9 milh\u00e3o de pessoas afetadas.<br \/>\nVista de drone mostra barco com volunt\u00e1rios em busca de pessoas isoladas em casas no bairro de Mathias Velho, em Canoas (RS)<br \/>\nAMANDA PEROBELLI\/REUTERS via BBC<\/p>","protected":false},"excerpt":{"rendered":"<p>Ao todo, foram enviados 11 bombeiros militares, al\u00e9m de equipamentos de resgate e salvamento, quatro embarca\u00e7\u00f5es, duas pick-ups, e kit\u2019s de atendimento pr\u00e9-hospitalar. Onze bombeiros do RN embarcam para auxiliar &#8230;<\/p>\n","protected":false},"author":0,"featured_media":6088,"parent":0,"menu_order":0,"comment_status":"closed","ping_status":"closed","template":"","meta":{"footnotes":""},"class_list":["post-6087","page","type-page","status-publish","has-post-thumbnail","hentry"],"yoast_head":"<!-- This site is optimized with the Yoast SEO plugin v27.1.1 - https:\/\/yoast.com\/product\/yoast-seo-wordpress\/ -->\n<title>Onze bombeiros do RN embarcam para auxiliar v\u00edtimas das enchentes no Rio Grande do Sul - Taveira Jr<\/title>\n<meta name=\"robots\" content=\"index, follow, max-snippet:-1, max-image-preview:large, max-video-preview:-1\" \/>\n<link rel=\"canonical\" href=\"https:\/\/deputadotaveirajr.com.br\/index.php\/onze-bombeiros-do-rn-embarcam-para-auxiliar-vitimas-das-enchentes-no-rio-grande-do-sul\/\" \/>\n<meta property=\"og:locale\" content=\"pt_BR\" \/>\n<meta property=\"og:type\" content=\"article\" \/>\n<meta property=\"og:title\" content=\"Onze bombeiros do RN embarcam para auxiliar v\u00edtimas das enchentes no Rio Grande do Sul - Taveira Jr\" \/>\n<meta property=\"og:description\" content=\"Ao todo, foram enviados 11 bombeiros militares, al\u00e9m de equipamentos de resgate e salvamento, quatro embarca\u00e7\u00f5es, duas pick-ups, e kit\u2019s de atendimento pr\u00e9-hospitalar. Onze bombeiros do RN embarcam para auxiliar ...\" \/>\n<meta property=\"og:url\" content=\"https:\/\/deputadotaveirajr.com.br\/index.php\/onze-bombeiros-do-rn-embarcam-para-auxiliar-vitimas-das-enchentes-no-rio-grande-do-sul\/\" \/>\n<meta property=\"og:site_name\" content=\"Taveira Jr\" \/>\n<meta property=\"og:image\" content=\"https:\/\/deputadotaveirajr.com.br\/wp-content\/uploads\/2024\/05\/whatsapp-image-2024-05-10-at-07.00.12-nnJvZ7.jpeg\" \/>\n\t<meta property=\"og:image:width\" content=\"1600\" \/>\n\t<meta property=\"og:image:height\" content=\"1200\" \/>\n\t<meta property=\"og:image:type\" content=\"image\/jpeg\" \/>\n<meta name=\"twitter:card\" content=\"summary_large_image\" \/>\n<meta name=\"twitter:label1\" content=\"Est. tempo de leitura\" \/>\n\t<meta name=\"twitter:data1\" content=\"2 minutos\" \/>\n<script type=\"application\/ld+json\" class=\"yoast-schema-graph\">{\"@context\":\"https:\/\/schema.org\",\"@graph\":[{\"@type\":\"WebPage\",\"@id\":\"https:\/\/deputadotaveirajr.com.br\/index.php\/onze-bombeiros-do-rn-embarcam-para-auxiliar-vitimas-das-enchentes-no-rio-grande-do-sul\/\",\"url\":\"https:\/\/deputadotaveirajr.com.br\/index.php\/onze-bombeiros-do-rn-embarcam-para-auxiliar-vitimas-das-enchentes-no-rio-grande-do-sul\/\",\"name\":\"Onze bombeiros do RN embarcam para auxiliar v\u00edtimas das enchentes no Rio Grande do Sul - Taveira Jr\",\"isPartOf\":{\"@id\":\"https:\/\/deputadotaveirajr.com.br\/#website\"},\"primaryImageOfPage\":{\"@id\":\"https:\/\/deputadotaveirajr.com.br\/index.php\/onze-bombeiros-do-rn-embarcam-para-auxiliar-vitimas-das-enchentes-no-rio-grande-do-sul\/#primaryimage\"},\"image\":{\"@id\":\"https:\/\/deputadotaveirajr.com.br\/index.php\/onze-bombeiros-do-rn-embarcam-para-auxiliar-vitimas-das-enchentes-no-rio-grande-do-sul\/#primaryimage\"},\"thumbnailUrl\":\"https:\/\/deputadotaveirajr.com.br\/wp-content\/uploads\/2024\/05\/whatsapp-image-2024-05-10-at-07.00.12-nnJvZ7.jpeg\",\"datePublished\":\"2024-05-10T16:03:01+00:00\",\"breadcrumb\":{\"@id\":\"https:\/\/deputadotaveirajr.com.br\/index.php\/onze-bombeiros-do-rn-embarcam-para-auxiliar-vitimas-das-enchentes-no-rio-grande-do-sul\/#breadcrumb\"},\"inLanguage\":\"pt-BR\",\"potentialAction\":[{\"@type\":\"ReadAction\",\"target\":[\"https:\/\/deputadotaveirajr.com.br\/index.php\/onze-bombeiros-do-rn-embarcam-para-auxiliar-vitimas-das-enchentes-no-rio-grande-do-sul\/\"]}]},{\"@type\":\"ImageObject\",\"inLanguage\":\"pt-BR\",\"@id\":\"https:\/\/deputadotaveirajr.com.br\/index.php\/onze-bombeiros-do-rn-embarcam-para-auxiliar-vitimas-das-enchentes-no-rio-grande-do-sul\/#primaryimage\",\"url\":\"https:\/\/deputadotaveirajr.com.br\/wp-content\/uploads\/2024\/05\/whatsapp-image-2024-05-10-at-07.00.12-nnJvZ7.jpeg\",\"contentUrl\":\"https:\/\/deputadotaveirajr.com.br\/wp-content\/uploads\/2024\/05\/whatsapp-image-2024-05-10-at-07.00.12-nnJvZ7.jpeg\",\"width\":1600,\"height\":1200},{\"@type\":\"BreadcrumbList\",\"@id\":\"https:\/\/deputadotaveirajr.com.br\/index.php\/onze-bombeiros-do-rn-embarcam-para-auxiliar-vitimas-das-enchentes-no-rio-grande-do-sul\/#breadcrumb\",\"itemListElement\":[{\"@type\":\"ListItem\",\"position\":1,\"name\":\"In\u00edcio\",\"item\":\"https:\/\/deputadotaveirajr.com.br\/\"},{\"@type\":\"ListItem\",\"position\":2,\"name\":\"Onze bombeiros do RN embarcam para auxiliar v\u00edtimas das enchentes no Rio Grande do Sul\"}]},{\"@type\":\"WebSite\",\"@id\":\"https:\/\/deputadotaveirajr.com.br\/#website\",\"url\":\"https:\/\/deputadotaveirajr.com.br\/\",\"name\":\"Taveira Jr\",\"description\":\"Deputado Estadual\",\"publisher\":{\"@id\":\"https:\/\/deputadotaveirajr.com.br\/#organization\"},\"potentialAction\":[{\"@type\":\"SearchAction\",\"target\":{\"@type\":\"EntryPoint\",\"urlTemplate\":\"https:\/\/deputadotaveirajr.com.br\/?s={search_term_string}\"},\"query-input\":{\"@type\":\"PropertyValueSpecification\",\"valueRequired\":true,\"valueName\":\"search_term_string\"}}],\"inLanguage\":\"pt-BR\"},{\"@type\":\"Organization\",\"@id\":\"https:\/\/deputadotaveirajr.com.br\/#organization\",\"name\":\"Taveira Jr\",\"url\":\"https:\/\/deputadotaveirajr.com.br\/\",\"logo\":{\"@type\":\"ImageObject\",\"inLanguage\":\"pt-BR\",\"@id\":\"https:\/\/deputadotaveirajr.com.br\/#\/schema\/logo\/image\/\",\"url\":\"https:\/\/deputadotaveirajr.com.br\/wp-content\/uploads\/2026\/01\/logolow2a.png\",\"contentUrl\":\"https:\/\/deputadotaveirajr.com.br\/wp-content\/uploads\/2026\/01\/logolow2a.png\",\"width\":290,\"height\":80,\"caption\":\"Taveira Jr\"},\"image\":{\"@id\":\"https:\/\/deputadotaveirajr.com.br\/#\/schema\/logo\/image\/\"}}]}<\/script>\n<!-- \/ Yoast SEO plugin. -->","yoast_head_json":{"title":"Onze bombeiros do RN embarcam para auxiliar v\u00edtimas das enchentes no Rio Grande do Sul - Taveira Jr","robots":{"index":"index","follow":"follow","max-snippet":"max-snippet:-1","max-image-preview":"max-image-preview:large","max-video-preview":"max-video-preview:-1"},"canonical":"https:\/\/deputadotaveirajr.com.br\/index.php\/onze-bombeiros-do-rn-embarcam-para-auxiliar-vitimas-das-enchentes-no-rio-grande-do-sul\/","og_locale":"pt_BR","og_type":"article","og_title":"Onze bombeiros do RN embarcam para auxiliar v\u00edtimas das enchentes no Rio Grande do Sul - Taveira Jr","og_description":"Ao todo, foram enviados 11 bombeiros militares, al\u00e9m de equipamentos de resgate e salvamento, quatro embarca\u00e7\u00f5es, duas pick-ups, e kit\u2019s de atendimento pr\u00e9-hospitalar. Onze bombeiros do RN embarcam para auxiliar ...","og_url":"https:\/\/deputadotaveirajr.com.br\/index.php\/onze-bombeiros-do-rn-embarcam-para-auxiliar-vitimas-das-enchentes-no-rio-grande-do-sul\/","og_site_name":"Taveira Jr","og_image":[{"width":1600,"height":1200,"url":"https:\/\/deputadotaveirajr.com.br\/wp-content\/uploads\/2024\/05\/whatsapp-image-2024-05-10-at-07.00.12-nnJvZ7.jpeg","type":"image\/jpeg"}],"twitter_card":"summary_large_image","twitter_misc":{"Est. tempo de leitura":"2 minutos"},"schema":{"@context":"https:\/\/schema.org","@graph":[{"@type":"WebPage","@id":"https:\/\/deputadotaveirajr.com.br\/index.php\/onze-bombeiros-do-rn-embarcam-para-auxiliar-vitimas-das-enchentes-no-rio-grande-do-sul\/","url":"https:\/\/deputadotaveirajr.com.br\/index.php\/onze-bombeiros-do-rn-embarcam-para-auxiliar-vitimas-das-enchentes-no-rio-grande-do-sul\/","name":"Onze bombeiros do RN embarcam para auxiliar v\u00edtimas das enchentes no Rio Grande do Sul - Taveira Jr","isPartOf":{"@id":"https:\/\/deputadotaveirajr.com.br\/#website"},"primaryImageOfPage":{"@id":"https:\/\/deputadotaveirajr.com.br\/index.php\/onze-bombeiros-do-rn-embarcam-para-auxiliar-vitimas-das-enchentes-no-rio-grande-do-sul\/#primaryimage"},"image":{"@id":"https:\/\/deputadotaveirajr.com.br\/index.php\/onze-bombeiros-do-rn-embarcam-para-auxiliar-vitimas-das-enchentes-no-rio-grande-do-sul\/#primaryimage"},"thumbnailUrl":"https:\/\/deputadotaveirajr.com.br\/wp-content\/uploads\/2024\/05\/whatsapp-image-2024-05-10-at-07.00.12-nnJvZ7.jpeg","datePublished":"2024-05-10T16:03:01+00:00","breadcrumb":{"@id":"https:\/\/deputadotaveirajr.com.br\/index.php\/onze-bombeiros-do-rn-embarcam-para-auxiliar-vitimas-das-enchentes-no-rio-grande-do-sul\/#breadcrumb"},"inLanguage":"pt-BR","potentialAction":[{"@type":"ReadAction","target":["https:\/\/deputadotaveirajr.com.br\/index.php\/onze-bombeiros-do-rn-embarcam-para-auxiliar-vitimas-das-enchentes-no-rio-grande-do-sul\/"]}]},{"@type":"ImageObject","inLanguage":"pt-BR","@id":"https:\/\/deputadotaveirajr.com.br\/index.php\/onze-bombeiros-do-rn-embarcam-para-auxiliar-vitimas-das-enchentes-no-rio-grande-do-sul\/#primaryimage","url":"https:\/\/deputadotaveirajr.com.br\/wp-content\/uploads\/2024\/05\/whatsapp-image-2024-05-10-at-07.00.12-nnJvZ7.jpeg","contentUrl":"https:\/\/deputadotaveirajr.com.br\/wp-content\/uploads\/2024\/05\/whatsapp-image-2024-05-10-at-07.00.12-nnJvZ7.jpeg","width":1600,"height":1200},{"@type":"BreadcrumbList","@id":"https:\/\/deputadotaveirajr.com.br\/index.php\/onze-bombeiros-do-rn-embarcam-para-auxiliar-vitimas-das-enchentes-no-rio-grande-do-sul\/#breadcrumb","itemListElement":[{"@type":"ListItem","position":1,"name":"In\u00edcio","item":"https:\/\/deputadotaveirajr.com.br\/"},{"@type":"ListItem","position":2,"name":"Onze bombeiros do RN embarcam para auxiliar v\u00edtimas das enchentes no Rio Grande do Sul"}]},{"@type":"WebSite","@id":"https:\/\/deputadotaveirajr.com.br\/#website","url":"https:\/\/deputadotaveirajr.com.br\/","name":"Taveira Jr","description":"Deputado Estadual","publisher":{"@id":"https:\/\/deputadotaveirajr.com.br\/#organization"},"potentialAction":[{"@type":"SearchAction","target":{"@type":"EntryPoint","urlTemplate":"https:\/\/deputadotaveirajr.com.br\/?s={search_term_string}"},"query-input":{"@type":"PropertyValueSpecification","valueRequired":true,"valueName":"search_term_string"}}],"inLanguage":"pt-BR"},{"@type":"Organization","@id":"https:\/\/deputadotaveirajr.com.br\/#organization","name":"Taveira Jr","url":"https:\/\/deputadotaveirajr.com.br\/","logo":{"@type":"ImageObject","inLanguage":"pt-BR","@id":"https:\/\/deputadotaveirajr.com.br\/#\/schema\/logo\/image\/","url":"https:\/\/deputadotaveirajr.com.br\/wp-content\/uploads\/2026\/01\/logolow2a.png","contentUrl":"https:\/\/deputadotaveirajr.com.br\/wp-content\/uploads\/2026\/01\/logolow2a.png","width":290,"height":80,"caption":"Taveira Jr"},"image":{"@id":"https:\/\/deputadotaveirajr.com.br\/#\/schema\/logo\/image\/"}}]}},"_links":{"self":[{"href":"https:\/\/deputadotaveirajr.com.br\/index.php\/wp-json\/wp\/v2\/pages\/6087","targetHints":{"allow":["GET"]}}],"collection":[{"href":"https:\/\/deputadotaveirajr.com.br\/index.php\/wp-json\/wp\/v2\/pages"}],"about":[{"href":"https:\/\/deputadotaveirajr.com.br\/index.php\/wp-json\/wp\/v2\/types\/page"}],"replies":[{"embeddable":true,"href":"https:\/\/deputadotaveirajr.com.br\/index.php\/wp-json\/wp\/v2\/comments?post=6087"}],"version-history":[{"count":1,"href":"https:\/\/deputadotaveirajr.com.br\/index.php\/wp-json\/wp\/v2\/pages\/6087\/revisions"}],"predecessor-version":[{"id":6094,"href":"https:\/\/deputadotaveirajr.com.br\/index.php\/wp-json\/wp\/v2\/pages\/6087\/revisions\/6094"}],"wp:featuredmedia":[{"embeddable":true,"href":"https:\/\/deputadotaveirajr.com.br\/index.php\/wp-json\/wp\/v2\/media\/6088"}],"wp:attachment":[{"href":"https:\/\/deputadotaveirajr.com.br\/index.php\/wp-json\/wp\/v2\/media?parent=6087"}],"curies":[{"name":"wp","href":"https:\/\/api.w.org\/{rel}","templated":true}]}}