{"id":6099,"date":"2024-05-10T20:51:30","date_gmt":"2024-05-10T23:51:30","guid":{"rendered":"https:\/\/deputadotaveirajr.com.br\/?page_id=6099"},"modified":"2024-05-10T20:51:30","modified_gmt":"2024-05-10T23:51:30","slug":"dnit-adia-entrega-de-obra-de-desvio-da-br-304-no-rn-e-anuncia-novo-prazo-ate-15-de-maio","status":"publish","type":"page","link":"https:\/\/deputadotaveirajr.com.br\/index.php\/dnit-adia-entrega-de-obra-de-desvio-da-br-304-no-rn-e-anuncia-novo-prazo-ate-15-de-maio\/","title":{"rendered":"Dnit adia entrega de obra de desvio da BR-304 no RN e anuncia novo prazo at\u00e9 15 de maio"},"content":{"rendered":"<p>     Prazo de libera\u00e7\u00e3o do desvio seria nesta sexta (10), o que n\u00e3o ocorreu. Dnit disse que n\u00e3o houve atraso e que &#8216;cronograma est\u00e1 dentro do previsto&#8217;. Via n\u00e3o tem passagem por Lajes desde mar\u00e7o, ap\u00f3s enxurrada derrubar ponte. Desvio da BR-304 em Lajes; constru\u00e7\u00e3o; obra<br \/>\nGustavo Brendo\/Inter TV Cabugi<br \/>\nAp\u00f3s o desvio da BR-304 na cidade de Lajes (RN) n\u00e3o ser entregue nesta sexta-feira (10), data prevista pelas autoridades, o Departamento Nacional de Infraestrutura e Transportes (Dnit) informou que a obra ser\u00e1 conclu\u00edda at\u00e9 o dia 15 de maio.<br \/>\nA conclus\u00e3o do desvio para esta sexta-feira havia sido informada pela governadora F\u00e1tima Bezerra (PT) nas redes sociais, em um v\u00eddeo no qual ela aparece ao lado do diretor-geral do Departamento Nacional de Infraestrutura e Transportes (Dnit), Fabr\u00edcio Galv\u00e3o.<br \/>\n\ud83d\udcf3Participe do canal do g1 RN no WhatsApp<br \/>\nApesar do prazo, obra do desvio da BR-304 n\u00e3o foi conclu\u00edda<br \/>\nGustavo Brendo\/Inter TV Cabugi<br \/>\nO trecho est\u00e1 interditado desde o in\u00edcio de abril, quando uma enxurrada derrubou a ponte sobre o Rio Ponta da Serra, na altura do km 203.<br \/>\nNesta sexta-feira, no entanto, a obra n\u00e3o havia sido conclu\u00edda, e o cen\u00e1rio pela manh\u00e3 em Lajes era de m\u00e1quinas e homens trabalhando.<br \/>\nEm nota enviada ao g1, o Dnit negou, no entanto, que tenha havido atraso na entrega da obra.  Segundo o \u00f3rg\u00e3o, &#8220;o cronograma est\u00e1 dentro do previsto, ou seja, concluir a implanta\u00e7\u00e3o do desvio at\u00e9 o final da primeira quinzena deste m\u00eas&#8221;.<br \/>\nO Dnit disse tamb\u00e9m que &#8220;havia a expectativa de se antecipar a conclus\u00e3o, mas as condi\u00e7\u00f5es clim\u00e1ticas n\u00e3o foram favor\u00e1veis para a execu\u00e7\u00e3o dos servi\u00e7os&#8221;.<br \/>\nO Dnit n\u00e3o informou, no entanto, qual o prazo para in\u00edcio e conclus\u00e3o da obra de restaura\u00e7\u00e3o da pr\u00f3pria BR-304.<br \/>\nEntrega de desvio na BR-304 na\u0303o e\u0301 conclui\u0301da mais uma vez<br \/>\nBR-304 interditada<br \/>\nO desvio come\u00e7ou a ser constru\u00eddo no dia 3 de abril e tinha previs\u00e3o inicial de conclus\u00e3o de 15 dias, mas, por causa das chuvas, o Dnit anunciou que houve atraso e que estava &#8220;demandando todos os esfor\u00e7os&#8221; para que a constru\u00e7\u00e3o do desvio fosse conclu\u00edda at\u00e9 o final de abril.<br \/>\nNo final de abril o Dnit ampliou o prazo para a primeira quinzena de maio. Mas esse prazo foi antecipado para esta sexta (10) em uma reuni\u00e3o da governadora F\u00e1tima Bezerra (PT), na segunda-feira (6), no Minist\u00e9rio dos Transportes, em Bras\u00edlia.<br \/>\nUm desvio improvisado aberto dentro de fazendas de Lajes tem sido a alternativa usada por motoristas que utilizam a BR-304.<br \/>\nPara acessar o desvio, que tem 2,7 km, os motoristas precisam desembolsar R$ 20, no caso de carros de passeio, e R$ 30 no caso de caminhonetes. Carretas n\u00e3o podem passar pelo trecho. A via alternativa funciona no sistema pare e siga.<br \/>\nConstru\u00e7\u00e3o de nova ponte<br \/>\nCratera aberta na BR-304, ap\u00f3s destrui\u00e7\u00e3o de ponte na altura do munic\u00edpio de Lajes, no RN<br \/>\nGustavo Brendo\/Inter TV Cabugi<br \/>\nO anteprojeto para contrata\u00e7\u00e3o emergencial de empresa que vai construir a nova ponte est\u00e1 em an\u00e1lise pela equipe t\u00e9cnica da autarquia. Ap\u00f3s a aprova\u00e7\u00e3o do anteprojeto, ser\u00e1 dado in\u00edcio ao processo de contrata\u00e7\u00e3o de empresa especializada para a obra.<br \/>\nSegundo o Dnit nova estrutura ter\u00e1 &#8220;conforma\u00e7\u00f5es diferentes da travessia que colapsou&#8221;, que visam elevar a capacidade de vaz\u00e3o e afastar o risco de novas ocorr\u00eancias como a de mar\u00e7o.<br \/>\nN\u00e3o h\u00e1 defini\u00e7\u00e3o de prazo para a constru\u00e7\u00e3o de uma nova ponte.<br \/>\nV\u00eddeos mais assistidos do g1 RN<\/p>","protected":false},"excerpt":{"rendered":"<p>Prazo de libera\u00e7\u00e3o do desvio seria nesta sexta (10), o que n\u00e3o ocorreu. Dnit disse que n\u00e3o houve atraso e que &#8216;cronograma est\u00e1 dentro do previsto&#8217;. Via n\u00e3o tem passagem &#8230;<\/p>\n","protected":false},"author":0,"featured_media":6100,"parent":0,"menu_order":0,"comment_status":"closed","ping_status":"closed","template":"","meta":{"footnotes":""},"class_list":["post-6099","page","type-page","status-publish","has-post-thumbnail","hentry"],"yoast_head":"<!-- This site is optimized with the Yoast SEO plugin v27.1.1 - https:\/\/yoast.com\/product\/yoast-seo-wordpress\/ -->\n<title>Dnit adia entrega de obra de desvio da BR-304 no RN e anuncia novo prazo at\u00e9 15 de maio - Taveira Jr<\/title>\n<meta name=\"robots\" content=\"index, follow, max-snippet:-1, max-image-preview:large, max-video-preview:-1\" \/>\n<link rel=\"canonical\" href=\"https:\/\/deputadotaveirajr.com.br\/index.php\/dnit-adia-entrega-de-obra-de-desvio-da-br-304-no-rn-e-anuncia-novo-prazo-ate-15-de-maio\/\" \/>\n<meta property=\"og:locale\" content=\"pt_BR\" \/>\n<meta property=\"og:type\" content=\"article\" \/>\n<meta property=\"og:title\" content=\"Dnit adia entrega de obra de desvio da BR-304 no RN e anuncia novo prazo at\u00e9 15 de maio - Taveira Jr\" \/>\n<meta property=\"og:description\" content=\"Prazo de libera\u00e7\u00e3o do desvio seria nesta sexta (10), o que n\u00e3o ocorreu. Dnit disse que n\u00e3o houve atraso e que &#8216;cronograma est\u00e1 dentro do previsto&#8217;. Via n\u00e3o tem passagem ...\" \/>\n<meta property=\"og:url\" content=\"https:\/\/deputadotaveirajr.com.br\/index.php\/dnit-adia-entrega-de-obra-de-desvio-da-br-304-no-rn-e-anuncia-novo-prazo-ate-15-de-maio\/\" \/>\n<meta property=\"og:site_name\" content=\"Taveira Jr\" \/>\n<meta property=\"og:image\" content=\"https:\/\/deputadotaveirajr.com.br\/wp-content\/uploads\/2024\/05\/whatsapp-image-2024-05-10-at-07.35.37-CGasRX.jpeg\" \/>\n\t<meta property=\"og:image:width\" content=\"1600\" \/>\n\t<meta property=\"og:image:height\" content=\"1200\" \/>\n\t<meta property=\"og:image:type\" content=\"image\/jpeg\" \/>\n<meta name=\"twitter:card\" content=\"summary_large_image\" \/>\n<meta name=\"twitter:label1\" content=\"Est. tempo de leitura\" \/>\n\t<meta name=\"twitter:data1\" content=\"3 minutos\" \/>\n<script type=\"application\/ld+json\" class=\"yoast-schema-graph\">{\"@context\":\"https:\/\/schema.org\",\"@graph\":[{\"@type\":\"WebPage\",\"@id\":\"https:\/\/deputadotaveirajr.com.br\/index.php\/dnit-adia-entrega-de-obra-de-desvio-da-br-304-no-rn-e-anuncia-novo-prazo-ate-15-de-maio\/\",\"url\":\"https:\/\/deputadotaveirajr.com.br\/index.php\/dnit-adia-entrega-de-obra-de-desvio-da-br-304-no-rn-e-anuncia-novo-prazo-ate-15-de-maio\/\",\"name\":\"Dnit adia entrega de obra de desvio da BR-304 no RN e anuncia novo prazo at\u00e9 15 de maio - Taveira Jr\",\"isPartOf\":{\"@id\":\"https:\/\/deputadotaveirajr.com.br\/#website\"},\"primaryImageOfPage\":{\"@id\":\"https:\/\/deputadotaveirajr.com.br\/index.php\/dnit-adia-entrega-de-obra-de-desvio-da-br-304-no-rn-e-anuncia-novo-prazo-ate-15-de-maio\/#primaryimage\"},\"image\":{\"@id\":\"https:\/\/deputadotaveirajr.com.br\/index.php\/dnit-adia-entrega-de-obra-de-desvio-da-br-304-no-rn-e-anuncia-novo-prazo-ate-15-de-maio\/#primaryimage\"},\"thumbnailUrl\":\"https:\/\/deputadotaveirajr.com.br\/wp-content\/uploads\/2024\/05\/whatsapp-image-2024-05-10-at-07.35.37-CGasRX.jpeg\",\"datePublished\":\"2024-05-10T23:51:30+00:00\",\"breadcrumb\":{\"@id\":\"https:\/\/deputadotaveirajr.com.br\/index.php\/dnit-adia-entrega-de-obra-de-desvio-da-br-304-no-rn-e-anuncia-novo-prazo-ate-15-de-maio\/#breadcrumb\"},\"inLanguage\":\"pt-BR\",\"potentialAction\":[{\"@type\":\"ReadAction\",\"target\":[\"https:\/\/deputadotaveirajr.com.br\/index.php\/dnit-adia-entrega-de-obra-de-desvio-da-br-304-no-rn-e-anuncia-novo-prazo-ate-15-de-maio\/\"]}]},{\"@type\":\"ImageObject\",\"inLanguage\":\"pt-BR\",\"@id\":\"https:\/\/deputadotaveirajr.com.br\/index.php\/dnit-adia-entrega-de-obra-de-desvio-da-br-304-no-rn-e-anuncia-novo-prazo-ate-15-de-maio\/#primaryimage\",\"url\":\"https:\/\/deputadotaveirajr.com.br\/wp-content\/uploads\/2024\/05\/whatsapp-image-2024-05-10-at-07.35.37-CGasRX.jpeg\",\"contentUrl\":\"https:\/\/deputadotaveirajr.com.br\/wp-content\/uploads\/2024\/05\/whatsapp-image-2024-05-10-at-07.35.37-CGasRX.jpeg\",\"width\":1600,\"height\":1200},{\"@type\":\"BreadcrumbList\",\"@id\":\"https:\/\/deputadotaveirajr.com.br\/index.php\/dnit-adia-entrega-de-obra-de-desvio-da-br-304-no-rn-e-anuncia-novo-prazo-ate-15-de-maio\/#breadcrumb\",\"itemListElement\":[{\"@type\":\"ListItem\",\"position\":1,\"name\":\"In\u00edcio\",\"item\":\"https:\/\/deputadotaveirajr.com.br\/\"},{\"@type\":\"ListItem\",\"position\":2,\"name\":\"Dnit adia entrega de obra de desvio da BR-304 no RN e anuncia novo prazo at\u00e9 15 de maio\"}]},{\"@type\":\"WebSite\",\"@id\":\"https:\/\/deputadotaveirajr.com.br\/#website\",\"url\":\"https:\/\/deputadotaveirajr.com.br\/\",\"name\":\"Taveira Jr\",\"description\":\"Deputado Estadual\",\"publisher\":{\"@id\":\"https:\/\/deputadotaveirajr.com.br\/#organization\"},\"potentialAction\":[{\"@type\":\"SearchAction\",\"target\":{\"@type\":\"EntryPoint\",\"urlTemplate\":\"https:\/\/deputadotaveirajr.com.br\/?s={search_term_string}\"},\"query-input\":{\"@type\":\"PropertyValueSpecification\",\"valueRequired\":true,\"valueName\":\"search_term_string\"}}],\"inLanguage\":\"pt-BR\"},{\"@type\":\"Organization\",\"@id\":\"https:\/\/deputadotaveirajr.com.br\/#organization\",\"name\":\"Taveira Jr\",\"url\":\"https:\/\/deputadotaveirajr.com.br\/\",\"logo\":{\"@type\":\"ImageObject\",\"inLanguage\":\"pt-BR\",\"@id\":\"https:\/\/deputadotaveirajr.com.br\/#\/schema\/logo\/image\/\",\"url\":\"https:\/\/deputadotaveirajr.com.br\/wp-content\/uploads\/2026\/01\/logolow2a.png\",\"contentUrl\":\"https:\/\/deputadotaveirajr.com.br\/wp-content\/uploads\/2026\/01\/logolow2a.png\",\"width\":290,\"height\":80,\"caption\":\"Taveira Jr\"},\"image\":{\"@id\":\"https:\/\/deputadotaveirajr.com.br\/#\/schema\/logo\/image\/\"}}]}<\/script>\n<!-- \/ Yoast SEO plugin. -->","yoast_head_json":{"title":"Dnit adia entrega de obra de desvio da BR-304 no RN e anuncia novo prazo at\u00e9 15 de maio - Taveira Jr","robots":{"index":"index","follow":"follow","max-snippet":"max-snippet:-1","max-image-preview":"max-image-preview:large","max-video-preview":"max-video-preview:-1"},"canonical":"https:\/\/deputadotaveirajr.com.br\/index.php\/dnit-adia-entrega-de-obra-de-desvio-da-br-304-no-rn-e-anuncia-novo-prazo-ate-15-de-maio\/","og_locale":"pt_BR","og_type":"article","og_title":"Dnit adia entrega de obra de desvio da BR-304 no RN e anuncia novo prazo at\u00e9 15 de maio - Taveira Jr","og_description":"Prazo de libera\u00e7\u00e3o do desvio seria nesta sexta (10), o que n\u00e3o ocorreu. Dnit disse que n\u00e3o houve atraso e que &#8216;cronograma est\u00e1 dentro do previsto&#8217;. Via n\u00e3o tem passagem ...","og_url":"https:\/\/deputadotaveirajr.com.br\/index.php\/dnit-adia-entrega-de-obra-de-desvio-da-br-304-no-rn-e-anuncia-novo-prazo-ate-15-de-maio\/","og_site_name":"Taveira Jr","og_image":[{"width":1600,"height":1200,"url":"https:\/\/deputadotaveirajr.com.br\/wp-content\/uploads\/2024\/05\/whatsapp-image-2024-05-10-at-07.35.37-CGasRX.jpeg","type":"image\/jpeg"}],"twitter_card":"summary_large_image","twitter_misc":{"Est. tempo de leitura":"3 minutos"},"schema":{"@context":"https:\/\/schema.org","@graph":[{"@type":"WebPage","@id":"https:\/\/deputadotaveirajr.com.br\/index.php\/dnit-adia-entrega-de-obra-de-desvio-da-br-304-no-rn-e-anuncia-novo-prazo-ate-15-de-maio\/","url":"https:\/\/deputadotaveirajr.com.br\/index.php\/dnit-adia-entrega-de-obra-de-desvio-da-br-304-no-rn-e-anuncia-novo-prazo-ate-15-de-maio\/","name":"Dnit adia entrega de obra de desvio da BR-304 no RN e anuncia novo prazo at\u00e9 15 de maio - Taveira Jr","isPartOf":{"@id":"https:\/\/deputadotaveirajr.com.br\/#website"},"primaryImageOfPage":{"@id":"https:\/\/deputadotaveirajr.com.br\/index.php\/dnit-adia-entrega-de-obra-de-desvio-da-br-304-no-rn-e-anuncia-novo-prazo-ate-15-de-maio\/#primaryimage"},"image":{"@id":"https:\/\/deputadotaveirajr.com.br\/index.php\/dnit-adia-entrega-de-obra-de-desvio-da-br-304-no-rn-e-anuncia-novo-prazo-ate-15-de-maio\/#primaryimage"},"thumbnailUrl":"https:\/\/deputadotaveirajr.com.br\/wp-content\/uploads\/2024\/05\/whatsapp-image-2024-05-10-at-07.35.37-CGasRX.jpeg","datePublished":"2024-05-10T23:51:30+00:00","breadcrumb":{"@id":"https:\/\/deputadotaveirajr.com.br\/index.php\/dnit-adia-entrega-de-obra-de-desvio-da-br-304-no-rn-e-anuncia-novo-prazo-ate-15-de-maio\/#breadcrumb"},"inLanguage":"pt-BR","potentialAction":[{"@type":"ReadAction","target":["https:\/\/deputadotaveirajr.com.br\/index.php\/dnit-adia-entrega-de-obra-de-desvio-da-br-304-no-rn-e-anuncia-novo-prazo-ate-15-de-maio\/"]}]},{"@type":"ImageObject","inLanguage":"pt-BR","@id":"https:\/\/deputadotaveirajr.com.br\/index.php\/dnit-adia-entrega-de-obra-de-desvio-da-br-304-no-rn-e-anuncia-novo-prazo-ate-15-de-maio\/#primaryimage","url":"https:\/\/deputadotaveirajr.com.br\/wp-content\/uploads\/2024\/05\/whatsapp-image-2024-05-10-at-07.35.37-CGasRX.jpeg","contentUrl":"https:\/\/deputadotaveirajr.com.br\/wp-content\/uploads\/2024\/05\/whatsapp-image-2024-05-10-at-07.35.37-CGasRX.jpeg","width":1600,"height":1200},{"@type":"BreadcrumbList","@id":"https:\/\/deputadotaveirajr.com.br\/index.php\/dnit-adia-entrega-de-obra-de-desvio-da-br-304-no-rn-e-anuncia-novo-prazo-ate-15-de-maio\/#breadcrumb","itemListElement":[{"@type":"ListItem","position":1,"name":"In\u00edcio","item":"https:\/\/deputadotaveirajr.com.br\/"},{"@type":"ListItem","position":2,"name":"Dnit adia entrega de obra de desvio da BR-304 no RN e anuncia novo prazo at\u00e9 15 de maio"}]},{"@type":"WebSite","@id":"https:\/\/deputadotaveirajr.com.br\/#website","url":"https:\/\/deputadotaveirajr.com.br\/","name":"Taveira Jr","description":"Deputado Estadual","publisher":{"@id":"https:\/\/deputadotaveirajr.com.br\/#organization"},"potentialAction":[{"@type":"SearchAction","target":{"@type":"EntryPoint","urlTemplate":"https:\/\/deputadotaveirajr.com.br\/?s={search_term_string}"},"query-input":{"@type":"PropertyValueSpecification","valueRequired":true,"valueName":"search_term_string"}}],"inLanguage":"pt-BR"},{"@type":"Organization","@id":"https:\/\/deputadotaveirajr.com.br\/#organization","name":"Taveira Jr","url":"https:\/\/deputadotaveirajr.com.br\/","logo":{"@type":"ImageObject","inLanguage":"pt-BR","@id":"https:\/\/deputadotaveirajr.com.br\/#\/schema\/logo\/image\/","url":"https:\/\/deputadotaveirajr.com.br\/wp-content\/uploads\/2026\/01\/logolow2a.png","contentUrl":"https:\/\/deputadotaveirajr.com.br\/wp-content\/uploads\/2026\/01\/logolow2a.png","width":290,"height":80,"caption":"Taveira Jr"},"image":{"@id":"https:\/\/deputadotaveirajr.com.br\/#\/schema\/logo\/image\/"}}]}},"_links":{"self":[{"href":"https:\/\/deputadotaveirajr.com.br\/index.php\/wp-json\/wp\/v2\/pages\/6099","targetHints":{"allow":["GET"]}}],"collection":[{"href":"https:\/\/deputadotaveirajr.com.br\/index.php\/wp-json\/wp\/v2\/pages"}],"about":[{"href":"https:\/\/deputadotaveirajr.com.br\/index.php\/wp-json\/wp\/v2\/types\/page"}],"replies":[{"embeddable":true,"href":"https:\/\/deputadotaveirajr.com.br\/index.php\/wp-json\/wp\/v2\/comments?post=6099"}],"version-history":[{"count":1,"href":"https:\/\/deputadotaveirajr.com.br\/index.php\/wp-json\/wp\/v2\/pages\/6099\/revisions"}],"predecessor-version":[{"id":6104,"href":"https:\/\/deputadotaveirajr.com.br\/index.php\/wp-json\/wp\/v2\/pages\/6099\/revisions\/6104"}],"wp:featuredmedia":[{"embeddable":true,"href":"https:\/\/deputadotaveirajr.com.br\/index.php\/wp-json\/wp\/v2\/media\/6100"}],"wp:attachment":[{"href":"https:\/\/deputadotaveirajr.com.br\/index.php\/wp-json\/wp\/v2\/media?parent=6099"}],"curies":[{"name":"wp","href":"https:\/\/api.w.org\/{rel}","templated":true}]}}