{"id":6109,"date":"2024-05-11T12:10:56","date_gmt":"2024-05-11T15:10:56","guid":{"rendered":"https:\/\/deputadotaveirajr.com.br\/?page_id=6109"},"modified":"2024-05-11T12:10:56","modified_gmt":"2024-05-11T15:10:56","slug":"turne-de-despedida-da-banda-natiruts-tem-show-em-natal-em-julho","status":"publish","type":"page","link":"https:\/\/deputadotaveirajr.com.br\/index.php\/turne-de-despedida-da-banda-natiruts-tem-show-em-natal-em-julho\/","title":{"rendered":"Turn\u00ea de despedida da banda Natiruts tem show em Natal em julho"},"content":{"rendered":"<p>     Show acontece no dia 13, na Arena das Dunas. Ingressos est\u00e3o \u00e0 venda pela internet e variam de R$ 75 a R$ 300. Natiruts<br \/>\nCarlos M\u00fcller \/ Divulga\u00e7\u00e3o<br \/>\nUm dos nomes mais famosos do reggae brasileiro, a banda Natiruts anunciou, em fevereiro, o fim do grupo, ap\u00f3s 28 anos de carreira. A turn\u00ea de despedida, \u201cLeve Com Voc\u00ea\u201d, ter\u00e1 show em Natal no dia 13 de julho, na Arena das Dunas.<br \/>\nOs ingressos est\u00e3o \u00e0 venda pela internet e na loja Jorge Bischoff, localizada no piso L2 do Natal Shopping.<br \/>\nAo longo de quase tr\u00eas d\u00e9cadas de carreira, o Natiruts conquistou o cora\u00e7\u00e3o do p\u00fablico. A turn\u00ea de despedida, intitulada &#8220;Leve com Voc\u00ea&#8221;, promete celebrar n\u00e3o apenas a m\u00fasica, mas tamb\u00e9m a jornada incr\u00edvel que a banda trilhou ao longo dos anos.<br \/>\nA estrutura preparada para a turn\u00ea &#8220;Leve com Voc\u00ea&#8221; promete amplificar a j\u00e1 conhecida energia positiva dos shows do Natiruts, proporcionando ao p\u00fablico uma experi\u00eancia inesquec\u00edvel e repleta de boas vibra\u00e7\u00f5es. O repert\u00f3rio da turn\u00ea incluir\u00e1 desde os cl\u00e1ssicos mais antigos at\u00e9 os super hits da banda, al\u00e9m de elementos surpresa que prometem surpreender e emocionar os presentes.<br \/>\n&#8220;Mais do que um show, vamos fazer uma celebra\u00e7\u00e3o para que as pessoas saiam dali com a sensa\u00e7\u00e3o de restauro. Esse \u00e9 o poder do Natiruts&#8221;, conclui Alexandre Carlo.<br \/>\nServi\u00e7o<br \/>\nNatiruts em Natal<br \/>\nData: 13 de julho<br \/>\nLocal: Arena da Dunas<br \/>\nHor\u00e1rio de Abertura da casa: 19h<br \/>\nIngressos: os valores variam de R$ 75 a R$ 300<br \/>\nVendas: pela internet e na Jorge Bischoff, L2 Natal Shopping<br \/>\nV\u00cdDEOS: Mais assistidos do RN nos \u00faltimos 7 dias<\/p>","protected":false},"excerpt":{"rendered":"<p>Show acontece no dia 13, na Arena das Dunas. Ingressos est\u00e3o \u00e0 venda pela internet e variam de R$ 75 a R$ 300. Natiruts Carlos M\u00fcller \/ Divulga\u00e7\u00e3o Um dos &#8230;<\/p>\n","protected":false},"author":0,"featured_media":6110,"parent":0,"menu_order":0,"comment_status":"closed","ping_status":"closed","template":"","meta":{"footnotes":""},"class_list":["post-6109","page","type-page","status-publish","has-post-thumbnail","hentry"],"yoast_head":"<!-- This site is optimized with the Yoast SEO plugin v27.1.1 - https:\/\/yoast.com\/product\/yoast-seo-wordpress\/ -->\n<title>Turn\u00ea de despedida da banda Natiruts tem show em Natal em julho - Taveira Jr<\/title>\n<meta name=\"robots\" content=\"index, follow, max-snippet:-1, max-image-preview:large, max-video-preview:-1\" \/>\n<link rel=\"canonical\" href=\"https:\/\/deputadotaveirajr.com.br\/index.php\/turne-de-despedida-da-banda-natiruts-tem-show-em-natal-em-julho\/\" \/>\n<meta property=\"og:locale\" content=\"pt_BR\" \/>\n<meta property=\"og:type\" content=\"article\" \/>\n<meta property=\"og:title\" content=\"Turn\u00ea de despedida da banda Natiruts tem show em Natal em julho - Taveira Jr\" \/>\n<meta property=\"og:description\" content=\"Show acontece no dia 13, na Arena das Dunas. Ingressos est\u00e3o \u00e0 venda pela internet e variam de R$ 75 a R$ 300. Natiruts Carlos M\u00fcller \/ Divulga\u00e7\u00e3o Um dos ...\" \/>\n<meta property=\"og:url\" content=\"https:\/\/deputadotaveirajr.com.br\/index.php\/turne-de-despedida-da-banda-natiruts-tem-show-em-natal-em-julho\/\" \/>\n<meta property=\"og:site_name\" content=\"Taveira Jr\" \/>\n<meta property=\"og:image\" content=\"https:\/\/deputadotaveirajr.com.br\/wp-content\/uploads\/2024\/05\/natiruts-divulgacao-carlos-muller-N8UZwR.jpeg\" \/>\n\t<meta property=\"og:image:width\" content=\"900\" \/>\n\t<meta property=\"og:image:height\" content=\"506\" \/>\n\t<meta property=\"og:image:type\" content=\"image\/jpeg\" \/>\n<meta name=\"twitter:card\" content=\"summary_large_image\" \/>\n<meta name=\"twitter:label1\" content=\"Est. tempo de leitura\" \/>\n\t<meta name=\"twitter:data1\" content=\"1 minuto\" \/>\n<script type=\"application\/ld+json\" class=\"yoast-schema-graph\">{\"@context\":\"https:\/\/schema.org\",\"@graph\":[{\"@type\":\"WebPage\",\"@id\":\"https:\/\/deputadotaveirajr.com.br\/index.php\/turne-de-despedida-da-banda-natiruts-tem-show-em-natal-em-julho\/\",\"url\":\"https:\/\/deputadotaveirajr.com.br\/index.php\/turne-de-despedida-da-banda-natiruts-tem-show-em-natal-em-julho\/\",\"name\":\"Turn\u00ea de despedida da banda Natiruts tem show em Natal em julho - Taveira Jr\",\"isPartOf\":{\"@id\":\"https:\/\/deputadotaveirajr.com.br\/#website\"},\"primaryImageOfPage\":{\"@id\":\"https:\/\/deputadotaveirajr.com.br\/index.php\/turne-de-despedida-da-banda-natiruts-tem-show-em-natal-em-julho\/#primaryimage\"},\"image\":{\"@id\":\"https:\/\/deputadotaveirajr.com.br\/index.php\/turne-de-despedida-da-banda-natiruts-tem-show-em-natal-em-julho\/#primaryimage\"},\"thumbnailUrl\":\"https:\/\/deputadotaveirajr.com.br\/wp-content\/uploads\/2024\/05\/natiruts-divulgacao-carlos-muller-N8UZwR.jpeg\",\"datePublished\":\"2024-05-11T15:10:56+00:00\",\"breadcrumb\":{\"@id\":\"https:\/\/deputadotaveirajr.com.br\/index.php\/turne-de-despedida-da-banda-natiruts-tem-show-em-natal-em-julho\/#breadcrumb\"},\"inLanguage\":\"pt-BR\",\"potentialAction\":[{\"@type\":\"ReadAction\",\"target\":[\"https:\/\/deputadotaveirajr.com.br\/index.php\/turne-de-despedida-da-banda-natiruts-tem-show-em-natal-em-julho\/\"]}]},{\"@type\":\"ImageObject\",\"inLanguage\":\"pt-BR\",\"@id\":\"https:\/\/deputadotaveirajr.com.br\/index.php\/turne-de-despedida-da-banda-natiruts-tem-show-em-natal-em-julho\/#primaryimage\",\"url\":\"https:\/\/deputadotaveirajr.com.br\/wp-content\/uploads\/2024\/05\/natiruts-divulgacao-carlos-muller-N8UZwR.jpeg\",\"contentUrl\":\"https:\/\/deputadotaveirajr.com.br\/wp-content\/uploads\/2024\/05\/natiruts-divulgacao-carlos-muller-N8UZwR.jpeg\",\"width\":900,\"height\":506},{\"@type\":\"BreadcrumbList\",\"@id\":\"https:\/\/deputadotaveirajr.com.br\/index.php\/turne-de-despedida-da-banda-natiruts-tem-show-em-natal-em-julho\/#breadcrumb\",\"itemListElement\":[{\"@type\":\"ListItem\",\"position\":1,\"name\":\"In\u00edcio\",\"item\":\"https:\/\/deputadotaveirajr.com.br\/\"},{\"@type\":\"ListItem\",\"position\":2,\"name\":\"Turn\u00ea de despedida da banda Natiruts tem show em Natal em julho\"}]},{\"@type\":\"WebSite\",\"@id\":\"https:\/\/deputadotaveirajr.com.br\/#website\",\"url\":\"https:\/\/deputadotaveirajr.com.br\/\",\"name\":\"Taveira Jr\",\"description\":\"Deputado Estadual\",\"publisher\":{\"@id\":\"https:\/\/deputadotaveirajr.com.br\/#organization\"},\"potentialAction\":[{\"@type\":\"SearchAction\",\"target\":{\"@type\":\"EntryPoint\",\"urlTemplate\":\"https:\/\/deputadotaveirajr.com.br\/?s={search_term_string}\"},\"query-input\":{\"@type\":\"PropertyValueSpecification\",\"valueRequired\":true,\"valueName\":\"search_term_string\"}}],\"inLanguage\":\"pt-BR\"},{\"@type\":\"Organization\",\"@id\":\"https:\/\/deputadotaveirajr.com.br\/#organization\",\"name\":\"Taveira Jr\",\"url\":\"https:\/\/deputadotaveirajr.com.br\/\",\"logo\":{\"@type\":\"ImageObject\",\"inLanguage\":\"pt-BR\",\"@id\":\"https:\/\/deputadotaveirajr.com.br\/#\/schema\/logo\/image\/\",\"url\":\"https:\/\/deputadotaveirajr.com.br\/wp-content\/uploads\/2026\/01\/logolow2a.png\",\"contentUrl\":\"https:\/\/deputadotaveirajr.com.br\/wp-content\/uploads\/2026\/01\/logolow2a.png\",\"width\":290,\"height\":80,\"caption\":\"Taveira Jr\"},\"image\":{\"@id\":\"https:\/\/deputadotaveirajr.com.br\/#\/schema\/logo\/image\/\"}}]}<\/script>\n<!-- \/ Yoast SEO plugin. -->","yoast_head_json":{"title":"Turn\u00ea de despedida da banda Natiruts tem show em Natal em julho - Taveira Jr","robots":{"index":"index","follow":"follow","max-snippet":"max-snippet:-1","max-image-preview":"max-image-preview:large","max-video-preview":"max-video-preview:-1"},"canonical":"https:\/\/deputadotaveirajr.com.br\/index.php\/turne-de-despedida-da-banda-natiruts-tem-show-em-natal-em-julho\/","og_locale":"pt_BR","og_type":"article","og_title":"Turn\u00ea de despedida da banda Natiruts tem show em Natal em julho - Taveira Jr","og_description":"Show acontece no dia 13, na Arena das Dunas. Ingressos est\u00e3o \u00e0 venda pela internet e variam de R$ 75 a R$ 300. Natiruts Carlos M\u00fcller \/ Divulga\u00e7\u00e3o Um dos ...","og_url":"https:\/\/deputadotaveirajr.com.br\/index.php\/turne-de-despedida-da-banda-natiruts-tem-show-em-natal-em-julho\/","og_site_name":"Taveira Jr","og_image":[{"width":900,"height":506,"url":"https:\/\/deputadotaveirajr.com.br\/wp-content\/uploads\/2024\/05\/natiruts-divulgacao-carlos-muller-N8UZwR.jpeg","type":"image\/jpeg"}],"twitter_card":"summary_large_image","twitter_misc":{"Est. tempo de leitura":"1 minuto"},"schema":{"@context":"https:\/\/schema.org","@graph":[{"@type":"WebPage","@id":"https:\/\/deputadotaveirajr.com.br\/index.php\/turne-de-despedida-da-banda-natiruts-tem-show-em-natal-em-julho\/","url":"https:\/\/deputadotaveirajr.com.br\/index.php\/turne-de-despedida-da-banda-natiruts-tem-show-em-natal-em-julho\/","name":"Turn\u00ea de despedida da banda Natiruts tem show em Natal em julho - Taveira Jr","isPartOf":{"@id":"https:\/\/deputadotaveirajr.com.br\/#website"},"primaryImageOfPage":{"@id":"https:\/\/deputadotaveirajr.com.br\/index.php\/turne-de-despedida-da-banda-natiruts-tem-show-em-natal-em-julho\/#primaryimage"},"image":{"@id":"https:\/\/deputadotaveirajr.com.br\/index.php\/turne-de-despedida-da-banda-natiruts-tem-show-em-natal-em-julho\/#primaryimage"},"thumbnailUrl":"https:\/\/deputadotaveirajr.com.br\/wp-content\/uploads\/2024\/05\/natiruts-divulgacao-carlos-muller-N8UZwR.jpeg","datePublished":"2024-05-11T15:10:56+00:00","breadcrumb":{"@id":"https:\/\/deputadotaveirajr.com.br\/index.php\/turne-de-despedida-da-banda-natiruts-tem-show-em-natal-em-julho\/#breadcrumb"},"inLanguage":"pt-BR","potentialAction":[{"@type":"ReadAction","target":["https:\/\/deputadotaveirajr.com.br\/index.php\/turne-de-despedida-da-banda-natiruts-tem-show-em-natal-em-julho\/"]}]},{"@type":"ImageObject","inLanguage":"pt-BR","@id":"https:\/\/deputadotaveirajr.com.br\/index.php\/turne-de-despedida-da-banda-natiruts-tem-show-em-natal-em-julho\/#primaryimage","url":"https:\/\/deputadotaveirajr.com.br\/wp-content\/uploads\/2024\/05\/natiruts-divulgacao-carlos-muller-N8UZwR.jpeg","contentUrl":"https:\/\/deputadotaveirajr.com.br\/wp-content\/uploads\/2024\/05\/natiruts-divulgacao-carlos-muller-N8UZwR.jpeg","width":900,"height":506},{"@type":"BreadcrumbList","@id":"https:\/\/deputadotaveirajr.com.br\/index.php\/turne-de-despedida-da-banda-natiruts-tem-show-em-natal-em-julho\/#breadcrumb","itemListElement":[{"@type":"ListItem","position":1,"name":"In\u00edcio","item":"https:\/\/deputadotaveirajr.com.br\/"},{"@type":"ListItem","position":2,"name":"Turn\u00ea de despedida da banda Natiruts tem show em Natal em julho"}]},{"@type":"WebSite","@id":"https:\/\/deputadotaveirajr.com.br\/#website","url":"https:\/\/deputadotaveirajr.com.br\/","name":"Taveira Jr","description":"Deputado Estadual","publisher":{"@id":"https:\/\/deputadotaveirajr.com.br\/#organization"},"potentialAction":[{"@type":"SearchAction","target":{"@type":"EntryPoint","urlTemplate":"https:\/\/deputadotaveirajr.com.br\/?s={search_term_string}"},"query-input":{"@type":"PropertyValueSpecification","valueRequired":true,"valueName":"search_term_string"}}],"inLanguage":"pt-BR"},{"@type":"Organization","@id":"https:\/\/deputadotaveirajr.com.br\/#organization","name":"Taveira Jr","url":"https:\/\/deputadotaveirajr.com.br\/","logo":{"@type":"ImageObject","inLanguage":"pt-BR","@id":"https:\/\/deputadotaveirajr.com.br\/#\/schema\/logo\/image\/","url":"https:\/\/deputadotaveirajr.com.br\/wp-content\/uploads\/2026\/01\/logolow2a.png","contentUrl":"https:\/\/deputadotaveirajr.com.br\/wp-content\/uploads\/2026\/01\/logolow2a.png","width":290,"height":80,"caption":"Taveira Jr"},"image":{"@id":"https:\/\/deputadotaveirajr.com.br\/#\/schema\/logo\/image\/"}}]}},"_links":{"self":[{"href":"https:\/\/deputadotaveirajr.com.br\/index.php\/wp-json\/wp\/v2\/pages\/6109","targetHints":{"allow":["GET"]}}],"collection":[{"href":"https:\/\/deputadotaveirajr.com.br\/index.php\/wp-json\/wp\/v2\/pages"}],"about":[{"href":"https:\/\/deputadotaveirajr.com.br\/index.php\/wp-json\/wp\/v2\/types\/page"}],"replies":[{"embeddable":true,"href":"https:\/\/deputadotaveirajr.com.br\/index.php\/wp-json\/wp\/v2\/comments?post=6109"}],"version-history":[{"count":1,"href":"https:\/\/deputadotaveirajr.com.br\/index.php\/wp-json\/wp\/v2\/pages\/6109\/revisions"}],"predecessor-version":[{"id":6113,"href":"https:\/\/deputadotaveirajr.com.br\/index.php\/wp-json\/wp\/v2\/pages\/6109\/revisions\/6113"}],"wp:featuredmedia":[{"embeddable":true,"href":"https:\/\/deputadotaveirajr.com.br\/index.php\/wp-json\/wp\/v2\/media\/6110"}],"wp:attachment":[{"href":"https:\/\/deputadotaveirajr.com.br\/index.php\/wp-json\/wp\/v2\/media?parent=6109"}],"curies":[{"name":"wp","href":"https:\/\/api.w.org\/{rel}","templated":true}]}}

Turnê de despedida da banda Natiruts tem show em Natal em julho

<p>     Show acontece no dia 13, na Arena das Dunas. Ingressos estão à venda pela internet e variam de R$ 75 a R$ 300. Natiruts<br />
Carlos Müller / Divulgação<br />
Um dos nomes mais famosos do reggae brasileiro, a banda Natiruts anunciou, em fevereiro, o fim do grupo, após 28 anos de carreira. A turnê de despedida, “Leve Com Você”, terá show em Natal no dia 13 de julho, na Arena das Dunas.<br />
Os ingressos estão à venda pela internet e na loja Jorge Bischoff, localizada no piso L2 do Natal Shopping.<br />
Ao longo de quase três décadas de carreira, o Natiruts conquistou o coração do público. A turnê de despedida, intitulada &#8220;Leve com Você&#8221;, promete celebrar não apenas a música, mas também a jornada incrível que a banda trilhou ao longo dos anos.<br />
A estrutura preparada para a turnê &#8220;Leve com Você&#8221; promete amplificar a já conhecida energia positiva dos shows do Natiruts, proporcionando ao público uma experiência inesquecível e repleta de boas vibrações. O repertório da turnê incluirá desde os clássicos mais antigos até os super hits da banda, além de elementos surpresa que prometem surpreender e emocionar os presentes.<br />
&#8220;Mais do que um show, vamos fazer uma celebração para que as pessoas saiam dali com a sensação de restauro. Esse é o poder do Natiruts&#8221;, conclui Alexandre Carlo.<br />
Serviço<br />
Natiruts em Natal<br />
Data: 13 de julho<br />
Local: Arena da Dunas<br />
Horário de Abertura da casa: 19h<br />
Ingressos: os valores variam de R$ 75 a R$ 300<br />
Vendas: pela internet e na Jorge Bischoff, L2 Natal Shopping<br />
VÍDEOS: Mais assistidos do RN nos últimos 7 dias</p>

<p>Show acontece no dia 13, na Arena das Dunas. Ingressos estão à venda pela internet e variam de R$ 75 a R$ 300. Natiruts Carlos Müller / Divulgação Um dos &#8230;</p>

<!-- This site is optimized with the Yoast SEO plugin v27.1.1 - https://yoast.com/product/yoast-seo-wordpress/ -->
<title>Turnê de despedida da banda Natiruts tem show em Natal em julho - Taveira Jr</title>
<meta name="robots" content="index, follow, max-snippet:-1, max-image-preview:large, max-video-preview:-1" />
<link rel="canonical" href="https://deputadotaveirajr.com.br/index.php/turne-de-despedida-da-banda-natiruts-tem-show-em-natal-em-julho/" />
<meta property="og:locale" content="pt_BR" />
<meta property="og:type" content="article" />
<meta property="og:title" content="Turnê de despedida da banda Natiruts tem show em Natal em julho - Taveira Jr" />
<meta property="og:description" content="Show acontece no dia 13, na Arena das Dunas. Ingressos estão à venda pela internet e variam de R$ 75 a R$ 300. Natiruts Carlos Müller / Divulgação Um dos ..." />
<meta property="og:url" content="https://deputadotaveirajr.com.br/index.php/turne-de-despedida-da-banda-natiruts-tem-show-em-natal-em-julho/" />
<meta property="og:site_name" content="Taveira Jr" />
<meta property="og:image" content="https://deputadotaveirajr.com.br/wp-content/uploads/2024/05/natiruts-divulgacao-carlos-muller-N8UZwR.jpeg" />
	<meta property="og:image:width" content="900" />
	<meta property="og:image:height" content="506" />
	<meta property="og:image:type" content="image/jpeg" />
<meta name="twitter:card" content="summary_large_image" />
<meta name="twitter:label1" content="Est. tempo de leitura" />
	<meta name="twitter:data1" content="1 minuto" />
<script type="application/ld+json" class="yoast-schema-graph">{"@context":"https://schema.org","@graph":[{"@type":"WebPage","@id":"https://deputadotaveirajr.com.br/index.php/turne-de-despedida-da-banda-natiruts-tem-show-em-natal-em-julho/","url":"https://deputadotaveirajr.com.br/index.php/turne-de-despedida-da-banda-natiruts-tem-show-em-natal-em-julho/","name":"Turnê de despedida da banda Natiruts tem show em Natal em julho - Taveira Jr","isPartOf":{"@id":"https://deputadotaveirajr.com.br/#website"},"primaryImageOfPage":{"@id":"https://deputadotaveirajr.com.br/index.php/turne-de-despedida-da-banda-natiruts-tem-show-em-natal-em-julho/#primaryimage"},"image":{"@id":"https://deputadotaveirajr.com.br/index.php/turne-de-despedida-da-banda-natiruts-tem-show-em-natal-em-julho/#primaryimage"},"thumbnailUrl":"https://deputadotaveirajr.com.br/wp-content/uploads/2024/05/natiruts-divulgacao-carlos-muller-N8UZwR.jpeg","datePublished":"2024-05-11T15:10:56+00:00","breadcrumb":{"@id":"https://deputadotaveirajr.com.br/index.php/turne-de-despedida-da-banda-natiruts-tem-show-em-natal-em-julho/#breadcrumb"},"inLanguage":"pt-BR","potentialAction":[{"@type":"ReadAction","target":["https://deputadotaveirajr.com.br/index.php/turne-de-despedida-da-banda-natiruts-tem-show-em-natal-em-julho/"]}]},{"@type":"ImageObject","inLanguage":"pt-BR","@id":"https://deputadotaveirajr.com.br/index.php/turne-de-despedida-da-banda-natiruts-tem-show-em-natal-em-julho/#primaryimage","url":"https://deputadotaveirajr.com.br/wp-content/uploads/2024/05/natiruts-divulgacao-carlos-muller-N8UZwR.jpeg","contentUrl":"https://deputadotaveirajr.com.br/wp-content/uploads/2024/05/natiruts-divulgacao-carlos-muller-N8UZwR.jpeg","width":900,"height":506},{"@type":"BreadcrumbList","@id":"https://deputadotaveirajr.com.br/index.php/turne-de-despedida-da-banda-natiruts-tem-show-em-natal-em-julho/#breadcrumb","itemListElement":[{"@type":"ListItem","position":1,"name":"Início","item":"https://deputadotaveirajr.com.br/"},{"@type":"ListItem","position":2,"name":"Turnê de despedida da banda Natiruts tem show em Natal em julho"}]},{"@type":"WebSite","@id":"https://deputadotaveirajr.com.br/#website","url":"https://deputadotaveirajr.com.br/","name":"Taveira Jr","description":"Deputado Estadual","publisher":{"@id":"https://deputadotaveirajr.com.br/#organization"},"potentialAction":[{"@type":"SearchAction","target":{"@type":"EntryPoint","urlTemplate":"https://deputadotaveirajr.com.br/?s={search_term_string}"},"query-input":{"@type":"PropertyValueSpecification","valueRequired":true,"valueName":"search_term_string"}}],"inLanguage":"pt-BR"},{"@type":"Organization","@id":"https://deputadotaveirajr.com.br/#organization","name":"Taveira Jr","url":"https://deputadotaveirajr.com.br/","logo":{"@type":"ImageObject","inLanguage":"pt-BR","@id":"https://deputadotaveirajr.com.br/#/schema/logo/image/","url":"https://deputadotaveirajr.com.br/wp-content/uploads/2026/01/logolow2a.png","contentUrl":"https://deputadotaveirajr.com.br/wp-content/uploads/2026/01/logolow2a.png","width":290,"height":80,"caption":"Taveira Jr"},"image":{"@id":"https://deputadotaveirajr.com.br/#/schema/logo/image/"}}]}</script>
<!-- / Yoast SEO plugin. -->

Turnê de despedida da banda Natiruts tem show em Natal em julho - Taveira Jr

Show acontece no dia 13, na Arena das Dunas. Ingressos estão à venda pela internet e variam de R$ 75 a R$ 300. Natiruts Carlos Müller / Divulgação Um dos ...

Início
