{"id":6138,"date":"2024-05-13T10:53:12","date_gmt":"2024-05-13T13:53:12","guid":{"rendered":"https:\/\/deputadotaveirajr.com.br\/?page_id=6138"},"modified":"2024-05-13T10:53:12","modified_gmt":"2024-05-13T13:53:12","slug":"estradas-do-rn-tem-apenas-30-km-classificados-como-otimos-aponta-cnt","status":"publish","type":"page","link":"https:\/\/deputadotaveirajr.com.br\/index.php\/estradas-do-rn-tem-apenas-30-km-classificados-como-otimos-aponta-cnt\/","title":{"rendered":"Estradas do RN t\u00eam apenas 30 km classificados como &#8216;\u00f3timos&#8217;, aponta CNT"},"content":{"rendered":"<p>     Cerca de 70% das rodovias estaduais do estado foram classificadas como p\u00e9ssimas em levantamento da CNT, em 2023.  Buracos em estrada no RN<br \/>\nInter TV Cabugi\/Reprodu\u00e7\u00e3o<br \/>\nNa malha de rodovias federais e estaduais do Rio Grande do Norte, apenas 30 km s\u00e3o classificados com estado geral &#8220;\u00f3timo&#8221; &#8211; todos em rodovias federais. Por outro lado, quase 650 quil\u00f4metros s\u00e3o ruins ou p\u00e9ssimos.<br \/>\nOs dados s\u00e3o resultado do levantamento anual feito pela Confedera\u00e7\u00e3o Nacional do Transporte (CNT), que pesquisou 1.879 km de estradas do estado em 2023.<br \/>\nAo todo, 841 km pesquisados no estado (44,8%) foram classificados como em estado geral regular, quando consideradas as rodovias federais e estaduais.<br \/>\nMapa mostra classifica\u00e7\u00e3o de trechos pesquisados pela CNT no RN em 2023<br \/>\nReprodu\u00e7\u00e3o<br \/>\nPor\u00e9m, as rodovias estaduais s\u00e3o as que est\u00e3o em pior situa\u00e7\u00e3o. Quando consideradas apenas as estradas administradas pelo governo estadual, quase 70% da extens\u00e3o pesquisa, 243 km, foi considerado p\u00e9ssimo. Outros 15,7% estavam ruins e apenas 14,9%, ou 54 km, estavam em situa\u00e7\u00e3o regular.<br \/>\nNo Rio Grande do Norte, segundo a pesquisa, n\u00e3o h\u00e1 nenhum trecho de rodovia estadual classificado como bom ou \u00f3timo. Em quase 80% dos trechos pesquisados nas RNs, a geometria das pistas foi considerada de qualidade p\u00e9ssima.<br \/>\nSegundo a CNT, a situa\u00e7\u00e3o atual das rodovias estaduais aumenta em 71% o custo operacional de empresas e fam\u00edlias que precisam utilizar essas estradas, o que desestimula a atividade econ\u00f4mica e encarece produtos e servi\u00e7os.<br \/>\nGoverno tem plano de restaura\u00e7\u00e3o de rodovias<br \/>\nNo dia 3 de maio, o governo do estado assinou uma ordem de servi\u00e7o para restaura\u00e7\u00e3o de restaura\u00e7\u00e3o de 210,5 quil\u00f4metros de rodovias estaduais. Segundo a Secretaria de Estado da Infraestrutura (SIN), este foi o primeiro lote de tr\u00eas licitados.<br \/>\nNo lote, est\u00e3o inclu\u00eddos nove trechos. Entre eles:<br \/>\nRN-015 &#8211; Mossor\u00f3\/Bara\u00fana &#8211; 44 km<br \/>\nRN-117 &#8211; Mossor\u00f3\/Governador Dix-sept Rosado &#8211; 34 km<br \/>\nEstrada: Tibau\/Grossos &#8211; 17,5 km<br \/>\nRN-079 &#8211; Entroncamento BR-405\/Marcelino Vieira\/ Alexandria\/Divisa RN-PB &#8211; 38 km<br \/>\nRN-177 &#8211; Rodolfo Fernandes\/Entr. BR-405 &#8211; 11 km<br \/>\nRN-177 &#8211; Vi\u00e7osa\/Portalegre &#8211; 8 km<br \/>\nRN-177 &#8211; Francisco Dantas\/ Entroncamento BR-226 (Pau dos Ferros) &#8211; 8 km<br \/>\nRN-177 &#8211; Pau Ferros\/Encanto\/S\u00e3o Miguel &#8211; 41 km<br \/>\nRN-177 &#8211; S\u00e3o Miguel\/Coronel Jo\u00e3o Pessoa &#8211; 9 km<br \/>\nSegundo o governo do estado, ser\u00e3o investidos R$ 428 milh\u00f5es para recupera\u00e7\u00e3o de 800 quil\u00f4metros de estradas em todas as regi\u00f5es do estado.<br \/>\n&#8220;N\u00e3o ser\u00e1 uma simples opera\u00e7\u00e3o tapa-buracos. Na linguagem da engenharia rodovi\u00e1ria, \u00e9 restaura\u00e7\u00e3o. Vamos mexer na estrutura do piso e fazer o recapeamento geral desses trechos selecionados, incluindo a sinaliza\u00e7\u00e3o horizontal e vertical&#8221;, informou o secret\u00e1rio de Infraestrutura Gustavo Coelho.<br \/>\nEstradas federais<br \/>\nNo caso das rodovias federais do Rio Grande do Norte, 30 km foram considerados \u00f3timos e 359 foram classificados bons pela pesquisa CNT.<br \/>\nOutros 30 km de BRs foram considerados p\u00e9ssimos e 321 km ruins. A maior parte dos trechos federais pesquisados 789 (51,6%), ficaram classificados como regulares.<br \/>\nUma das principais rodovias federais que cortam o estado, a BR-304 est\u00e1 interditada desde o dia 31 de mar\u00e7o, quando a forte correnteza de um rio causou o rompimento de uma ponte, na altura do munic\u00edpio de Lajes. Um desvio est\u00e1 sendo constru\u00eddo no trecho.<br \/>\nA via tamb\u00e9m passa por obras de duplica\u00e7\u00e3o na altura de Maca\u00edba, na regi\u00e3o metropolitana de Natal, e conta com proposta de duplica\u00e7\u00e3o completa at\u00e9 Mossor\u00f3, no Oeste potiguar. A obra foi anunciada como uma das prioridades do estado no PAC 3.<br \/>\nVeja os v\u00eddeos mais assistidos no g1 RN<\/p>","protected":false},"excerpt":{"rendered":"<p>Cerca de 70% das rodovias estaduais do estado foram classificadas como p\u00e9ssimas em levantamento da CNT, em 2023. Buracos em estrada no RN Inter TV Cabugi\/Reprodu\u00e7\u00e3o Na malha de rodovias &#8230;<\/p>\n","protected":false},"author":0,"featured_media":6139,"parent":0,"menu_order":0,"comment_status":"closed","ping_status":"closed","template":"","meta":{"footnotes":""},"class_list":["post-6138","page","type-page","status-publish","has-post-thumbnail","hentry"],"yoast_head":"<!-- This site is optimized with the Yoast SEO plugin v27.1.1 - https:\/\/yoast.com\/product\/yoast-seo-wordpress\/ -->\n<title>Estradas do RN t\u00eam apenas 30 km classificados como &#039;\u00f3timos&#039;, aponta CNT - Taveira Jr<\/title>\n<meta name=\"robots\" content=\"index, follow, max-snippet:-1, max-image-preview:large, max-video-preview:-1\" \/>\n<link rel=\"canonical\" href=\"https:\/\/deputadotaveirajr.com.br\/index.php\/estradas-do-rn-tem-apenas-30-km-classificados-como-otimos-aponta-cnt\/\" \/>\n<meta property=\"og:locale\" content=\"pt_BR\" \/>\n<meta property=\"og:type\" content=\"article\" \/>\n<meta property=\"og:title\" content=\"Estradas do RN t\u00eam apenas 30 km classificados como &#039;\u00f3timos&#039;, aponta CNT - Taveira Jr\" \/>\n<meta property=\"og:description\" content=\"Cerca de 70% das rodovias estaduais do estado foram classificadas como p\u00e9ssimas em levantamento da CNT, em 2023. Buracos em estrada no RN Inter TV Cabugi\/Reprodu\u00e7\u00e3o Na malha de rodovias ...\" \/>\n<meta property=\"og:url\" content=\"https:\/\/deputadotaveirajr.com.br\/index.php\/estradas-do-rn-tem-apenas-30-km-classificados-como-otimos-aponta-cnt\/\" \/>\n<meta property=\"og:site_name\" content=\"Taveira Jr\" \/>\n<meta property=\"og:image\" content=\"https:\/\/deputadotaveirajr.com.br\/wp-content\/uploads\/2024\/05\/buracos-em-estrada-do-rn-0jkpRM.jpeg\" \/>\n\t<meta property=\"og:image:width\" content=\"1000\" \/>\n\t<meta property=\"og:image:height\" content=\"524\" \/>\n\t<meta property=\"og:image:type\" content=\"image\/jpeg\" \/>\n<meta name=\"twitter:card\" content=\"summary_large_image\" \/>\n<meta name=\"twitter:label1\" content=\"Est. tempo de leitura\" \/>\n\t<meta name=\"twitter:data1\" content=\"3 minutos\" \/>\n<script type=\"application\/ld+json\" class=\"yoast-schema-graph\">{\"@context\":\"https:\/\/schema.org\",\"@graph\":[{\"@type\":\"WebPage\",\"@id\":\"https:\/\/deputadotaveirajr.com.br\/index.php\/estradas-do-rn-tem-apenas-30-km-classificados-como-otimos-aponta-cnt\/\",\"url\":\"https:\/\/deputadotaveirajr.com.br\/index.php\/estradas-do-rn-tem-apenas-30-km-classificados-como-otimos-aponta-cnt\/\",\"name\":\"Estradas do RN t\u00eam apenas 30 km classificados como '\u00f3timos', aponta CNT - Taveira Jr\",\"isPartOf\":{\"@id\":\"https:\/\/deputadotaveirajr.com.br\/#website\"},\"primaryImageOfPage\":{\"@id\":\"https:\/\/deputadotaveirajr.com.br\/index.php\/estradas-do-rn-tem-apenas-30-km-classificados-como-otimos-aponta-cnt\/#primaryimage\"},\"image\":{\"@id\":\"https:\/\/deputadotaveirajr.com.br\/index.php\/estradas-do-rn-tem-apenas-30-km-classificados-como-otimos-aponta-cnt\/#primaryimage\"},\"thumbnailUrl\":\"https:\/\/deputadotaveirajr.com.br\/wp-content\/uploads\/2024\/05\/buracos-em-estrada-do-rn-0jkpRM.jpeg\",\"datePublished\":\"2024-05-13T13:53:12+00:00\",\"breadcrumb\":{\"@id\":\"https:\/\/deputadotaveirajr.com.br\/index.php\/estradas-do-rn-tem-apenas-30-km-classificados-como-otimos-aponta-cnt\/#breadcrumb\"},\"inLanguage\":\"pt-BR\",\"potentialAction\":[{\"@type\":\"ReadAction\",\"target\":[\"https:\/\/deputadotaveirajr.com.br\/index.php\/estradas-do-rn-tem-apenas-30-km-classificados-como-otimos-aponta-cnt\/\"]}]},{\"@type\":\"ImageObject\",\"inLanguage\":\"pt-BR\",\"@id\":\"https:\/\/deputadotaveirajr.com.br\/index.php\/estradas-do-rn-tem-apenas-30-km-classificados-como-otimos-aponta-cnt\/#primaryimage\",\"url\":\"https:\/\/deputadotaveirajr.com.br\/wp-content\/uploads\/2024\/05\/buracos-em-estrada-do-rn-0jkpRM.jpeg\",\"contentUrl\":\"https:\/\/deputadotaveirajr.com.br\/wp-content\/uploads\/2024\/05\/buracos-em-estrada-do-rn-0jkpRM.jpeg\",\"width\":1000,\"height\":524},{\"@type\":\"BreadcrumbList\",\"@id\":\"https:\/\/deputadotaveirajr.com.br\/index.php\/estradas-do-rn-tem-apenas-30-km-classificados-como-otimos-aponta-cnt\/#breadcrumb\",\"itemListElement\":[{\"@type\":\"ListItem\",\"position\":1,\"name\":\"In\u00edcio\",\"item\":\"https:\/\/deputadotaveirajr.com.br\/\"},{\"@type\":\"ListItem\",\"position\":2,\"name\":\"Estradas do RN t\u00eam apenas 30 km classificados como &#8216;\u00f3timos&#8217;, aponta CNT\"}]},{\"@type\":\"WebSite\",\"@id\":\"https:\/\/deputadotaveirajr.com.br\/#website\",\"url\":\"https:\/\/deputadotaveirajr.com.br\/\",\"name\":\"Taveira Jr\",\"description\":\"Deputado Estadual\",\"publisher\":{\"@id\":\"https:\/\/deputadotaveirajr.com.br\/#organization\"},\"potentialAction\":[{\"@type\":\"SearchAction\",\"target\":{\"@type\":\"EntryPoint\",\"urlTemplate\":\"https:\/\/deputadotaveirajr.com.br\/?s={search_term_string}\"},\"query-input\":{\"@type\":\"PropertyValueSpecification\",\"valueRequired\":true,\"valueName\":\"search_term_string\"}}],\"inLanguage\":\"pt-BR\"},{\"@type\":\"Organization\",\"@id\":\"https:\/\/deputadotaveirajr.com.br\/#organization\",\"name\":\"Taveira Jr\",\"url\":\"https:\/\/deputadotaveirajr.com.br\/\",\"logo\":{\"@type\":\"ImageObject\",\"inLanguage\":\"pt-BR\",\"@id\":\"https:\/\/deputadotaveirajr.com.br\/#\/schema\/logo\/image\/\",\"url\":\"https:\/\/deputadotaveirajr.com.br\/wp-content\/uploads\/2026\/01\/logolow2a.png\",\"contentUrl\":\"https:\/\/deputadotaveirajr.com.br\/wp-content\/uploads\/2026\/01\/logolow2a.png\",\"width\":290,\"height\":80,\"caption\":\"Taveira Jr\"},\"image\":{\"@id\":\"https:\/\/deputadotaveirajr.com.br\/#\/schema\/logo\/image\/\"}}]}<\/script>\n<!-- \/ Yoast SEO plugin. -->","yoast_head_json":{"title":"Estradas do RN t\u00eam apenas 30 km classificados como '\u00f3timos', aponta CNT - Taveira Jr","robots":{"index":"index","follow":"follow","max-snippet":"max-snippet:-1","max-image-preview":"max-image-preview:large","max-video-preview":"max-video-preview:-1"},"canonical":"https:\/\/deputadotaveirajr.com.br\/index.php\/estradas-do-rn-tem-apenas-30-km-classificados-como-otimos-aponta-cnt\/","og_locale":"pt_BR","og_type":"article","og_title":"Estradas do RN t\u00eam apenas 30 km classificados como '\u00f3timos', aponta CNT - Taveira Jr","og_description":"Cerca de 70% das rodovias estaduais do estado foram classificadas como p\u00e9ssimas em levantamento da CNT, em 2023. Buracos em estrada no RN Inter TV Cabugi\/Reprodu\u00e7\u00e3o Na malha de rodovias ...","og_url":"https:\/\/deputadotaveirajr.com.br\/index.php\/estradas-do-rn-tem-apenas-30-km-classificados-como-otimos-aponta-cnt\/","og_site_name":"Taveira Jr","og_image":[{"width":1000,"height":524,"url":"https:\/\/deputadotaveirajr.com.br\/wp-content\/uploads\/2024\/05\/buracos-em-estrada-do-rn-0jkpRM.jpeg","type":"image\/jpeg"}],"twitter_card":"summary_large_image","twitter_misc":{"Est. tempo de leitura":"3 minutos"},"schema":{"@context":"https:\/\/schema.org","@graph":[{"@type":"WebPage","@id":"https:\/\/deputadotaveirajr.com.br\/index.php\/estradas-do-rn-tem-apenas-30-km-classificados-como-otimos-aponta-cnt\/","url":"https:\/\/deputadotaveirajr.com.br\/index.php\/estradas-do-rn-tem-apenas-30-km-classificados-como-otimos-aponta-cnt\/","name":"Estradas do RN t\u00eam apenas 30 km classificados como '\u00f3timos', aponta CNT - Taveira Jr","isPartOf":{"@id":"https:\/\/deputadotaveirajr.com.br\/#website"},"primaryImageOfPage":{"@id":"https:\/\/deputadotaveirajr.com.br\/index.php\/estradas-do-rn-tem-apenas-30-km-classificados-como-otimos-aponta-cnt\/#primaryimage"},"image":{"@id":"https:\/\/deputadotaveirajr.com.br\/index.php\/estradas-do-rn-tem-apenas-30-km-classificados-como-otimos-aponta-cnt\/#primaryimage"},"thumbnailUrl":"https:\/\/deputadotaveirajr.com.br\/wp-content\/uploads\/2024\/05\/buracos-em-estrada-do-rn-0jkpRM.jpeg","datePublished":"2024-05-13T13:53:12+00:00","breadcrumb":{"@id":"https:\/\/deputadotaveirajr.com.br\/index.php\/estradas-do-rn-tem-apenas-30-km-classificados-como-otimos-aponta-cnt\/#breadcrumb"},"inLanguage":"pt-BR","potentialAction":[{"@type":"ReadAction","target":["https:\/\/deputadotaveirajr.com.br\/index.php\/estradas-do-rn-tem-apenas-30-km-classificados-como-otimos-aponta-cnt\/"]}]},{"@type":"ImageObject","inLanguage":"pt-BR","@id":"https:\/\/deputadotaveirajr.com.br\/index.php\/estradas-do-rn-tem-apenas-30-km-classificados-como-otimos-aponta-cnt\/#primaryimage","url":"https:\/\/deputadotaveirajr.com.br\/wp-content\/uploads\/2024\/05\/buracos-em-estrada-do-rn-0jkpRM.jpeg","contentUrl":"https:\/\/deputadotaveirajr.com.br\/wp-content\/uploads\/2024\/05\/buracos-em-estrada-do-rn-0jkpRM.jpeg","width":1000,"height":524},{"@type":"BreadcrumbList","@id":"https:\/\/deputadotaveirajr.com.br\/index.php\/estradas-do-rn-tem-apenas-30-km-classificados-como-otimos-aponta-cnt\/#breadcrumb","itemListElement":[{"@type":"ListItem","position":1,"name":"In\u00edcio","item":"https:\/\/deputadotaveirajr.com.br\/"},{"@type":"ListItem","position":2,"name":"Estradas do RN t\u00eam apenas 30 km classificados como &#8216;\u00f3timos&#8217;, aponta CNT"}]},{"@type":"WebSite","@id":"https:\/\/deputadotaveirajr.com.br\/#website","url":"https:\/\/deputadotaveirajr.com.br\/","name":"Taveira Jr","description":"Deputado Estadual","publisher":{"@id":"https:\/\/deputadotaveirajr.com.br\/#organization"},"potentialAction":[{"@type":"SearchAction","target":{"@type":"EntryPoint","urlTemplate":"https:\/\/deputadotaveirajr.com.br\/?s={search_term_string}"},"query-input":{"@type":"PropertyValueSpecification","valueRequired":true,"valueName":"search_term_string"}}],"inLanguage":"pt-BR"},{"@type":"Organization","@id":"https:\/\/deputadotaveirajr.com.br\/#organization","name":"Taveira Jr","url":"https:\/\/deputadotaveirajr.com.br\/","logo":{"@type":"ImageObject","inLanguage":"pt-BR","@id":"https:\/\/deputadotaveirajr.com.br\/#\/schema\/logo\/image\/","url":"https:\/\/deputadotaveirajr.com.br\/wp-content\/uploads\/2026\/01\/logolow2a.png","contentUrl":"https:\/\/deputadotaveirajr.com.br\/wp-content\/uploads\/2026\/01\/logolow2a.png","width":290,"height":80,"caption":"Taveira Jr"},"image":{"@id":"https:\/\/deputadotaveirajr.com.br\/#\/schema\/logo\/image\/"}}]}},"_links":{"self":[{"href":"https:\/\/deputadotaveirajr.com.br\/index.php\/wp-json\/wp\/v2\/pages\/6138","targetHints":{"allow":["GET"]}}],"collection":[{"href":"https:\/\/deputadotaveirajr.com.br\/index.php\/wp-json\/wp\/v2\/pages"}],"about":[{"href":"https:\/\/deputadotaveirajr.com.br\/index.php\/wp-json\/wp\/v2\/types\/page"}],"replies":[{"embeddable":true,"href":"https:\/\/deputadotaveirajr.com.br\/index.php\/wp-json\/wp\/v2\/comments?post=6138"}],"version-history":[{"count":1,"href":"https:\/\/deputadotaveirajr.com.br\/index.php\/wp-json\/wp\/v2\/pages\/6138\/revisions"}],"predecessor-version":[{"id":6144,"href":"https:\/\/deputadotaveirajr.com.br\/index.php\/wp-json\/wp\/v2\/pages\/6138\/revisions\/6144"}],"wp:featuredmedia":[{"embeddable":true,"href":"https:\/\/deputadotaveirajr.com.br\/index.php\/wp-json\/wp\/v2\/media\/6139"}],"wp:attachment":[{"href":"https:\/\/deputadotaveirajr.com.br\/index.php\/wp-json\/wp\/v2\/media?parent=6138"}],"curies":[{"name":"wp","href":"https:\/\/api.w.org\/{rel}","templated":true}]}}