{"id":6142,"date":"2024-05-13T13:04:50","date_gmt":"2024-05-13T16:04:50","guid":{"rendered":"https:\/\/deputadotaveirajr.com.br\/?page_id=6142"},"modified":"2024-05-13T13:04:50","modified_gmt":"2024-05-13T16:04:50","slug":"servidor-do-mp-do-acre-e-preso-por-desacato-e-destroi-cela-de-delegacia-em-natal","status":"publish","type":"page","link":"https:\/\/deputadotaveirajr.com.br\/index.php\/servidor-do-mp-do-acre-e-preso-por-desacato-e-destroi-cela-de-delegacia-em-natal\/","title":{"rendered":"Servidor do MP do Acre \u00e9 preso por desacato e destr\u00f3i cela de delegacia em Natal"},"content":{"rendered":"<p>     Caso aconteceu na madrugada desta segunda (13). Homem se exaltou com policiais militares ao denunciar suposto roubo em bar em Ponta Negra. Servidor do MP do Acre \u00e9 preso por desacato e destr\u00f3i cela de delegacia em Natal<br \/>\nGustavo Brendo\/Inter TV Cabugi<br \/>\nUm servidor do Minist\u00e9rio P\u00fablico do Acre foi preso em Natal na madrugada desta segunda-feira (13) por desacato. Ele foi levado para a Central de Flagrantes e destruiu a cela onde foi colocado.<br \/>\nDe acordo com a Pol\u00edcia Civil, o servidor estava em um bar na Avenida Roberto Freire, em Ponta Negra, quando parou uma viatura da PM que passava pelo local e comunicou que havia sido roubado. Os policiais ouviram testemunhas e n\u00e3o constataram roubo. Nesse momento, o servidor do MP teria se exaltado e desacatado os policiais.<br \/>\n\ud83d\udcf3Participe do canal do g1 RN no WhatsApp<br \/>\nAinda segundo a ocorr\u00eancia registrada na Pol\u00edcia Civil, o homem foi levado para a Delegacia de Plant\u00e3o da Zona Sul e ao chegar no local amea\u00e7ou policiais e disse que n\u00e3o queria ficar em uma cela porque \u00e9 servidor da \u00e1rea de seguran\u00e7a do Minist\u00e9rio P\u00fablico do Acre. Ele foi levado para a carceragem e destruiu parte da cela com socos e chutes.<br \/>\nDepois disso, ele foi retirado da cela e ficou algemado a um banco. Segundo os policiais, o homem disse que ganhava mais que o delegado e tinha dinheiro para pagar o que quebrou.<br \/>\nO homem disse que est\u00e1 em Natal fazendo um curso de opera\u00e7\u00e3o de drone.<br \/>\nServidor do MP do Acre \u00e9 preso por desacato e destr\u00f3i cela de delegacia em Natal<br \/>\nGustavo Brendo\/Inter TV Cabugi<\/p>","protected":false},"excerpt":{"rendered":"<p>Caso aconteceu na madrugada desta segunda (13). Homem se exaltou com policiais militares ao denunciar suposto roubo em bar em Ponta Negra. Servidor do MP do Acre \u00e9 preso por &#8230;<\/p>\n","protected":false},"author":0,"featured_media":6143,"parent":0,"menu_order":0,"comment_status":"closed","ping_status":"closed","template":"","meta":{"footnotes":""},"class_list":["post-6142","page","type-page","status-publish","has-post-thumbnail","hentry"],"yoast_head":"<!-- This site is optimized with the Yoast SEO plugin v27.1.1 - https:\/\/yoast.com\/product\/yoast-seo-wordpress\/ -->\n<title>Servidor do MP do Acre \u00e9 preso por desacato e destr\u00f3i cela de delegacia em Natal - Taveira Jr<\/title>\n<meta name=\"robots\" content=\"index, follow, max-snippet:-1, max-image-preview:large, max-video-preview:-1\" \/>\n<link rel=\"canonical\" href=\"https:\/\/deputadotaveirajr.com.br\/index.php\/servidor-do-mp-do-acre-e-preso-por-desacato-e-destroi-cela-de-delegacia-em-natal\/\" \/>\n<meta property=\"og:locale\" content=\"pt_BR\" \/>\n<meta property=\"og:type\" content=\"article\" \/>\n<meta property=\"og:title\" content=\"Servidor do MP do Acre \u00e9 preso por desacato e destr\u00f3i cela de delegacia em Natal - Taveira Jr\" \/>\n<meta property=\"og:description\" content=\"Caso aconteceu na madrugada desta segunda (13). Homem se exaltou com policiais militares ao denunciar suposto roubo em bar em Ponta Negra. Servidor do MP do Acre \u00e9 preso por ...\" \/>\n<meta property=\"og:url\" content=\"https:\/\/deputadotaveirajr.com.br\/index.php\/servidor-do-mp-do-acre-e-preso-por-desacato-e-destroi-cela-de-delegacia-em-natal\/\" \/>\n<meta property=\"og:site_name\" content=\"Taveira Jr\" \/>\n<meta property=\"og:image\" content=\"https:\/\/deputadotaveirajr.com.br\/wp-content\/uploads\/2024\/05\/whatsapp-image-2024-05-13-at-08.39.41-1-n3bdE7.jpeg\" \/>\n\t<meta property=\"og:image:width\" content=\"1600\" \/>\n\t<meta property=\"og:image:height\" content=\"1200\" \/>\n\t<meta property=\"og:image:type\" content=\"image\/jpeg\" \/>\n<meta name=\"twitter:card\" content=\"summary_large_image\" \/>\n<meta name=\"twitter:label1\" content=\"Est. tempo de leitura\" \/>\n\t<meta name=\"twitter:data1\" content=\"1 minuto\" \/>\n<script type=\"application\/ld+json\" class=\"yoast-schema-graph\">{\"@context\":\"https:\/\/schema.org\",\"@graph\":[{\"@type\":\"WebPage\",\"@id\":\"https:\/\/deputadotaveirajr.com.br\/index.php\/servidor-do-mp-do-acre-e-preso-por-desacato-e-destroi-cela-de-delegacia-em-natal\/\",\"url\":\"https:\/\/deputadotaveirajr.com.br\/index.php\/servidor-do-mp-do-acre-e-preso-por-desacato-e-destroi-cela-de-delegacia-em-natal\/\",\"name\":\"Servidor do MP do Acre \u00e9 preso por desacato e destr\u00f3i cela de delegacia em Natal - Taveira Jr\",\"isPartOf\":{\"@id\":\"https:\/\/deputadotaveirajr.com.br\/#website\"},\"primaryImageOfPage\":{\"@id\":\"https:\/\/deputadotaveirajr.com.br\/index.php\/servidor-do-mp-do-acre-e-preso-por-desacato-e-destroi-cela-de-delegacia-em-natal\/#primaryimage\"},\"image\":{\"@id\":\"https:\/\/deputadotaveirajr.com.br\/index.php\/servidor-do-mp-do-acre-e-preso-por-desacato-e-destroi-cela-de-delegacia-em-natal\/#primaryimage\"},\"thumbnailUrl\":\"https:\/\/deputadotaveirajr.com.br\/wp-content\/uploads\/2024\/05\/whatsapp-image-2024-05-13-at-08.39.41-1-n3bdE7.jpeg\",\"datePublished\":\"2024-05-13T16:04:50+00:00\",\"breadcrumb\":{\"@id\":\"https:\/\/deputadotaveirajr.com.br\/index.php\/servidor-do-mp-do-acre-e-preso-por-desacato-e-destroi-cela-de-delegacia-em-natal\/#breadcrumb\"},\"inLanguage\":\"pt-BR\",\"potentialAction\":[{\"@type\":\"ReadAction\",\"target\":[\"https:\/\/deputadotaveirajr.com.br\/index.php\/servidor-do-mp-do-acre-e-preso-por-desacato-e-destroi-cela-de-delegacia-em-natal\/\"]}]},{\"@type\":\"ImageObject\",\"inLanguage\":\"pt-BR\",\"@id\":\"https:\/\/deputadotaveirajr.com.br\/index.php\/servidor-do-mp-do-acre-e-preso-por-desacato-e-destroi-cela-de-delegacia-em-natal\/#primaryimage\",\"url\":\"https:\/\/deputadotaveirajr.com.br\/wp-content\/uploads\/2024\/05\/whatsapp-image-2024-05-13-at-08.39.41-1-n3bdE7.jpeg\",\"contentUrl\":\"https:\/\/deputadotaveirajr.com.br\/wp-content\/uploads\/2024\/05\/whatsapp-image-2024-05-13-at-08.39.41-1-n3bdE7.jpeg\",\"width\":1600,\"height\":1200},{\"@type\":\"BreadcrumbList\",\"@id\":\"https:\/\/deputadotaveirajr.com.br\/index.php\/servidor-do-mp-do-acre-e-preso-por-desacato-e-destroi-cela-de-delegacia-em-natal\/#breadcrumb\",\"itemListElement\":[{\"@type\":\"ListItem\",\"position\":1,\"name\":\"In\u00edcio\",\"item\":\"https:\/\/deputadotaveirajr.com.br\/\"},{\"@type\":\"ListItem\",\"position\":2,\"name\":\"Servidor do MP do Acre \u00e9 preso por desacato e destr\u00f3i cela de delegacia em Natal\"}]},{\"@type\":\"WebSite\",\"@id\":\"https:\/\/deputadotaveirajr.com.br\/#website\",\"url\":\"https:\/\/deputadotaveirajr.com.br\/\",\"name\":\"Taveira Jr\",\"description\":\"Deputado Estadual\",\"publisher\":{\"@id\":\"https:\/\/deputadotaveirajr.com.br\/#organization\"},\"potentialAction\":[{\"@type\":\"SearchAction\",\"target\":{\"@type\":\"EntryPoint\",\"urlTemplate\":\"https:\/\/deputadotaveirajr.com.br\/?s={search_term_string}\"},\"query-input\":{\"@type\":\"PropertyValueSpecification\",\"valueRequired\":true,\"valueName\":\"search_term_string\"}}],\"inLanguage\":\"pt-BR\"},{\"@type\":\"Organization\",\"@id\":\"https:\/\/deputadotaveirajr.com.br\/#organization\",\"name\":\"Taveira Jr\",\"url\":\"https:\/\/deputadotaveirajr.com.br\/\",\"logo\":{\"@type\":\"ImageObject\",\"inLanguage\":\"pt-BR\",\"@id\":\"https:\/\/deputadotaveirajr.com.br\/#\/schema\/logo\/image\/\",\"url\":\"https:\/\/deputadotaveirajr.com.br\/wp-content\/uploads\/2026\/01\/logolow2a.png\",\"contentUrl\":\"https:\/\/deputadotaveirajr.com.br\/wp-content\/uploads\/2026\/01\/logolow2a.png\",\"width\":290,\"height\":80,\"caption\":\"Taveira Jr\"},\"image\":{\"@id\":\"https:\/\/deputadotaveirajr.com.br\/#\/schema\/logo\/image\/\"}}]}<\/script>\n<!-- \/ Yoast SEO plugin. -->","yoast_head_json":{"title":"Servidor do MP do Acre \u00e9 preso por desacato e destr\u00f3i cela de delegacia em Natal - Taveira Jr","robots":{"index":"index","follow":"follow","max-snippet":"max-snippet:-1","max-image-preview":"max-image-preview:large","max-video-preview":"max-video-preview:-1"},"canonical":"https:\/\/deputadotaveirajr.com.br\/index.php\/servidor-do-mp-do-acre-e-preso-por-desacato-e-destroi-cela-de-delegacia-em-natal\/","og_locale":"pt_BR","og_type":"article","og_title":"Servidor do MP do Acre \u00e9 preso por desacato e destr\u00f3i cela de delegacia em Natal - Taveira Jr","og_description":"Caso aconteceu na madrugada desta segunda (13). Homem se exaltou com policiais militares ao denunciar suposto roubo em bar em Ponta Negra. Servidor do MP do Acre \u00e9 preso por ...","og_url":"https:\/\/deputadotaveirajr.com.br\/index.php\/servidor-do-mp-do-acre-e-preso-por-desacato-e-destroi-cela-de-delegacia-em-natal\/","og_site_name":"Taveira Jr","og_image":[{"width":1600,"height":1200,"url":"https:\/\/deputadotaveirajr.com.br\/wp-content\/uploads\/2024\/05\/whatsapp-image-2024-05-13-at-08.39.41-1-n3bdE7.jpeg","type":"image\/jpeg"}],"twitter_card":"summary_large_image","twitter_misc":{"Est. tempo de leitura":"1 minuto"},"schema":{"@context":"https:\/\/schema.org","@graph":[{"@type":"WebPage","@id":"https:\/\/deputadotaveirajr.com.br\/index.php\/servidor-do-mp-do-acre-e-preso-por-desacato-e-destroi-cela-de-delegacia-em-natal\/","url":"https:\/\/deputadotaveirajr.com.br\/index.php\/servidor-do-mp-do-acre-e-preso-por-desacato-e-destroi-cela-de-delegacia-em-natal\/","name":"Servidor do MP do Acre \u00e9 preso por desacato e destr\u00f3i cela de delegacia em Natal - Taveira Jr","isPartOf":{"@id":"https:\/\/deputadotaveirajr.com.br\/#website"},"primaryImageOfPage":{"@id":"https:\/\/deputadotaveirajr.com.br\/index.php\/servidor-do-mp-do-acre-e-preso-por-desacato-e-destroi-cela-de-delegacia-em-natal\/#primaryimage"},"image":{"@id":"https:\/\/deputadotaveirajr.com.br\/index.php\/servidor-do-mp-do-acre-e-preso-por-desacato-e-destroi-cela-de-delegacia-em-natal\/#primaryimage"},"thumbnailUrl":"https:\/\/deputadotaveirajr.com.br\/wp-content\/uploads\/2024\/05\/whatsapp-image-2024-05-13-at-08.39.41-1-n3bdE7.jpeg","datePublished":"2024-05-13T16:04:50+00:00","breadcrumb":{"@id":"https:\/\/deputadotaveirajr.com.br\/index.php\/servidor-do-mp-do-acre-e-preso-por-desacato-e-destroi-cela-de-delegacia-em-natal\/#breadcrumb"},"inLanguage":"pt-BR","potentialAction":[{"@type":"ReadAction","target":["https:\/\/deputadotaveirajr.com.br\/index.php\/servidor-do-mp-do-acre-e-preso-por-desacato-e-destroi-cela-de-delegacia-em-natal\/"]}]},{"@type":"ImageObject","inLanguage":"pt-BR","@id":"https:\/\/deputadotaveirajr.com.br\/index.php\/servidor-do-mp-do-acre-e-preso-por-desacato-e-destroi-cela-de-delegacia-em-natal\/#primaryimage","url":"https:\/\/deputadotaveirajr.com.br\/wp-content\/uploads\/2024\/05\/whatsapp-image-2024-05-13-at-08.39.41-1-n3bdE7.jpeg","contentUrl":"https:\/\/deputadotaveirajr.com.br\/wp-content\/uploads\/2024\/05\/whatsapp-image-2024-05-13-at-08.39.41-1-n3bdE7.jpeg","width":1600,"height":1200},{"@type":"BreadcrumbList","@id":"https:\/\/deputadotaveirajr.com.br\/index.php\/servidor-do-mp-do-acre-e-preso-por-desacato-e-destroi-cela-de-delegacia-em-natal\/#breadcrumb","itemListElement":[{"@type":"ListItem","position":1,"name":"In\u00edcio","item":"https:\/\/deputadotaveirajr.com.br\/"},{"@type":"ListItem","position":2,"name":"Servidor do MP do Acre \u00e9 preso por desacato e destr\u00f3i cela de delegacia em Natal"}]},{"@type":"WebSite","@id":"https:\/\/deputadotaveirajr.com.br\/#website","url":"https:\/\/deputadotaveirajr.com.br\/","name":"Taveira Jr","description":"Deputado Estadual","publisher":{"@id":"https:\/\/deputadotaveirajr.com.br\/#organization"},"potentialAction":[{"@type":"SearchAction","target":{"@type":"EntryPoint","urlTemplate":"https:\/\/deputadotaveirajr.com.br\/?s={search_term_string}"},"query-input":{"@type":"PropertyValueSpecification","valueRequired":true,"valueName":"search_term_string"}}],"inLanguage":"pt-BR"},{"@type":"Organization","@id":"https:\/\/deputadotaveirajr.com.br\/#organization","name":"Taveira Jr","url":"https:\/\/deputadotaveirajr.com.br\/","logo":{"@type":"ImageObject","inLanguage":"pt-BR","@id":"https:\/\/deputadotaveirajr.com.br\/#\/schema\/logo\/image\/","url":"https:\/\/deputadotaveirajr.com.br\/wp-content\/uploads\/2026\/01\/logolow2a.png","contentUrl":"https:\/\/deputadotaveirajr.com.br\/wp-content\/uploads\/2026\/01\/logolow2a.png","width":290,"height":80,"caption":"Taveira Jr"},"image":{"@id":"https:\/\/deputadotaveirajr.com.br\/#\/schema\/logo\/image\/"}}]}},"_links":{"self":[{"href":"https:\/\/deputadotaveirajr.com.br\/index.php\/wp-json\/wp\/v2\/pages\/6142","targetHints":{"allow":["GET"]}}],"collection":[{"href":"https:\/\/deputadotaveirajr.com.br\/index.php\/wp-json\/wp\/v2\/pages"}],"about":[{"href":"https:\/\/deputadotaveirajr.com.br\/index.php\/wp-json\/wp\/v2\/types\/page"}],"replies":[{"embeddable":true,"href":"https:\/\/deputadotaveirajr.com.br\/index.php\/wp-json\/wp\/v2\/comments?post=6142"}],"version-history":[{"count":1,"href":"https:\/\/deputadotaveirajr.com.br\/index.php\/wp-json\/wp\/v2\/pages\/6142\/revisions"}],"predecessor-version":[{"id":6149,"href":"https:\/\/deputadotaveirajr.com.br\/index.php\/wp-json\/wp\/v2\/pages\/6142\/revisions\/6149"}],"wp:featuredmedia":[{"embeddable":true,"href":"https:\/\/deputadotaveirajr.com.br\/index.php\/wp-json\/wp\/v2\/media\/6143"}],"wp:attachment":[{"href":"https:\/\/deputadotaveirajr.com.br\/index.php\/wp-json\/wp\/v2\/media?parent=6142"}],"curies":[{"name":"wp","href":"https:\/\/api.w.org\/{rel}","templated":true}]}}

Servidor do MP do Acre é preso por desacato e destrói cela de delegacia em Natal

<p>     Caso aconteceu na madrugada desta segunda (13). Homem se exaltou com policiais militares ao denunciar suposto roubo em bar em Ponta Negra. Servidor do MP do Acre é preso por desacato e destrói cela de delegacia em Natal<br />
Gustavo Brendo/Inter TV Cabugi<br />
Um servidor do Ministério Público do Acre foi preso em Natal na madrugada desta segunda-feira (13) por desacato. Ele foi levado para a Central de Flagrantes e destruiu a cela onde foi colocado.<br />
De acordo com a Polícia Civil, o servidor estava em um bar na Avenida Roberto Freire, em Ponta Negra, quando parou uma viatura da PM que passava pelo local e comunicou que havia sido roubado. Os policiais ouviram testemunhas e não constataram roubo. Nesse momento, o servidor do MP teria se exaltado e desacatado os policiais.<br />
📳Participe do canal do g1 RN no WhatsApp<br />
Ainda segundo a ocorrência registrada na Polícia Civil, o homem foi levado para a Delegacia de Plantão da Zona Sul e ao chegar no local ameaçou policiais e disse que não queria ficar em uma cela porque é servidor da área de segurança do Ministério Público do Acre. Ele foi levado para a carceragem e destruiu parte da cela com socos e chutes.<br />
Depois disso, ele foi retirado da cela e ficou algemado a um banco. Segundo os policiais, o homem disse que ganhava mais que o delegado e tinha dinheiro para pagar o que quebrou.<br />
O homem disse que está em Natal fazendo um curso de operação de drone.<br />
Servidor do MP do Acre é preso por desacato e destrói cela de delegacia em Natal<br />
Gustavo Brendo/Inter TV Cabugi</p>

<p>Caso aconteceu na madrugada desta segunda (13). Homem se exaltou com policiais militares ao denunciar suposto roubo em bar em Ponta Negra. Servidor do MP do Acre é preso por &#8230;</p>

<!-- This site is optimized with the Yoast SEO plugin v27.1.1 - https://yoast.com/product/yoast-seo-wordpress/ -->
<title>Servidor do MP do Acre é preso por desacato e destrói cela de delegacia em Natal - Taveira Jr</title>
<meta name="robots" content="index, follow, max-snippet:-1, max-image-preview:large, max-video-preview:-1" />
<link rel="canonical" href="https://deputadotaveirajr.com.br/index.php/servidor-do-mp-do-acre-e-preso-por-desacato-e-destroi-cela-de-delegacia-em-natal/" />
<meta property="og:locale" content="pt_BR" />
<meta property="og:type" content="article" />
<meta property="og:title" content="Servidor do MP do Acre é preso por desacato e destrói cela de delegacia em Natal - Taveira Jr" />
<meta property="og:description" content="Caso aconteceu na madrugada desta segunda (13). Homem se exaltou com policiais militares ao denunciar suposto roubo em bar em Ponta Negra. Servidor do MP do Acre é preso por ..." />
<meta property="og:url" content="https://deputadotaveirajr.com.br/index.php/servidor-do-mp-do-acre-e-preso-por-desacato-e-destroi-cela-de-delegacia-em-natal/" />
<meta property="og:site_name" content="Taveira Jr" />
<meta property="og:image" content="https://deputadotaveirajr.com.br/wp-content/uploads/2024/05/whatsapp-image-2024-05-13-at-08.39.41-1-n3bdE7.jpeg" />
	<meta property="og:image:width" content="1600" />
	<meta property="og:image:height" content="1200" />
	<meta property="og:image:type" content="image/jpeg" />
<meta name="twitter:card" content="summary_large_image" />
<meta name="twitter:label1" content="Est. tempo de leitura" />
	<meta name="twitter:data1" content="1 minuto" />
<script type="application/ld+json" class="yoast-schema-graph">{"@context":"https://schema.org","@graph":[{"@type":"WebPage","@id":"https://deputadotaveirajr.com.br/index.php/servidor-do-mp-do-acre-e-preso-por-desacato-e-destroi-cela-de-delegacia-em-natal/","url":"https://deputadotaveirajr.com.br/index.php/servidor-do-mp-do-acre-e-preso-por-desacato-e-destroi-cela-de-delegacia-em-natal/","name":"Servidor do MP do Acre é preso por desacato e destrói cela de delegacia em Natal - Taveira Jr","isPartOf":{"@id":"https://deputadotaveirajr.com.br/#website"},"primaryImageOfPage":{"@id":"https://deputadotaveirajr.com.br/index.php/servidor-do-mp-do-acre-e-preso-por-desacato-e-destroi-cela-de-delegacia-em-natal/#primaryimage"},"image":{"@id":"https://deputadotaveirajr.com.br/index.php/servidor-do-mp-do-acre-e-preso-por-desacato-e-destroi-cela-de-delegacia-em-natal/#primaryimage"},"thumbnailUrl":"https://deputadotaveirajr.com.br/wp-content/uploads/2024/05/whatsapp-image-2024-05-13-at-08.39.41-1-n3bdE7.jpeg","datePublished":"2024-05-13T16:04:50+00:00","breadcrumb":{"@id":"https://deputadotaveirajr.com.br/index.php/servidor-do-mp-do-acre-e-preso-por-desacato-e-destroi-cela-de-delegacia-em-natal/#breadcrumb"},"inLanguage":"pt-BR","potentialAction":[{"@type":"ReadAction","target":["https://deputadotaveirajr.com.br/index.php/servidor-do-mp-do-acre-e-preso-por-desacato-e-destroi-cela-de-delegacia-em-natal/"]}]},{"@type":"ImageObject","inLanguage":"pt-BR","@id":"https://deputadotaveirajr.com.br/index.php/servidor-do-mp-do-acre-e-preso-por-desacato-e-destroi-cela-de-delegacia-em-natal/#primaryimage","url":"https://deputadotaveirajr.com.br/wp-content/uploads/2024/05/whatsapp-image-2024-05-13-at-08.39.41-1-n3bdE7.jpeg","contentUrl":"https://deputadotaveirajr.com.br/wp-content/uploads/2024/05/whatsapp-image-2024-05-13-at-08.39.41-1-n3bdE7.jpeg","width":1600,"height":1200},{"@type":"BreadcrumbList","@id":"https://deputadotaveirajr.com.br/index.php/servidor-do-mp-do-acre-e-preso-por-desacato-e-destroi-cela-de-delegacia-em-natal/#breadcrumb","itemListElement":[{"@type":"ListItem","position":1,"name":"Início","item":"https://deputadotaveirajr.com.br/"},{"@type":"ListItem","position":2,"name":"Servidor do MP do Acre é preso por desacato e destrói cela de delegacia em Natal"}]},{"@type":"WebSite","@id":"https://deputadotaveirajr.com.br/#website","url":"https://deputadotaveirajr.com.br/","name":"Taveira Jr","description":"Deputado Estadual","publisher":{"@id":"https://deputadotaveirajr.com.br/#organization"},"potentialAction":[{"@type":"SearchAction","target":{"@type":"EntryPoint","urlTemplate":"https://deputadotaveirajr.com.br/?s={search_term_string}"},"query-input":{"@type":"PropertyValueSpecification","valueRequired":true,"valueName":"search_term_string"}}],"inLanguage":"pt-BR"},{"@type":"Organization","@id":"https://deputadotaveirajr.com.br/#organization","name":"Taveira Jr","url":"https://deputadotaveirajr.com.br/","logo":{"@type":"ImageObject","inLanguage":"pt-BR","@id":"https://deputadotaveirajr.com.br/#/schema/logo/image/","url":"https://deputadotaveirajr.com.br/wp-content/uploads/2026/01/logolow2a.png","contentUrl":"https://deputadotaveirajr.com.br/wp-content/uploads/2026/01/logolow2a.png","width":290,"height":80,"caption":"Taveira Jr"},"image":{"@id":"https://deputadotaveirajr.com.br/#/schema/logo/image/"}}]}</script>
<!-- / Yoast SEO plugin. -->

Servidor do MP do Acre é preso por desacato e destrói cela de delegacia em Natal - Taveira Jr

Caso aconteceu na madrugada desta segunda (13). Homem se exaltou com policiais militares ao denunciar suposto roubo em bar em Ponta Negra. Servidor do MP do Acre é preso por ...

Início
