{"id":6150,"date":"2024-05-13T16:28:08","date_gmt":"2024-05-13T19:28:08","guid":{"rendered":"https:\/\/deputadotaveirajr.com.br\/?page_id=6150"},"modified":"2024-05-13T16:28:08","modified_gmt":"2024-05-13T19:28:08","slug":"obra-da-caern-interdita-parcialmente-av-joao-medeiros-filho-ate-junho","status":"publish","type":"page","link":"https:\/\/deputadotaveirajr.com.br\/index.php\/obra-da-caern-interdita-parcialmente-av-joao-medeiros-filho-ate-junho\/","title":{"rendered":"Obra da Caern interdita parcialmente Av. Jo\u00e3o Medeiros Filho at\u00e9 junho"},"content":{"rendered":"<p>Interdi\u00e7\u00e3o acontece em uma das faixas da avenida, no sentido Potengi-Redinha. Obra para substitui\u00e7\u00e3o de rede de abastecimento deve terminar em 6 de junho, segundo a Caern. Uma obra para substitui\u00e7\u00e3o de rede de abastecimento de \u00e1gua vai interditar parcialmente a Avenida Jo\u00e3o Medeiros Filho, na Zona Norte de Natal. De acordo com a Caern, a obra come\u00e7a nesta quarta (14) e deve ser conclu\u00edda at\u00e9 6 de junho.<br \/>\nA manuten\u00e7\u00e3o preventiva, segundo a Companhia, \u00e9 necess\u00e1ria observando a vida \u00fatil da rede implantada. Ser\u00e3o substitu\u00eddos aproximadamente 350 metros na Avenida Jo\u00e3o Medeiros, no trecho entre a rua da Tamarineira e a avenida Bahia.<br \/>\nAinda de acordo com a Caern, o abastecimento da regi\u00e3o ter\u00e1 altera\u00e7\u00f5es pontuais, que ser\u00e3o informadas com 72h de anteced\u00eancia de qualquer ocorr\u00eancia.<br \/>\n\u201cEssa substitui\u00e7\u00e3o traz uma melhoria para a rede de distribui\u00e7\u00e3o da Zona Norte, j\u00e1 que estamos fazendo uma troca de uma tubula\u00e7\u00e3o antiga de cimento amianto por uma nova em PVC. Com isso se evita quebras e vazamentos&#8221;, explica o superintendente de Opera\u00e7\u00e3o e Manuten\u00e7\u00e3o da Caern, Ewerton Siqueira.<\/p>","protected":false},"excerpt":{"rendered":"<p>Interdi\u00e7\u00e3o acontece em uma das faixas da avenida, no sentido Potengi-Redinha. Obra para substitui\u00e7\u00e3o de rede de abastecimento deve terminar em 6 de junho, segundo a Caern. Uma obra para &#8230;<\/p>\n","protected":false},"author":0,"featured_media":0,"parent":0,"menu_order":0,"comment_status":"closed","ping_status":"closed","template":"","meta":{"footnotes":""},"class_list":["post-6150","page","type-page","status-publish","hentry"],"yoast_head":"<!-- This site is optimized with the Yoast SEO plugin v27.1.1 - https:\/\/yoast.com\/product\/yoast-seo-wordpress\/ -->\n<title>Obra da Caern interdita parcialmente Av. Jo\u00e3o Medeiros Filho at\u00e9 junho - Taveira Jr<\/title>\n<meta name=\"robots\" content=\"index, follow, max-snippet:-1, max-image-preview:large, max-video-preview:-1\" \/>\n<link rel=\"canonical\" href=\"https:\/\/deputadotaveirajr.com.br\/index.php\/obra-da-caern-interdita-parcialmente-av-joao-medeiros-filho-ate-junho\/\" \/>\n<meta property=\"og:locale\" content=\"pt_BR\" \/>\n<meta property=\"og:type\" content=\"article\" \/>\n<meta property=\"og:title\" content=\"Obra da Caern interdita parcialmente Av. Jo\u00e3o Medeiros Filho at\u00e9 junho - Taveira Jr\" \/>\n<meta property=\"og:description\" content=\"Interdi\u00e7\u00e3o acontece em uma das faixas da avenida, no sentido Potengi-Redinha. Obra para substitui\u00e7\u00e3o de rede de abastecimento deve terminar em 6 de junho, segundo a Caern. Uma obra para ...\" \/>\n<meta property=\"og:url\" content=\"https:\/\/deputadotaveirajr.com.br\/index.php\/obra-da-caern-interdita-parcialmente-av-joao-medeiros-filho-ate-junho\/\" \/>\n<meta property=\"og:site_name\" content=\"Taveira Jr\" \/>\n<meta name=\"twitter:card\" content=\"summary_large_image\" \/>\n<meta name=\"twitter:label1\" content=\"Est. tempo de leitura\" \/>\n\t<meta name=\"twitter:data1\" content=\"1 minuto\" \/>\n<script type=\"application\/ld+json\" class=\"yoast-schema-graph\">{\"@context\":\"https:\/\/schema.org\",\"@graph\":[{\"@type\":\"WebPage\",\"@id\":\"https:\/\/deputadotaveirajr.com.br\/index.php\/obra-da-caern-interdita-parcialmente-av-joao-medeiros-filho-ate-junho\/\",\"url\":\"https:\/\/deputadotaveirajr.com.br\/index.php\/obra-da-caern-interdita-parcialmente-av-joao-medeiros-filho-ate-junho\/\",\"name\":\"Obra da Caern interdita parcialmente Av. Jo\u00e3o Medeiros Filho at\u00e9 junho - Taveira Jr\",\"isPartOf\":{\"@id\":\"https:\/\/deputadotaveirajr.com.br\/#website\"},\"datePublished\":\"2024-05-13T19:28:08+00:00\",\"breadcrumb\":{\"@id\":\"https:\/\/deputadotaveirajr.com.br\/index.php\/obra-da-caern-interdita-parcialmente-av-joao-medeiros-filho-ate-junho\/#breadcrumb\"},\"inLanguage\":\"pt-BR\",\"potentialAction\":[{\"@type\":\"ReadAction\",\"target\":[\"https:\/\/deputadotaveirajr.com.br\/index.php\/obra-da-caern-interdita-parcialmente-av-joao-medeiros-filho-ate-junho\/\"]}]},{\"@type\":\"BreadcrumbList\",\"@id\":\"https:\/\/deputadotaveirajr.com.br\/index.php\/obra-da-caern-interdita-parcialmente-av-joao-medeiros-filho-ate-junho\/#breadcrumb\",\"itemListElement\":[{\"@type\":\"ListItem\",\"position\":1,\"name\":\"In\u00edcio\",\"item\":\"https:\/\/deputadotaveirajr.com.br\/\"},{\"@type\":\"ListItem\",\"position\":2,\"name\":\"Obra da Caern interdita parcialmente Av. Jo\u00e3o Medeiros Filho at\u00e9 junho\"}]},{\"@type\":\"WebSite\",\"@id\":\"https:\/\/deputadotaveirajr.com.br\/#website\",\"url\":\"https:\/\/deputadotaveirajr.com.br\/\",\"name\":\"Taveira Jr\",\"description\":\"Deputado Estadual\",\"publisher\":{\"@id\":\"https:\/\/deputadotaveirajr.com.br\/#organization\"},\"potentialAction\":[{\"@type\":\"SearchAction\",\"target\":{\"@type\":\"EntryPoint\",\"urlTemplate\":\"https:\/\/deputadotaveirajr.com.br\/?s={search_term_string}\"},\"query-input\":{\"@type\":\"PropertyValueSpecification\",\"valueRequired\":true,\"valueName\":\"search_term_string\"}}],\"inLanguage\":\"pt-BR\"},{\"@type\":\"Organization\",\"@id\":\"https:\/\/deputadotaveirajr.com.br\/#organization\",\"name\":\"Taveira Jr\",\"url\":\"https:\/\/deputadotaveirajr.com.br\/\",\"logo\":{\"@type\":\"ImageObject\",\"inLanguage\":\"pt-BR\",\"@id\":\"https:\/\/deputadotaveirajr.com.br\/#\/schema\/logo\/image\/\",\"url\":\"https:\/\/deputadotaveirajr.com.br\/wp-content\/uploads\/2026\/01\/logolow2a.png\",\"contentUrl\":\"https:\/\/deputadotaveirajr.com.br\/wp-content\/uploads\/2026\/01\/logolow2a.png\",\"width\":290,\"height\":80,\"caption\":\"Taveira Jr\"},\"image\":{\"@id\":\"https:\/\/deputadotaveirajr.com.br\/#\/schema\/logo\/image\/\"}}]}<\/script>\n<!-- \/ Yoast SEO plugin. -->","yoast_head_json":{"title":"Obra da Caern interdita parcialmente Av. Jo\u00e3o Medeiros Filho at\u00e9 junho - Taveira Jr","robots":{"index":"index","follow":"follow","max-snippet":"max-snippet:-1","max-image-preview":"max-image-preview:large","max-video-preview":"max-video-preview:-1"},"canonical":"https:\/\/deputadotaveirajr.com.br\/index.php\/obra-da-caern-interdita-parcialmente-av-joao-medeiros-filho-ate-junho\/","og_locale":"pt_BR","og_type":"article","og_title":"Obra da Caern interdita parcialmente Av. Jo\u00e3o Medeiros Filho at\u00e9 junho - Taveira Jr","og_description":"Interdi\u00e7\u00e3o acontece em uma das faixas da avenida, no sentido Potengi-Redinha. Obra para substitui\u00e7\u00e3o de rede de abastecimento deve terminar em 6 de junho, segundo a Caern. Uma obra para ...","og_url":"https:\/\/deputadotaveirajr.com.br\/index.php\/obra-da-caern-interdita-parcialmente-av-joao-medeiros-filho-ate-junho\/","og_site_name":"Taveira Jr","twitter_card":"summary_large_image","twitter_misc":{"Est. tempo de leitura":"1 minuto"},"schema":{"@context":"https:\/\/schema.org","@graph":[{"@type":"WebPage","@id":"https:\/\/deputadotaveirajr.com.br\/index.php\/obra-da-caern-interdita-parcialmente-av-joao-medeiros-filho-ate-junho\/","url":"https:\/\/deputadotaveirajr.com.br\/index.php\/obra-da-caern-interdita-parcialmente-av-joao-medeiros-filho-ate-junho\/","name":"Obra da Caern interdita parcialmente Av. Jo\u00e3o Medeiros Filho at\u00e9 junho - Taveira Jr","isPartOf":{"@id":"https:\/\/deputadotaveirajr.com.br\/#website"},"datePublished":"2024-05-13T19:28:08+00:00","breadcrumb":{"@id":"https:\/\/deputadotaveirajr.com.br\/index.php\/obra-da-caern-interdita-parcialmente-av-joao-medeiros-filho-ate-junho\/#breadcrumb"},"inLanguage":"pt-BR","potentialAction":[{"@type":"ReadAction","target":["https:\/\/deputadotaveirajr.com.br\/index.php\/obra-da-caern-interdita-parcialmente-av-joao-medeiros-filho-ate-junho\/"]}]},{"@type":"BreadcrumbList","@id":"https:\/\/deputadotaveirajr.com.br\/index.php\/obra-da-caern-interdita-parcialmente-av-joao-medeiros-filho-ate-junho\/#breadcrumb","itemListElement":[{"@type":"ListItem","position":1,"name":"In\u00edcio","item":"https:\/\/deputadotaveirajr.com.br\/"},{"@type":"ListItem","position":2,"name":"Obra da Caern interdita parcialmente Av. Jo\u00e3o Medeiros Filho at\u00e9 junho"}]},{"@type":"WebSite","@id":"https:\/\/deputadotaveirajr.com.br\/#website","url":"https:\/\/deputadotaveirajr.com.br\/","name":"Taveira Jr","description":"Deputado Estadual","publisher":{"@id":"https:\/\/deputadotaveirajr.com.br\/#organization"},"potentialAction":[{"@type":"SearchAction","target":{"@type":"EntryPoint","urlTemplate":"https:\/\/deputadotaveirajr.com.br\/?s={search_term_string}"},"query-input":{"@type":"PropertyValueSpecification","valueRequired":true,"valueName":"search_term_string"}}],"inLanguage":"pt-BR"},{"@type":"Organization","@id":"https:\/\/deputadotaveirajr.com.br\/#organization","name":"Taveira Jr","url":"https:\/\/deputadotaveirajr.com.br\/","logo":{"@type":"ImageObject","inLanguage":"pt-BR","@id":"https:\/\/deputadotaveirajr.com.br\/#\/schema\/logo\/image\/","url":"https:\/\/deputadotaveirajr.com.br\/wp-content\/uploads\/2026\/01\/logolow2a.png","contentUrl":"https:\/\/deputadotaveirajr.com.br\/wp-content\/uploads\/2026\/01\/logolow2a.png","width":290,"height":80,"caption":"Taveira Jr"},"image":{"@id":"https:\/\/deputadotaveirajr.com.br\/#\/schema\/logo\/image\/"}}]}},"_links":{"self":[{"href":"https:\/\/deputadotaveirajr.com.br\/index.php\/wp-json\/wp\/v2\/pages\/6150","targetHints":{"allow":["GET"]}}],"collection":[{"href":"https:\/\/deputadotaveirajr.com.br\/index.php\/wp-json\/wp\/v2\/pages"}],"about":[{"href":"https:\/\/deputadotaveirajr.com.br\/index.php\/wp-json\/wp\/v2\/types\/page"}],"replies":[{"embeddable":true,"href":"https:\/\/deputadotaveirajr.com.br\/index.php\/wp-json\/wp\/v2\/comments?post=6150"}],"version-history":[{"count":1,"href":"https:\/\/deputadotaveirajr.com.br\/index.php\/wp-json\/wp\/v2\/pages\/6150\/revisions"}],"predecessor-version":[{"id":6155,"href":"https:\/\/deputadotaveirajr.com.br\/index.php\/wp-json\/wp\/v2\/pages\/6150\/revisions\/6155"}],"wp:attachment":[{"href":"https:\/\/deputadotaveirajr.com.br\/index.php\/wp-json\/wp\/v2\/media?parent=6150"}],"curies":[{"name":"wp","href":"https:\/\/api.w.org\/{rel}","templated":true}]}}

Obra da Caern interdita parcialmente Av. João Medeiros Filho até junho

<p>Interdição acontece em uma das faixas da avenida, no sentido Potengi-Redinha. Obra para substituição de rede de abastecimento deve terminar em 6 de junho, segundo a Caern. Uma obra para substituição de rede de abastecimento de água vai interditar parcialmente a Avenida João Medeiros Filho, na Zona Norte de Natal. De acordo com a Caern, a obra começa nesta quarta (14) e deve ser concluída até 6 de junho.<br />
A manutenção preventiva, segundo a Companhia, é necessária observando a vida útil da rede implantada. Serão substituídos aproximadamente 350 metros na Avenida João Medeiros, no trecho entre a rua da Tamarineira e a avenida Bahia.<br />
Ainda de acordo com a Caern, o abastecimento da região terá alterações pontuais, que serão informadas com 72h de antecedência de qualquer ocorrência.<br />
“Essa substituição traz uma melhoria para a rede de distribuição da Zona Norte, já que estamos fazendo uma troca de uma tubulação antiga de cimento amianto por uma nova em PVC. Com isso se evita quebras e vazamentos&#8221;, explica o superintendente de Operação e Manutenção da Caern, Ewerton Siqueira.</p>

<p>Interdição acontece em uma das faixas da avenida, no sentido Potengi-Redinha. Obra para substituição de rede de abastecimento deve terminar em 6 de junho, segundo a Caern. Uma obra para &#8230;</p>

<!-- This site is optimized with the Yoast SEO plugin v27.1.1 - https://yoast.com/product/yoast-seo-wordpress/ -->
<title>Obra da Caern interdita parcialmente Av. João Medeiros Filho até junho - Taveira Jr</title>
<meta name="robots" content="index, follow, max-snippet:-1, max-image-preview:large, max-video-preview:-1" />
<link rel="canonical" href="https://deputadotaveirajr.com.br/index.php/obra-da-caern-interdita-parcialmente-av-joao-medeiros-filho-ate-junho/" />
<meta property="og:locale" content="pt_BR" />
<meta property="og:type" content="article" />
<meta property="og:title" content="Obra da Caern interdita parcialmente Av. João Medeiros Filho até junho - Taveira Jr" />
<meta property="og:description" content="Interdição acontece em uma das faixas da avenida, no sentido Potengi-Redinha. Obra para substituição de rede de abastecimento deve terminar em 6 de junho, segundo a Caern. Uma obra para ..." />
<meta property="og:url" content="https://deputadotaveirajr.com.br/index.php/obra-da-caern-interdita-parcialmente-av-joao-medeiros-filho-ate-junho/" />
<meta property="og:site_name" content="Taveira Jr" />
<meta name="twitter:card" content="summary_large_image" />
<meta name="twitter:label1" content="Est. tempo de leitura" />
	<meta name="twitter:data1" content="1 minuto" />
<script type="application/ld+json" class="yoast-schema-graph">{"@context":"https://schema.org","@graph":[{"@type":"WebPage","@id":"https://deputadotaveirajr.com.br/index.php/obra-da-caern-interdita-parcialmente-av-joao-medeiros-filho-ate-junho/","url":"https://deputadotaveirajr.com.br/index.php/obra-da-caern-interdita-parcialmente-av-joao-medeiros-filho-ate-junho/","name":"Obra da Caern interdita parcialmente Av. João Medeiros Filho até junho - Taveira Jr","isPartOf":{"@id":"https://deputadotaveirajr.com.br/#website"},"datePublished":"2024-05-13T19:28:08+00:00","breadcrumb":{"@id":"https://deputadotaveirajr.com.br/index.php/obra-da-caern-interdita-parcialmente-av-joao-medeiros-filho-ate-junho/#breadcrumb"},"inLanguage":"pt-BR","potentialAction":[{"@type":"ReadAction","target":["https://deputadotaveirajr.com.br/index.php/obra-da-caern-interdita-parcialmente-av-joao-medeiros-filho-ate-junho/"]}]},{"@type":"BreadcrumbList","@id":"https://deputadotaveirajr.com.br/index.php/obra-da-caern-interdita-parcialmente-av-joao-medeiros-filho-ate-junho/#breadcrumb","itemListElement":[{"@type":"ListItem","position":1,"name":"Início","item":"https://deputadotaveirajr.com.br/"},{"@type":"ListItem","position":2,"name":"Obra da Caern interdita parcialmente Av. João Medeiros Filho até junho"}]},{"@type":"WebSite","@id":"https://deputadotaveirajr.com.br/#website","url":"https://deputadotaveirajr.com.br/","name":"Taveira Jr","description":"Deputado Estadual","publisher":{"@id":"https://deputadotaveirajr.com.br/#organization"},"potentialAction":[{"@type":"SearchAction","target":{"@type":"EntryPoint","urlTemplate":"https://deputadotaveirajr.com.br/?s={search_term_string}"},"query-input":{"@type":"PropertyValueSpecification","valueRequired":true,"valueName":"search_term_string"}}],"inLanguage":"pt-BR"},{"@type":"Organization","@id":"https://deputadotaveirajr.com.br/#organization","name":"Taveira Jr","url":"https://deputadotaveirajr.com.br/","logo":{"@type":"ImageObject","inLanguage":"pt-BR","@id":"https://deputadotaveirajr.com.br/#/schema/logo/image/","url":"https://deputadotaveirajr.com.br/wp-content/uploads/2026/01/logolow2a.png","contentUrl":"https://deputadotaveirajr.com.br/wp-content/uploads/2026/01/logolow2a.png","width":290,"height":80,"caption":"Taveira Jr"},"image":{"@id":"https://deputadotaveirajr.com.br/#/schema/logo/image/"}}]}</script>
<!-- / Yoast SEO plugin. -->

Obra da Caern interdita parcialmente Av. João Medeiros Filho até junho - Taveira Jr

Interdição acontece em uma das faixas da avenida, no sentido Potengi-Redinha. Obra para substituição de rede de abastecimento deve terminar em 6 de junho, segundo a Caern. Uma obra para ...

Início
